Aug 16 13:13:30.046090 n-d-804709-1 devstack@placement-api.service[95437]: DEBUG placement.requestlog [req-9816b937-590f-43e0-892b-aafe57c762de req-9ec68db1-d711-4fa3-a1fe-b37a9224fe56 None None] Starting request: 10.222.0.39 "POST /placement/allocations" {{(pid=95437) __call__ /opt/stack/placement/placement/requestlog.py:55}}
Aug 16 13:13:30.374975 n-d-804709-1 devstack@placement-api.service[95437]: DEBUG placement.handlers.allocation [req-9816b937-590f-43e0-892b-aafe57c762de req-9ec68db1-d711-4fa3-a1fe-b37a9224fe56 service placement] Successfully wrote allocations [, , , , , ] {{(pid=95437) _create_allocations /opt/stack/placement/placement/handlers/allocation.py:524}}
Aug 16 13:13:30.375676 n-d-804709-1 devstack@placement-api.service[95437]: INFO placement.requestlog [req-9816b937-590f-43e0-892b-aafe57c762de req-9ec68db1-d711-4fa3-a1fe-b37a9224fe56 service placement] 10.222.0.39 "POST /placement/allocations" status: 204 len: 0 microversion: 1.28
Aug 16 13:13:30.376362 n-d-804709-1 devstack@placement-api.service[95437]: [pid: 95437|app: 0|req: 130/259] 10.222.0.39 () {64 vars in 1324 bytes} [Mon Aug 16 13:13:30 2021] POST /placement/allocations => generated 0 bytes in 330 msecs (HTTP/1.1 204) 5 headers in 199 bytes (2 switches on core 0)
Aug 16 13:13:30.458562 n-d-804709-1 devstack@placement-api.service[95438]: DEBUG placement.requestlog [req-9816b937-590f-43e0-892b-aafe57c762de req-9d27dc49-4272-40fb-b67e-5174017945dd None None] Starting request: 10.222.0.39 "GET /placement/allocation_candidates?limit=1000&resources=DISK_GB%3A1%2CMEMORY_MB%3A512%2CVCPU%3A1&root_required=%21COMPUTE_STATUS_DISABLED" {{(pid=95438) __call__ /opt/stack/placement/placement/requestlog.py:55}}
Aug 16 13:13:30.525386 n-d-804709-1 devstack@placement-api.service[95438]: DEBUG placement.objects.research_context [req-9816b937-590f-43e0-892b-aafe57c762de req-9d27dc49-4272-40fb-b67e-5174017945dd service placement] getting providers with 1 DISK_GB {{(pid=95438) __init__ /opt/stack/placement/placement/objects/research_context.py:126}}
Aug 16 13:13:30.533009 n-d-804709-1 devstack@placement-api.service[95438]: DEBUG placement.objects.research_context [req-9816b937-590f-43e0-892b-aafe57c762de req-9d27dc49-4272-40fb-b67e-5174017945dd service placement] getting providers with 512 MEMORY_MB {{(pid=95438) __init__ /opt/stack/placement/placement/objects/research_context.py:126}}
Aug 16 13:13:30.539929 n-d-804709-1 devstack@placement-api.service[95438]: DEBUG placement.objects.research_context [req-9816b937-590f-43e0-892b-aafe57c762de req-9d27dc49-4272-40fb-b67e-5174017945dd service placement] getting providers with 1 VCPU {{(pid=95438) __init__ /opt/stack/placement/placement/objects/research_context.py:126}}
Aug 16 13:13:30.557840 n-d-804709-1 devstack@placement-api.service[95438]: DEBUG placement.objects.research_context [req-9816b937-590f-43e0-892b-aafe57c762de req-9d27dc49-4272-40fb-b67e-5174017945dd service placement] found 2 providers with available 1 DISK_GB {{(pid=95438) get_provider_ids_matching /opt/stack/placement/placement/objects/research_context.py:549}}
Aug 16 13:13:30.559085 n-d-804709-1 devstack@placement-api.service[95438]: DEBUG placement.objects.research_context [req-9816b937-590f-43e0-892b-aafe57c762de req-9d27dc49-4272-40fb-b67e-5174017945dd service placement] found 2 providers with available 512 MEMORY_MB {{(pid=95438) get_provider_ids_matching /opt/stack/placement/placement/objects/research_context.py:549}}
Aug 16 13:13:30.560429 n-d-804709-1 devstack@placement-api.service[95438]: DEBUG placement.objects.research_context [req-9816b937-590f-43e0-892b-aafe57c762de req-9d27dc49-4272-40fb-b67e-5174017945dd service placement] found 2 providers after filtering by previous result {{(pid=95438) get_provider_ids_matching /opt/stack/placement/placement/objects/research_context.py:580}}
Aug 16 13:13:30.561589 n-d-804709-1 devstack@placement-api.service[95438]: DEBUG placement.objects.research_context [req-9816b937-590f-43e0-892b-aafe57c762de req-9d27dc49-4272-40fb-b67e-5174017945dd service placement] found 2 providers with available 1 VCPU {{(pid=95438) get_provider_ids_matching /opt/stack/placement/placement/objects/research_context.py:549}}
Aug 16 13:13:30.562175 n-d-804709-1 devstack@placement-api.service[95438]: DEBUG placement.objects.research_context [req-9816b937-590f-43e0-892b-aafe57c762de req-9d27dc49-4272-40fb-b67e-5174017945dd service placement] found 2 providers after filtering by previous result {{(pid=95438) get_provider_ids_matching /opt/stack/placement/placement/objects/research_context.py:580}}
Aug 16 13:13:30.581457 n-d-804709-1 devstack@placement-api.service[95438]: DEBUG placement.objects.allocation_candidate [req-9816b937-590f-43e0-892b-aafe57c762de req-9d27dc49-4272-40fb-b67e-5174017945dd service placement] RequestGroup(use_same_provider=False, resources={DISK_GB:1, MEMORY_MB:512, VCPU:1}, traits=[], aggregates=[]) (suffix '') returned 2 matches {{(pid=95438) _get_by_requests /opt/stack/placement/placement/objects/allocation_candidate.py:145}}
Aug 16 13:13:30.587972 n-d-804709-1 devstack@placement-api.service[95438]: DEBUG placement.objects.allocation_candidate [req-9816b937-590f-43e0-892b-aafe57c762de req-9d27dc49-4272-40fb-b67e-5174017945dd service placement] Merging candidates yields 2 allocation requests and 2 provider summaries {{(pid=95438) _merge_candidates /opt/stack/placement/placement/objects/allocation_candidate.py:783}}
Aug 16 13:13:30.597479 n-d-804709-1 devstack@placement-api.service[95438]: INFO placement.requestlog [req-9816b937-590f-43e0-892b-aafe57c762de req-9d27dc49-4272-40fb-b67e-5174017945dd service placement] 10.222.0.39 "GET /placement/allocation_candidates?limit=1000&resources=DISK_GB%3A1%2CMEMORY_MB%3A512%2CVCPU%3A1&root_required=%21COMPUTE_STATUS_DISABLED" status: 200 len: 1307 microversion: 1.35
Aug 16 13:13:30.598178 n-d-804709-1 devstack@placement-api.service[95438]: [pid: 95438|app: 0|req: 130/260] 10.222.0.39 () {60 vars in 1505 bytes} [Mon Aug 16 13:13:30 2021] GET /placement/allocation_candidates?limit=1000&resources=DISK_GB%3A1%2CMEMORY_MB%3A512%2CVCPU%3A1&root_required=%21COMPUTE_STATUS_DISABLED => generated 1307 bytes in 140 msecs (HTTP/1.1 200) 8 headers in 297 bytes (1 switches on core 0)
Aug 16 13:13:30.706090 n-d-804709-1 devstack@placement-api.service[95437]: DEBUG placement.requestlog [req-9816b937-590f-43e0-892b-aafe57c762de req-5c7d1516-c4d5-414a-806d-e6b6b69034c0 None None] Starting request: 10.222.0.39 "GET /placement/allocations/30cb1abd-5951-4432-a5c8-df0bbc61de6d" {{(pid=95437) __call__ /opt/stack/placement/placement/requestlog.py:55}}
Aug 16 13:13:30.722260 n-d-804709-1 devstack@placement-api.service[95437]: INFO placement.requestlog [req-9816b937-590f-43e0-892b-aafe57c762de req-5c7d1516-c4d5-414a-806d-e6b6b69034c0 service placement] 10.222.0.39 "GET /placement/allocations/30cb1abd-5951-4432-a5c8-df0bbc61de6d" status: 200 len: 19 microversion: 1.28
Aug 16 13:13:30.729051 n-d-804709-1 devstack@placement-api.service[95437]: [pid: 95437|app: 0|req: 131/261] 10.222.0.39 () {60 vars in 1381 bytes} [Mon Aug 16 13:13:30 2021] GET /placement/allocations/30cb1abd-5951-4432-a5c8-df0bbc61de6d => generated 19 bytes in 22 msecs (HTTP/1.1 200) 8 headers in 295 bytes (2 switches on core 0)
Aug 16 13:13:30.733027 n-d-804709-1 devstack@placement-api.service[95438]: DEBUG placement.requestlog [req-9816b937-590f-43e0-892b-aafe57c762de req-9b89b9f7-6bd4-49f6-876d-dad085885661 None None] Starting request: 10.222.0.39 "PUT /placement/allocations/30cb1abd-5951-4432-a5c8-df0bbc61de6d" {{(pid=95438) __call__ /opt/stack/placement/placement/requestlog.py:55}}
Aug 16 13:13:30.844133 n-d-804709-1 devstack@placement-api.service[95438]: DEBUG placement.handlers.allocation [req-9816b937-590f-43e0-892b-aafe57c762de req-9b89b9f7-6bd4-49f6-876d-dad085885661 service placement] Successfully wrote allocations [, , ] {{(pid=95438) _create_allocations /opt/stack/placement/placement/handlers/allocation.py:435}}
Aug 16 13:13:30.845391 n-d-804709-1 devstack@placement-api.service[95438]: INFO placement.requestlog [req-9816b937-590f-43e0-892b-aafe57c762de req-9b89b9f7-6bd4-49f6-876d-dad085885661 service placement] 10.222.0.39 "PUT /placement/allocations/30cb1abd-5951-4432-a5c8-df0bbc61de6d" status: 204 len: 0 microversion: 1.35
Aug 16 13:13:30.846313 n-d-804709-1 devstack@placement-api.service[95438]: [pid: 95438|app: 0|req: 131/262] 10.222.0.39 () {64 vars in 1434 bytes} [Mon Aug 16 13:13:30 2021] PUT /placement/allocations/30cb1abd-5951-4432-a5c8-df0bbc61de6d => generated 0 bytes in 114 msecs (HTTP/1.1 204) 5 headers in 199 bytes (2 switches on core 0)
Aug 16 13:13:31.222548 n-d-804709-1 devstack@placement-api.service[95437]: DEBUG placement.requestlog [req-9816b937-590f-43e0-892b-aafe57c762de req-4d9a0577-4602-4b24-bee9-a9efd1002e15 None None] Starting request: 10.222.0.52 "GET /placement/allocations/30cb1abd-5951-4432-a5c8-df0bbc61de6d" {{(pid=95437) __call__ /opt/stack/placement/placement/requestlog.py:55}}
Aug 16 13:13:31.251966 n-d-804709-1 devstack@placement-api.service[95437]: INFO placement.requestlog [req-9816b937-590f-43e0-892b-aafe57c762de req-4d9a0577-4602-4b24-bee9-a9efd1002e15 service placement] 10.222.0.52 "GET /placement/allocations/30cb1abd-5951-4432-a5c8-df0bbc61de6d" status: 200 len: 258 microversion: 1.28
Aug 16 13:13:31.252233 n-d-804709-1 devstack@placement-api.service[95437]: [pid: 95437|app: 0|req: 132/263] 10.222.0.52 () {60 vars in 1378 bytes} [Mon Aug 16 13:13:31 2021] GET /placement/allocations/30cb1abd-5951-4432-a5c8-df0bbc61de6d => generated 258 bytes in 30 msecs (HTTP/1.1 200) 8 headers in 296 bytes (2 switches on core 0)
Aug 16 13:13:38.422950 n-d-804709-1 devstack@placement-api.service[95438]: DEBUG placement.requestlog [req-21964c20-3302-49e0-bb74-5a5bbef9a1c1 req-66d9de3d-0102-4f98-8254-a42cad36bed6 None None] Starting request: 10.222.0.39 "GET /placement/allocation_candidates?limit=1000&resources=DISK_GB%3A1%2CMEMORY_MB%3A1024%2CVCPU%3A1&root_required=%21COMPUTE_STATUS_DISABLED" {{(pid=95438) __call__ /opt/stack/placement/placement/requestlog.py:55}}
Aug 16 13:13:38.509966 n-d-804709-1 devstack@placement-api.service[95438]: DEBUG placement.objects.research_context [req-21964c20-3302-49e0-bb74-5a5bbef9a1c1 req-66d9de3d-0102-4f98-8254-a42cad36bed6 service placement] getting providers with 1 DISK_GB {{(pid=95438) __init__ /opt/stack/placement/placement/objects/research_context.py:126}}
Aug 16 13:13:38.530596 n-d-804709-1 devstack@placement-api.service[95438]: DEBUG placement.objects.research_context [req-21964c20-3302-49e0-bb74-5a5bbef9a1c1 req-66d9de3d-0102-4f98-8254-a42cad36bed6 service placement] getting providers with 1024 MEMORY_MB {{(pid=95438) __init__ /opt/stack/placement/placement/objects/research_context.py:126}}
Aug 16 13:13:38.541742 n-d-804709-1 devstack@placement-api.service[95438]: DEBUG placement.objects.research_context [req-21964c20-3302-49e0-bb74-5a5bbef9a1c1 req-66d9de3d-0102-4f98-8254-a42cad36bed6 service placement] getting providers with 1 VCPU {{(pid=95438) __init__ /opt/stack/placement/placement/objects/research_context.py:126}}
Aug 16 13:13:38.558331 n-d-804709-1 devstack@placement-api.service[95438]: DEBUG placement.objects.research_context [req-21964c20-3302-49e0-bb74-5a5bbef9a1c1 req-66d9de3d-0102-4f98-8254-a42cad36bed6 service placement] found 2 providers with available 1 DISK_GB {{(pid=95438) get_provider_ids_matching /opt/stack/placement/placement/objects/research_context.py:549}}
Aug 16 13:13:38.558850 n-d-804709-1 devstack@placement-api.service[95438]: DEBUG placement.objects.research_context [req-21964c20-3302-49e0-bb74-5a5bbef9a1c1 req-66d9de3d-0102-4f98-8254-a42cad36bed6 service placement] found 2 providers with available 1024 MEMORY_MB {{(pid=95438) get_provider_ids_matching /opt/stack/placement/placement/objects/research_context.py:549}}
Aug 16 13:13:38.560339 n-d-804709-1 devstack@placement-api.service[95438]: DEBUG placement.objects.research_context [req-21964c20-3302-49e0-bb74-5a5bbef9a1c1 req-66d9de3d-0102-4f98-8254-a42cad36bed6 service placement] found 2 providers after filtering by previous result {{(pid=95438) get_provider_ids_matching /opt/stack/placement/placement/objects/research_context.py:580}}
Aug 16 13:13:38.561057 n-d-804709-1 devstack@placement-api.service[95438]: DEBUG placement.objects.research_context [req-21964c20-3302-49e0-bb74-5a5bbef9a1c1 req-66d9de3d-0102-4f98-8254-a42cad36bed6 service placement] found 2 providers with available 1 VCPU {{(pid=95438) get_provider_ids_matching /opt/stack/placement/placement/objects/research_context.py:549}}
Aug 16 13:13:38.561741 n-d-804709-1 devstack@placement-api.service[95438]: DEBUG placement.objects.research_context [req-21964c20-3302-49e0-bb74-5a5bbef9a1c1 req-66d9de3d-0102-4f98-8254-a42cad36bed6 service placement] found 2 providers after filtering by previous result {{(pid=95438) get_provider_ids_matching /opt/stack/placement/placement/objects/research_context.py:580}}
Aug 16 13:13:38.592619 n-d-804709-1 devstack@placement-api.service[95438]: DEBUG placement.objects.allocation_candidate [req-21964c20-3302-49e0-bb74-5a5bbef9a1c1 req-66d9de3d-0102-4f98-8254-a42cad36bed6 service placement] RequestGroup(use_same_provider=False, resources={DISK_GB:1, MEMORY_MB:1024, VCPU:1}, traits=[], aggregates=[]) (suffix '') returned 2 matches {{(pid=95438) _get_by_requests /opt/stack/placement/placement/objects/allocation_candidate.py:145}}
Aug 16 13:13:38.593968 n-d-804709-1 devstack@placement-api.service[95438]: DEBUG placement.objects.allocation_candidate [req-21964c20-3302-49e0-bb74-5a5bbef9a1c1 req-66d9de3d-0102-4f98-8254-a42cad36bed6 service placement] Merging candidates yields 2 allocation requests and 2 provider summaries {{(pid=95438) _merge_candidates /opt/stack/placement/placement/objects/allocation_candidate.py:783}}
Aug 16 13:13:38.596861 n-d-804709-1 devstack@placement-api.service[95438]: INFO placement.requestlog [req-21964c20-3302-49e0-bb74-5a5bbef9a1c1 req-66d9de3d-0102-4f98-8254-a42cad36bed6 service placement] 10.222.0.39 "GET /placement/allocation_candidates?limit=1000&resources=DISK_GB%3A1%2CMEMORY_MB%3A1024%2CVCPU%3A1&root_required=%21COMPUTE_STATUS_DISABLED" status: 200 len: 1309 microversion: 1.35
Aug 16 13:13:38.597980 n-d-804709-1 devstack@placement-api.service[95438]: [pid: 95438|app: 0|req: 132/264] 10.222.0.39 () {60 vars in 1507 bytes} [Mon Aug 16 13:13:38 2021] GET /placement/allocation_candidates?limit=1000&resources=DISK_GB%3A1%2CMEMORY_MB%3A1024%2CVCPU%3A1&root_required=%21COMPUTE_STATUS_DISABLED => generated 1309 bytes in 175 msecs (HTTP/1.1 200) 8 headers in 297 bytes (1 switches on core 0)
Aug 16 13:13:38.748955 n-d-804709-1 devstack@placement-api.service[95437]: DEBUG placement.requestlog [req-21964c20-3302-49e0-bb74-5a5bbef9a1c1 req-33d61c8b-3376-41d4-8267-a3506302ebdc None None] Starting request: 10.222.0.39 "GET /placement/allocations/0ee21f4f-90d7-47a2-849e-c30eb108f0c1" {{(pid=95437) __call__ /opt/stack/placement/placement/requestlog.py:55}}
Aug 16 13:13:38.765786 n-d-804709-1 devstack@placement-api.service[95437]: INFO placement.requestlog [req-21964c20-3302-49e0-bb74-5a5bbef9a1c1 req-33d61c8b-3376-41d4-8267-a3506302ebdc service placement] 10.222.0.39 "GET /placement/allocations/0ee21f4f-90d7-47a2-849e-c30eb108f0c1" status: 200 len: 19 microversion: 1.28
Aug 16 13:13:38.785960 n-d-804709-1 devstack@placement-api.service[95437]: [pid: 95437|app: 0|req: 133/265] 10.222.0.39 () {60 vars in 1381 bytes} [Mon Aug 16 13:13:38 2021] GET /placement/allocations/0ee21f4f-90d7-47a2-849e-c30eb108f0c1 => generated 19 bytes in 37 msecs (HTTP/1.1 200) 8 headers in 295 bytes (1 switches on core 0)
Aug 16 13:13:38.786778 n-d-804709-1 devstack@placement-api.service[95438]: DEBUG placement.requestlog [req-21964c20-3302-49e0-bb74-5a5bbef9a1c1 req-5d7704a1-0cca-4866-8f3b-1b4c9b3df052 None None] Starting request: 10.222.0.39 "PUT /placement/allocations/0ee21f4f-90d7-47a2-849e-c30eb108f0c1" {{(pid=95438) __call__ /opt/stack/placement/placement/requestlog.py:55}}
Aug 16 13:13:39.000980 n-d-804709-1 devstack@placement-api.service[95438]: DEBUG placement.handlers.allocation [req-21964c20-3302-49e0-bb74-5a5bbef9a1c1 req-5d7704a1-0cca-4866-8f3b-1b4c9b3df052 service placement] Successfully wrote allocations [, , ] {{(pid=95438) _create_allocations /opt/stack/placement/placement/handlers/allocation.py:435}}
Aug 16 13:13:39.001491 n-d-804709-1 devstack@placement-api.service[95438]: INFO placement.requestlog [req-21964c20-3302-49e0-bb74-5a5bbef9a1c1 req-5d7704a1-0cca-4866-8f3b-1b4c9b3df052 service placement] 10.222.0.39 "PUT /placement/allocations/0ee21f4f-90d7-47a2-849e-c30eb108f0c1" status: 204 len: 0 microversion: 1.35
Aug 16 13:13:39.013845 n-d-804709-1 devstack@placement-api.service[95438]: [pid: 95438|app: 0|req: 133/266] 10.222.0.39 () {64 vars in 1434 bytes} [Mon Aug 16 13:13:38 2021] PUT /placement/allocations/0ee21f4f-90d7-47a2-849e-c30eb108f0c1 => generated 0 bytes in 226 msecs (HTTP/1.1 204) 5 headers in 199 bytes (2 switches on core 0)
Aug 16 13:13:39.775336 n-d-804709-1 devstack@placement-api.service[95437]: DEBUG placement.requestlog [req-1ba61eb2-f141-4a72-a8df-b5d4b297e7cb req-4aa0a449-f71f-474d-9663-2a08519ae479 None None] Starting request: 10.222.0.36 "GET /placement/allocations/8fbed5ec-caf5-472a-a86c-47e5b565c766" {{(pid=95437) __call__ /opt/stack/placement/placement/requestlog.py:55}}
Aug 16 13:13:39.821033 n-d-804709-1 devstack@placement-api.service[95438]: DEBUG placement.requestlog [req-21964c20-3302-49e0-bb74-5a5bbef9a1c1 req-7ea638c3-55bc-4b2c-8a0b-516b043444d8 None None] Starting request: 10.222.0.52 "GET /placement/allocations/0ee21f4f-90d7-47a2-849e-c30eb108f0c1" {{(pid=95438) __call__ /opt/stack/placement/placement/requestlog.py:55}}
Aug 16 13:13:39.834917 n-d-804709-1 devstack@placement-api.service[95437]: INFO placement.requestlog [req-1ba61eb2-f141-4a72-a8df-b5d4b297e7cb req-4aa0a449-f71f-474d-9663-2a08519ae479 service placement] 10.222.0.36 "GET /placement/allocations/8fbed5ec-caf5-472a-a86c-47e5b565c766" status: 200 len: 259 microversion: 1.28
Aug 16 13:13:39.835291 n-d-804709-1 devstack@placement-api.service[95437]: [pid: 95437|app: 0|req: 134/267] 10.222.0.36 () {60 vars in 1378 bytes} [Mon Aug 16 13:13:39 2021] GET /placement/allocations/8fbed5ec-caf5-472a-a86c-47e5b565c766 => generated 259 bytes in 64 msecs (HTTP/1.1 200) 8 headers in 296 bytes (1 switches on core 0)
Aug 16 13:13:39.845743 n-d-804709-1 devstack@placement-api.service[95437]: DEBUG placement.requestlog [req-1ba61eb2-f141-4a72-a8df-b5d4b297e7cb req-84813e49-eb54-4409-9429-68dd2ff5c284 None None] Starting request: 10.222.0.36 "PUT /placement/allocations/8fbed5ec-caf5-472a-a86c-47e5b565c766" {{(pid=95437) __call__ /opt/stack/placement/placement/requestlog.py:55}}
Aug 16 13:13:39.872677 n-d-804709-1 devstack@placement-api.service[95438]: INFO placement.requestlog [req-21964c20-3302-49e0-bb74-5a5bbef9a1c1 req-7ea638c3-55bc-4b2c-8a0b-516b043444d8 service placement] 10.222.0.52 "GET /placement/allocations/0ee21f4f-90d7-47a2-849e-c30eb108f0c1" status: 200 len: 259 microversion: 1.28
Aug 16 13:13:39.873953 n-d-804709-1 devstack@placement-api.service[95438]: [pid: 95438|app: 0|req: 134/268] 10.222.0.52 () {60 vars in 1378 bytes} [Mon Aug 16 13:13:39 2021] GET /placement/allocations/0ee21f4f-90d7-47a2-849e-c30eb108f0c1 => generated 259 bytes in 54 msecs (HTTP/1.1 200) 8 headers in 296 bytes (2 switches on core 0)
Aug 16 13:13:40.016674 n-d-804709-1 devstack@placement-api.service[95437]: DEBUG placement.handlers.allocation [req-1ba61eb2-f141-4a72-a8df-b5d4b297e7cb req-84813e49-eb54-4409-9429-68dd2ff5c284 service placement] Successfully wrote allocations [, , ] {{(pid=95437) _create_allocations /opt/stack/placement/placement/handlers/allocation.py:435}}
Aug 16 13:13:40.018412 n-d-804709-1 devstack@placement-api.service[95437]: INFO placement.requestlog [req-1ba61eb2-f141-4a72-a8df-b5d4b297e7cb req-84813e49-eb54-4409-9429-68dd2ff5c284 service placement] 10.222.0.36 "PUT /placement/allocations/8fbed5ec-caf5-472a-a86c-47e5b565c766" status: 204 len: 0 microversion: 1.28
Aug 16 13:13:40.019798 n-d-804709-1 devstack@placement-api.service[95437]: [pid: 95437|app: 0|req: 135/269] 10.222.0.36 () {64 vars in 1431 bytes} [Mon Aug 16 13:13:39 2021] PUT /placement/allocations/8fbed5ec-caf5-472a-a86c-47e5b565c766 => generated 0 bytes in 174 msecs (HTTP/1.1 204) 5 headers in 199 bytes (2 switches on core 0)
Aug 16 13:14:03.624947 n-d-804709-1 devstack@placement-api.service[95438]: DEBUG placement.requestlog [req-bf9827bd-138d-4706-be13-8e16d2e4ec36 req-f5760047-1c0c-4e0d-9dfd-88fb05107944 None None] Starting request: 10.222.0.39 "GET /placement/allocation_candidates?limit=1000&resources=DISK_GB%3A1%2CMEMORY_MB%3A1024%2CVCPU%3A1&root_required=%21COMPUTE_STATUS_DISABLED" {{(pid=95438) __call__ /opt/stack/placement/placement/requestlog.py:55}}
Aug 16 13:14:04.086962 n-d-804709-1 devstack@placement-api.service[95438]: DEBUG placement.objects.research_context [req-bf9827bd-138d-4706-be13-8e16d2e4ec36 req-f5760047-1c0c-4e0d-9dfd-88fb05107944 service placement] getting providers with 1 DISK_GB {{(pid=95438) __init__ /opt/stack/placement/placement/objects/research_context.py:126}}
Aug 16 13:14:04.099874 n-d-804709-1 devstack@placement-api.service[95438]: DEBUG placement.objects.research_context [req-bf9827bd-138d-4706-be13-8e16d2e4ec36 req-f5760047-1c0c-4e0d-9dfd-88fb05107944 service placement] getting providers with 1024 MEMORY_MB {{(pid=95438) __init__ /opt/stack/placement/placement/objects/research_context.py:126}}
Aug 16 13:14:04.116059 n-d-804709-1 devstack@placement-api.service[95438]: DEBUG placement.objects.research_context [req-bf9827bd-138d-4706-be13-8e16d2e4ec36 req-f5760047-1c0c-4e0d-9dfd-88fb05107944 service placement] getting providers with 1 VCPU {{(pid=95438) __init__ /opt/stack/placement/placement/objects/research_context.py:126}}
Aug 16 13:14:04.139432 n-d-804709-1 devstack@placement-api.service[95438]: DEBUG placement.objects.research_context [req-bf9827bd-138d-4706-be13-8e16d2e4ec36 req-f5760047-1c0c-4e0d-9dfd-88fb05107944 service placement] found 2 providers with available 1 DISK_GB {{(pid=95438) get_provider_ids_matching /opt/stack/placement/placement/objects/research_context.py:549}}
Aug 16 13:14:04.143855 n-d-804709-1 devstack@placement-api.service[95438]: DEBUG placement.objects.research_context [req-bf9827bd-138d-4706-be13-8e16d2e4ec36 req-f5760047-1c0c-4e0d-9dfd-88fb05107944 service placement] found 2 providers with available 1024 MEMORY_MB {{(pid=95438) get_provider_ids_matching /opt/stack/placement/placement/objects/research_context.py:549}}
Aug 16 13:14:04.144729 n-d-804709-1 devstack@placement-api.service[95438]: DEBUG placement.objects.research_context [req-bf9827bd-138d-4706-be13-8e16d2e4ec36 req-f5760047-1c0c-4e0d-9dfd-88fb05107944 service placement] found 2 providers after filtering by previous result {{(pid=95438) get_provider_ids_matching /opt/stack/placement/placement/objects/research_context.py:580}}
Aug 16 13:14:04.145775 n-d-804709-1 devstack@placement-api.service[95438]: DEBUG placement.objects.research_context [req-bf9827bd-138d-4706-be13-8e16d2e4ec36 req-f5760047-1c0c-4e0d-9dfd-88fb05107944 service placement] found 2 providers with available 1 VCPU {{(pid=95438) get_provider_ids_matching /opt/stack/placement/placement/objects/research_context.py:549}}
Aug 16 13:14:04.146480 n-d-804709-1 devstack@placement-api.service[95438]: DEBUG placement.objects.research_context [req-bf9827bd-138d-4706-be13-8e16d2e4ec36 req-f5760047-1c0c-4e0d-9dfd-88fb05107944 service placement] found 2 providers after filtering by previous result {{(pid=95438) get_provider_ids_matching /opt/stack/placement/placement/objects/research_context.py:580}}
Aug 16 13:14:04.171403 n-d-804709-1 devstack@placement-api.service[95438]: DEBUG placement.objects.allocation_candidate [req-bf9827bd-138d-4706-be13-8e16d2e4ec36 req-f5760047-1c0c-4e0d-9dfd-88fb05107944 service placement] RequestGroup(use_same_provider=False, resources={DISK_GB:1, MEMORY_MB:1024, VCPU:1}, traits=[], aggregates=[]) (suffix '') returned 2 matches {{(pid=95438) _get_by_requests /opt/stack/placement/placement/objects/allocation_candidate.py:145}}
Aug 16 13:14:04.172438 n-d-804709-1 devstack@placement-api.service[95438]: DEBUG placement.objects.allocation_candidate [req-bf9827bd-138d-4706-be13-8e16d2e4ec36 req-f5760047-1c0c-4e0d-9dfd-88fb05107944 service placement] Merging candidates yields 2 allocation requests and 2 provider summaries {{(pid=95438) _merge_candidates /opt/stack/placement/placement/objects/allocation_candidate.py:783}}
Aug 16 13:14:04.182235 n-d-804709-1 devstack@placement-api.service[95438]: INFO placement.requestlog [req-bf9827bd-138d-4706-be13-8e16d2e4ec36 req-f5760047-1c0c-4e0d-9dfd-88fb05107944 service placement] 10.222.0.39 "GET /placement/allocation_candidates?limit=1000&resources=DISK_GB%3A1%2CMEMORY_MB%3A1024%2CVCPU%3A1&root_required=%21COMPUTE_STATUS_DISABLED" status: 200 len: 1309 microversion: 1.35
Aug 16 13:14:04.184171 n-d-804709-1 devstack@placement-api.service[95438]: [pid: 95438|app: 0|req: 135/270] 10.222.0.39 () {60 vars in 1507 bytes} [Mon Aug 16 13:14:03 2021] GET /placement/allocation_candidates?limit=1000&resources=DISK_GB%3A1%2CMEMORY_MB%3A1024%2CVCPU%3A1&root_required=%21COMPUTE_STATUS_DISABLED => generated 1309 bytes in 559 msecs (HTTP/1.1 200) 8 headers in 297 bytes (1 switches on core 0)
Aug 16 13:14:04.223913 n-d-804709-1 devstack@placement-api.service[95437]: DEBUG placement.requestlog [req-9816b937-590f-43e0-892b-aafe57c762de req-a82fa2ba-5761-4342-8e8c-8fd871bef716 None None] Starting request: 10.222.0.52 "GET /placement/allocations/30cb1abd-5951-4432-a5c8-df0bbc61de6d" {{(pid=95437) __call__ /opt/stack/placement/placement/requestlog.py:55}}
Aug 16 13:14:04.252587 n-d-804709-1 devstack@placement-api.service[95437]: INFO placement.requestlog [req-9816b937-590f-43e0-892b-aafe57c762de req-a82fa2ba-5761-4342-8e8c-8fd871bef716 service placement] 10.222.0.52 "GET /placement/allocations/30cb1abd-5951-4432-a5c8-df0bbc61de6d" status: 200 len: 258 microversion: 1.28
Aug 16 13:14:04.256012 n-d-804709-1 devstack@placement-api.service[95437]: [pid: 95437|app: 0|req: 136/271] 10.222.0.52 () {60 vars in 1378 bytes} [Mon Aug 16 13:14:04 2021] GET /placement/allocations/30cb1abd-5951-4432-a5c8-df0bbc61de6d => generated 258 bytes in 33 msecs (HTTP/1.1 200) 8 headers in 296 bytes (1 switches on core 0)
Aug 16 13:14:04.273130 n-d-804709-1 devstack@placement-api.service[95438]: DEBUG placement.requestlog [req-bf9827bd-138d-4706-be13-8e16d2e4ec36 req-cdaed310-b920-41b7-8263-46efcf13d300 None None] Starting request: 10.222.0.39 "GET /placement/allocations/ccb1f44d-dcc5-407d-9018-ab22a04464e3" {{(pid=95438) __call__ /opt/stack/placement/placement/requestlog.py:55}}
Aug 16 13:14:04.559259 n-d-804709-1 devstack@placement-api.service[95438]: INFO placement.requestlog [req-bf9827bd-138d-4706-be13-8e16d2e4ec36 req-cdaed310-b920-41b7-8263-46efcf13d300 service placement] 10.222.0.39 "GET /placement/allocations/ccb1f44d-dcc5-407d-9018-ab22a04464e3" status: 200 len: 19 microversion: 1.28
Aug 16 13:14:04.560381 n-d-804709-1 devstack@placement-api.service[95438]: [pid: 95438|app: 0|req: 136/272] 10.222.0.39 () {60 vars in 1381 bytes} [Mon Aug 16 13:14:04 2021] GET /placement/allocations/ccb1f44d-dcc5-407d-9018-ab22a04464e3 => generated 19 bytes in 288 msecs (HTTP/1.1 200) 8 headers in 295 bytes (1 switches on core 0)
Aug 16 13:14:04.566074 n-d-804709-1 devstack@placement-api.service[95437]: DEBUG placement.requestlog [req-bf9827bd-138d-4706-be13-8e16d2e4ec36 req-cbb7ae43-6022-4c09-8167-5d91bc9e5cab None None] Starting request: 10.222.0.39 "PUT /placement/allocations/ccb1f44d-dcc5-407d-9018-ab22a04464e3" {{(pid=95437) __call__ /opt/stack/placement/placement/requestlog.py:55}}
Aug 16 13:14:04.750595 n-d-804709-1 devstack@placement-api.service[95437]: DEBUG placement.handlers.allocation [req-bf9827bd-138d-4706-be13-8e16d2e4ec36 req-cbb7ae43-6022-4c09-8167-5d91bc9e5cab service placement] Successfully wrote allocations [, , ] {{(pid=95437) _create_allocations /opt/stack/placement/placement/handlers/allocation.py:435}}
Aug 16 13:14:04.751401 n-d-804709-1 devstack@placement-api.service[95437]: INFO placement.requestlog [req-bf9827bd-138d-4706-be13-8e16d2e4ec36 req-cbb7ae43-6022-4c09-8167-5d91bc9e5cab service placement] 10.222.0.39 "PUT /placement/allocations/ccb1f44d-dcc5-407d-9018-ab22a04464e3" status: 204 len: 0 microversion: 1.35
Aug 16 13:14:04.759221 n-d-804709-1 devstack@placement-api.service[95437]: [pid: 95437|app: 0|req: 137/273] 10.222.0.39 () {64 vars in 1434 bytes} [Mon Aug 16 13:14:04 2021] PUT /placement/allocations/ccb1f44d-dcc5-407d-9018-ab22a04464e3 => generated 0 bytes in 186 msecs (HTTP/1.1 204) 5 headers in 199 bytes (1 switches on core 0)
Aug 16 13:14:05.786766 n-d-804709-1 devstack@placement-api.service[95438]: DEBUG placement.requestlog [req-bf9827bd-138d-4706-be13-8e16d2e4ec36 req-79dff237-6925-4f20-bc94-d1644e1e4750 None None] Starting request: 10.222.0.36 "GET /placement/allocations/ccb1f44d-dcc5-407d-9018-ab22a04464e3" {{(pid=95438) __call__ /opt/stack/placement/placement/requestlog.py:55}}
Aug 16 13:14:05.862118 n-d-804709-1 devstack@placement-api.service[95438]: INFO placement.requestlog [req-bf9827bd-138d-4706-be13-8e16d2e4ec36 req-79dff237-6925-4f20-bc94-d1644e1e4750 service placement] 10.222.0.36 "GET /placement/allocations/ccb1f44d-dcc5-407d-9018-ab22a04464e3" status: 200 len: 259 microversion: 1.28
Aug 16 13:14:05.862890 n-d-804709-1 devstack@placement-api.service[95438]: [pid: 95438|app: 0|req: 137/274] 10.222.0.36 () {60 vars in 1378 bytes} [Mon Aug 16 13:14:05 2021] GET /placement/allocations/ccb1f44d-dcc5-407d-9018-ab22a04464e3 => generated 259 bytes in 77 msecs (HTTP/1.1 200) 8 headers in 296 bytes (1 switches on core 0)
Aug 16 13:14:05.991023 n-d-804709-1 devstack@placement-api.service[95437]: DEBUG placement.requestlog [req-5c2ac7be-be8d-42de-b18f-7a4bdaaf7610 req-6a582471-e1eb-4d20-958a-122005f59aaa None None] Starting request: 10.222.0.39 "GET /placement/allocation_candidates?limit=1000&resources=DISK_GB%3A1%2CMEMORY_MB%3A1024%2CVCPU%3A1&root_required=%21COMPUTE_STATUS_DISABLED" {{(pid=95437) __call__ /opt/stack/placement/placement/requestlog.py:55}}
Aug 16 13:14:06.121434 n-d-804709-1 devstack@placement-api.service[95437]: DEBUG placement.objects.research_context [req-5c2ac7be-be8d-42de-b18f-7a4bdaaf7610 req-6a582471-e1eb-4d20-958a-122005f59aaa service placement] getting providers with 1 DISK_GB {{(pid=95437) __init__ /opt/stack/placement/placement/objects/research_context.py:126}}
Aug 16 13:14:06.150082 n-d-804709-1 devstack@placement-api.service[95437]: DEBUG placement.objects.research_context [req-5c2ac7be-be8d-42de-b18f-7a4bdaaf7610 req-6a582471-e1eb-4d20-958a-122005f59aaa service placement] getting providers with 1024 MEMORY_MB {{(pid=95437) __init__ /opt/stack/placement/placement/objects/research_context.py:126}}
Aug 16 13:14:06.179041 n-d-804709-1 devstack@placement-api.service[95437]: DEBUG placement.objects.research_context [req-5c2ac7be-be8d-42de-b18f-7a4bdaaf7610 req-6a582471-e1eb-4d20-958a-122005f59aaa service placement] getting providers with 1 VCPU {{(pid=95437) __init__ /opt/stack/placement/placement/objects/research_context.py:126}}
Aug 16 13:14:06.198580 n-d-804709-1 devstack@placement-api.service[95437]: DEBUG placement.objects.research_context [req-5c2ac7be-be8d-42de-b18f-7a4bdaaf7610 req-6a582471-e1eb-4d20-958a-122005f59aaa service placement] found 2 providers with available 1 DISK_GB {{(pid=95437) get_provider_ids_matching /opt/stack/placement/placement/objects/research_context.py:549}}
Aug 16 13:14:06.200839 n-d-804709-1 devstack@placement-api.service[95437]: DEBUG placement.objects.research_context [req-5c2ac7be-be8d-42de-b18f-7a4bdaaf7610 req-6a582471-e1eb-4d20-958a-122005f59aaa service placement] found 2 providers with available 1024 MEMORY_MB {{(pid=95437) get_provider_ids_matching /opt/stack/placement/placement/objects/research_context.py:549}}
Aug 16 13:14:06.201582 n-d-804709-1 devstack@placement-api.service[95437]: DEBUG placement.objects.research_context [req-5c2ac7be-be8d-42de-b18f-7a4bdaaf7610 req-6a582471-e1eb-4d20-958a-122005f59aaa service placement] found 2 providers after filtering by previous result {{(pid=95437) get_provider_ids_matching /opt/stack/placement/placement/objects/research_context.py:580}}
Aug 16 13:14:06.203021 n-d-804709-1 devstack@placement-api.service[95437]: DEBUG placement.objects.research_context [req-5c2ac7be-be8d-42de-b18f-7a4bdaaf7610 req-6a582471-e1eb-4d20-958a-122005f59aaa service placement] found 2 providers with available 1 VCPU {{(pid=95437) get_provider_ids_matching /opt/stack/placement/placement/objects/research_context.py:549}}
Aug 16 13:14:06.203787 n-d-804709-1 devstack@placement-api.service[95437]: DEBUG placement.objects.research_context [req-5c2ac7be-be8d-42de-b18f-7a4bdaaf7610 req-6a582471-e1eb-4d20-958a-122005f59aaa service placement] found 2 providers after filtering by previous result {{(pid=95437) get_provider_ids_matching /opt/stack/placement/placement/objects/research_context.py:580}}
Aug 16 13:14:06.235441 n-d-804709-1 devstack@placement-api.service[95437]: DEBUG placement.objects.allocation_candidate [req-5c2ac7be-be8d-42de-b18f-7a4bdaaf7610 req-6a582471-e1eb-4d20-958a-122005f59aaa service placement] RequestGroup(use_same_provider=False, resources={DISK_GB:1, MEMORY_MB:1024, VCPU:1}, traits=[], aggregates=[]) (suffix '') returned 2 matches {{(pid=95437) _get_by_requests /opt/stack/placement/placement/objects/allocation_candidate.py:145}}
Aug 16 13:14:06.236854 n-d-804709-1 devstack@placement-api.service[95437]: DEBUG placement.objects.allocation_candidate [req-5c2ac7be-be8d-42de-b18f-7a4bdaaf7610 req-6a582471-e1eb-4d20-958a-122005f59aaa service placement] Merging candidates yields 2 allocation requests and 2 provider summaries {{(pid=95437) _merge_candidates /opt/stack/placement/placement/objects/allocation_candidate.py:783}}
Aug 16 13:14:06.249483 n-d-804709-1 devstack@placement-api.service[95437]: INFO placement.requestlog [req-5c2ac7be-be8d-42de-b18f-7a4bdaaf7610 req-6a582471-e1eb-4d20-958a-122005f59aaa service placement] 10.222.0.39 "GET /placement/allocation_candidates?limit=1000&resources=DISK_GB%3A1%2CMEMORY_MB%3A1024%2CVCPU%3A1&root_required=%21COMPUTE_STATUS_DISABLED" status: 200 len: 1309 microversion: 1.35
Aug 16 13:14:06.249861 n-d-804709-1 devstack@placement-api.service[95437]: [pid: 95437|app: 0|req: 138/275] 10.222.0.39 () {60 vars in 1507 bytes} [Mon Aug 16 13:14:05 2021] GET /placement/allocation_candidates?limit=1000&resources=DISK_GB%3A1%2CMEMORY_MB%3A1024%2CVCPU%3A1&root_required=%21COMPUTE_STATUS_DISABLED => generated 1309 bytes in 260 msecs (HTTP/1.1 200) 8 headers in 297 bytes (1 switches on core 0)
Aug 16 13:14:06.428351 n-d-804709-1 devstack@placement-api.service[95438]: DEBUG placement.requestlog [req-5c2ac7be-be8d-42de-b18f-7a4bdaaf7610 req-d2296408-b478-456d-b219-61cc02436b1d None None] Starting request: 10.222.0.39 "GET /placement/allocations/2553d7fa-dca6-46ce-a90e-959e55c095cc" {{(pid=95438) __call__ /opt/stack/placement/placement/requestlog.py:55}}
Aug 16 13:14:06.461565 n-d-804709-1 devstack@placement-api.service[95438]: INFO placement.requestlog [req-5c2ac7be-be8d-42de-b18f-7a4bdaaf7610 req-d2296408-b478-456d-b219-61cc02436b1d service placement] 10.222.0.39 "GET /placement/allocations/2553d7fa-dca6-46ce-a90e-959e55c095cc" status: 200 len: 19 microversion: 1.28
Aug 16 13:14:06.472635 n-d-804709-1 devstack@placement-api.service[95438]: [pid: 95438|app: 0|req: 138/276] 10.222.0.39 () {60 vars in 1381 bytes} [Mon Aug 16 13:14:06 2021] GET /placement/allocations/2553d7fa-dca6-46ce-a90e-959e55c095cc => generated 19 bytes in 45 msecs (HTTP/1.1 200) 8 headers in 295 bytes (1 switches on core 0)
Aug 16 13:14:06.473622 n-d-804709-1 devstack@placement-api.service[95437]: DEBUG placement.requestlog [req-5c2ac7be-be8d-42de-b18f-7a4bdaaf7610 req-5e30b17e-fa69-40a8-a361-fc00af9e155a None None] Starting request: 10.222.0.39 "PUT /placement/allocations/2553d7fa-dca6-46ce-a90e-959e55c095cc" {{(pid=95437) __call__ /opt/stack/placement/placement/requestlog.py:55}}
Aug 16 13:14:06.674597 n-d-804709-1 devstack@placement-api.service[95437]: DEBUG placement.handlers.allocation [req-5c2ac7be-be8d-42de-b18f-7a4bdaaf7610 req-5e30b17e-fa69-40a8-a361-fc00af9e155a service placement] Successfully wrote allocations [, , ] {{(pid=95437) _create_allocations /opt/stack/placement/placement/handlers/allocation.py:435}}
Aug 16 13:14:06.676479 n-d-804709-1 devstack@placement-api.service[95437]: INFO placement.requestlog [req-5c2ac7be-be8d-42de-b18f-7a4bdaaf7610 req-5e30b17e-fa69-40a8-a361-fc00af9e155a service placement] 10.222.0.39 "PUT /placement/allocations/2553d7fa-dca6-46ce-a90e-959e55c095cc" status: 204 len: 0 microversion: 1.35
Aug 16 13:14:06.692564 n-d-804709-1 devstack@placement-api.service[95437]: [pid: 95437|app: 0|req: 139/277] 10.222.0.39 () {64 vars in 1434 bytes} [Mon Aug 16 13:14:06 2021] PUT /placement/allocations/2553d7fa-dca6-46ce-a90e-959e55c095cc => generated 0 bytes in 204 msecs (HTTP/1.1 204) 5 headers in 199 bytes (2 switches on core 0)
Aug 16 13:14:07.224499 n-d-804709-1 devstack@placement-api.service[95438]: DEBUG placement.requestlog [req-c22491c1-7d0d-4181-a547-edafb7e2a93b req-95561e99-32c6-4a5e-b2de-7217bfc8a429 None None] Starting request: 10.222.0.39 "GET /placement/allocation_candidates?limit=1000&resources=MEMORY_MB%3A1024%2CVCPU%3A1&root_required=%21COMPUTE_STATUS_DISABLED" {{(pid=95438) __call__ /opt/stack/placement/placement/requestlog.py:55}}
Aug 16 13:14:07.319728 n-d-804709-1 devstack@placement-api.service[95438]: DEBUG placement.objects.research_context [req-c22491c1-7d0d-4181-a547-edafb7e2a93b req-95561e99-32c6-4a5e-b2de-7217bfc8a429 service placement] getting providers with 1024 MEMORY_MB {{(pid=95438) __init__ /opt/stack/placement/placement/objects/research_context.py:126}}
Aug 16 13:14:07.342185 n-d-804709-1 devstack@placement-api.service[95438]: DEBUG placement.objects.research_context [req-c22491c1-7d0d-4181-a547-edafb7e2a93b req-95561e99-32c6-4a5e-b2de-7217bfc8a429 service placement] getting providers with 1 VCPU {{(pid=95438) __init__ /opt/stack/placement/placement/objects/research_context.py:126}}
Aug 16 13:14:07.351088 n-d-804709-1 devstack@placement-api.service[95438]: DEBUG placement.objects.research_context [req-c22491c1-7d0d-4181-a547-edafb7e2a93b req-95561e99-32c6-4a5e-b2de-7217bfc8a429 service placement] found 2 providers with available 1024 MEMORY_MB {{(pid=95438) get_provider_ids_matching /opt/stack/placement/placement/objects/research_context.py:549}}
Aug 16 13:14:07.351932 n-d-804709-1 devstack@placement-api.service[95438]: DEBUG placement.objects.research_context [req-c22491c1-7d0d-4181-a547-edafb7e2a93b req-95561e99-32c6-4a5e-b2de-7217bfc8a429 service placement] found 2 providers with available 1 VCPU {{(pid=95438) get_provider_ids_matching /opt/stack/placement/placement/objects/research_context.py:549}}
Aug 16 13:14:07.363963 n-d-804709-1 devstack@placement-api.service[95438]: DEBUG placement.objects.research_context [req-c22491c1-7d0d-4181-a547-edafb7e2a93b req-95561e99-32c6-4a5e-b2de-7217bfc8a429 service placement] found 2 providers after filtering by previous result {{(pid=95438) get_provider_ids_matching /opt/stack/placement/placement/objects/research_context.py:580}}
Aug 16 13:14:07.472396 n-d-804709-1 devstack@placement-api.service[95438]: DEBUG placement.objects.allocation_candidate [req-c22491c1-7d0d-4181-a547-edafb7e2a93b req-95561e99-32c6-4a5e-b2de-7217bfc8a429 service placement] RequestGroup(use_same_provider=False, resources={MEMORY_MB:1024, VCPU:1}, traits=[], aggregates=[]) (suffix '') returned 2 matches {{(pid=95438) _get_by_requests /opt/stack/placement/placement/objects/allocation_candidate.py:145}}
Aug 16 13:14:07.473476 n-d-804709-1 devstack@placement-api.service[95438]: DEBUG placement.objects.allocation_candidate [req-c22491c1-7d0d-4181-a547-edafb7e2a93b req-95561e99-32c6-4a5e-b2de-7217bfc8a429 service placement] Merging candidates yields 2 allocation requests and 2 provider summaries {{(pid=95438) _merge_candidates /opt/stack/placement/placement/objects/allocation_candidate.py:783}}
Aug 16 13:14:07.482849 n-d-804709-1 devstack@placement-api.service[95438]: INFO placement.requestlog [req-c22491c1-7d0d-4181-a547-edafb7e2a93b req-95561e99-32c6-4a5e-b2de-7217bfc8a429 service placement] 10.222.0.39 "GET /placement/allocation_candidates?limit=1000&resources=MEMORY_MB%3A1024%2CVCPU%3A1&root_required=%21COMPUTE_STATUS_DISABLED" status: 200 len: 1281 microversion: 1.35
Aug 16 13:14:07.484176 n-d-804709-1 devstack@placement-api.service[95438]: [pid: 95438|app: 0|req: 139/278] 10.222.0.39 () {60 vars in 1479 bytes} [Mon Aug 16 13:14:07 2021] GET /placement/allocation_candidates?limit=1000&resources=MEMORY_MB%3A1024%2CVCPU%3A1&root_required=%21COMPUTE_STATUS_DISABLED => generated 1281 bytes in 261 msecs (HTTP/1.1 200) 8 headers in 297 bytes (2 switches on core 0)
Aug 16 13:14:07.610722 n-d-804709-1 devstack@placement-api.service[95437]: DEBUG placement.requestlog [req-c22491c1-7d0d-4181-a547-edafb7e2a93b req-06ac3ae6-8527-488e-8289-0b24f747fc83 None None] Starting request: 10.222.0.39 "GET /placement/allocations/5759ed1c-8f87-4013-9aff-f639d0d2c115" {{(pid=95437) __call__ /opt/stack/placement/placement/requestlog.py:55}}
Aug 16 13:14:07.630316 n-d-804709-1 devstack@placement-api.service[95437]: INFO placement.requestlog [req-c22491c1-7d0d-4181-a547-edafb7e2a93b req-06ac3ae6-8527-488e-8289-0b24f747fc83 service placement] 10.222.0.39 "GET /placement/allocations/5759ed1c-8f87-4013-9aff-f639d0d2c115" status: 200 len: 19 microversion: 1.28
Aug 16 13:14:07.631079 n-d-804709-1 devstack@placement-api.service[95437]: [pid: 95437|app: 0|req: 140/279] 10.222.0.39 () {60 vars in 1381 bytes} [Mon Aug 16 13:14:07 2021] GET /placement/allocations/5759ed1c-8f87-4013-9aff-f639d0d2c115 => generated 19 bytes in 23 msecs (HTTP/1.1 200) 8 headers in 295 bytes (1 switches on core 0)
Aug 16 13:14:07.638007 n-d-804709-1 devstack@placement-api.service[95438]: DEBUG placement.requestlog [req-c22491c1-7d0d-4181-a547-edafb7e2a93b req-849962f0-28ef-476e-af8d-fdfb9b01c872 None None] Starting request: 10.222.0.39 "PUT /placement/allocations/5759ed1c-8f87-4013-9aff-f639d0d2c115" {{(pid=95438) __call__ /opt/stack/placement/placement/requestlog.py:55}}
Aug 16 13:14:07.642993 n-d-804709-1 devstack@placement-api.service[95437]: DEBUG placement.requestlog [req-5c2ac7be-be8d-42de-b18f-7a4bdaaf7610 req-06dd8fd3-7edc-4f88-9492-53da79ff5450 None None] Starting request: 10.222.0.52 "GET /placement/allocations/2553d7fa-dca6-46ce-a90e-959e55c095cc" {{(pid=95437) __call__ /opt/stack/placement/placement/requestlog.py:55}}
Aug 16 13:14:07.704839 n-d-804709-1 devstack@placement-api.service[95437]: INFO placement.requestlog [req-5c2ac7be-be8d-42de-b18f-7a4bdaaf7610 req-06dd8fd3-7edc-4f88-9492-53da79ff5450 service placement] 10.222.0.52 "GET /placement/allocations/2553d7fa-dca6-46ce-a90e-959e55c095cc" status: 200 len: 259 microversion: 1.28
Aug 16 13:14:07.706523 n-d-804709-1 devstack@placement-api.service[95437]: [pid: 95437|app: 0|req: 141/280] 10.222.0.52 () {60 vars in 1378 bytes} [Mon Aug 16 13:14:07 2021] GET /placement/allocations/2553d7fa-dca6-46ce-a90e-959e55c095cc => generated 259 bytes in 67 msecs (HTTP/1.1 200) 8 headers in 296 bytes (1 switches on core 0)
Aug 16 13:14:07.807865 n-d-804709-1 devstack@placement-api.service[95438]: DEBUG placement.handlers.allocation [req-c22491c1-7d0d-4181-a547-edafb7e2a93b req-849962f0-28ef-476e-af8d-fdfb9b01c872 service placement] Successfully wrote allocations [, ] {{(pid=95438) _create_allocations /opt/stack/placement/placement/handlers/allocation.py:435}}
Aug 16 13:14:07.811108 n-d-804709-1 devstack@placement-api.service[95438]: INFO placement.requestlog [req-c22491c1-7d0d-4181-a547-edafb7e2a93b req-849962f0-28ef-476e-af8d-fdfb9b01c872 service placement] 10.222.0.39 "PUT /placement/allocations/5759ed1c-8f87-4013-9aff-f639d0d2c115" status: 204 len: 0 microversion: 1.35
Aug 16 13:14:07.811962 n-d-804709-1 devstack@placement-api.service[95438]: [pid: 95438|app: 0|req: 140/281] 10.222.0.39 () {64 vars in 1434 bytes} [Mon Aug 16 13:14:07 2021] PUT /placement/allocations/5759ed1c-8f87-4013-9aff-f639d0d2c115 => generated 0 bytes in 174 msecs (HTTP/1.1 204) 5 headers in 199 bytes (1 switches on core 0)
Aug 16 13:14:08.878818 n-d-804709-1 devstack@placement-api.service[95437]: DEBUG placement.requestlog [req-c22491c1-7d0d-4181-a547-edafb7e2a93b req-20ebf52e-ada6-4840-a95f-50e36c0e0f0e None None] Starting request: 10.222.0.52 "GET /placement/allocations/5759ed1c-8f87-4013-9aff-f639d0d2c115" {{(pid=95437) __call__ /opt/stack/placement/placement/requestlog.py:55}}
Aug 16 13:14:08.950915 n-d-804709-1 devstack@placement-api.service[95437]: INFO placement.requestlog [req-c22491c1-7d0d-4181-a547-edafb7e2a93b req-20ebf52e-ada6-4840-a95f-50e36c0e0f0e service placement] 10.222.0.52 "GET /placement/allocations/5759ed1c-8f87-4013-9aff-f639d0d2c115" status: 200 len: 245 microversion: 1.28
Aug 16 13:14:08.951754 n-d-804709-1 devstack@placement-api.service[95437]: [pid: 95437|app: 0|req: 142/282] 10.222.0.52 () {60 vars in 1378 bytes} [Mon Aug 16 13:14:08 2021] GET /placement/allocations/5759ed1c-8f87-4013-9aff-f639d0d2c115 => generated 245 bytes in 73 msecs (HTTP/1.1 200) 8 headers in 296 bytes (2 switches on core 0)
Aug 16 13:14:18.040779 n-d-804709-1 devstack@placement-api.service[95438]: DEBUG placement.requestlog [req-59b30216-23f8-4d7b-ad09-e11a0452ce4f req-68c08300-d6e2-4619-bcda-3c7463db610b None None] Starting request: 10.222.0.52 "GET /placement/resource_providers/64cf5e51-e8c4-4ab5-b090-d6883eab8c2f/allocations" {{(pid=95438) __call__ /opt/stack/placement/placement/requestlog.py:55}}
Aug 16 13:14:18.148082 n-d-804709-1 devstack@placement-api.service[95438]: INFO placement.requestlog [req-59b30216-23f8-4d7b-ad09-e11a0452ce4f req-68c08300-d6e2-4619-bcda-3c7463db610b service placement] 10.222.0.52 "GET /placement/resource_providers/64cf5e51-e8c4-4ab5-b090-d6883eab8c2f/allocations" status: 200 len: 745 microversion: 1.0
Aug 16 13:14:18.148314 n-d-804709-1 devstack@placement-api.service[95438]: [pid: 95438|app: 0|req: 141/283] 10.222.0.52 () {58 vars in 1391 bytes} [Mon Aug 16 13:14:18 2021] GET /placement/resource_providers/64cf5e51-e8c4-4ab5-b090-d6883eab8c2f/allocations => generated 745 bytes in 108 msecs (HTTP/1.1 200) 6 headers in 224 bytes (1 switches on core 0)
Aug 16 13:14:19.396092 n-d-804709-1 devstack@placement-api.service[95437]: DEBUG placement.requestlog [req-a20c3ce8-d39d-4fef-8c92-0c7bdb49e3f0 req-ea48493a-632e-46c5-b45f-303ec06cc771 None None] Starting request: 10.222.0.52 "GET /placement/allocations/0ee21f4f-90d7-47a2-849e-c30eb108f0c1" {{(pid=95437) __call__ /opt/stack/placement/placement/requestlog.py:55}}
Aug 16 13:14:19.444036 n-d-804709-1 devstack@placement-api.service[95437]: INFO placement.requestlog [req-a20c3ce8-d39d-4fef-8c92-0c7bdb49e3f0 req-ea48493a-632e-46c5-b45f-303ec06cc771 service placement] 10.222.0.52 "GET /placement/allocations/0ee21f4f-90d7-47a2-849e-c30eb108f0c1" status: 200 len: 259 microversion: 1.28
Aug 16 13:14:19.450132 n-d-804709-1 devstack@placement-api.service[95437]: [pid: 95437|app: 0|req: 143/284] 10.222.0.52 () {60 vars in 1378 bytes} [Mon Aug 16 13:14:19 2021] GET /placement/allocations/0ee21f4f-90d7-47a2-849e-c30eb108f0c1 => generated 259 bytes in 54 msecs (HTTP/1.1 200) 8 headers in 296 bytes (1 switches on core 0)
Aug 16 13:14:19.459121 n-d-804709-1 devstack@placement-api.service[95438]: DEBUG placement.requestlog [req-a20c3ce8-d39d-4fef-8c92-0c7bdb49e3f0 req-85a7f93b-898f-45b3-a012-7e31984b7423 None None] Starting request: 10.222.0.52 "PUT /placement/allocations/0ee21f4f-90d7-47a2-849e-c30eb108f0c1" {{(pid=95438) __call__ /opt/stack/placement/placement/requestlog.py:55}}
Aug 16 13:14:19.583150 n-d-804709-1 devstack@placement-api.service[95438]: DEBUG placement.handlers.allocation [req-a20c3ce8-d39d-4fef-8c92-0c7bdb49e3f0 req-85a7f93b-898f-45b3-a012-7e31984b7423 service placement] Successfully wrote allocations [, , ] {{(pid=95438) _create_allocations /opt/stack/placement/placement/handlers/allocation.py:435}}
Aug 16 13:14:19.583652 n-d-804709-1 devstack@placement-api.service[95438]: INFO placement.requestlog [req-a20c3ce8-d39d-4fef-8c92-0c7bdb49e3f0 req-85a7f93b-898f-45b3-a012-7e31984b7423 service placement] 10.222.0.52 "PUT /placement/allocations/0ee21f4f-90d7-47a2-849e-c30eb108f0c1" status: 204 len: 0 microversion: 1.28
Aug 16 13:14:19.585226 n-d-804709-1 devstack@placement-api.service[95438]: [pid: 95438|app: 0|req: 142/285] 10.222.0.52 () {64 vars in 1431 bytes} [Mon Aug 16 13:14:19 2021] PUT /placement/allocations/0ee21f4f-90d7-47a2-849e-c30eb108f0c1 => generated 0 bytes in 125 msecs (HTTP/1.1 204) 5 headers in 199 bytes (2 switches on core 0)
Aug 16 13:14:21.440626 n-d-804709-1 devstack@placement-api.service[95437]: DEBUG placement.requestlog [req-2dcbba1f-51b5-452e-8c1e-f3785697c610 req-894ea211-1c6e-4465-bbef-18d5e78f9a6b None None] Starting request: 10.222.0.52 "GET /placement/allocations/e5a8a492-1624-4e43-8384-d3e843b220e4" {{(pid=95437) __call__ /opt/stack/placement/placement/requestlog.py:55}}
Aug 16 13:14:21.462456 n-d-804709-1 devstack@placement-api.service[95437]: INFO placement.requestlog [req-2dcbba1f-51b5-452e-8c1e-f3785697c610 req-894ea211-1c6e-4465-bbef-18d5e78f9a6b service placement] 10.222.0.52 "GET /placement/allocations/e5a8a492-1624-4e43-8384-d3e843b220e4" status: 200 len: 259 microversion: 1.28
Aug 16 13:14:21.463501 n-d-804709-1 devstack@placement-api.service[95437]: [pid: 95437|app: 0|req: 144/286] 10.222.0.52 () {60 vars in 1378 bytes} [Mon Aug 16 13:14:21 2021] GET /placement/allocations/e5a8a492-1624-4e43-8384-d3e843b220e4 => generated 259 bytes in 23 msecs (HTTP/1.1 200) 8 headers in 296 bytes (1 switches on core 0)
