Aug 16 12:59:25.273246 n-d-804709-1 devstack@n-api.service[94250]: INFO nova.api.openstack.requestlog [None req-28a241ed-9645-43ca-81df-f210d106158c admin admin] 10.222.0.39 "POST /compute/v2.1/flavors/1/os-extra_specs" status: 200 len: 43 microversion: 2.61 time: 0.052223
Aug 16 12:59:25.288838 n-d-804709-1 devstack@n-api.service[94250]: [pid: 94250|app: 0|req: 11/23] 10.222.0.39 () {64 vars in 1333 bytes} [Mon Aug 16 12:59:25 2021] POST /compute/v2.1/flavors/1/os-extra_specs => generated 43 bytes in 69 msecs (HTTP/1.1 200) 9 headers in 358 bytes (1 switches on core 0)
Aug 16 12:59:28.203606 n-d-804709-1 devstack@n-api.service[94251]: DEBUG nova.api.openstack.wsgi [None req-675db1b7-bf4c-4462-94a1-db189e748de7 admin admin] Calling method '>' {{(pid=94251) _process_stack /opt/stack/nova/nova/api/openstack/wsgi.py:513}}
Aug 16 12:59:28.205528 n-d-804709-1 devstack@n-api.service[94251]: INFO nova.api.openstack.requestlog [None req-675db1b7-bf4c-4462-94a1-db189e748de7 admin admin] 10.222.0.39 "GET /compute/v2.1" status: 200 len: 388 microversion: 2.1 time: 0.002482
Aug 16 12:59:28.207308 n-d-804709-1 devstack@n-api.service[94251]: [pid: 94251|app: 0|req: 13/24] 10.222.0.39 () {54 vars in 931 bytes} [Mon Aug 16 12:59:28 2021] GET /compute/v2.1 => generated 388 bytes in 5 msecs (HTTP/1.1 200) 9 headers in 357 bytes (1 switches on core 0)
Aug 16 12:59:28.302004 n-d-804709-1 devstack@n-api.service[94250]: DEBUG nova.api.openstack.wsgi [None req-92b4e503-e5fb-4c50-bb6c-b414049ab914 admin admin] Action: 'create', calling method: >, body: {"flavor": {"disk": 20, "swap": 0, "id": "2", "ram": 2048, "rxtx_factor": 1.0, "name": "m1.small", "vcpus": 1, "OS-FLV-EXT-DATA:ephemeral": 0, "os-flavor-access:is_public": true}} {{(pid=94250) _process_stack /opt/stack/nova/nova/api/openstack/wsgi.py:511}}
Aug 16 12:59:28.327506 n-d-804709-1 devstack@n-api.service[94250]: INFO nova.api.openstack.requestlog [None req-92b4e503-e5fb-4c50-bb6c-b414049ab914 admin admin] 10.222.0.39 "POST /compute/v2.1/flavors" status: 200 len: 405 microversion: 2.61 time: 0.109460
Aug 16 12:59:28.328313 n-d-804709-1 devstack@n-api.service[94250]: [pid: 94250|app: 0|req: 12/25] 10.222.0.39 () {64 vars in 1283 bytes} [Mon Aug 16 12:59:28 2021] POST /compute/v2.1/flavors => generated 405 bytes in 111 msecs (HTTP/1.1 200) 9 headers in 359 bytes (1 switches on core 0)
Aug 16 12:59:28.349731 n-d-804709-1 devstack@n-api.service[94251]: DEBUG nova.api.openstack.wsgi [None req-657b9bb8-f1d5-45e5-9e9e-7de4ed5f6179 admin admin] Action: 'create', calling method: >, body: {"extra_specs": {"hw_rng:allowed": "True"}} {{(pid=94251) _process_stack /opt/stack/nova/nova/api/openstack/wsgi.py:511}}
Aug 16 12:59:28.390895 n-d-804709-1 devstack@n-api.service[94251]: INFO nova.api.openstack.requestlog [None req-657b9bb8-f1d5-45e5-9e9e-7de4ed5f6179 admin admin] 10.222.0.39 "POST /compute/v2.1/flavors/2/os-extra_specs" status: 200 len: 43 microversion: 2.61 time: 0.047549
Aug 16 12:59:28.391849 n-d-804709-1 devstack@n-api.service[94251]: [pid: 94251|app: 0|req: 14/26] 10.222.0.39 () {64 vars in 1333 bytes} [Mon Aug 16 12:59:28 2021] POST /compute/v2.1/flavors/2/os-extra_specs => generated 43 bytes in 50 msecs (HTTP/1.1 200) 9 headers in 358 bytes (2 switches on core 0)
Aug 16 12:59:31.191296 n-d-804709-1 devstack@n-api.service[94250]: DEBUG nova.api.openstack.wsgi [None req-92b4e503-e5fb-4c50-bb6c-b414049ab914 admin admin] Calling method '>' {{(pid=94250) _process_stack /opt/stack/nova/nova/api/openstack/wsgi.py:513}}
Aug 16 12:59:31.193075 n-d-804709-1 devstack@n-api.service[94250]: INFO nova.api.openstack.requestlog [None req-92b4e503-e5fb-4c50-bb6c-b414049ab914 admin admin] 10.222.0.39 "GET /compute/v2.1" status: 200 len: 388 microversion: 2.1 time: 0.002607
Aug 16 12:59:31.193847 n-d-804709-1 devstack@n-api.service[94250]: [pid: 94250|app: 0|req: 13/27] 10.222.0.39 () {54 vars in 931 bytes} [Mon Aug 16 12:59:31 2021] GET /compute/v2.1 => generated 388 bytes in 5 msecs (HTTP/1.1 200) 9 headers in 357 bytes (1 switches on core 0)
Aug 16 12:59:31.292099 n-d-804709-1 devstack@n-api.service[94251]: DEBUG nova.api.openstack.wsgi [None req-1a84bbe5-2af4-4c5a-a263-afa6e65f6d97 admin admin] Action: 'create', calling method: >, body: {"flavor": {"id": "3", "name": "m1.medium", "swap": 0, "os-flavor-access:is_public": true, "OS-FLV-EXT-DATA:ephemeral": 0, "vcpus": 2, "ram": 4096, "rxtx_factor": 1.0, "disk": 40}} {{(pid=94251) _process_stack /opt/stack/nova/nova/api/openstack/wsgi.py:511}}
Aug 16 12:59:31.318643 n-d-804709-1 devstack@n-api.service[94251]: INFO nova.api.openstack.requestlog [None req-1a84bbe5-2af4-4c5a-a263-afa6e65f6d97 admin admin] 10.222.0.39 "POST /compute/v2.1/flavors" status: 200 len: 406 microversion: 2.61 time: 0.113043
Aug 16 12:59:31.319790 n-d-804709-1 devstack@n-api.service[94251]: [pid: 94251|app: 0|req: 15/28] 10.222.0.39 () {64 vars in 1283 bytes} [Mon Aug 16 12:59:31 2021] POST /compute/v2.1/flavors => generated 406 bytes in 116 msecs (HTTP/1.1 200) 9 headers in 359 bytes (1 switches on core 0)
Aug 16 12:59:31.336412 n-d-804709-1 devstack@n-api.service[94250]: DEBUG nova.api.openstack.wsgi [None req-5b2555db-8c09-45fc-a8d2-76a602b8055e admin admin] Action: 'create', calling method: >, body: {"extra_specs": {"hw_rng:allowed": "True"}} {{(pid=94250) _process_stack /opt/stack/nova/nova/api/openstack/wsgi.py:511}}
Aug 16 12:59:31.375931 n-d-804709-1 devstack@n-api.service[94250]: INFO nova.api.openstack.requestlog [None req-5b2555db-8c09-45fc-a8d2-76a602b8055e admin admin] 10.222.0.39 "POST /compute/v2.1/flavors/3/os-extra_specs" status: 200 len: 43 microversion: 2.61 time: 0.044580
Aug 16 12:59:31.377071 n-d-804709-1 devstack@n-api.service[94250]: [pid: 94250|app: 0|req: 14/29] 10.222.0.39 () {64 vars in 1333 bytes} [Mon Aug 16 12:59:31 2021] POST /compute/v2.1/flavors/3/os-extra_specs => generated 43 bytes in 47 msecs (HTTP/1.1 200) 9 headers in 358 bytes (2 switches on core 0)
Aug 16 12:59:34.402844 n-d-804709-1 devstack@n-api.service[94251]: DEBUG nova.api.openstack.wsgi [None req-1a84bbe5-2af4-4c5a-a263-afa6e65f6d97 admin admin] Calling method '>' {{(pid=94251) _process_stack /opt/stack/nova/nova/api/openstack/wsgi.py:513}}
Aug 16 12:59:34.404138 n-d-804709-1 devstack@n-api.service[94251]: INFO nova.api.openstack.requestlog [None req-1a84bbe5-2af4-4c5a-a263-afa6e65f6d97 admin admin] 10.222.0.39 "GET /compute/v2.1" status: 200 len: 388 microversion: 2.1 time: 0.001723
Aug 16 12:59:34.404703 n-d-804709-1 devstack@n-api.service[94251]: [pid: 94251|app: 0|req: 16/30] 10.222.0.39 () {54 vars in 931 bytes} [Mon Aug 16 12:59:34 2021] GET /compute/v2.1 => generated 388 bytes in 3 msecs (HTTP/1.1 200) 9 headers in 357 bytes (1 switches on core 0)
Aug 16 12:59:34.500899 n-d-804709-1 devstack@n-api.service[94250]: DEBUG nova.api.openstack.wsgi [None req-b49d7908-1953-4fab-8fc7-738193abb47e admin admin] Action: 'create', calling method: >, body: {"flavor": {"name": "m1.large", "disk": 80, "os-flavor-access:is_public": true, "ram": 8192, "OS-FLV-EXT-DATA:ephemeral": 0, "swap": 0, "vcpus": 4, "id": "4", "rxtx_factor": 1.0}} {{(pid=94250) _process_stack /opt/stack/nova/nova/api/openstack/wsgi.py:511}}
Aug 16 12:59:34.523776 n-d-804709-1 devstack@n-api.service[94250]: INFO nova.api.openstack.requestlog [None req-b49d7908-1953-4fab-8fc7-738193abb47e admin admin] 10.222.0.39 "POST /compute/v2.1/flavors" status: 200 len: 405 microversion: 2.61 time: 0.107183
Aug 16 12:59:34.524348 n-d-804709-1 devstack@n-api.service[94250]: [pid: 94250|app: 0|req: 15/31] 10.222.0.39 () {64 vars in 1283 bytes} [Mon Aug 16 12:59:34 2021] POST /compute/v2.1/flavors => generated 405 bytes in 109 msecs (HTTP/1.1 200) 9 headers in 359 bytes (1 switches on core 0)
Aug 16 12:59:34.538918 n-d-804709-1 devstack@n-api.service[94251]: DEBUG nova.api.openstack.wsgi [None req-09def8ac-bb19-40f5-a715-8d7a2508fc18 admin admin] Action: 'create', calling method: >, body: {"extra_specs": {"hw_rng:allowed": "True"}} {{(pid=94251) _process_stack /opt/stack/nova/nova/api/openstack/wsgi.py:511}}
Aug 16 12:59:34.570183 n-d-804709-1 devstack@n-api.service[94251]: INFO nova.api.openstack.requestlog [None req-09def8ac-bb19-40f5-a715-8d7a2508fc18 admin admin] 10.222.0.39 "POST /compute/v2.1/flavors/4/os-extra_specs" status: 200 len: 43 microversion: 2.61 time: 0.036446
Aug 16 12:59:34.571211 n-d-804709-1 devstack@n-api.service[94251]: [pid: 94251|app: 0|req: 17/32] 10.222.0.39 () {64 vars in 1333 bytes} [Mon Aug 16 12:59:34 2021] POST /compute/v2.1/flavors/4/os-extra_specs => generated 43 bytes in 38 msecs (HTTP/1.1 200) 9 headers in 358 bytes (2 switches on core 0)
Aug 16 12:59:37.199397 n-d-804709-1 devstack@n-api.service[94250]: DEBUG nova.api.openstack.wsgi [None req-b49d7908-1953-4fab-8fc7-738193abb47e admin admin] Calling method '>' {{(pid=94250) _process_stack /opt/stack/nova/nova/api/openstack/wsgi.py:513}}
Aug 16 12:59:37.201499 n-d-804709-1 devstack@n-api.service[94250]: INFO nova.api.openstack.requestlog [None req-b49d7908-1953-4fab-8fc7-738193abb47e admin admin] 10.222.0.39 "GET /compute/v2.1" status: 200 len: 388 microversion: 2.1 time: 0.002742
Aug 16 12:59:37.202558 n-d-804709-1 devstack@n-api.service[94250]: [pid: 94250|app: 0|req: 16/33] 10.222.0.39 () {54 vars in 931 bytes} [Mon Aug 16 12:59:37 2021] GET /compute/v2.1 => generated 388 bytes in 5 msecs (HTTP/1.1 200) 9 headers in 357 bytes (1 switches on core 0)
Aug 16 12:59:37.297374 n-d-804709-1 devstack@n-api.service[94251]: DEBUG nova.api.openstack.wsgi [None req-440356d3-9de7-42b7-90ca-093e53dcb0d8 admin admin] Action: 'create', calling method: >, body: {"flavor": {"disk": 160, "os-flavor-access:is_public": true, "OS-FLV-EXT-DATA:ephemeral": 0, "rxtx_factor": 1.0, "swap": 0, "id": "5", "name": "m1.xlarge", "vcpus": 8, "ram": 16384}} {{(pid=94251) _process_stack /opt/stack/nova/nova/api/openstack/wsgi.py:511}}
Aug 16 12:59:37.328704 n-d-804709-1 devstack@n-api.service[94251]: INFO nova.api.openstack.requestlog [None req-440356d3-9de7-42b7-90ca-093e53dcb0d8 admin admin] 10.222.0.39 "POST /compute/v2.1/flavors" status: 200 len: 408 microversion: 2.61 time: 0.117304
Aug 16 12:59:37.330223 n-d-804709-1 devstack@n-api.service[94251]: [pid: 94251|app: 0|req: 18/34] 10.222.0.39 () {64 vars in 1283 bytes} [Mon Aug 16 12:59:37 2021] POST /compute/v2.1/flavors => generated 408 bytes in 119 msecs (HTTP/1.1 200) 9 headers in 359 bytes (1 switches on core 0)
Aug 16 12:59:37.348963 n-d-804709-1 devstack@n-api.service[94250]: DEBUG nova.api.openstack.wsgi [None req-5573ec15-9681-4d69-884b-2cb6e2984b4d admin admin] Action: 'create', calling method: >, body: {"extra_specs": {"hw_rng:allowed": "True"}} {{(pid=94250) _process_stack /opt/stack/nova/nova/api/openstack/wsgi.py:511}}
Aug 16 12:59:37.377516 n-d-804709-1 devstack@n-api.service[94250]: INFO nova.api.openstack.requestlog [None req-5573ec15-9681-4d69-884b-2cb6e2984b4d admin admin] 10.222.0.39 "POST /compute/v2.1/flavors/5/os-extra_specs" status: 200 len: 43 microversion: 2.61 time: 0.033362
Aug 16 12:59:37.378865 n-d-804709-1 devstack@n-api.service[94250]: [pid: 94250|app: 0|req: 17/35] 10.222.0.39 () {64 vars in 1333 bytes} [Mon Aug 16 12:59:37 2021] POST /compute/v2.1/flavors/5/os-extra_specs => generated 43 bytes in 36 msecs (HTTP/1.1 200) 9 headers in 358 bytes (2 switches on core 0)
Aug 16 13:00:23.891678 n-d-804709-1 devstack@n-api.service[94251]: DEBUG nova.api.openstack.wsgi [None req-440356d3-9de7-42b7-90ca-093e53dcb0d8 admin admin] Calling method '>' {{(pid=94251) _process_stack /opt/stack/nova/nova/api/openstack/wsgi.py:513}}
Aug 16 13:00:23.893474 n-d-804709-1 devstack@n-api.service[94251]: INFO nova.api.openstack.requestlog [None req-440356d3-9de7-42b7-90ca-093e53dcb0d8 admin admin] 10.222.0.39 "GET /compute/v2.1" status: 200 len: 388 microversion: 2.1 time: 0.002566
Aug 16 13:00:23.894419 n-d-804709-1 devstack@n-api.service[94251]: [pid: 94251|app: 0|req: 19/36] 10.222.0.39 () {54 vars in 931 bytes} [Mon Aug 16 13:00:23 2021] GET /compute/v2.1 => generated 388 bytes in 5 msecs (HTTP/1.1 200) 9 headers in 357 bytes (1 switches on core 0)
Aug 16 13:00:23.966759 n-d-804709-1 devstack@n-api.service[94250]: DEBUG nova.api.openstack.wsgi [None req-d1b65ec8-fa37-4121-93fb-d29b806455fe admin admin] Calling method '>' {{(pid=94250) _process_stack /opt/stack/nova/nova/api/openstack/wsgi.py:513}}
Aug 16 13:00:23.985805 n-d-804709-1 devstack@n-api.service[94250]: INFO nova.api.openstack.requestlog [None req-d1b65ec8-fa37-4121-93fb-d29b806455fe admin admin] 10.222.0.39 "GET /compute/v2.1/flavors/detail?is_public=True" status: 200 len: 4202 microversion: 2.61 time: 0.083931
Aug 16 13:00:23.986373 n-d-804709-1 devstack@n-api.service[94250]: [pid: 94250|app: 0|req: 18/37] 10.222.0.39 () {60 vars in 1292 bytes} [Mon Aug 16 13:00:23 2021] GET /compute/v2.1/flavors/detail?is_public=True => generated 4202 bytes in 85 msecs (HTTP/1.1 200) 9 headers in 360 bytes (2 switches on core 0)
Aug 16 13:00:25.536909 n-d-804709-1 devstack@n-api.service[94251]: DEBUG nova.api.openstack.wsgi [None req-440356d3-9de7-42b7-90ca-093e53dcb0d8 admin admin] Calling method '>' {{(pid=94251) _process_stack /opt/stack/nova/nova/api/openstack/wsgi.py:513}}
Aug 16 13:00:25.537942 n-d-804709-1 devstack@n-api.service[94251]: INFO nova.api.openstack.requestlog [None req-440356d3-9de7-42b7-90ca-093e53dcb0d8 admin admin] 10.222.0.39 "GET /compute/v2.1" status: 200 len: 388 microversion: 2.1 time: 0.001483
Aug 16 13:00:25.538358 n-d-804709-1 devstack@n-api.service[94251]: [pid: 94251|app: 0|req: 20/38] 10.222.0.39 () {56 vars in 1075 bytes} [Mon Aug 16 13:00:25 2021] GET /compute/v2.1 => generated 388 bytes in 2 msecs (HTTP/1.1 200) 9 headers in 357 bytes (1 switches on core 0)
Aug 16 13:00:25.812335 n-d-804709-1 devstack@n-api.service[94250]: DEBUG nova.api.openstack.wsgi [None req-c836d026-f83a-4aa7-a290-bb5cdbd81db8 admin admin] Calling method '>' {{(pid=94250) _process_stack /opt/stack/nova/nova/api/openstack/wsgi.py:513}}
Aug 16 13:00:25.819489 n-d-804709-1 devstack@n-api.service[94250]: INFO nova.api.openstack.wsgi [None req-c836d026-f83a-4aa7-a290-bb5cdbd81db8 admin admin] HTTP exception thrown: Flavor 42 could not be found.
Aug 16 13:00:25.820103 n-d-804709-1 devstack@n-api.service[94250]: DEBUG nova.api.openstack.wsgi [None req-c836d026-f83a-4aa7-a290-bb5cdbd81db8 admin admin] Returning 404 to user: Flavor 42 could not be found. {{(pid=94250) __call__ /opt/stack/nova/nova/api/openstack/wsgi.py:927}}
Aug 16 13:00:25.821037 n-d-804709-1 devstack@n-api.service[94250]: INFO nova.api.openstack.requestlog [None req-c836d026-f83a-4aa7-a290-bb5cdbd81db8 admin admin] 10.222.0.39 "GET /compute/v2.1/flavors/42" status: 404 len: 75 microversion: 2.88 time: 0.096814
Aug 16 13:00:25.821594 n-d-804709-1 devstack@n-api.service[94250]: [pid: 94250|app: 0|req: 19/39] 10.222.0.39 () {60 vars in 1191 bytes} [Mon Aug 16 13:00:25 2021] GET /compute/v2.1/flavors/42 => generated 75 bytes in 98 msecs (HTTP/1.1 404) 9 headers in 380 bytes (2 switches on core 0)
Aug 16 13:00:25.833768 n-d-804709-1 devstack@n-api.service[94251]: DEBUG nova.api.openstack.wsgi [None req-13c62d50-7ff0-428e-a118-d95271e7e9f7 admin admin] Calling method '>' {{(pid=94251) _process_stack /opt/stack/nova/nova/api/openstack/wsgi.py:513}}
Aug 16 13:00:25.856573 n-d-804709-1 devstack@n-api.service[94251]: INFO nova.api.openstack.requestlog [None req-13c62d50-7ff0-428e-a118-d95271e7e9f7 admin admin] 10.222.0.39 "GET /compute/v2.1/flavors?is_public=None" status: 200 len: 2056 microversion: 2.88 time: 0.027622
Aug 16 13:00:25.857166 n-d-804709-1 devstack@n-api.service[94251]: [pid: 94251|app: 0|req: 21/40] 10.222.0.39 () {60 vars in 1211 bytes} [Mon Aug 16 13:00:25 2021] GET /compute/v2.1/flavors?is_public=None => generated 2056 bytes in 29 msecs (HTTP/1.1 200) 9 headers in 360 bytes (2 switches on core 0)
Aug 16 13:00:25.869583 n-d-804709-1 devstack@n-api.service[94250]: DEBUG nova.api.openstack.wsgi [None req-af34ae9e-d2f0-4038-a06a-02011899714d admin admin] Calling method '>' {{(pid=94250) _process_stack /opt/stack/nova/nova/api/openstack/wsgi.py:513}}
Aug 16 13:00:25.892498 n-d-804709-1 devstack@n-api.service[94250]: INFO nova.api.openstack.requestlog [None req-af34ae9e-d2f0-4038-a06a-02011899714d admin admin] 10.222.0.39 "GET /compute/v2.1/flavors?is_public=None" status: 200 len: 2056 microversion: 2.88 time: 0.026702
Aug 16 13:00:25.893659 n-d-804709-1 devstack@n-api.service[94250]: [pid: 94250|app: 0|req: 20/41] 10.222.0.39 () {60 vars in 1211 bytes} [Mon Aug 16 13:00:25 2021] GET /compute/v2.1/flavors?is_public=None => generated 2056 bytes in 28 msecs (HTTP/1.1 200) 9 headers in 360 bytes (1 switches on core 0)
Aug 16 13:00:25.904839 n-d-804709-1 devstack@n-api.service[94251]: DEBUG nova.api.openstack.wsgi [None req-8aefbb59-6a21-4a85-a7a5-d28dc6e31dba admin admin] Calling method '>' {{(pid=94251) _process_stack /opt/stack/nova/nova/api/openstack/wsgi.py:513}}
Aug 16 13:00:25.911156 n-d-804709-1 devstack@n-api.service[94251]: INFO nova.api.openstack.wsgi [None req-8aefbb59-6a21-4a85-a7a5-d28dc6e31dba admin admin] HTTP exception thrown: Flavor 42 could not be found.
Aug 16 13:00:25.911782 n-d-804709-1 devstack@n-api.service[94251]: DEBUG nova.api.openstack.wsgi [None req-8aefbb59-6a21-4a85-a7a5-d28dc6e31dba admin admin] Returning 404 to user: Flavor 42 could not be found. {{(pid=94251) __call__ /opt/stack/nova/nova/api/openstack/wsgi.py:927}}
Aug 16 13:00:25.912658 n-d-804709-1 devstack@n-api.service[94251]: INFO nova.api.openstack.requestlog [None req-8aefbb59-6a21-4a85-a7a5-d28dc6e31dba admin admin] 10.222.0.39 "GET /compute/v2.1/flavors/42" status: 404 len: 75 microversion: 2.88 time: 0.011782
Aug 16 13:00:25.913209 n-d-804709-1 devstack@n-api.service[94251]: [pid: 94251|app: 0|req: 22/42] 10.222.0.39 () {60 vars in 1191 bytes} [Mon Aug 16 13:00:25 2021] GET /compute/v2.1/flavors/42 => generated 75 bytes in 13 msecs (HTTP/1.1 404) 9 headers in 380 bytes (2 switches on core 0)
Aug 16 13:00:27.362562 n-d-804709-1 devstack@n-api.service[94250]: DEBUG nova.api.openstack.wsgi [None req-af34ae9e-d2f0-4038-a06a-02011899714d admin admin] Calling method '>' {{(pid=94250) _process_stack /opt/stack/nova/nova/api/openstack/wsgi.py:513}}
Aug 16 13:00:27.363845 n-d-804709-1 devstack@n-api.service[94250]: INFO nova.api.openstack.requestlog [None req-af34ae9e-d2f0-4038-a06a-02011899714d admin admin] 10.222.0.39 "GET /compute/v2.1" status: 200 len: 388 microversion: 2.1 time: 0.002404
Aug 16 13:00:27.364268 n-d-804709-1 devstack@n-api.service[94250]: [pid: 94250|app: 0|req: 21/43] 10.222.0.39 () {56 vars in 1075 bytes} [Mon Aug 16 13:00:27 2021] GET /compute/v2.1 => generated 388 bytes in 3 msecs (HTTP/1.1 200) 9 headers in 357 bytes (1 switches on core 0)
Aug 16 13:00:27.583191 n-d-804709-1 devstack@n-api.service[94251]: DEBUG nova.api.openstack.wsgi [None req-18f014fa-fa06-4d9e-a3fa-7184e9da9795 admin admin] Calling method '>' {{(pid=94251) _process_stack /opt/stack/nova/nova/api/openstack/wsgi.py:513}}
Aug 16 13:00:27.590077 n-d-804709-1 devstack@n-api.service[94251]: INFO nova.api.openstack.wsgi [None req-18f014fa-fa06-4d9e-a3fa-7184e9da9795 admin admin] HTTP exception thrown: Flavor 84 could not be found.
Aug 16 13:00:27.590659 n-d-804709-1 devstack@n-api.service[94251]: DEBUG nova.api.openstack.wsgi [None req-18f014fa-fa06-4d9e-a3fa-7184e9da9795 admin admin] Returning 404 to user: Flavor 84 could not be found. {{(pid=94251) __call__ /opt/stack/nova/nova/api/openstack/wsgi.py:927}}
Aug 16 13:00:27.591570 n-d-804709-1 devstack@n-api.service[94251]: INFO nova.api.openstack.requestlog [None req-18f014fa-fa06-4d9e-a3fa-7184e9da9795 admin admin] 10.222.0.39 "GET /compute/v2.1/flavors/84" status: 404 len: 75 microversion: 2.88 time: 0.073905
Aug 16 13:00:27.592057 n-d-804709-1 devstack@n-api.service[94251]: [pid: 94251|app: 0|req: 23/44] 10.222.0.39 () {60 vars in 1191 bytes} [Mon Aug 16 13:00:27 2021] GET /compute/v2.1/flavors/84 => generated 75 bytes in 75 msecs (HTTP/1.1 404) 9 headers in 380 bytes (1 switches on core 0)
Aug 16 13:00:27.603000 n-d-804709-1 devstack@n-api.service[94250]: DEBUG nova.api.openstack.wsgi [None req-a0901fe6-6fa8-4168-a6f1-714cbcf4b2fe admin admin] Calling method '>' {{(pid=94250) _process_stack /opt/stack/nova/nova/api/openstack/wsgi.py:513}}
Aug 16 13:00:27.618929 n-d-804709-1 devstack@n-api.service[94250]: INFO nova.api.openstack.requestlog [None req-a0901fe6-6fa8-4168-a6f1-714cbcf4b2fe admin admin] 10.222.0.39 "GET /compute/v2.1/flavors?is_public=None" status: 200 len: 2056 microversion: 2.88 time: 0.019670
Aug 16 13:00:27.619551 n-d-804709-1 devstack@n-api.service[94250]: [pid: 94250|app: 0|req: 22/45] 10.222.0.39 () {60 vars in 1211 bytes} [Mon Aug 16 13:00:27 2021] GET /compute/v2.1/flavors?is_public=None => generated 2056 bytes in 21 msecs (HTTP/1.1 200) 9 headers in 360 bytes (1 switches on core 0)
Aug 16 13:00:27.631276 n-d-804709-1 devstack@n-api.service[94251]: DEBUG nova.api.openstack.wsgi [None req-4ff6035d-2970-4976-ba73-f4f45c167e44 admin admin] Calling method '>' {{(pid=94251) _process_stack /opt/stack/nova/nova/api/openstack/wsgi.py:513}}
Aug 16 13:00:27.647044 n-d-804709-1 devstack@n-api.service[94251]: INFO nova.api.openstack.requestlog [None req-4ff6035d-2970-4976-ba73-f4f45c167e44 admin admin] 10.222.0.39 "GET /compute/v2.1/flavors?is_public=None" status: 200 len: 2056 microversion: 2.88 time: 0.020049
Aug 16 13:00:27.647664 n-d-804709-1 devstack@n-api.service[94251]: [pid: 94251|app: 0|req: 24/46] 10.222.0.39 () {60 vars in 1211 bytes} [Mon Aug 16 13:00:27 2021] GET /compute/v2.1/flavors?is_public=None => generated 2056 bytes in 22 msecs (HTTP/1.1 200) 9 headers in 360 bytes (2 switches on core 0)
Aug 16 13:00:27.658415 n-d-804709-1 devstack@n-api.service[94250]: DEBUG nova.api.openstack.wsgi [None req-fe048a0f-2b7c-412f-bebd-1382667be239 admin admin] Calling method '>' {{(pid=94250) _process_stack /opt/stack/nova/nova/api/openstack/wsgi.py:513}}
Aug 16 13:00:27.664566 n-d-804709-1 devstack@n-api.service[94250]: INFO nova.api.openstack.wsgi [None req-fe048a0f-2b7c-412f-bebd-1382667be239 admin admin] HTTP exception thrown: Flavor 84 could not be found.
Aug 16 13:00:27.665159 n-d-804709-1 devstack@n-api.service[94250]: DEBUG nova.api.openstack.wsgi [None req-fe048a0f-2b7c-412f-bebd-1382667be239 admin admin] Returning 404 to user: Flavor 84 could not be found. {{(pid=94250) __call__ /opt/stack/nova/nova/api/openstack/wsgi.py:927}}
Aug 16 13:00:27.666155 n-d-804709-1 devstack@n-api.service[94250]: INFO nova.api.openstack.requestlog [None req-fe048a0f-2b7c-412f-bebd-1382667be239 admin admin] 10.222.0.39 "GET /compute/v2.1/flavors/84" status: 404 len: 75 microversion: 2.88 time: 0.011257
Aug 16 13:00:27.666520 n-d-804709-1 devstack@n-api.service[94250]: [pid: 94250|app: 0|req: 23/47] 10.222.0.39 () {60 vars in 1191 bytes} [Mon Aug 16 13:00:27 2021] GET /compute/v2.1/flavors/84 => generated 75 bytes in 12 msecs (HTTP/1.1 404) 9 headers in 380 bytes (2 switches on core 0)
Aug 16 13:00:29.109608 n-d-804709-1 devstack@n-api.service[94251]: DEBUG nova.api.openstack.wsgi [None req-4ff6035d-2970-4976-ba73-f4f45c167e44 admin admin] Calling method '>' {{(pid=94251) _process_stack /opt/stack/nova/nova/api/openstack/wsgi.py:513}}
Aug 16 13:00:29.110650 n-d-804709-1 devstack@n-api.service[94251]: INFO nova.api.openstack.requestlog [None req-4ff6035d-2970-4976-ba73-f4f45c167e44 admin admin] 10.222.0.39 "GET /compute/v2.1" status: 200 len: 388 microversion: 2.1 time: 0.001493
Aug 16 13:00:29.111045 n-d-804709-1 devstack@n-api.service[94251]: [pid: 94251|app: 0|req: 25/48] 10.222.0.39 () {56 vars in 1075 bytes} [Mon Aug 16 13:00:29 2021] GET /compute/v2.1 => generated 388 bytes in 2 msecs (HTTP/1.1 200) 9 headers in 357 bytes (1 switches on core 0)
Aug 16 13:00:29.312299 n-d-804709-1 devstack@n-api.service[94250]: DEBUG nova.api.openstack.wsgi [None req-c31db373-4d52-476f-97bf-e3e91e816cc4 admin admin] Calling method '>' {{(pid=94250) _process_stack /opt/stack/nova/nova/api/openstack/wsgi.py:513}}
Aug 16 13:00:29.319725 n-d-804709-1 devstack@n-api.service[94250]: INFO nova.api.openstack.wsgi [None req-c31db373-4d52-476f-97bf-e3e91e816cc4 admin admin] HTTP exception thrown: Flavor 451 could not be found.
Aug 16 13:00:29.320310 n-d-804709-1 devstack@n-api.service[94250]: DEBUG nova.api.openstack.wsgi [None req-c31db373-4d52-476f-97bf-e3e91e816cc4 admin admin] Returning 404 to user: Flavor 451 could not be found. {{(pid=94250) __call__ /opt/stack/nova/nova/api/openstack/wsgi.py:927}}
Aug 16 13:00:29.321141 n-d-804709-1 devstack@n-api.service[94250]: INFO nova.api.openstack.requestlog [None req-c31db373-4d52-476f-97bf-e3e91e816cc4 admin admin] 10.222.0.39 "GET /compute/v2.1/flavors/451" status: 404 len: 76 microversion: 2.88 time: 0.069561
Aug 16 13:00:29.321680 n-d-804709-1 devstack@n-api.service[94250]: [pid: 94250|app: 0|req: 24/49] 10.222.0.39 () {60 vars in 1194 bytes} [Mon Aug 16 13:00:29 2021] GET /compute/v2.1/flavors/451 => generated 76 bytes in 71 msecs (HTTP/1.1 404) 9 headers in 380 bytes (1 switches on core 0)
Aug 16 13:00:29.332700 n-d-804709-1 devstack@n-api.service[94251]: DEBUG nova.api.openstack.wsgi [None req-fb4482c5-80f5-4b3c-8528-4cec50b22f85 admin admin] Calling method '>' {{(pid=94251) _process_stack /opt/stack/nova/nova/api/openstack/wsgi.py:513}}
Aug 16 13:00:29.347508 n-d-804709-1 devstack@n-api.service[94251]: INFO nova.api.openstack.requestlog [None req-fb4482c5-80f5-4b3c-8528-4cec50b22f85 admin admin] 10.222.0.39 "GET /compute/v2.1/flavors?is_public=None" status: 200 len: 2056 microversion: 2.88 time: 0.018892
Aug 16 13:00:29.348107 n-d-804709-1 devstack@n-api.service[94251]: [pid: 94251|app: 0|req: 26/50] 10.222.0.39 () {60 vars in 1211 bytes} [Mon Aug 16 13:00:29 2021] GET /compute/v2.1/flavors?is_public=None => generated 2056 bytes in 20 msecs (HTTP/1.1 200) 9 headers in 360 bytes (1 switches on core 0)
Aug 16 13:00:29.359309 n-d-804709-1 devstack@n-api.service[94250]: DEBUG nova.api.openstack.wsgi [None req-3e89e5bc-5375-4881-bb12-f5402ff80645 admin admin] Calling method '>' {{(pid=94250) _process_stack /opt/stack/nova/nova/api/openstack/wsgi.py:513}}
Aug 16 13:00:29.373606 n-d-804709-1 devstack@n-api.service[94250]: INFO nova.api.openstack.requestlog [None req-3e89e5bc-5375-4881-bb12-f5402ff80645 admin admin] 10.222.0.39 "GET /compute/v2.1/flavors?is_public=None" status: 200 len: 2056 microversion: 2.88 time: 0.017939
Aug 16 13:00:29.374168 n-d-804709-1 devstack@n-api.service[94250]: [pid: 94250|app: 0|req: 25/51] 10.222.0.39 () {60 vars in 1211 bytes} [Mon Aug 16 13:00:29 2021] GET /compute/v2.1/flavors?is_public=None => generated 2056 bytes in 19 msecs (HTTP/1.1 200) 9 headers in 360 bytes (2 switches on core 0)
Aug 16 13:00:29.385233 n-d-804709-1 devstack@n-api.service[94251]: DEBUG nova.api.openstack.wsgi [None req-d0ee39ab-5287-4e9c-a1b1-4db7e14a229d admin admin] Calling method '>' {{(pid=94251) _process_stack /opt/stack/nova/nova/api/openstack/wsgi.py:513}}
Aug 16 13:00:29.390791 n-d-804709-1 devstack@n-api.service[94251]: INFO nova.api.openstack.wsgi [None req-d0ee39ab-5287-4e9c-a1b1-4db7e14a229d admin admin] HTTP exception thrown: Flavor 451 could not be found.
Aug 16 13:00:29.391409 n-d-804709-1 devstack@n-api.service[94251]: DEBUG nova.api.openstack.wsgi [None req-d0ee39ab-5287-4e9c-a1b1-4db7e14a229d admin admin] Returning 404 to user: Flavor 451 could not be found. {{(pid=94251) __call__ /opt/stack/nova/nova/api/openstack/wsgi.py:927}}
Aug 16 13:00:29.392228 n-d-804709-1 devstack@n-api.service[94251]: INFO nova.api.openstack.requestlog [None req-d0ee39ab-5287-4e9c-a1b1-4db7e14a229d admin admin] 10.222.0.39 "GET /compute/v2.1/flavors/451" status: 404 len: 76 microversion: 2.88 time: 0.010747
Aug 16 13:00:29.392788 n-d-804709-1 devstack@n-api.service[94251]: [pid: 94251|app: 0|req: 27/52] 10.222.0.39 () {60 vars in 1194 bytes} [Mon Aug 16 13:00:29 2021] GET /compute/v2.1/flavors/451 => generated 76 bytes in 12 msecs (HTTP/1.1 404) 9 headers in 380 bytes (1 switches on core 0)
Aug 16 13:00:30.861613 n-d-804709-1 devstack@n-api.service[94250]: DEBUG nova.api.openstack.wsgi [None req-3e89e5bc-5375-4881-bb12-f5402ff80645 admin admin] Calling method '>' {{(pid=94250) _process_stack /opt/stack/nova/nova/api/openstack/wsgi.py:513}}
Aug 16 13:00:30.863239 n-d-804709-1 devstack@n-api.service[94250]: INFO nova.api.openstack.requestlog [None req-3e89e5bc-5375-4881-bb12-f5402ff80645 admin admin] 10.222.0.39 "GET /compute/v2.1" status: 200 len: 388 microversion: 2.1 time: 0.002053
Aug 16 13:00:30.863622 n-d-804709-1 devstack@n-api.service[94250]: [pid: 94250|app: 0|req: 26/53] 10.222.0.39 () {56 vars in 1075 bytes} [Mon Aug 16 13:00:30 2021] GET /compute/v2.1 => generated 388 bytes in 3 msecs (HTTP/1.1 200) 9 headers in 357 bytes (1 switches on core 0)
Aug 16 13:00:31.073717 n-d-804709-1 devstack@n-api.service[94251]: DEBUG nova.api.openstack.wsgi [None req-651a14eb-9b38-4feb-85f7-4d61b3843b1c admin admin] Action: 'create', calling method: >, body: {"flavor": {"name": "m1.nano", "ram": 256, "vcpus": 1, "disk": 1, "id": "42", "swap": 0, "OS-FLV-EXT-DATA:ephemeral": 0, "rxtx_factor": 1.0, "os-flavor-access:is_public": true}} {{(pid=94251) _process_stack /opt/stack/nova/nova/api/openstack/wsgi.py:511}}
Aug 16 13:00:31.099997 n-d-804709-1 devstack@n-api.service[94251]: INFO nova.api.openstack.requestlog [None req-651a14eb-9b38-4feb-85f7-4d61b3843b1c admin admin] 10.222.0.39 "POST /compute/v2.1/flavors" status: 200 len: 404 microversion: 2.88 time: 0.090047
Aug 16 13:00:31.100989 n-d-804709-1 devstack@n-api.service[94251]: [pid: 94251|app: 0|req: 28/54] 10.222.0.39 () {64 vars in 1236 bytes} [Mon Aug 16 13:00:31 2021] POST /compute/v2.1/flavors => generated 404 bytes in 92 msecs (HTTP/1.1 200) 9 headers in 359 bytes (1 switches on core 0)
Aug 16 13:00:32.615847 n-d-804709-1 devstack@n-api.service[94250]: DEBUG nova.api.openstack.wsgi [None req-3e89e5bc-5375-4881-bb12-f5402ff80645 admin admin] Calling method '>' {{(pid=94250) _process_stack /opt/stack/nova/nova/api/openstack/wsgi.py:513}}
Aug 16 13:00:32.617630 n-d-804709-1 devstack@n-api.service[94250]: INFO nova.api.openstack.requestlog [None req-3e89e5bc-5375-4881-bb12-f5402ff80645 admin admin] 10.222.0.39 "GET /compute/v2.1" status: 200 len: 388 microversion: 2.1 time: 0.002533
Aug 16 13:00:32.618161 n-d-804709-1 devstack@n-api.service[94250]: [pid: 94250|app: 0|req: 27/55] 10.222.0.39 () {56 vars in 1075 bytes} [Mon Aug 16 13:00:32 2021] GET /compute/v2.1 => generated 388 bytes in 4 msecs (HTTP/1.1 200) 9 headers in 357 bytes (1 switches on core 0)
Aug 16 13:00:32.818352 n-d-804709-1 devstack@n-api.service[94251]: DEBUG nova.api.openstack.wsgi [None req-90f0f1cd-f2b9-446d-87fb-d1ad9e45a9e3 admin admin] Action: 'create', calling method: >, body: {"flavor": {"name": "m1.micro", "ram": 256, "vcpus": 1, "disk": 2, "id": "84", "swap": 0, "OS-FLV-EXT-DATA:ephemeral": 0, "rxtx_factor": 1.0, "os-flavor-access:is_public": true}} {{(pid=94251) _process_stack /opt/stack/nova/nova/api/openstack/wsgi.py:511}}
Aug 16 13:00:32.836600 n-d-804709-1 devstack@n-api.service[94251]: INFO nova.api.openstack.requestlog [None req-90f0f1cd-f2b9-446d-87fb-d1ad9e45a9e3 admin admin] 10.222.0.39 "POST /compute/v2.1/flavors" status: 200 len: 405 microversion: 2.88 time: 0.077964
Aug 16 13:00:32.837174 n-d-804709-1 devstack@n-api.service[94251]: [pid: 94251|app: 0|req: 29/56] 10.222.0.39 () {64 vars in 1236 bytes} [Mon Aug 16 13:00:32 2021] POST /compute/v2.1/flavors => generated 405 bytes in 79 msecs (HTTP/1.1 200) 9 headers in 359 bytes (1 switches on core 0)
Aug 16 13:00:34.278875 n-d-804709-1 devstack@n-api.service[94250]: DEBUG nova.api.openstack.wsgi [None req-3e89e5bc-5375-4881-bb12-f5402ff80645 admin admin] Calling method '>' {{(pid=94250) _process_stack /opt/stack/nova/nova/api/openstack/wsgi.py:513}}
Aug 16 13:00:34.280008 n-d-804709-1 devstack@n-api.service[94250]: INFO nova.api.openstack.requestlog [None req-3e89e5bc-5375-4881-bb12-f5402ff80645 admin admin] 10.222.0.39 "GET /compute/v2.1" status: 200 len: 388 microversion: 2.1 time: 0.001578
Aug 16 13:00:34.280475 n-d-804709-1 devstack@n-api.service[94250]: [pid: 94250|app: 0|req: 28/57] 10.222.0.39 () {56 vars in 1075 bytes} [Mon Aug 16 13:00:34 2021] GET /compute/v2.1 => generated 388 bytes in 3 msecs (HTTP/1.1 200) 9 headers in 357 bytes (2 switches on core 0)
Aug 16 13:00:34.490555 n-d-804709-1 devstack@n-api.service[94251]: DEBUG nova.api.openstack.wsgi [None req-e15dc1f3-5798-4cb8-9a6b-9c7edd111086 admin admin] Action: 'create', calling method: >, body: {"flavor": {"name": "m1.heat", "ram": 512, "vcpus": 1, "disk": 1, "id": "451", "swap": 0, "OS-FLV-EXT-DATA:ephemeral": 0, "rxtx_factor": 1.0, "os-flavor-access:is_public": true}} {{(pid=94251) _process_stack /opt/stack/nova/nova/api/openstack/wsgi.py:511}}
Aug 16 13:00:34.514338 n-d-804709-1 devstack@n-api.service[94251]: INFO nova.api.openstack.requestlog [None req-e15dc1f3-5798-4cb8-9a6b-9c7edd111086 admin admin] 10.222.0.39 "POST /compute/v2.1/flavors" status: 200 len: 407 microversion: 2.88 time: 0.088824
Aug 16 13:00:34.515032 n-d-804709-1 devstack@n-api.service[94251]: [pid: 94251|app: 0|req: 30/58] 10.222.0.39 () {64 vars in 1236 bytes} [Mon Aug 16 13:00:34 2021] POST /compute/v2.1/flavors => generated 407 bytes in 91 msecs (HTTP/1.1 200) 9 headers in 359 bytes (2 switches on core 0)
Aug 16 13:00:35.942221 n-d-804709-1 devstack@n-api.service[94250]: DEBUG nova.api.openstack.wsgi [None req-3e89e5bc-5375-4881-bb12-f5402ff80645 admin admin] Calling method '>' {{(pid=94250) _process_stack /opt/stack/nova/nova/api/openstack/wsgi.py:513}}
Aug 16 13:00:35.943408 n-d-804709-1 devstack@n-api.service[94250]: INFO nova.api.openstack.requestlog [None req-3e89e5bc-5375-4881-bb12-f5402ff80645 admin admin] 10.222.0.39 "GET /compute/v2.1" status: 200 len: 388 microversion: 2.1 time: 0.001596
Aug 16 13:00:35.943884 n-d-804709-1 devstack@n-api.service[94250]: [pid: 94250|app: 0|req: 29/59] 10.222.0.39 () {56 vars in 1075 bytes} [Mon Aug 16 13:00:35 2021] GET /compute/v2.1 => generated 388 bytes in 3 msecs (HTTP/1.1 200) 9 headers in 357 bytes (1 switches on core 0)
Aug 16 13:00:36.152596 n-d-804709-1 devstack@n-api.service[94251]: DEBUG nova.api.openstack.wsgi [None req-78a19eee-a0f3-4e80-91e7-301b4300326f admin admin] Action: 'create', calling method: >, body: {"flavor": {"name": "m1.heat2", "ram": 1024, "vcpus": 1, "disk": 1, "id": "452", "swap": 0, "OS-FLV-EXT-DATA:ephemeral": 0, "rxtx_factor": 1.0, "os-flavor-access:is_public": true}} {{(pid=94251) _process_stack /opt/stack/nova/nova/api/openstack/wsgi.py:511}}
Aug 16 13:00:36.172564 n-d-804709-1 devstack@n-api.service[94251]: INFO nova.api.openstack.requestlog [None req-78a19eee-a0f3-4e80-91e7-301b4300326f admin admin] 10.222.0.39 "POST /compute/v2.1/flavors" status: 200 len: 409 microversion: 2.88 time: 0.080383
Aug 16 13:00:36.173150 n-d-804709-1 devstack@n-api.service[94251]: [pid: 94251|app: 0|req: 31/60] 10.222.0.39 () {64 vars in 1236 bytes} [Mon Aug 16 13:00:36 2021] POST /compute/v2.1/flavors => generated 409 bytes in 82 msecs (HTTP/1.1 200) 9 headers in 359 bytes (1 switches on core 0)
Aug 16 13:00:37.656493 n-d-804709-1 devstack@n-api.service[94250]: DEBUG nova.api.openstack.wsgi [None req-3e89e5bc-5375-4881-bb12-f5402ff80645 admin admin] Calling method '>' {{(pid=94250) _process_stack /opt/stack/nova/nova/api/openstack/wsgi.py:513}}
Aug 16 13:00:37.657630 n-d-804709-1 devstack@n-api.service[94250]: INFO nova.api.openstack.requestlog [None req-3e89e5bc-5375-4881-bb12-f5402ff80645 admin admin] 10.222.0.39 "GET /compute/v2.1" status: 200 len: 388 microversion: 2.1 time: 0.001566
Aug 16 13:00:37.658118 n-d-804709-1 devstack@n-api.service[94250]: [pid: 94250|app: 0|req: 30/61] 10.222.0.39 () {56 vars in 1075 bytes} [Mon Aug 16 13:00:37 2021] GET /compute/v2.1 => generated 388 bytes in 3 msecs (HTTP/1.1 200) 9 headers in 357 bytes (1 switches on core 0)
Aug 16 13:00:37.861342 n-d-804709-1 devstack@n-api.service[94251]: DEBUG nova.api.openstack.wsgi [None req-b55277c4-b6d3-43ed-b9cf-08e241c75902 admin admin] Calling method '>' {{(pid=94251) _process_stack /opt/stack/nova/nova/api/openstack/wsgi.py:513}}
Aug 16 13:00:37.882130 n-d-804709-1 devstack@n-api.service[94251]: INFO nova.api.openstack.requestlog [None req-b55277c4-b6d3-43ed-b9cf-08e241c75902 admin admin] 10.222.0.39 "GET /compute/v2.1/flavors/detail" status: 200 len: 5777 microversion: 2.88 time: 0.077805
Aug 16 13:00:37.882770 n-d-804709-1 devstack@n-api.service[94251]: [pid: 94251|app: 0|req: 32/62] 10.222.0.39 () {60 vars in 1203 bytes} [Mon Aug 16 13:00:37 2021] GET /compute/v2.1/flavors/detail => generated 5777 bytes in 79 msecs (HTTP/1.1 200) 9 headers in 360 bytes (1 switches on core 0)
Aug 16 13:01:30.060883 n-d-804709-1 devstack@n-api.service[94250]: DEBUG nova.api.openstack.wsgi [None req-3e89e5bc-5375-4881-bb12-f5402ff80645 admin admin] Calling method '>' {{(pid=94250) _process_stack /opt/stack/nova/nova/api/openstack/wsgi.py:513}}
Aug 16 13:01:30.062245 n-d-804709-1 devstack@n-api.service[94250]: INFO nova.api.openstack.requestlog [None req-3e89e5bc-5375-4881-bb12-f5402ff80645 admin admin] 10.222.0.39 "GET /compute/v2.1" status: 200 len: 388 microversion: 2.1 time: 0.001821
Aug 16 13:01:30.062806 n-d-804709-1 devstack@n-api.service[94250]: [pid: 94250|app: 0|req: 31/63] 10.222.0.39 () {54 vars in 931 bytes} [Mon Aug 16 13:01:30 2021] GET /compute/v2.1 => generated 388 bytes in 3 msecs (HTTP/1.1 200) 9 headers in 357 bytes (2 switches on core 0)
Aug 16 13:01:30.161592 n-d-804709-1 devstack@n-api.service[94251]: DEBUG nova.api.openstack.wsgi [None req-23e8e83d-db00-4cc4-9744-9bf210e3c970 admin admin] Calling method '>' {{(pid=94251) _process_stack /opt/stack/nova/nova/api/openstack/wsgi.py:513}}
Aug 16 13:01:30.183374 n-d-804709-1 devstack@n-api.service[94251]: INFO nova.api.openstack.requestlog [None req-23e8e83d-db00-4cc4-9744-9bf210e3c970 admin admin] 10.222.0.39 "GET /compute/v2.1/flavors/detail?is_public=True" status: 200 len: 5791 microversion: 2.61 time: 0.111392
Aug 16 13:01:30.183960 n-d-804709-1 devstack@n-api.service[94251]: [pid: 94251|app: 0|req: 33/64] 10.222.0.39 () {60 vars in 1292 bytes} [Mon Aug 16 13:01:30 2021] GET /compute/v2.1/flavors/detail?is_public=True => generated 5791 bytes in 113 msecs (HTTP/1.1 200) 9 headers in 360 bytes (1 switches on core 0)
Aug 16 13:01:30.208601 n-d-804709-1 devstack@n-api.service[94250]: DEBUG nova.api.openstack.wsgi [None req-929081bf-dec7-4112-a4f1-05b4a271ede2 admin admin] Calling method '>' {{(pid=94250) _process_stack /opt/stack/nova/nova/api/openstack/wsgi.py:513}}
Aug 16 13:01:30.217363 n-d-804709-1 devstack@n-api.service[94250]: INFO nova.api.openstack.requestlog [None req-929081bf-dec7-4112-a4f1-05b4a271ede2 admin admin] 10.222.0.39 "GET /compute/v2.1/flavors/42/os-extra_specs" status: 200 len: 19 microversion: 2.61 time: 0.013983
Aug 16 13:01:30.217930 n-d-804709-1 devstack@n-api.service[94250]: [pid: 94250|app: 0|req: 32/65] 10.222.0.39 () {60 vars in 1283 bytes} [Mon Aug 16 13:01:30 2021] GET /compute/v2.1/flavors/42/os-extra_specs => generated 19 bytes in 15 msecs (HTTP/1.1 200) 9 headers in 358 bytes (2 switches on core 0)
Aug 16 13:01:30.238489 n-d-804709-1 devstack@n-api.service[94251]: DEBUG nova.api.openstack.wsgi [None req-4152f991-9dbf-458c-a9cf-733506cd7efa admin admin] Calling method '>' {{(pid=94251) _process_stack /opt/stack/nova/nova/api/openstack/wsgi.py:513}}
Aug 16 13:01:30.246988 n-d-804709-1 devstack@n-api.service[94251]: INFO nova.api.openstack.requestlog [None req-4152f991-9dbf-458c-a9cf-733506cd7efa admin admin] 10.222.0.39 "GET /compute/v2.1/flavors/451/os-extra_specs" status: 200 len: 19 microversion: 2.61 time: 0.014458
Aug 16 13:01:30.247609 n-d-804709-1 devstack@n-api.service[94251]: [pid: 94251|app: 0|req: 34/66] 10.222.0.39 () {60 vars in 1286 bytes} [Mon Aug 16 13:01:30 2021] GET /compute/v2.1/flavors/451/os-extra_specs => generated 19 bytes in 16 msecs (HTTP/1.1 200) 9 headers in 358 bytes (1 switches on core 0)
Aug 16 13:01:30.272038 n-d-804709-1 devstack@n-api.service[94250]: DEBUG nova.api.openstack.wsgi [None req-986abb9f-7081-4b2b-b0af-443b48abe0bc admin admin] Calling method '>' {{(pid=94250) _process_stack /opt/stack/nova/nova/api/openstack/wsgi.py:513}}
Aug 16 13:01:30.287384 n-d-804709-1 devstack@n-api.service[94250]: INFO nova.api.openstack.requestlog [None req-986abb9f-7081-4b2b-b0af-443b48abe0bc admin admin] 10.222.0.39 "GET /compute/v2.1/flavors/452/os-extra_specs" status: 200 len: 19 microversion: 2.61 time: 0.023195
Aug 16 13:01:30.288420 n-d-804709-1 devstack@n-api.service[94250]: [pid: 94250|app: 0|req: 33/67] 10.222.0.39 () {60 vars in 1286 bytes} [Mon Aug 16 13:01:30 2021] GET /compute/v2.1/flavors/452/os-extra_specs => generated 19 bytes in 26 msecs (HTTP/1.1 200) 9 headers in 358 bytes (1 switches on core 0)
Aug 16 13:01:30.301622 n-d-804709-1 devstack@n-api.service[94251]: DEBUG nova.api.openstack.wsgi [None req-32eadf12-b1d3-4f36-986c-d263cf208584 admin admin] Calling method '>' {{(pid=94251) _process_stack /opt/stack/nova/nova/api/openstack/wsgi.py:513}}
Aug 16 13:01:30.311239 n-d-804709-1 devstack@n-api.service[94251]: INFO nova.api.openstack.requestlog [None req-32eadf12-b1d3-4f36-986c-d263cf208584 admin admin] 10.222.0.39 "GET /compute/v2.1/flavors/84/os-extra_specs" status: 200 len: 19 microversion: 2.61 time: 0.013186
Aug 16 13:01:30.312144 n-d-804709-1 devstack@n-api.service[94251]: [pid: 94251|app: 0|req: 35/68] 10.222.0.39 () {60 vars in 1283 bytes} [Mon Aug 16 13:01:30 2021] GET /compute/v2.1/flavors/84/os-extra_specs => generated 19 bytes in 15 msecs (HTTP/1.1 200) 9 headers in 358 bytes (2 switches on core 0)
Aug 16 13:02:59.294575 n-d-804709-1 devstack@n-api.service[94250]: DEBUG nova.api.openstack.wsgi [None req-307c338e-88c1-4b82-a746-cf9a0c8b6115 tempest-verify_tempest_config-699833312 tempest-verify_tempest_config-699833312-project] Calling method '>' {{(pid=94250) _process_stack /opt/stack/nova/nova/api/openstack/wsgi.py:513}}
Aug 16 13:02:59.296562 n-d-804709-1 devstack@n-api.service[94250]: INFO nova.api.openstack.requestlog [None req-307c338e-88c1-4b82-a746-cf9a0c8b6115 tempest-verify_tempest_config-699833312 tempest-verify_tempest_config-699833312-project] 10.222.0.39 "GET /compute/v2.1/extensions" status: 200 len: 22700 microversion: 2.1 time: 0.126987
Aug 16 13:02:59.297661 n-d-804709-1 devstack@n-api.service[94250]: [pid: 94250|app: 0|req: 34/69] 10.222.0.39 () {58 vars in 1134 bytes} [Mon Aug 16 13:02:59 2021] GET /compute/v2.1/extensions => generated 22700 bytes in 129 msecs (HTTP/1.1 200) 9 headers in 359 bytes (1 switches on core 0)
Aug 16 13:06:53.880973 n-d-804709-1 devstack@n-api.service[94251]: DEBUG nova.api.openstack.wsgi [None req-32eadf12-b1d3-4f36-986c-d263cf208584 admin admin] Calling method '>' {{(pid=94251) _process_stack /opt/stack/nova/nova/api/openstack/wsgi.py:513}}
Aug 16 13:06:53.882238 n-d-804709-1 devstack@n-api.service[94251]: INFO nova.api.openstack.requestlog [None req-32eadf12-b1d3-4f36-986c-d263cf208584 admin admin] 10.222.0.39 "GET /compute/v2.1" status: 200 len: 388 microversion: 2.1 time: 0.001739
Aug 16 13:06:53.882720 n-d-804709-1 devstack@n-api.service[94251]: [pid: 94251|app: 0|req: 36/70] 10.222.0.39 () {56 vars in 1075 bytes} [Mon Aug 16 13:06:53 2021] GET /compute/v2.1 => generated 388 bytes in 3 msecs (HTTP/1.1 200) 9 headers in 357 bytes (1 switches on core 0)
Aug 16 13:06:54.207228 n-d-804709-1 devstack@n-api.service[94250]: DEBUG nova.api.openstack.wsgi [None req-7dda7ed6-087f-43bb-9f41-9abb950040c9 admin admin] Calling method '>' {{(pid=94250) _process_stack /opt/stack/nova/nova/api/openstack/wsgi.py:513}}
Aug 16 13:06:54.208464 n-d-804709-1 devstack@n-api.service[94250]: /usr/local/lib/python3.8/dist-packages/oslo_policy/policy.py:1064: UserWarning: Policy os_compute_api:os-services:list failed scope check. The token used to make the request was project scoped but the policy requires ['system'] scope. This behavior may change in the future where using the intended scope is required
Aug 16 13:06:54.208464 n-d-804709-1 devstack@n-api.service[94250]: warnings.warn(msg)
Aug 16 13:06:54.210241 n-d-804709-1 devstack@n-api.service[94250]: DEBUG oslo_concurrency.lockutils [None req-7dda7ed6-087f-43bb-9f41-9abb950040c9 admin admin] Lock "00000000-0000-0000-0000-000000000000" acquired by "nova.context.set_target_cell..get_or_set_cached_cell_and_set_connections" :: waited 0.000s {{(pid=94250) inner /usr/local/lib/python3.8/dist-packages/oslo_concurrency/lockutils.py:355}}
Aug 16 13:06:54.210739 n-d-804709-1 devstack@n-api.service[94250]: DEBUG oslo_concurrency.lockutils [None req-7dda7ed6-087f-43bb-9f41-9abb950040c9 admin admin] Lock "00000000-0000-0000-0000-000000000000" released by "nova.context.set_target_cell..get_or_set_cached_cell_and_set_connections" :: held 0.001s {{(pid=94250) inner /usr/local/lib/python3.8/dist-packages/oslo_concurrency/lockutils.py:367}}
Aug 16 13:06:54.211727 n-d-804709-1 devstack@n-api.service[94250]: DEBUG oslo_concurrency.lockutils [None req-7dda7ed6-087f-43bb-9f41-9abb950040c9 admin admin] Lock "7f9ed908-4b8a-4e8e-a792-500bab381eb4" acquired by "nova.context.set_target_cell..get_or_set_cached_cell_and_set_connections" :: waited 0.000s {{(pid=94250) inner /usr/local/lib/python3.8/dist-packages/oslo_concurrency/lockutils.py:355}}
Aug 16 13:06:54.212164 n-d-804709-1 devstack@n-api.service[94250]: DEBUG oslo_concurrency.lockutils [None req-7dda7ed6-087f-43bb-9f41-9abb950040c9 admin admin] Lock "7f9ed908-4b8a-4e8e-a792-500bab381eb4" released by "nova.context.set_target_cell..get_or_set_cached_cell_and_set_connections" :: held 0.000s {{(pid=94250) inner /usr/local/lib/python3.8/dist-packages/oslo_concurrency/lockutils.py:367}}
Aug 16 13:06:54.261916 n-d-804709-1 devstack@n-api.service[94250]: INFO nova.api.openstack.requestlog [None req-7dda7ed6-087f-43bb-9f41-9abb950040c9 admin admin] 10.222.0.39 "GET /compute/v2.1/os-services" status: 200 len: 1239 microversion: 2.88 time: 0.225717
Aug 16 13:06:54.262602 n-d-804709-1 devstack@n-api.service[94250]: [pid: 94250|app: 0|req: 35/71] 10.222.0.39 () {60 vars in 1194 bytes} [Mon Aug 16 13:06:54 2021] GET /compute/v2.1/os-services => generated 1239 bytes in 227 msecs (HTTP/1.1 200) 9 headers in 360 bytes (1 switches on core 0)
Aug 16 13:06:55.748032 n-d-804709-1 devstack@n-api.service[94251]: DEBUG nova.api.openstack.wsgi [None req-32eadf12-b1d3-4f36-986c-d263cf208584 admin admin] Calling method '>' {{(pid=94251) _process_stack /opt/stack/nova/nova/api/openstack/wsgi.py:513}}
Aug 16 13:06:55.749095 n-d-804709-1 devstack@n-api.service[94251]: INFO nova.api.openstack.requestlog [None req-32eadf12-b1d3-4f36-986c-d263cf208584 admin admin] 10.222.0.39 "GET /compute/v2.1" status: 200 len: 388 microversion: 2.1 time: 0.001545
Aug 16 13:06:55.749510 n-d-804709-1 devstack@n-api.service[94251]: [pid: 94251|app: 0|req: 37/72] 10.222.0.39 () {56 vars in 1075 bytes} [Mon Aug 16 13:06:55 2021] GET /compute/v2.1 => generated 388 bytes in 2 msecs (HTTP/1.1 200) 9 headers in 357 bytes (1 switches on core 0)
Aug 16 13:06:55.952556 n-d-804709-1 devstack@n-api.service[94250]: DEBUG nova.api.openstack.wsgi [None req-62616f15-3ed4-432a-9ce7-720d73e79199 admin admin] Calling method '>' {{(pid=94250) _process_stack /opt/stack/nova/nova/api/openstack/wsgi.py:513}}
Aug 16 13:06:55.953749 n-d-804709-1 devstack@n-api.service[94250]: /usr/local/lib/python3.8/dist-packages/oslo_policy/policy.py:1064: UserWarning: Policy os_compute_api:os-services:list failed scope check. The token used to make the request was project scoped but the policy requires ['system'] scope. This behavior may change in the future where using the intended scope is required
Aug 16 13:06:55.953749 n-d-804709-1 devstack@n-api.service[94250]: warnings.warn(msg)
Aug 16 13:06:55.955401 n-d-804709-1 devstack@n-api.service[94250]: DEBUG oslo_concurrency.lockutils [None req-62616f15-3ed4-432a-9ce7-720d73e79199 admin admin] Lock "00000000-0000-0000-0000-000000000000" acquired by "nova.context.set_target_cell..get_or_set_cached_cell_and_set_connections" :: waited 0.000s {{(pid=94250) inner /usr/local/lib/python3.8/dist-packages/oslo_concurrency/lockutils.py:355}}
Aug 16 13:06:55.955845 n-d-804709-1 devstack@n-api.service[94250]: DEBUG oslo_concurrency.lockutils [None req-62616f15-3ed4-432a-9ce7-720d73e79199 admin admin] Lock "00000000-0000-0000-0000-000000000000" released by "nova.context.set_target_cell..get_or_set_cached_cell_and_set_connections" :: held 0.001s {{(pid=94250) inner /usr/local/lib/python3.8/dist-packages/oslo_concurrency/lockutils.py:367}}
Aug 16 13:06:55.956657 n-d-804709-1 devstack@n-api.service[94250]: DEBUG oslo_concurrency.lockutils [None req-62616f15-3ed4-432a-9ce7-720d73e79199 admin admin] Lock "7f9ed908-4b8a-4e8e-a792-500bab381eb4" acquired by "nova.context.set_target_cell..get_or_set_cached_cell_and_set_connections" :: waited 0.000s {{(pid=94250) inner /usr/local/lib/python3.8/dist-packages/oslo_concurrency/lockutils.py:355}}
Aug 16 13:06:55.957083 n-d-804709-1 devstack@n-api.service[94250]: DEBUG oslo_concurrency.lockutils [None req-62616f15-3ed4-432a-9ce7-720d73e79199 admin admin] Lock "7f9ed908-4b8a-4e8e-a792-500bab381eb4" released by "nova.context.set_target_cell..get_or_set_cached_cell_and_set_connections" :: held 0.000s {{(pid=94250) inner /usr/local/lib/python3.8/dist-packages/oslo_concurrency/lockutils.py:367}}
Aug 16 13:06:55.990008 n-d-804709-1 devstack@n-api.service[94250]: INFO nova.api.openstack.requestlog [None req-62616f15-3ed4-432a-9ce7-720d73e79199 admin admin] 10.222.0.39 "GET /compute/v2.1/os-services" status: 200 len: 1239 microversion: 2.88 time: 0.094682
Aug 16 13:06:55.990512 n-d-804709-1 devstack@n-api.service[94250]: [pid: 94250|app: 0|req: 36/73] 10.222.0.39 () {60 vars in 1194 bytes} [Mon Aug 16 13:06:55 2021] GET /compute/v2.1/os-services => generated 1239 bytes in 96 msecs (HTTP/1.1 200) 9 headers in 360 bytes (1 switches on core 0)
