Aug 17 15:06:47.596692 n-d-804708-2 cinder-volume[109551]: DEBUG cinder.volume.manager [None req-8d666fb3-7b04-41eb-a028-d40650dc423a tempest-VolumesExtendTest-896157834 None] Flow 'volume_create_manager' (3f6f9a9d-8cac-4749-a4d3-6190996a4931) transitioned into state 'SUCCESS' from state 'RUNNING' {{(pid=109551) _flow_receiver /usr/local/lib/python3.8/dist-packages/taskflow/listeners/logging.py:141}}
Aug 17 15:06:47.610167 n-d-804708-2 cinder-volume[109551]: INFO cinder.volume.manager [None req-8d666fb3-7b04-41eb-a028-d40650dc423a tempest-VolumesExtendTest-896157834 None] Created volume successfully.
Aug 17 15:06:48.447756 n-d-804708-2 cinder-volume[109551]: DEBUG oslo_concurrency.processutils [None req-009f6bc1-e38a-43d1-8bd9-35d0ca539199 tempest-VolumesExtendTest-896157834 None] Running cmd (subprocess): sudo cinder-rootwrap /etc/cinder/rootwrap.conf env LC_ALL=C lvdisplay --noheading -C -o Attr --readonly stack-volumes-lvmdriver-1/volume-3dfd53e1-40f0-4247-bbf3-09d931ae043c {{(pid=109551) execute /usr/local/lib/python3.8/dist-packages/oslo_concurrency/processutils.py:384}}
Aug 17 15:06:48.476125 n-d-804708-2 sudo[144991]: ubuntu : TTY=unknown ; PWD=/ ; USER=root ; COMMAND=/usr/local/bin/cinder-rootwrap /etc/cinder/rootwrap.conf env LC_ALL=C lvdisplay --noheading -C -o Attr --readonly stack-volumes-lvmdriver-1/volume-3dfd53e1-40f0-4247-bbf3-09d931ae043c
Aug 17 15:06:48.477865 n-d-804708-2 sudo[144991]: pam_unix(sudo:session): session opened for user root by (uid=0)
Aug 17 15:06:49.096636 n-d-804708-2 sudo[144991]: pam_unix(sudo:session): session closed for user root
Aug 17 15:06:49.099272 n-d-804708-2 cinder-volume[109551]: DEBUG oslo_concurrency.processutils [None req-009f6bc1-e38a-43d1-8bd9-35d0ca539199 tempest-VolumesExtendTest-896157834 None] CMD "sudo cinder-rootwrap /etc/cinder/rootwrap.conf env LC_ALL=C lvdisplay --noheading -C -o Attr --readonly stack-volumes-lvmdriver-1/volume-3dfd53e1-40f0-4247-bbf3-09d931ae043c" returned: 0 in 0.651s {{(pid=109551) execute /usr/local/lib/python3.8/dist-packages/oslo_concurrency/processutils.py:422}}
Aug 17 15:06:49.101118 n-d-804708-2 cinder-volume[109551]: DEBUG oslo_concurrency.processutils [None req-009f6bc1-e38a-43d1-8bd9-35d0ca539199 tempest-VolumesExtendTest-896157834 None] Running cmd (subprocess): sudo cinder-rootwrap /etc/cinder/rootwrap.conf env LC_ALL=C lvextend -L 2g stack-volumes-lvmdriver-1/volume-3dfd53e1-40f0-4247-bbf3-09d931ae043c {{(pid=109551) execute /usr/local/lib/python3.8/dist-packages/oslo_concurrency/processutils.py:384}}
Aug 17 15:06:49.146966 n-d-804708-2 sudo[145000]: ubuntu : TTY=unknown ; PWD=/ ; USER=root ; COMMAND=/usr/local/bin/cinder-rootwrap /etc/cinder/rootwrap.conf env LC_ALL=C lvextend -L 2g stack-volumes-lvmdriver-1/volume-3dfd53e1-40f0-4247-bbf3-09d931ae043c
Aug 17 15:06:49.148272 n-d-804708-2 sudo[145000]: pam_unix(sudo:session): session opened for user root by (uid=0)
Aug 17 15:06:50.078224 n-d-804708-2 sudo[145000]: pam_unix(sudo:session): session closed for user root
Aug 17 15:06:50.081885 n-d-804708-2 cinder-volume[109551]: DEBUG oslo_concurrency.processutils [None req-009f6bc1-e38a-43d1-8bd9-35d0ca539199 tempest-VolumesExtendTest-896157834 None] CMD "sudo cinder-rootwrap /etc/cinder/rootwrap.conf env LC_ALL=C lvextend -L 2g stack-volumes-lvmdriver-1/volume-3dfd53e1-40f0-4247-bbf3-09d931ae043c" returned: 0 in 0.980s {{(pid=109551) execute /usr/local/lib/python3.8/dist-packages/oslo_concurrency/processutils.py:422}}
Aug 17 15:06:50.146910 n-d-804708-2 cinder-volume[109551]: INFO cinder.volume.manager [None req-009f6bc1-e38a-43d1-8bd9-35d0ca539199 tempest-VolumesExtendTest-896157834 None] Extend volume completed successfully.
Aug 17 15:06:51.515413 n-d-804708-2 cinder-volume[109551]: DEBUG cinder.volume.flows.manager.create_volume [None req-3190e3ba-9f68-461e-b789-e5bfdb1f18b7 tempest-VolumesExtendTest-896157834 None] Volume reschedule parameters: True retry: {'num_attempts': 1, 'backends': ['n-d-804708-2@lvmdriver-1#lvmdriver-1'], 'hosts': ['n-d-804708-2@lvmdriver-1#lvmdriver-1']} {{(pid=109551) get_flow /opt/stack/cinder/cinder/volume/flows/manager/create_volume.py:1263}}
Aug 17 15:06:51.533480 n-d-804708-2 cinder-volume[109551]: WARNING stevedore.named [None req-3190e3ba-9f68-461e-b789-e5bfdb1f18b7 tempest-VolumesExtendTest-896157834 None] Could not load cinder.keymgr.conf_key_mgr.ConfKeyManager
Aug 17 15:06:51.533480 n-d-804708-2 cinder-volume[109551]: WARNING castellan.key_manager [None req-3190e3ba-9f68-461e-b789-e5bfdb1f18b7 tempest-VolumesExtendTest-896157834 None] Deprecation Warning : cinder.keymgr.conf_key_mgr.ConfKeyManager is not a stevedore based driver, trying to load it as a class: stevedore.exception.NoMatches: No 'castellan.drivers' driver found, looking for 'cinder.keymgr.conf_key_mgr.ConfKeyManager'
Aug 17 15:06:51.612616 n-d-804708-2 cinder-volume[109551]: DEBUG cinder.volume.manager [None req-3190e3ba-9f68-461e-b789-e5bfdb1f18b7 tempest-VolumesExtendTest-896157834 None] Flow 'volume_create_manager' (1cd810d0-3034-4cef-83aa-6aee5ada1a98) transitioned into state 'RUNNING' from state 'PENDING' {{(pid=109551) _flow_receiver /usr/local/lib/python3.8/dist-packages/taskflow/listeners/logging.py:141}}
Aug 17 15:06:51.616951 n-d-804708-2 cinder-volume[109551]: DEBUG cinder.volume.manager [None req-3190e3ba-9f68-461e-b789-e5bfdb1f18b7 tempest-VolumesExtendTest-896157834 None] Task 'cinder.volume.flows.manager.create_volume.ExtractVolumeRefTask;volume:create' (276256c7-06cf-4b59-a96a-0704f6ac7c90) transitioned into state 'RUNNING' from state 'PENDING' {{(pid=109551) _task_receiver /usr/local/lib/python3.8/dist-packages/taskflow/listeners/logging.py:190}}
Aug 17 15:06:51.624454 n-d-804708-2 cinder-volume[109551]: DEBUG oslo_db.sqlalchemy.engines [None req-3190e3ba-9f68-461e-b789-e5bfdb1f18b7 tempest-VolumesExtendTest-896157834 None] MySQL server mode set to STRICT_TRANS_TABLES,STRICT_ALL_TABLES,NO_ZERO_IN_DATE,NO_ZERO_DATE,ERROR_FOR_DIVISION_BY_ZERO,TRADITIONAL,NO_ENGINE_SUBSTITUTION {{(pid=109551) _check_effective_sql_mode /usr/local/lib/python3.8/dist-packages/oslo_db/sqlalchemy/engines.py:314}}
Aug 17 15:06:51.671449 n-d-804708-2 cinder-volume[109551]: DEBUG cinder.volume.manager [None req-3190e3ba-9f68-461e-b789-e5bfdb1f18b7 tempest-VolumesExtendTest-896157834 None] Task 'cinder.volume.flows.manager.create_volume.ExtractVolumeRefTask;volume:create' (276256c7-06cf-4b59-a96a-0704f6ac7c90) transitioned into state 'SUCCESS' from state 'RUNNING' with result 'Volume(_name_id=None,admin_metadata=,attach_status='detached',availability_zone='nova',bootable=False,cluster=,cluster_name=None,consistencygroup=,consistencygroup_id=None,created_at=2021-08-17T15:06:51Z,deleted=False,deleted_at=None,display_description=None,display_name='tempest-VolumesExtendTest-Volume-1251490310',ec2_id=None,encryption_key_id=None,glance_metadata=,group=,group_id=None,host='n-d-804708-2@lvmdriver-1#lvmdriver-1',id=a9b7087c-e04e-4510-a14d-181de02e1e48,launched_at=None,metadata={},migration_status=None,multiattach=False,previous_status=None,project_id='23c5f49d70154ffc9127516fc0d3e616',provider_auth=None,provider_geometry=None,provider_id=None,provider_location=None,replication_driver_data=None,replication_extended_status=None,replication_status=None,scheduled_at=2021-08-17T15:06:51Z,service_uuid=None,shared_targets=True,size=1,snapshot_id=None,snapshots=,source_volid=None,status='creating',terminated_at=None,updated_at=2021-08-17T15:06:51Z,user_id='f13463bda43f462e991a00b1600ad2a4',volume_attachment=,volume_type=VolumeType(d83f4107-7a00-45e8-8f29-743675af7ad1),volume_type_id=d83f4107-7a00-45e8-8f29-743675af7ad1)' {{(pid=109551) _task_receiver /usr/local/lib/python3.8/dist-packages/taskflow/listeners/logging.py:178}}
Aug 17 15:06:51.683610 n-d-804708-2 cinder-volume[109551]: DEBUG cinder.volume.manager [None req-3190e3ba-9f68-461e-b789-e5bfdb1f18b7 tempest-VolumesExtendTest-896157834 None] Task 'cinder.volume.flows.manager.create_volume.OnFailureRescheduleTask;volume:create' (3557c723-6f11-4fd1-8e30-30e5c14058d4) transitioned into state 'RUNNING' from state 'PENDING' {{(pid=109551) _task_receiver /usr/local/lib/python3.8/dist-packages/taskflow/listeners/logging.py:190}}
Aug 17 15:06:51.686085 n-d-804708-2 cinder-volume[109551]: DEBUG cinder.volume.manager [None req-3190e3ba-9f68-461e-b789-e5bfdb1f18b7 tempest-VolumesExtendTest-896157834 None] Task 'cinder.volume.flows.manager.create_volume.OnFailureRescheduleTask;volume:create' (3557c723-6f11-4fd1-8e30-30e5c14058d4) transitioned into state 'SUCCESS' from state 'RUNNING' with result 'None' {{(pid=109551) _task_receiver /usr/local/lib/python3.8/dist-packages/taskflow/listeners/logging.py:178}}
Aug 17 15:06:51.695341 n-d-804708-2 cinder-volume[109551]: DEBUG cinder.volume.manager [None req-3190e3ba-9f68-461e-b789-e5bfdb1f18b7 tempest-VolumesExtendTest-896157834 None] Task 'cinder.volume.flows.manager.create_volume.ExtractVolumeSpecTask;volume:create' (47d4d973-32ab-405d-8ffe-1601dc0474cc) transitioned into state 'RUNNING' from state 'PENDING' {{(pid=109551) _task_receiver /usr/local/lib/python3.8/dist-packages/taskflow/listeners/logging.py:190}}
Aug 17 15:06:51.698303 n-d-804708-2 cinder-volume[109551]: DEBUG cinder.volume.manager [None req-3190e3ba-9f68-461e-b789-e5bfdb1f18b7 tempest-VolumesExtendTest-896157834 None] Task 'cinder.volume.flows.manager.create_volume.ExtractVolumeSpecTask;volume:create' (47d4d973-32ab-405d-8ffe-1601dc0474cc) transitioned into state 'SUCCESS' from state 'RUNNING' with result '{'status': 'creating', 'type': 'raw', 'volume_id': 'a9b7087c-e04e-4510-a14d-181de02e1e48', 'volume_name': 'volume-a9b7087c-e04e-4510-a14d-181de02e1e48', 'volume_size': 1}' {{(pid=109551) _task_receiver /usr/local/lib/python3.8/dist-packages/taskflow/listeners/logging.py:178}}
Aug 17 15:06:51.704796 n-d-804708-2 cinder-volume[109551]: DEBUG cinder.volume.manager [None req-3190e3ba-9f68-461e-b789-e5bfdb1f18b7 tempest-VolumesExtendTest-896157834 None] Task 'cinder.volume.flows.manager.create_volume.NotifyVolumeActionTask;volume:create, create.start' (9855d0ad-b5e5-4429-9fbb-33ea18efda14) transitioned into state 'RUNNING' from state 'PENDING' {{(pid=109551) _task_receiver /usr/local/lib/python3.8/dist-packages/taskflow/listeners/logging.py:190}}
Aug 17 15:06:51.707187 n-d-804708-2 cinder-volume[109551]: DEBUG cinder.volume.manager [None req-3190e3ba-9f68-461e-b789-e5bfdb1f18b7 tempest-VolumesExtendTest-896157834 None] Task 'cinder.volume.flows.manager.create_volume.NotifyVolumeActionTask;volume:create, create.start' (9855d0ad-b5e5-4429-9fbb-33ea18efda14) transitioned into state 'SUCCESS' from state 'RUNNING' with result 'None' {{(pid=109551) _task_receiver /usr/local/lib/python3.8/dist-packages/taskflow/listeners/logging.py:178}}
Aug 17 15:06:51.716084 n-d-804708-2 cinder-volume[109551]: DEBUG cinder.volume.manager [None req-3190e3ba-9f68-461e-b789-e5bfdb1f18b7 tempest-VolumesExtendTest-896157834 None] Task 'cinder.volume.flows.manager.create_volume.CreateVolumeFromSpecTask;volume:create' (e11d2c3e-26ca-42c0-a231-1530c131acce) transitioned into state 'RUNNING' from state 'PENDING' {{(pid=109551) _task_receiver /usr/local/lib/python3.8/dist-packages/taskflow/listeners/logging.py:190}}
Aug 17 15:06:51.716994 n-d-804708-2 cinder-volume[109551]: INFO cinder.volume.flows.manager.create_volume [None req-3190e3ba-9f68-461e-b789-e5bfdb1f18b7 tempest-VolumesExtendTest-896157834 None] Volume a9b7087c-e04e-4510-a14d-181de02e1e48: being created as raw with specification: {'status': 'creating', 'volume_name': 'volume-a9b7087c-e04e-4510-a14d-181de02e1e48', 'volume_size': 1}
Aug 17 15:06:51.718676 n-d-804708-2 cinder-volume[109551]: DEBUG oslo_concurrency.processutils [None req-3190e3ba-9f68-461e-b789-e5bfdb1f18b7 tempest-VolumesExtendTest-896157834 None] Running cmd (subprocess): sudo cinder-rootwrap /etc/cinder/rootwrap.conf env LC_ALL=C lvcreate -n volume-a9b7087c-e04e-4510-a14d-181de02e1e48 stack-volumes-lvmdriver-1 -L 1g {{(pid=109551) execute /usr/local/lib/python3.8/dist-packages/oslo_concurrency/processutils.py:384}}
Aug 17 15:06:51.786168 n-d-804708-2 sudo[145090]: ubuntu : TTY=unknown ; PWD=/ ; USER=root ; COMMAND=/usr/local/bin/cinder-rootwrap /etc/cinder/rootwrap.conf env LC_ALL=C lvcreate -n volume-a9b7087c-e04e-4510-a14d-181de02e1e48 stack-volumes-lvmdriver-1 -L 1g
Aug 17 15:06:51.787023 n-d-804708-2 sudo[145090]: pam_unix(sudo:session): session opened for user root by (uid=0)
Aug 17 15:06:52.539108 n-d-804708-2 sudo[145090]: pam_unix(sudo:session): session closed for user root
Aug 17 15:06:52.541400 n-d-804708-2 cinder-volume[109551]: DEBUG oslo_concurrency.processutils [None req-3190e3ba-9f68-461e-b789-e5bfdb1f18b7 tempest-VolumesExtendTest-896157834 None] CMD "sudo cinder-rootwrap /etc/cinder/rootwrap.conf env LC_ALL=C lvcreate -n volume-a9b7087c-e04e-4510-a14d-181de02e1e48 stack-volumes-lvmdriver-1 -L 1g" returned: 0 in 0.822s {{(pid=109551) execute /usr/local/lib/python3.8/dist-packages/oslo_concurrency/processutils.py:422}}
Aug 17 15:06:52.546017 n-d-804708-2 cinder-volume[109551]: DEBUG cinder.volume.manager [None req-3190e3ba-9f68-461e-b789-e5bfdb1f18b7 tempest-VolumesExtendTest-896157834 None] Task 'cinder.volume.flows.manager.create_volume.CreateVolumeFromSpecTask;volume:create' (e11d2c3e-26ca-42c0-a231-1530c131acce) transitioned into state 'SUCCESS' from state 'RUNNING' with result '{'status': 'creating', 'volume_name': 'volume-a9b7087c-e04e-4510-a14d-181de02e1e48', 'volume_size': 1}' {{(pid=109551) _task_receiver /usr/local/lib/python3.8/dist-packages/taskflow/listeners/logging.py:178}}
Aug 17 15:06:52.548710 n-d-804708-2 cinder-volume[109551]: DEBUG cinder.volume.manager [None req-3190e3ba-9f68-461e-b789-e5bfdb1f18b7 tempest-VolumesExtendTest-896157834 None] Task 'cinder.volume.flows.manager.create_volume.CreateVolumeOnFinishTask;volume:create, create.end' (0bb19f26-1dd7-4671-9d5a-3cf5ff2477f4) transitioned into state 'RUNNING' from state 'PENDING' {{(pid=109551) _task_receiver /usr/local/lib/python3.8/dist-packages/taskflow/listeners/logging.py:190}}
Aug 17 15:06:52.571957 n-d-804708-2 cinder-volume[109551]: INFO cinder.volume.flows.manager.create_volume [None req-3190e3ba-9f68-461e-b789-e5bfdb1f18b7 tempest-VolumesExtendTest-896157834 None] Volume volume-a9b7087c-e04e-4510-a14d-181de02e1e48 (a9b7087c-e04e-4510-a14d-181de02e1e48): created successfully
Aug 17 15:06:52.574281 n-d-804708-2 cinder-volume[109551]: DEBUG cinder.volume.manager [None req-3190e3ba-9f68-461e-b789-e5bfdb1f18b7 tempest-VolumesExtendTest-896157834 None] Task 'cinder.volume.flows.manager.create_volume.CreateVolumeOnFinishTask;volume:create, create.end' (0bb19f26-1dd7-4671-9d5a-3cf5ff2477f4) transitioned into state 'SUCCESS' from state 'RUNNING' with result 'None' {{(pid=109551) _task_receiver /usr/local/lib/python3.8/dist-packages/taskflow/listeners/logging.py:178}}
Aug 17 15:06:52.577668 n-d-804708-2 cinder-volume[109551]: DEBUG cinder.volume.manager [None req-3190e3ba-9f68-461e-b789-e5bfdb1f18b7 tempest-VolumesExtendTest-896157834 None] Flow 'volume_create_manager' (1cd810d0-3034-4cef-83aa-6aee5ada1a98) transitioned into state 'SUCCESS' from state 'RUNNING' {{(pid=109551) _flow_receiver /usr/local/lib/python3.8/dist-packages/taskflow/listeners/logging.py:141}}
Aug 17 15:06:52.602914 n-d-804708-2 cinder-volume[109551]: INFO cinder.volume.manager [None req-3190e3ba-9f68-461e-b789-e5bfdb1f18b7 tempest-VolumesExtendTest-896157834 None] Created volume successfully.
Aug 17 15:06:54.186970 n-d-804708-2 cinder-volume[109551]: DEBUG oslo_concurrency.processutils [None req-db7c214e-0088-426b-80fa-889eff20d53a tempest-VolumesExtendTest-896157834 None] Running cmd (subprocess): sudo cinder-rootwrap /etc/cinder/rootwrap.conf env LC_ALL=C lvs --noheadings --unit=g -o vg_name,name,size --nosuffix --readonly stack-volumes-lvmdriver-1/volume-a9b7087c-e04e-4510-a14d-181de02e1e48 {{(pid=109551) execute /usr/local/lib/python3.8/dist-packages/oslo_concurrency/processutils.py:384}}
Aug 17 15:06:54.233647 n-d-804708-2 sudo[145162]: ubuntu : TTY=unknown ; PWD=/ ; USER=root ; COMMAND=/usr/local/bin/cinder-rootwrap /etc/cinder/rootwrap.conf env LC_ALL=C lvs --noheadings --unit=g -o vg_name,name,size --nosuffix --readonly stack-volumes-lvmdriver-1/volume-a9b7087c-e04e-4510-a14d-181de02e1e48
Aug 17 15:06:54.234474 n-d-804708-2 sudo[145162]: pam_unix(sudo:session): session opened for user root by (uid=0)
Aug 17 15:06:55.018861 n-d-804708-2 sudo[145162]: pam_unix(sudo:session): session closed for user root
Aug 17 15:06:55.021197 n-d-804708-2 cinder-volume[109551]: DEBUG oslo_concurrency.processutils [None req-db7c214e-0088-426b-80fa-889eff20d53a tempest-VolumesExtendTest-896157834 None] CMD "sudo cinder-rootwrap /etc/cinder/rootwrap.conf env LC_ALL=C lvs --noheadings --unit=g -o vg_name,name,size --nosuffix --readonly stack-volumes-lvmdriver-1/volume-a9b7087c-e04e-4510-a14d-181de02e1e48" returned: 0 in 0.834s {{(pid=109551) execute /usr/local/lib/python3.8/dist-packages/oslo_concurrency/processutils.py:422}}
Aug 17 15:06:55.024376 n-d-804708-2 cinder-volume[109551]: DEBUG oslo_concurrency.processutils [None req-db7c214e-0088-426b-80fa-889eff20d53a tempest-VolumesExtendTest-896157834 None] Running cmd (subprocess): sudo cinder-rootwrap /etc/cinder/rootwrap.conf env LC_ALL=C lvcreate --name _snapshot-068b0e21-7d7c-4d52-ae3c-c335a04fadf9 --snapshot stack-volumes-lvmdriver-1/volume-a9b7087c-e04e-4510-a14d-181de02e1e48 -L 1.00g {{(pid=109551) execute /usr/local/lib/python3.8/dist-packages/oslo_concurrency/processutils.py:384}}
Aug 17 15:06:55.056227 n-d-804708-2 sudo[145185]: ubuntu : TTY=unknown ; PWD=/ ; USER=root ; COMMAND=/usr/local/bin/cinder-rootwrap /etc/cinder/rootwrap.conf env LC_ALL=C lvcreate --name _snapshot-068b0e21-7d7c-4d52-ae3c-c335a04fadf9 --snapshot stack-volumes-lvmdriver-1/volume-a9b7087c-e04e-4510-a14d-181de02e1e48 -L 1.00g
Aug 17 15:06:55.057125 n-d-804708-2 sudo[145185]: pam_unix(sudo:session): session opened for user root by (uid=0)
Aug 17 15:06:56.220514 n-d-804708-2 sudo[145185]: pam_unix(sudo:session): session closed for user root
Aug 17 15:06:56.223066 n-d-804708-2 cinder-volume[109551]: DEBUG oslo_concurrency.processutils [None req-db7c214e-0088-426b-80fa-889eff20d53a tempest-VolumesExtendTest-896157834 None] CMD "sudo cinder-rootwrap /etc/cinder/rootwrap.conf env LC_ALL=C lvcreate --name _snapshot-068b0e21-7d7c-4d52-ae3c-c335a04fadf9 --snapshot stack-volumes-lvmdriver-1/volume-a9b7087c-e04e-4510-a14d-181de02e1e48 -L 1.00g" returned: 0 in 1.199s {{(pid=109551) execute /usr/local/lib/python3.8/dist-packages/oslo_concurrency/processutils.py:422}}
Aug 17 15:06:56.255867 n-d-804708-2 cinder-volume[109551]: INFO cinder.volume.manager [None req-db7c214e-0088-426b-80fa-889eff20d53a tempest-VolumesExtendTest-896157834 None] Create snapshot completed successfully
Aug 17 15:06:57.538155 n-d-804708-2 cinder-volume[109551]: DEBUG oslo_concurrency.processutils [None req-73d799d7-ca79-4d56-ae16-612536ce8e80 tempest-VolumesExtendTest-896157834 None] Running cmd (subprocess): sudo cinder-rootwrap /etc/cinder/rootwrap.conf env LC_ALL=C lvdisplay --noheading -C -o Attr --readonly stack-volumes-lvmdriver-1/volume-a9b7087c-e04e-4510-a14d-181de02e1e48 {{(pid=109551) execute /usr/local/lib/python3.8/dist-packages/oslo_concurrency/processutils.py:384}}
Aug 17 15:06:57.567064 n-d-804708-2 sudo[145341]: ubuntu : TTY=unknown ; PWD=/ ; USER=root ; COMMAND=/usr/local/bin/cinder-rootwrap /etc/cinder/rootwrap.conf env LC_ALL=C lvdisplay --noheading -C -o Attr --readonly stack-volumes-lvmdriver-1/volume-a9b7087c-e04e-4510-a14d-181de02e1e48
Aug 17 15:06:57.568045 n-d-804708-2 sudo[145341]: pam_unix(sudo:session): session opened for user root by (uid=0)
Aug 17 15:06:58.175576 n-d-804708-2 sudo[145341]: pam_unix(sudo:session): session closed for user root
Aug 17 15:06:58.180095 n-d-804708-2 cinder-volume[109551]: DEBUG oslo_concurrency.processutils [None req-73d799d7-ca79-4d56-ae16-612536ce8e80 tempest-VolumesExtendTest-896157834 None] CMD "sudo cinder-rootwrap /etc/cinder/rootwrap.conf env LC_ALL=C lvdisplay --noheading -C -o Attr --readonly stack-volumes-lvmdriver-1/volume-a9b7087c-e04e-4510-a14d-181de02e1e48" returned: 0 in 0.640s {{(pid=109551) execute /usr/local/lib/python3.8/dist-packages/oslo_concurrency/processutils.py:422}}
Aug 17 15:06:58.181347 n-d-804708-2 cinder-volume[109551]: DEBUG oslo_concurrency.processutils [None req-73d799d7-ca79-4d56-ae16-612536ce8e80 tempest-VolumesExtendTest-896157834 None] Running cmd (subprocess): sudo cinder-rootwrap /etc/cinder/rootwrap.conf lvchange -a n stack-volumes-lvmdriver-1/volume-a9b7087c-e04e-4510-a14d-181de02e1e48 {{(pid=109551) execute /usr/local/lib/python3.8/dist-packages/oslo_concurrency/processutils.py:384}}
Aug 17 15:06:58.263860 n-d-804708-2 sudo[145346]: ubuntu : TTY=unknown ; PWD=/ ; USER=root ; COMMAND=/usr/local/bin/cinder-rootwrap /etc/cinder/rootwrap.conf lvchange -a n stack-volumes-lvmdriver-1/volume-a9b7087c-e04e-4510-a14d-181de02e1e48
Aug 17 15:06:58.264906 n-d-804708-2 sudo[145346]: pam_unix(sudo:session): session opened for user root by (uid=0)
Aug 17 15:06:59.297512 n-d-804708-2 sudo[145346]: pam_unix(sudo:session): session closed for user root
Aug 17 15:06:59.300303 n-d-804708-2 cinder-volume[109551]: DEBUG oslo_concurrency.processutils [None req-73d799d7-ca79-4d56-ae16-612536ce8e80 tempest-VolumesExtendTest-896157834 None] CMD "sudo cinder-rootwrap /etc/cinder/rootwrap.conf lvchange -a n stack-volumes-lvmdriver-1/volume-a9b7087c-e04e-4510-a14d-181de02e1e48" returned: 0 in 1.119s {{(pid=109551) execute /usr/local/lib/python3.8/dist-packages/oslo_concurrency/processutils.py:422}}
Aug 17 15:06:59.302415 n-d-804708-2 cinder-volume[109551]: DEBUG cinder.brick.local_dev.lvm [None req-73d799d7-ca79-4d56-ae16-612536ce8e80 tempest-VolumesExtendTest-896157834 None] Checking to see if volume volume-a9b7087c-e04e-4510-a14d-181de02e1e48 has been deactivated. {{(pid=109551) _wait_for_volume_deactivation /opt/stack/cinder/cinder/brick/local_dev/lvm.py:668}}
Aug 17 15:06:59.304129 n-d-804708-2 cinder-volume[109551]: DEBUG oslo_concurrency.processutils [None req-73d799d7-ca79-4d56-ae16-612536ce8e80 tempest-VolumesExtendTest-896157834 None] Running cmd (subprocess): sudo cinder-rootwrap /etc/cinder/rootwrap.conf env LC_ALL=C lvdisplay --noheading -C -o Attr stack-volumes-lvmdriver-1/volume-a9b7087c-e04e-4510-a14d-181de02e1e48 {{(pid=109551) execute /usr/local/lib/python3.8/dist-packages/oslo_concurrency/processutils.py:384}}
Aug 17 15:06:59.340755 n-d-804708-2 sudo[145360]: ubuntu : TTY=unknown ; PWD=/ ; USER=root ; COMMAND=/usr/local/bin/cinder-rootwrap /etc/cinder/rootwrap.conf env LC_ALL=C lvdisplay --noheading -C -o Attr stack-volumes-lvmdriver-1/volume-a9b7087c-e04e-4510-a14d-181de02e1e48
Aug 17 15:06:59.341603 n-d-804708-2 sudo[145360]: pam_unix(sudo:session): session opened for user root by (uid=0)
Aug 17 15:06:59.986143 n-d-804708-2 sudo[145360]: pam_unix(sudo:session): session closed for user root
Aug 17 15:06:59.988789 n-d-804708-2 cinder-volume[109551]: DEBUG oslo_concurrency.processutils [None req-73d799d7-ca79-4d56-ae16-612536ce8e80 tempest-VolumesExtendTest-896157834 None] CMD "sudo cinder-rootwrap /etc/cinder/rootwrap.conf env LC_ALL=C lvdisplay --noheading -C -o Attr stack-volumes-lvmdriver-1/volume-a9b7087c-e04e-4510-a14d-181de02e1e48" returned: 0 in 0.684s {{(pid=109551) execute /usr/local/lib/python3.8/dist-packages/oslo_concurrency/processutils.py:422}}
Aug 17 15:06:59.991174 n-d-804708-2 cinder-volume[109551]: DEBUG cinder.brick.local_dev.lvm [None req-73d799d7-ca79-4d56-ae16-612536ce8e80 tempest-VolumesExtendTest-896157834 None] Volume volume-a9b7087c-e04e-4510-a14d-181de02e1e48 has been deactivated. {{(pid=109551) _wait_for_volume_deactivation /opt/stack/cinder/cinder/brick/local_dev/lvm.py:674}}
Aug 17 15:06:59.992213 n-d-804708-2 cinder-volume[109551]: DEBUG oslo_concurrency.processutils [None req-73d799d7-ca79-4d56-ae16-612536ce8e80 tempest-VolumesExtendTest-896157834 None] Running cmd (subprocess): sudo cinder-rootwrap /etc/cinder/rootwrap.conf env LC_ALL=C lvextend -L 2g stack-volumes-lvmdriver-1/volume-a9b7087c-e04e-4510-a14d-181de02e1e48 {{(pid=109551) execute /usr/local/lib/python3.8/dist-packages/oslo_concurrency/processutils.py:384}}
Aug 17 15:07:00.016256 n-d-804708-2 sudo[145366]: ubuntu : TTY=unknown ; PWD=/ ; USER=root ; COMMAND=/usr/local/bin/cinder-rootwrap /etc/cinder/rootwrap.conf env LC_ALL=C lvextend -L 2g stack-volumes-lvmdriver-1/volume-a9b7087c-e04e-4510-a14d-181de02e1e48
Aug 17 15:07:00.017082 n-d-804708-2 sudo[145366]: pam_unix(sudo:session): session opened for user root by (uid=0)
Aug 17 15:07:00.587528 n-d-804708-2 sudo[145366]: pam_unix(sudo:session): session closed for user root
Aug 17 15:07:00.590447 n-d-804708-2 cinder-volume[109551]: DEBUG oslo_concurrency.processutils [None req-73d799d7-ca79-4d56-ae16-612536ce8e80 tempest-VolumesExtendTest-896157834 None] CMD "sudo cinder-rootwrap /etc/cinder/rootwrap.conf env LC_ALL=C lvextend -L 2g stack-volumes-lvmdriver-1/volume-a9b7087c-e04e-4510-a14d-181de02e1e48" returned: 0 in 0.597s {{(pid=109551) execute /usr/local/lib/python3.8/dist-packages/oslo_concurrency/processutils.py:422}}
Aug 17 15:07:00.592843 n-d-804708-2 cinder-volume[109551]: DEBUG oslo_concurrency.processutils [None req-73d799d7-ca79-4d56-ae16-612536ce8e80 tempest-VolumesExtendTest-896157834 None] Running cmd (subprocess): sudo cinder-rootwrap /etc/cinder/rootwrap.conf lvchange -a y --yes -K stack-volumes-lvmdriver-1/volume-a9b7087c-e04e-4510-a14d-181de02e1e48 {{(pid=109551) execute /usr/local/lib/python3.8/dist-packages/oslo_concurrency/processutils.py:384}}
Aug 17 15:07:00.617583 n-d-804708-2 sudo[145374]: ubuntu : TTY=unknown ; PWD=/ ; USER=root ; COMMAND=/usr/local/bin/cinder-rootwrap /etc/cinder/rootwrap.conf lvchange -a y --yes -K stack-volumes-lvmdriver-1/volume-a9b7087c-e04e-4510-a14d-181de02e1e48
Aug 17 15:07:00.619005 n-d-804708-2 sudo[145374]: pam_unix(sudo:session): session opened for user root by (uid=0)
Aug 17 15:07:01.461935 n-d-804708-2 sudo[145374]: pam_unix(sudo:session): session closed for user root
Aug 17 15:07:01.464614 n-d-804708-2 cinder-volume[109551]: DEBUG oslo_concurrency.processutils [None req-73d799d7-ca79-4d56-ae16-612536ce8e80 tempest-VolumesExtendTest-896157834 None] CMD "sudo cinder-rootwrap /etc/cinder/rootwrap.conf lvchange -a y --yes -K stack-volumes-lvmdriver-1/volume-a9b7087c-e04e-4510-a14d-181de02e1e48" returned: 0 in 0.871s {{(pid=109551) execute /usr/local/lib/python3.8/dist-packages/oslo_concurrency/processutils.py:422}}
Aug 17 15:07:01.502933 n-d-804708-2 cinder-volume[109551]: INFO cinder.volume.manager [None req-73d799d7-ca79-4d56-ae16-612536ce8e80 tempest-VolumesExtendTest-896157834 None] Extend volume completed successfully.
Aug 17 15:07:02.165079 n-d-804708-2 cinder-volume[109551]: DEBUG cinder.coordination [None req-7641a5da-7e41-4597-83c9-cfbf4075929c tempest-VolumesExtendTest-896157834 None] Lock "b'cinder-068b0e21-7d7c-4d52-ae3c-c335a04fadf9-delete_snapshot'" acquired by "delete_snapshot" :: waited 0.022s {{(pid=109551) _synchronized /opt/stack/cinder/cinder/coordination.py:181}}
Aug 17 15:07:02.166985 n-d-804708-2 cinder-volume[109551]: DEBUG oslo_concurrency.processutils [None req-7641a5da-7e41-4597-83c9-cfbf4075929c tempest-VolumesExtendTest-896157834 None] Running cmd (subprocess): sudo cinder-rootwrap /etc/cinder/rootwrap.conf env LC_ALL=C lvs --noheadings --unit=g -o vg_name,name,size --nosuffix --readonly stack-volumes-lvmdriver-1/_snapshot-068b0e21-7d7c-4d52-ae3c-c335a04fadf9 {{(pid=109551) execute /usr/local/lib/python3.8/dist-packages/oslo_concurrency/processutils.py:384}}
Aug 17 15:07:02.195222 n-d-804708-2 sudo[145473]: ubuntu : TTY=unknown ; PWD=/ ; USER=root ; COMMAND=/usr/local/bin/cinder-rootwrap /etc/cinder/rootwrap.conf env LC_ALL=C lvs --noheadings --unit=g -o vg_name,name,size --nosuffix --readonly stack-volumes-lvmdriver-1/_snapshot-068b0e21-7d7c-4d52-ae3c-c335a04fadf9
Aug 17 15:07:02.196254 n-d-804708-2 sudo[145473]: pam_unix(sudo:session): session opened for user root by (uid=0)
Aug 17 15:07:02.759103 n-d-804708-2 sudo[145473]: pam_unix(sudo:session): session closed for user root
Aug 17 15:07:02.762175 n-d-804708-2 cinder-volume[109551]: DEBUG oslo_concurrency.processutils [None req-7641a5da-7e41-4597-83c9-cfbf4075929c tempest-VolumesExtendTest-896157834 None] CMD "sudo cinder-rootwrap /etc/cinder/rootwrap.conf env LC_ALL=C lvs --noheadings --unit=g -o vg_name,name,size --nosuffix --readonly stack-volumes-lvmdriver-1/_snapshot-068b0e21-7d7c-4d52-ae3c-c335a04fadf9" returned: 0 in 0.594s {{(pid=109551) execute /usr/local/lib/python3.8/dist-packages/oslo_concurrency/processutils.py:422}}
Aug 17 15:07:02.765259 n-d-804708-2 cinder-volume[109551]: DEBUG oslo_concurrency.processutils [None req-7641a5da-7e41-4597-83c9-cfbf4075929c tempest-VolumesExtendTest-896157834 None] Running cmd (subprocess): sudo cinder-rootwrap /etc/cinder/rootwrap.conf lvremove --config activation { retry_deactivation = 1} -f stack-volumes-lvmdriver-1/_snapshot-068b0e21-7d7c-4d52-ae3c-c335a04fadf9 {{(pid=109551) execute /usr/local/lib/python3.8/dist-packages/oslo_concurrency/processutils.py:384}}
Aug 17 15:07:02.785668 n-d-804708-2 sudo[145476]: ubuntu : TTY=unknown ; PWD=/ ; USER=root ; COMMAND=/usr/local/bin/cinder-rootwrap /etc/cinder/rootwrap.conf lvremove --config activation { retry_deactivation = 1} -f stack-volumes-lvmdriver-1/_snapshot-068b0e21-7d7c-4d52-ae3c-c335a04fadf9
Aug 17 15:07:02.786539 n-d-804708-2 sudo[145476]: pam_unix(sudo:session): session opened for user root by (uid=0)
Aug 17 15:07:03.444428 n-d-804708-2 sudo[145476]: pam_unix(sudo:session): session closed for user root
Aug 17 15:07:03.447503 n-d-804708-2 cinder-volume[109551]: DEBUG oslo_concurrency.processutils [None req-7641a5da-7e41-4597-83c9-cfbf4075929c tempest-VolumesExtendTest-896157834 None] CMD "sudo cinder-rootwrap /etc/cinder/rootwrap.conf lvremove --config activation { retry_deactivation = 1} -f stack-volumes-lvmdriver-1/_snapshot-068b0e21-7d7c-4d52-ae3c-c335a04fadf9" returned: 0 in 0.681s {{(pid=109551) execute /usr/local/lib/python3.8/dist-packages/oslo_concurrency/processutils.py:422}}
Aug 17 15:07:03.543531 n-d-804708-2 cinder-volume[109551]: DEBUG cinder.quota [None req-7641a5da-7e41-4597-83c9-cfbf4075929c tempest-VolumesExtendTest-896157834 None] Created reservations ['d486fc0f-3e5f-4707-be16-b2156f982c6a', '326138e4-435e-40a9-bece-68bf18efcd17', 'ef23a331-b0d6-4fff-b91d-459cd5f03296', 'ff04f990-a5aa-479d-8ea6-8a54dc60b584'] {{(pid=109551) reserve /opt/stack/cinder/cinder/quota.py:755}}
Aug 17 15:07:03.592582 n-d-804708-2 cinder-volume[109551]: INFO cinder.volume.manager [None req-7641a5da-7e41-4597-83c9-cfbf4075929c tempest-VolumesExtendTest-896157834 None] Delete snapshot completed successfully.
Aug 17 15:07:03.601021 n-d-804708-2 cinder-volume[109551]: DEBUG cinder.coordination [None req-7641a5da-7e41-4597-83c9-cfbf4075929c tempest-VolumesExtendTest-896157834 None] Lock "b'cinder-068b0e21-7d7c-4d52-ae3c-c335a04fadf9-delete_snapshot'" released by "delete_snapshot" :: held 1.435s {{(pid=109551) _synchronized /opt/stack/cinder/cinder/coordination.py:193}}
Aug 17 15:07:04.330840 n-d-804708-2 cinder-volume[109551]: DEBUG cinder.coordination [None req-bab6e736-30a0-45fc-bada-48e6fd9ae5fc tempest-VolumesExtendTest-896157834 None] Lock "b'cinder-a9b7087c-e04e-4510-a14d-181de02e1e48-delete_volume'" acquired by "delete_volume" :: waited 0.016s {{(pid=109551) _synchronized /opt/stack/cinder/cinder/coordination.py:181}}
Aug 17 15:07:04.378054 n-d-804708-2 cinder-volume[109551]: INFO cinder.volume.targets.iscsi [None req-bab6e736-30a0-45fc-bada-48e6fd9ae5fc tempest-VolumesExtendTest-896157834 None] Skipping remove_export. No iscsi_target is presently exported for volume: a9b7087c-e04e-4510-a14d-181de02e1e48
Aug 17 15:07:04.379988 n-d-804708-2 cinder-volume[109551]: DEBUG oslo_concurrency.processutils [None req-bab6e736-30a0-45fc-bada-48e6fd9ae5fc tempest-VolumesExtendTest-896157834 None] Running cmd (subprocess): sudo cinder-rootwrap /etc/cinder/rootwrap.conf env LC_ALL=C lvs --noheadings --unit=g -o vg_name,name,size --nosuffix --readonly stack-volumes-lvmdriver-1/volume-a9b7087c-e04e-4510-a14d-181de02e1e48 {{(pid=109551) execute /usr/local/lib/python3.8/dist-packages/oslo_concurrency/processutils.py:384}}
Aug 17 15:07:04.430388 n-d-804708-2 sudo[145531]: ubuntu : TTY=unknown ; PWD=/ ; USER=root ; COMMAND=/usr/local/bin/cinder-rootwrap /etc/cinder/rootwrap.conf env LC_ALL=C lvs --noheadings --unit=g -o vg_name,name,size --nosuffix --readonly stack-volumes-lvmdriver-1/volume-a9b7087c-e04e-4510-a14d-181de02e1e48
Aug 17 15:07:04.431237 n-d-804708-2 sudo[145531]: pam_unix(sudo:session): session opened for user root by (uid=0)
Aug 17 15:07:04.996671 n-d-804708-2 sudo[145531]: pam_unix(sudo:session): session closed for user root
Aug 17 15:07:04.999672 n-d-804708-2 cinder-volume[109551]: DEBUG oslo_concurrency.processutils [None req-bab6e736-30a0-45fc-bada-48e6fd9ae5fc tempest-VolumesExtendTest-896157834 None] CMD "sudo cinder-rootwrap /etc/cinder/rootwrap.conf env LC_ALL=C lvs --noheadings --unit=g -o vg_name,name,size --nosuffix --readonly stack-volumes-lvmdriver-1/volume-a9b7087c-e04e-4510-a14d-181de02e1e48" returned: 0 in 0.619s {{(pid=109551) execute /usr/local/lib/python3.8/dist-packages/oslo_concurrency/processutils.py:422}}
Aug 17 15:07:05.003409 n-d-804708-2 cinder-volume[109551]: DEBUG oslo_concurrency.processutils [None req-bab6e736-30a0-45fc-bada-48e6fd9ae5fc tempest-VolumesExtendTest-896157834 None] Running cmd (subprocess): sudo cinder-rootwrap /etc/cinder/rootwrap.conf env LC_ALL=C lvdisplay --noheading -C -o Attr --readonly stack-volumes-lvmdriver-1/volume-a9b7087c-e04e-4510-a14d-181de02e1e48 {{(pid=109551) execute /usr/local/lib/python3.8/dist-packages/oslo_concurrency/processutils.py:384}}
Aug 17 15:07:05.024654 n-d-804708-2 sudo[145534]: ubuntu : TTY=unknown ; PWD=/ ; USER=root ; COMMAND=/usr/local/bin/cinder-rootwrap /etc/cinder/rootwrap.conf env LC_ALL=C lvdisplay --noheading -C -o Attr --readonly stack-volumes-lvmdriver-1/volume-a9b7087c-e04e-4510-a14d-181de02e1e48
Aug 17 15:07:05.025647 n-d-804708-2 sudo[145534]: pam_unix(sudo:session): session opened for user root by (uid=0)
Aug 17 15:07:05.708073 n-d-804708-2 sudo[145534]: pam_unix(sudo:session): session closed for user root
Aug 17 15:07:05.712513 n-d-804708-2 cinder-volume[109551]: DEBUG oslo_concurrency.processutils [None req-bab6e736-30a0-45fc-bada-48e6fd9ae5fc tempest-VolumesExtendTest-896157834 None] CMD "sudo cinder-rootwrap /etc/cinder/rootwrap.conf env LC_ALL=C lvdisplay --noheading -C -o Attr --readonly stack-volumes-lvmdriver-1/volume-a9b7087c-e04e-4510-a14d-181de02e1e48" returned: 0 in 0.709s {{(pid=109551) execute /usr/local/lib/python3.8/dist-packages/oslo_concurrency/processutils.py:422}}
Aug 17 15:07:05.714556 n-d-804708-2 cinder-volume[109551]: DEBUG oslo_concurrency.processutils [None req-bab6e736-30a0-45fc-bada-48e6fd9ae5fc tempest-VolumesExtendTest-896157834 None] Running cmd (subprocess): sudo cinder-rootwrap /etc/cinder/rootwrap.conf lvremove --config activation { retry_deactivation = 1} -f stack-volumes-lvmdriver-1/volume-a9b7087c-e04e-4510-a14d-181de02e1e48 {{(pid=109551) execute /usr/local/lib/python3.8/dist-packages/oslo_concurrency/processutils.py:384}}
Aug 17 15:07:05.772231 n-d-804708-2 sudo[145537]: ubuntu : TTY=unknown ; PWD=/ ; USER=root ; COMMAND=/usr/local/bin/cinder-rootwrap /etc/cinder/rootwrap.conf lvremove --config activation { retry_deactivation = 1} -f stack-volumes-lvmdriver-1/volume-a9b7087c-e04e-4510-a14d-181de02e1e48
Aug 17 15:07:05.773338 n-d-804708-2 sudo[145537]: pam_unix(sudo:session): session opened for user root by (uid=0)
Aug 17 15:07:06.470603 n-d-804708-2 sudo[145537]: pam_unix(sudo:session): session closed for user root
Aug 17 15:07:06.474278 n-d-804708-2 cinder-volume[109551]: DEBUG oslo_concurrency.processutils [None req-bab6e736-30a0-45fc-bada-48e6fd9ae5fc tempest-VolumesExtendTest-896157834 None] CMD "sudo cinder-rootwrap /etc/cinder/rootwrap.conf lvremove --config activation { retry_deactivation = 1} -f stack-volumes-lvmdriver-1/volume-a9b7087c-e04e-4510-a14d-181de02e1e48" returned: 0 in 0.758s {{(pid=109551) execute /usr/local/lib/python3.8/dist-packages/oslo_concurrency/processutils.py:422}}
Aug 17 15:07:06.475753 n-d-804708-2 cinder-volume[109551]: INFO cinder.volume.drivers.lvm [None req-bab6e736-30a0-45fc-bada-48e6fd9ae5fc tempest-VolumesExtendTest-896157834 None] Successfully deleted volume: a9b7087c-e04e-4510-a14d-181de02e1e48
Aug 17 15:07:06.519442 n-d-804708-2 cinder-volume[109551]: DEBUG cinder.quota [None req-bab6e736-30a0-45fc-bada-48e6fd9ae5fc tempest-VolumesExtendTest-896157834 None] Created reservations ['6c1bb90f-df07-4b25-8f40-2990da8103b8', '2a6922f3-9950-40fd-ac6b-9cc3ab180baa', 'bd3df566-d2c6-464d-83bc-5aada777fac5', '85f6b5fa-c7cb-43d2-abb3-2897adb9c929'] {{(pid=109551) reserve /opt/stack/cinder/cinder/quota.py:755}}
Aug 17 15:07:06.591655 n-d-804708-2 cinder-volume[109551]: DEBUG cinder.volume.drivers.lvm [None req-bab6e736-30a0-45fc-bada-48e6fd9ae5fc tempest-VolumesExtendTest-896157834 None] Updating volume stats {{(pid=109551) _update_volume_stats /opt/stack/cinder/cinder/volume/drivers/lvm.py:214}}
Aug 17 15:07:06.592379 n-d-804708-2 cinder-volume[109551]: DEBUG oslo_concurrency.processutils [None req-bab6e736-30a0-45fc-bada-48e6fd9ae5fc tempest-VolumesExtendTest-896157834 None] Running cmd (subprocess): sudo cinder-rootwrap /etc/cinder/rootwrap.conf env LC_ALL=C vgs --noheadings --unit=g -o name,size,free,lv_count,uuid --separator : --nosuffix stack-volumes-lvmdriver-1 {{(pid=109551) execute /usr/local/lib/python3.8/dist-packages/oslo_concurrency/processutils.py:384}}
Aug 17 15:07:06.613907 n-d-804708-2 sudo[145544]: ubuntu : TTY=unknown ; PWD=/ ; USER=root ; COMMAND=/usr/local/bin/cinder-rootwrap /etc/cinder/rootwrap.conf env LC_ALL=C vgs --noheadings --unit=g -o name,size,free,lv_count,uuid --separator : --nosuffix stack-volumes-lvmdriver-1
Aug 17 15:07:06.614922 n-d-804708-2 sudo[145544]: pam_unix(sudo:session): session opened for user root by (uid=0)
Aug 17 15:07:06.703829 n-d-804708-2 cinder-volume[109551]: DEBUG cinder.coordination [None req-5f950790-7e99-4fcf-ad78-c57c5f3e7183 tempest-VolumesExtendTest-896157834 None] Lock "b'cinder-3dfd53e1-40f0-4247-bbf3-09d931ae043c-delete_volume'" acquired by "delete_volume" :: waited 0.017s {{(pid=109551) _synchronized /opt/stack/cinder/cinder/coordination.py:181}}
Aug 17 15:07:06.766229 n-d-804708-2 cinder-volume[109551]: INFO cinder.volume.targets.iscsi [None req-5f950790-7e99-4fcf-ad78-c57c5f3e7183 tempest-VolumesExtendTest-896157834 None] Skipping remove_export. No iscsi_target is presently exported for volume: 3dfd53e1-40f0-4247-bbf3-09d931ae043c
Aug 17 15:07:06.768318 n-d-804708-2 cinder-volume[109551]: DEBUG oslo_concurrency.processutils [None req-5f950790-7e99-4fcf-ad78-c57c5f3e7183 tempest-VolumesExtendTest-896157834 None] Running cmd (subprocess): sudo cinder-rootwrap /etc/cinder/rootwrap.conf env LC_ALL=C lvs --noheadings --unit=g -o vg_name,name,size --nosuffix --readonly stack-volumes-lvmdriver-1/volume-3dfd53e1-40f0-4247-bbf3-09d931ae043c {{(pid=109551) execute /usr/local/lib/python3.8/dist-packages/oslo_concurrency/processutils.py:384}}
Aug 17 15:07:06.824682 n-d-804708-2 sudo[145546]: ubuntu : TTY=unknown ; PWD=/ ; USER=root ; COMMAND=/usr/local/bin/cinder-rootwrap /etc/cinder/rootwrap.conf env LC_ALL=C lvs --noheadings --unit=g -o vg_name,name,size --nosuffix --readonly stack-volumes-lvmdriver-1/volume-3dfd53e1-40f0-4247-bbf3-09d931ae043c
Aug 17 15:07:06.826178 n-d-804708-2 sudo[145546]: pam_unix(sudo:session): session opened for user root by (uid=0)
Aug 17 15:07:07.300449 n-d-804708-2 sudo[145544]: pam_unix(sudo:session): session closed for user root
Aug 17 15:07:07.305987 n-d-804708-2 cinder-volume[109551]: DEBUG oslo_concurrency.processutils [None req-bab6e736-30a0-45fc-bada-48e6fd9ae5fc tempest-VolumesExtendTest-896157834 None] CMD "sudo cinder-rootwrap /etc/cinder/rootwrap.conf env LC_ALL=C vgs --noheadings --unit=g -o name,size,free,lv_count,uuid --separator : --nosuffix stack-volumes-lvmdriver-1" returned: 0 in 0.710s {{(pid=109551) execute /usr/local/lib/python3.8/dist-packages/oslo_concurrency/processutils.py:422}}
Aug 17 15:07:07.308217 n-d-804708-2 cinder-volume[109551]: DEBUG oslo_concurrency.processutils [None req-bab6e736-30a0-45fc-bada-48e6fd9ae5fc tempest-VolumesExtendTest-896157834 None] Running cmd (subprocess): sudo cinder-rootwrap /etc/cinder/rootwrap.conf env LC_ALL=C lvs --noheadings --unit=g -o vg_name,name,size --nosuffix --readonly stack-volumes-lvmdriver-1 {{(pid=109551) execute /usr/local/lib/python3.8/dist-packages/oslo_concurrency/processutils.py:384}}
Aug 17 15:07:07.332042 n-d-804708-2 sudo[145553]: ubuntu : TTY=unknown ; PWD=/ ; USER=root ; COMMAND=/usr/local/bin/cinder-rootwrap /etc/cinder/rootwrap.conf env LC_ALL=C lvs --noheadings --unit=g -o vg_name,name,size --nosuffix --readonly stack-volumes-lvmdriver-1
Aug 17 15:07:07.333396 n-d-804708-2 sudo[145553]: pam_unix(sudo:session): session opened for user root by (uid=0)
Aug 17 15:07:07.651330 n-d-804708-2 sudo[145546]: pam_unix(sudo:session): session closed for user root
Aug 17 15:07:07.658289 n-d-804708-2 cinder-volume[109551]: DEBUG oslo_concurrency.processutils [None req-5f950790-7e99-4fcf-ad78-c57c5f3e7183 tempest-VolumesExtendTest-896157834 None] CMD "sudo cinder-rootwrap /etc/cinder/rootwrap.conf env LC_ALL=C lvs --noheadings --unit=g -o vg_name,name,size --nosuffix --readonly stack-volumes-lvmdriver-1/volume-3dfd53e1-40f0-4247-bbf3-09d931ae043c" returned: 0 in 0.885s {{(pid=109551) execute /usr/local/lib/python3.8/dist-packages/oslo_concurrency/processutils.py:422}}
Aug 17 15:07:07.661567 n-d-804708-2 cinder-volume[109551]: DEBUG oslo_concurrency.processutils [None req-5f950790-7e99-4fcf-ad78-c57c5f3e7183 tempest-VolumesExtendTest-896157834 None] Running cmd (subprocess): sudo cinder-rootwrap /etc/cinder/rootwrap.conf env LC_ALL=C lvdisplay --noheading -C -o Attr --readonly stack-volumes-lvmdriver-1/volume-3dfd53e1-40f0-4247-bbf3-09d931ae043c {{(pid=109551) execute /usr/local/lib/python3.8/dist-packages/oslo_concurrency/processutils.py:384}}
Aug 17 15:07:07.690622 n-d-804708-2 sudo[145560]: ubuntu : TTY=unknown ; PWD=/ ; USER=root ; COMMAND=/usr/local/bin/cinder-rootwrap /etc/cinder/rootwrap.conf env LC_ALL=C lvdisplay --noheading -C -o Attr --readonly stack-volumes-lvmdriver-1/volume-3dfd53e1-40f0-4247-bbf3-09d931ae043c
Aug 17 15:07:07.691989 n-d-804708-2 sudo[145560]: pam_unix(sudo:session): session opened for user root by (uid=0)
Aug 17 15:07:07.911784 n-d-804708-2 sudo[145553]: pam_unix(sudo:session): session closed for user root
Aug 17 15:07:07.914088 n-d-804708-2 cinder-volume[109551]: DEBUG oslo_concurrency.processutils [None req-bab6e736-30a0-45fc-bada-48e6fd9ae5fc tempest-VolumesExtendTest-896157834 None] CMD "sudo cinder-rootwrap /etc/cinder/rootwrap.conf env LC_ALL=C lvs --noheadings --unit=g -o vg_name,name,size --nosuffix --readonly stack-volumes-lvmdriver-1" returned: 0 in 0.605s {{(pid=109551) execute /usr/local/lib/python3.8/dist-packages/oslo_concurrency/processutils.py:422}}
Aug 17 15:07:07.916098 n-d-804708-2 cinder-volume[109551]: DEBUG cinder.manager [None req-bab6e736-30a0-45fc-bada-48e6fd9ae5fc tempest-VolumesExtendTest-896157834 None] Notifying Schedulers of capabilities ... {{(pid=109551) _publish_service_capabilities /opt/stack/cinder/cinder/manager.py:197}}
Aug 17 15:07:07.921710 n-d-804708-2 cinder-volume[109551]: INFO cinder.volume.manager [None req-bab6e736-30a0-45fc-bada-48e6fd9ae5fc tempest-VolumesExtendTest-896157834 None] Deleted volume successfully.
Aug 17 15:07:07.956815 n-d-804708-2 cinder-volume[109551]: DEBUG cinder.coordination [None req-bab6e736-30a0-45fc-bada-48e6fd9ae5fc tempest-VolumesExtendTest-896157834 None] Lock "b'cinder-a9b7087c-e04e-4510-a14d-181de02e1e48-delete_volume'" released by "delete_volume" :: held 3.627s {{(pid=109551) _synchronized /opt/stack/cinder/cinder/coordination.py:193}}
Aug 17 15:07:08.313776 n-d-804708-2 sudo[145560]: pam_unix(sudo:session): session closed for user root
Aug 17 15:07:08.315790 n-d-804708-2 cinder-volume[109551]: DEBUG oslo_concurrency.processutils [None req-5f950790-7e99-4fcf-ad78-c57c5f3e7183 tempest-VolumesExtendTest-896157834 None] CMD "sudo cinder-rootwrap /etc/cinder/rootwrap.conf env LC_ALL=C lvdisplay --noheading -C -o Attr --readonly stack-volumes-lvmdriver-1/volume-3dfd53e1-40f0-4247-bbf3-09d931ae043c" returned: 0 in 0.654s {{(pid=109551) execute /usr/local/lib/python3.8/dist-packages/oslo_concurrency/processutils.py:422}}
Aug 17 15:07:08.317864 n-d-804708-2 cinder-volume[109551]: DEBUG oslo_concurrency.processutils [None req-5f950790-7e99-4fcf-ad78-c57c5f3e7183 tempest-VolumesExtendTest-896157834 None] Running cmd (subprocess): sudo cinder-rootwrap /etc/cinder/rootwrap.conf lvremove --config activation { retry_deactivation = 1} -f stack-volumes-lvmdriver-1/volume-3dfd53e1-40f0-4247-bbf3-09d931ae043c {{(pid=109551) execute /usr/local/lib/python3.8/dist-packages/oslo_concurrency/processutils.py:384}}
Aug 17 15:07:08.353612 n-d-804708-2 sudo[145569]: ubuntu : TTY=unknown ; PWD=/ ; USER=root ; COMMAND=/usr/local/bin/cinder-rootwrap /etc/cinder/rootwrap.conf lvremove --config activation { retry_deactivation = 1} -f stack-volumes-lvmdriver-1/volume-3dfd53e1-40f0-4247-bbf3-09d931ae043c
Aug 17 15:07:08.355346 n-d-804708-2 sudo[145569]: pam_unix(sudo:session): session opened for user root by (uid=0)
Aug 17 15:07:08.894776 n-d-804708-2 sudo[145569]: pam_unix(sudo:session): session closed for user root
Aug 17 15:07:08.899262 n-d-804708-2 cinder-volume[109551]: DEBUG oslo_concurrency.processutils [None req-5f950790-7e99-4fcf-ad78-c57c5f3e7183 tempest-VolumesExtendTest-896157834 None] CMD "sudo cinder-rootwrap /etc/cinder/rootwrap.conf lvremove --config activation { retry_deactivation = 1} -f stack-volumes-lvmdriver-1/volume-3dfd53e1-40f0-4247-bbf3-09d931ae043c" returned: 0 in 0.581s {{(pid=109551) execute /usr/local/lib/python3.8/dist-packages/oslo_concurrency/processutils.py:422}}
Aug 17 15:07:08.901533 n-d-804708-2 cinder-volume[109551]: INFO cinder.volume.drivers.lvm [None req-5f950790-7e99-4fcf-ad78-c57c5f3e7183 tempest-VolumesExtendTest-896157834 None] Successfully deleted volume: 3dfd53e1-40f0-4247-bbf3-09d931ae043c
Aug 17 15:07:08.955094 n-d-804708-2 cinder-volume[109551]: DEBUG cinder.quota [None req-5f950790-7e99-4fcf-ad78-c57c5f3e7183 tempest-VolumesExtendTest-896157834 None] Created reservations ['cf17c2f3-5250-4f12-8d42-662a2f94b140', '4bb9e2b9-eef1-4b8f-8d2c-3e36af62fff3', '58b58e40-3baf-493f-a033-788609fce8c2', 'eddef9cc-c18e-4c0e-9eb9-fa51da8a583a'] {{(pid=109551) reserve /opt/stack/cinder/cinder/quota.py:755}}
Aug 17 15:07:09.020933 n-d-804708-2 cinder-volume[109551]: DEBUG cinder.volume.drivers.lvm [None req-5f950790-7e99-4fcf-ad78-c57c5f3e7183 tempest-VolumesExtendTest-896157834 None] Updating volume stats {{(pid=109551) _update_volume_stats /opt/stack/cinder/cinder/volume/drivers/lvm.py:214}}
Aug 17 15:07:09.021810 n-d-804708-2 cinder-volume[109551]: DEBUG oslo_concurrency.processutils [None req-5f950790-7e99-4fcf-ad78-c57c5f3e7183 tempest-VolumesExtendTest-896157834 None] Running cmd (subprocess): sudo cinder-rootwrap /etc/cinder/rootwrap.conf env LC_ALL=C vgs --noheadings --unit=g -o name,size,free,lv_count,uuid --separator : --nosuffix stack-volumes-lvmdriver-1 {{(pid=109551) execute /usr/local/lib/python3.8/dist-packages/oslo_concurrency/processutils.py:384}}
Aug 17 15:07:09.048502 n-d-804708-2 sudo[145578]: ubuntu : TTY=unknown ; PWD=/ ; USER=root ; COMMAND=/usr/local/bin/cinder-rootwrap /etc/cinder/rootwrap.conf env LC_ALL=C vgs --noheadings --unit=g -o name,size,free,lv_count,uuid --separator : --nosuffix stack-volumes-lvmdriver-1
Aug 17 15:07:09.049383 n-d-804708-2 sudo[145578]: pam_unix(sudo:session): session opened for user root by (uid=0)
Aug 17 15:07:09.610520 n-d-804708-2 sudo[145578]: pam_unix(sudo:session): session closed for user root
Aug 17 15:07:09.613740 n-d-804708-2 cinder-volume[109551]: DEBUG oslo_concurrency.processutils [None req-5f950790-7e99-4fcf-ad78-c57c5f3e7183 tempest-VolumesExtendTest-896157834 None] CMD "sudo cinder-rootwrap /etc/cinder/rootwrap.conf env LC_ALL=C vgs --noheadings --unit=g -o name,size,free,lv_count,uuid --separator : --nosuffix stack-volumes-lvmdriver-1" returned: 0 in 0.591s {{(pid=109551) execute /usr/local/lib/python3.8/dist-packages/oslo_concurrency/processutils.py:422}}
Aug 17 15:07:09.618938 n-d-804708-2 cinder-volume[109551]: DEBUG oslo_concurrency.processutils [None req-5f950790-7e99-4fcf-ad78-c57c5f3e7183 tempest-VolumesExtendTest-896157834 None] Running cmd (subprocess): sudo cinder-rootwrap /etc/cinder/rootwrap.conf env LC_ALL=C lvs --noheadings --unit=g -o vg_name,name,size --nosuffix --readonly stack-volumes-lvmdriver-1 {{(pid=109551) execute /usr/local/lib/python3.8/dist-packages/oslo_concurrency/processutils.py:384}}
Aug 17 15:07:09.655660 n-d-804708-2 sudo[145581]: ubuntu : TTY=unknown ; PWD=/ ; USER=root ; COMMAND=/usr/local/bin/cinder-rootwrap /etc/cinder/rootwrap.conf env LC_ALL=C lvs --noheadings --unit=g -o vg_name,name,size --nosuffix --readonly stack-volumes-lvmdriver-1
Aug 17 15:07:09.656504 n-d-804708-2 sudo[145581]: pam_unix(sudo:session): session opened for user root by (uid=0)
Aug 17 15:07:10.346669 n-d-804708-2 sudo[145581]: pam_unix(sudo:session): session closed for user root
Aug 17 15:07:10.350100 n-d-804708-2 cinder-volume[109551]: DEBUG oslo_concurrency.processutils [None req-5f950790-7e99-4fcf-ad78-c57c5f3e7183 tempest-VolumesExtendTest-896157834 None] CMD "sudo cinder-rootwrap /etc/cinder/rootwrap.conf env LC_ALL=C lvs --noheadings --unit=g -o vg_name,name,size --nosuffix --readonly stack-volumes-lvmdriver-1" returned: 0 in 0.730s {{(pid=109551) execute /usr/local/lib/python3.8/dist-packages/oslo_concurrency/processutils.py:422}}
