Aug 17 19:02:36.448457 n-d-804303-3 cinder-volume[119850]: DEBUG oslo_concurrency.processutils [req-2f3d77f8-151c-4db2-a52a-89e11165d0a2 req-492c7597-78b6-4131-9238-e62d441f15de tempest-TaggedBootDevicesTest_v242-1474283935 None] CMD "sudo cinder-rootwrap /etc/cinder/rootwrap.conf cinder-rtstool save" returned: 0 in 1.154s {{(pid=119850) execute /usr/local/lib/python3.8/dist-packages/oslo_concurrency/processutils.py:422}}
Aug 17 19:02:36.449432 n-d-804303-3 cinder-volume[119850]: DEBUG oslo_concurrency.lockutils [req-2f3d77f8-151c-4db2-a52a-89e11165d0a2 req-492c7597-78b6-4131-9238-e62d441f15de tempest-TaggedBootDevicesTest_v242-1474283935 None] Lock "lioadm" released by "cinder.volume.targets.lio.LioAdm._execute" :: held 1.156s {{(pid=119850) inner /usr/local/lib/python3.8/dist-packages/oslo_concurrency/lockutils.py:367}}
Aug 17 19:02:36.564772 n-d-804303-3 cinder-volume[119850]: INFO cinder.volume.manager [req-2f3d77f8-151c-4db2-a52a-89e11165d0a2 req-492c7597-78b6-4131-9238-e62d441f15de tempest-TaggedBootDevicesTest_v242-1474283935 None] attachment_update completed successfully.
Aug 17 19:02:37.022117 n-d-804303-3 cinder-volume[119850]: DEBUG oslo_concurrency.processutils [req-2f3d77f8-151c-4db2-a52a-89e11165d0a2 req-6e4ee137-a3e0-42d3-99ec-f614b8de81ee tempest-TaggedBootDevicesTest_v242-1474283935 None] Running cmd (subprocess): sudo cinder-rootwrap /etc/cinder/rootwrap.conf lvchange -a y --yes -K stack-volumes-lvmdriver-1/volume-aa110703-a996-4909-88a4-ea89bacf999b {{(pid=119850) execute /usr/local/lib/python3.8/dist-packages/oslo_concurrency/processutils.py:384}}
Aug 17 19:02:37.047124 n-d-804303-3 sudo[143142]: ubuntu : TTY=unknown ; PWD=/ ; USER=root ; COMMAND=/usr/local/bin/cinder-rootwrap /etc/cinder/rootwrap.conf lvchange -a y --yes -K stack-volumes-lvmdriver-1/volume-aa110703-a996-4909-88a4-ea89bacf999b
Aug 17 19:02:37.048673 n-d-804303-3 sudo[143142]: pam_unix(sudo:session): session opened for user root by (uid=0)
Aug 17 19:02:37.746317 n-d-804303-3 sudo[143142]: pam_unix(sudo:session): session closed for user root
Aug 17 19:02:37.749157 n-d-804303-3 cinder-volume[119850]: DEBUG oslo_concurrency.processutils [req-2f3d77f8-151c-4db2-a52a-89e11165d0a2 req-6e4ee137-a3e0-42d3-99ec-f614b8de81ee tempest-TaggedBootDevicesTest_v242-1474283935 None] CMD "sudo cinder-rootwrap /etc/cinder/rootwrap.conf lvchange -a y --yes -K stack-volumes-lvmdriver-1/volume-aa110703-a996-4909-88a4-ea89bacf999b" returned: 0 in 0.727s {{(pid=119850) execute /usr/local/lib/python3.8/dist-packages/oslo_concurrency/processutils.py:422}}
Aug 17 19:02:37.786410 n-d-804303-3 cinder-volume[119850]: INFO cinder.volume.targets.lio [req-2f3d77f8-151c-4db2-a52a-89e11165d0a2 req-6e4ee137-a3e0-42d3-99ec-f614b8de81ee tempest-TaggedBootDevicesTest_v242-1474283935 None] Creating iscsi_target for volume: volume-aa110703-a996-4909-88a4-ea89bacf999b
Aug 17 19:02:37.787594 n-d-804303-3 cinder-volume[119850]: DEBUG oslo_concurrency.lockutils [req-2f3d77f8-151c-4db2-a52a-89e11165d0a2 req-6e4ee137-a3e0-42d3-99ec-f614b8de81ee tempest-TaggedBootDevicesTest_v242-1474283935 None] Lock "lioadm" acquired by "cinder.volume.targets.lio.LioAdm._execute" :: waited 0.000s {{(pid=119850) inner /usr/local/lib/python3.8/dist-packages/oslo_concurrency/lockutils.py:355}}
Aug 17 19:02:37.790225 n-d-804303-3 cinder-volume[119850]: DEBUG oslo_concurrency.processutils [req-2f3d77f8-151c-4db2-a52a-89e11165d0a2 req-6e4ee137-a3e0-42d3-99ec-f614b8de81ee tempest-TaggedBootDevicesTest_v242-1474283935 None] Running cmd (subprocess): sudo cinder-rootwrap /etc/cinder/rootwrap.conf cinder-rtstool create /dev/stack-volumes-lvmdriver-1/volume-aa110703-a996-4909-88a4-ea89bacf999b iqn.2010-10.org.openstack:volume-aa110703-a996-4909-88a4-ea89bacf999b qVCWBhN92DvFN22yNq2o hYobjMMVV3XNoN9T False -p3260 -a10.222.0.22 {{(pid=119850) execute /usr/local/lib/python3.8/dist-packages/oslo_concurrency/processutils.py:384}}
Aug 17 19:02:37.845476 n-d-804303-3 sudo[143172]: ubuntu : TTY=unknown ; PWD=/ ; USER=root ; COMMAND=/usr/local/bin/cinder-rootwrap /etc/cinder/rootwrap.conf cinder-rtstool create /dev/stack-volumes-lvmdriver-1/volume-aa110703-a996-4909-88a4-ea89bacf999b iqn.2010-10.org.openstack:volume-aa110703-a996-4909-88a4-ea89bacf999b qVCWBhN92DvFN22yNq2o hYobjMMVV3XNoN9T False -p3260 -a10.222.0.22
Aug 17 19:02:37.846934 n-d-804303-3 sudo[143172]: pam_unix(sudo:session): session opened for user root by (uid=0)
Aug 17 19:02:38.705071 n-d-804303-3 sudo[143172]: pam_unix(sudo:session): session closed for user root
Aug 17 19:02:38.708070 n-d-804303-3 cinder-volume[119850]: DEBUG oslo_concurrency.processutils [req-2f3d77f8-151c-4db2-a52a-89e11165d0a2 req-6e4ee137-a3e0-42d3-99ec-f614b8de81ee tempest-TaggedBootDevicesTest_v242-1474283935 None] CMD "sudo cinder-rootwrap /etc/cinder/rootwrap.conf cinder-rtstool create /dev/stack-volumes-lvmdriver-1/volume-aa110703-a996-4909-88a4-ea89bacf999b iqn.2010-10.org.openstack:volume-aa110703-a996-4909-88a4-ea89bacf999b qVCWBhN92DvFN22yNq2o hYobjMMVV3XNoN9T False -p3260 -a10.222.0.22" returned: 0 in 0.917s {{(pid=119850) execute /usr/local/lib/python3.8/dist-packages/oslo_concurrency/processutils.py:422}}
Aug 17 19:02:38.709384 n-d-804303-3 cinder-volume[119850]: DEBUG oslo_concurrency.lockutils [req-2f3d77f8-151c-4db2-a52a-89e11165d0a2 req-6e4ee137-a3e0-42d3-99ec-f614b8de81ee tempest-TaggedBootDevicesTest_v242-1474283935 None] Lock "lioadm" released by "cinder.volume.targets.lio.LioAdm._execute" :: held 0.922s {{(pid=119850) inner /usr/local/lib/python3.8/dist-packages/oslo_concurrency/lockutils.py:367}}
Aug 17 19:02:38.710637 n-d-804303-3 cinder-volume[119850]: DEBUG oslo_concurrency.lockutils [req-2f3d77f8-151c-4db2-a52a-89e11165d0a2 req-6e4ee137-a3e0-42d3-99ec-f614b8de81ee tempest-TaggedBootDevicesTest_v242-1474283935 None] Lock "lioadm" acquired by "cinder.volume.targets.lio.LioAdm._execute" :: waited 0.000s {{(pid=119850) inner /usr/local/lib/python3.8/dist-packages/oslo_concurrency/lockutils.py:355}}
Aug 17 19:02:38.712130 n-d-804303-3 cinder-volume[119850]: DEBUG oslo_concurrency.processutils [req-2f3d77f8-151c-4db2-a52a-89e11165d0a2 req-6e4ee137-a3e0-42d3-99ec-f614b8de81ee tempest-TaggedBootDevicesTest_v242-1474283935 None] Running cmd (subprocess): sudo cinder-rootwrap /etc/cinder/rootwrap.conf cinder-rtstool get-targets {{(pid=119850) execute /usr/local/lib/python3.8/dist-packages/oslo_concurrency/processutils.py:384}}
Aug 17 19:02:38.736830 n-d-804303-3 sudo[143192]: ubuntu : TTY=unknown ; PWD=/ ; USER=root ; COMMAND=/usr/local/bin/cinder-rootwrap /etc/cinder/rootwrap.conf cinder-rtstool get-targets
Aug 17 19:02:38.738364 n-d-804303-3 sudo[143192]: pam_unix(sudo:session): session opened for user root by (uid=0)
Aug 17 19:02:39.887966 n-d-804303-3 sudo[143192]: pam_unix(sudo:session): session closed for user root
Aug 17 19:02:39.890716 n-d-804303-3 cinder-volume[119850]: DEBUG oslo_concurrency.processutils [req-2f3d77f8-151c-4db2-a52a-89e11165d0a2 req-6e4ee137-a3e0-42d3-99ec-f614b8de81ee tempest-TaggedBootDevicesTest_v242-1474283935 None] CMD "sudo cinder-rootwrap /etc/cinder/rootwrap.conf cinder-rtstool get-targets" returned: 0 in 1.179s {{(pid=119850) execute /usr/local/lib/python3.8/dist-packages/oslo_concurrency/processutils.py:422}}
Aug 17 19:02:39.892339 n-d-804303-3 cinder-volume[119850]: DEBUG oslo_concurrency.lockutils [req-2f3d77f8-151c-4db2-a52a-89e11165d0a2 req-6e4ee137-a3e0-42d3-99ec-f614b8de81ee tempest-TaggedBootDevicesTest_v242-1474283935 None] Lock "lioadm" released by "cinder.volume.targets.lio.LioAdm._execute" :: held 1.181s {{(pid=119850) inner /usr/local/lib/python3.8/dist-packages/oslo_concurrency/lockutils.py:367}}
Aug 17 19:02:39.893286 n-d-804303-3 cinder-volume[119850]: DEBUG oslo_concurrency.lockutils [req-2f3d77f8-151c-4db2-a52a-89e11165d0a2 req-6e4ee137-a3e0-42d3-99ec-f614b8de81ee tempest-TaggedBootDevicesTest_v242-1474283935 None] Lock "lioadm" acquired by "cinder.volume.targets.lio.LioAdm._execute" :: waited 0.000s {{(pid=119850) inner /usr/local/lib/python3.8/dist-packages/oslo_concurrency/lockutils.py:355}}
Aug 17 19:02:39.894190 n-d-804303-3 cinder-volume[119850]: DEBUG oslo_concurrency.processutils [req-2f3d77f8-151c-4db2-a52a-89e11165d0a2 req-6e4ee137-a3e0-42d3-99ec-f614b8de81ee tempest-TaggedBootDevicesTest_v242-1474283935 None] Running cmd (subprocess): sudo cinder-rootwrap /etc/cinder/rootwrap.conf cinder-rtstool save {{(pid=119850) execute /usr/local/lib/python3.8/dist-packages/oslo_concurrency/processutils.py:384}}
Aug 17 19:02:40.008333 n-d-804303-3 sudo[143214]: ubuntu : TTY=unknown ; PWD=/ ; USER=root ; COMMAND=/usr/local/bin/cinder-rootwrap /etc/cinder/rootwrap.conf cinder-rtstool save
Aug 17 19:02:40.009206 n-d-804303-3 sudo[143214]: pam_unix(sudo:session): session opened for user root by (uid=0)
Aug 17 19:02:41.695598 n-d-804303-3 sudo[143214]: pam_unix(sudo:session): session closed for user root
Aug 17 19:02:41.698886 n-d-804303-3 cinder-volume[119850]: DEBUG oslo_concurrency.processutils [req-2f3d77f8-151c-4db2-a52a-89e11165d0a2 req-6e4ee137-a3e0-42d3-99ec-f614b8de81ee tempest-TaggedBootDevicesTest_v242-1474283935 None] CMD "sudo cinder-rootwrap /etc/cinder/rootwrap.conf cinder-rtstool save" returned: 0 in 1.804s {{(pid=119850) execute /usr/local/lib/python3.8/dist-packages/oslo_concurrency/processutils.py:422}}
Aug 17 19:02:41.699652 n-d-804303-3 cinder-volume[119850]: DEBUG oslo_concurrency.lockutils [req-2f3d77f8-151c-4db2-a52a-89e11165d0a2 req-6e4ee137-a3e0-42d3-99ec-f614b8de81ee tempest-TaggedBootDevicesTest_v242-1474283935 None] Lock "lioadm" released by "cinder.volume.targets.lio.LioAdm._execute" :: held 1.806s {{(pid=119850) inner /usr/local/lib/python3.8/dist-packages/oslo_concurrency/lockutils.py:367}}
Aug 17 19:02:41.700274 n-d-804303-3 cinder-volume[119850]: DEBUG cinder.volume.targets.iscsi [req-2f3d77f8-151c-4db2-a52a-89e11165d0a2 req-6e4ee137-a3e0-42d3-99ec-f614b8de81ee tempest-TaggedBootDevicesTest_v242-1474283935 None] Set provider_location to: 10.222.0.22:3260,iqn.2010-10.org.openstack:volume-aa110703-a996-4909-88a4-ea89bacf999b iqn.2010-10.org.openstack:volume-aa110703-a996-4909-88a4-ea89bacf999b 0 {{(pid=119850) create_export /opt/stack/cinder/cinder/volume/targets/iscsi.py:204}}
Aug 17 19:02:41.721018 n-d-804303-3 cinder-volume[119850]: DEBUG oslo_concurrency.lockutils [req-2f3d77f8-151c-4db2-a52a-89e11165d0a2 req-6e4ee137-a3e0-42d3-99ec-f614b8de81ee tempest-TaggedBootDevicesTest_v242-1474283935 None] Lock "lioadm" acquired by "cinder.volume.targets.lio.LioAdm._execute" :: waited 0.001s {{(pid=119850) inner /usr/local/lib/python3.8/dist-packages/oslo_concurrency/lockutils.py:355}}
Aug 17 19:02:41.722392 n-d-804303-3 cinder-volume[119850]: DEBUG oslo_concurrency.processutils [req-2f3d77f8-151c-4db2-a52a-89e11165d0a2 req-6e4ee137-a3e0-42d3-99ec-f614b8de81ee tempest-TaggedBootDevicesTest_v242-1474283935 None] Running cmd (subprocess): sudo cinder-rootwrap /etc/cinder/rootwrap.conf cinder-rtstool add-initiator iqn.2010-10.org.openstack:volume-aa110703-a996-4909-88a4-ea89bacf999b qVCWBhN92DvFN22yNq2o hYobjMMVV3XNoN9T iqn.1991-05.com.microsoft:n-h1-804303-3.cbci-804303-3.local {{(pid=119850) execute /usr/local/lib/python3.8/dist-packages/oslo_concurrency/processutils.py:384}}
Aug 17 19:02:41.800480 n-d-804303-3 sudo[143269]: ubuntu : TTY=unknown ; PWD=/ ; USER=root ; COMMAND=/usr/local/bin/cinder-rootwrap /etc/cinder/rootwrap.conf cinder-rtstool add-initiator iqn.2010-10.org.openstack:volume-aa110703-a996-4909-88a4-ea89bacf999b qVCWBhN92DvFN22yNq2o hYobjMMVV3XNoN9T iqn.1991-05.com.microsoft:n-h1-804303-3.cbci-804303-3.local
Aug 17 19:02:41.807859 n-d-804303-3 sudo[143269]: pam_unix(sudo:session): session opened for user root by (uid=0)
Aug 17 19:02:43.427526 n-d-804303-3 sudo[143269]: pam_unix(sudo:session): session closed for user root
Aug 17 19:02:43.431833 n-d-804303-3 cinder-volume[119850]: DEBUG oslo_concurrency.processutils [req-2f3d77f8-151c-4db2-a52a-89e11165d0a2 req-6e4ee137-a3e0-42d3-99ec-f614b8de81ee tempest-TaggedBootDevicesTest_v242-1474283935 None] CMD "sudo cinder-rootwrap /etc/cinder/rootwrap.conf cinder-rtstool add-initiator iqn.2010-10.org.openstack:volume-aa110703-a996-4909-88a4-ea89bacf999b qVCWBhN92DvFN22yNq2o hYobjMMVV3XNoN9T iqn.1991-05.com.microsoft:n-h1-804303-3.cbci-804303-3.local" returned: 0 in 1.708s {{(pid=119850) execute /usr/local/lib/python3.8/dist-packages/oslo_concurrency/processutils.py:422}}
Aug 17 19:02:43.433536 n-d-804303-3 cinder-volume[119850]: DEBUG oslo_concurrency.lockutils [req-2f3d77f8-151c-4db2-a52a-89e11165d0a2 req-6e4ee137-a3e0-42d3-99ec-f614b8de81ee tempest-TaggedBootDevicesTest_v242-1474283935 None] Lock "lioadm" released by "cinder.volume.targets.lio.LioAdm._execute" :: held 1.713s {{(pid=119850) inner /usr/local/lib/python3.8/dist-packages/oslo_concurrency/lockutils.py:367}}
Aug 17 19:02:43.434566 n-d-804303-3 cinder-volume[119850]: DEBUG oslo_concurrency.lockutils [req-2f3d77f8-151c-4db2-a52a-89e11165d0a2 req-6e4ee137-a3e0-42d3-99ec-f614b8de81ee tempest-TaggedBootDevicesTest_v242-1474283935 None] Lock "lioadm" acquired by "cinder.volume.targets.lio.LioAdm._execute" :: waited 0.000s {{(pid=119850) inner /usr/local/lib/python3.8/dist-packages/oslo_concurrency/lockutils.py:355}}
Aug 17 19:02:43.435679 n-d-804303-3 cinder-volume[119850]: DEBUG oslo_concurrency.processutils [req-2f3d77f8-151c-4db2-a52a-89e11165d0a2 req-6e4ee137-a3e0-42d3-99ec-f614b8de81ee tempest-TaggedBootDevicesTest_v242-1474283935 None] Running cmd (subprocess): sudo cinder-rootwrap /etc/cinder/rootwrap.conf cinder-rtstool save {{(pid=119850) execute /usr/local/lib/python3.8/dist-packages/oslo_concurrency/processutils.py:384}}
Aug 17 19:02:43.511347 n-d-804303-3 sudo[143329]: ubuntu : TTY=unknown ; PWD=/ ; USER=root ; COMMAND=/usr/local/bin/cinder-rootwrap /etc/cinder/rootwrap.conf cinder-rtstool save
Aug 17 19:02:43.513046 n-d-804303-3 sudo[143329]: pam_unix(sudo:session): session opened for user root by (uid=0)
Aug 17 19:02:44.966490 n-d-804303-3 cinder-volume[119850]: DEBUG cinder.volume.driver [None req-eca5374b-c5fc-428f-a21e-349a1d983249 tempest-VolumesBackupsTest-1519879234 None] Creating a new backup for volume volume-75b2782d-2ad3-4f99-88f4-5fcb6c139e6d. {{(pid=119850) _get_backup_volume_temp_volume /opt/stack/cinder/cinder/volume/driver.py:1225}}
Aug 17 19:02:45.004403 n-d-804303-3 cinder-volume[119850]: INFO cinder.volume.drivers.lvm [None req-eca5374b-c5fc-428f-a21e-349a1d983249 tempest-VolumesBackupsTest-1519879234 None] Creating clone of volume: 75b2782d-2ad3-4f99-88f4-5fcb6c139e6d
Aug 17 19:02:45.006112 n-d-804303-3 cinder-volume[119850]: DEBUG oslo_concurrency.processutils [None req-eca5374b-c5fc-428f-a21e-349a1d983249 tempest-VolumesBackupsTest-1519879234 None] Running cmd (subprocess): sudo cinder-rootwrap /etc/cinder/rootwrap.conf env LC_ALL=C lvs --noheadings --unit=g -o vg_name,name,size --nosuffix --readonly stack-volumes-lvmdriver-1/volume-75b2782d-2ad3-4f99-88f4-5fcb6c139e6d {{(pid=119850) execute /usr/local/lib/python3.8/dist-packages/oslo_concurrency/processutils.py:384}}
Aug 17 19:02:45.031876 n-d-804303-3 sudo[143388]: ubuntu : TTY=unknown ; PWD=/ ; USER=root ; COMMAND=/usr/local/bin/cinder-rootwrap /etc/cinder/rootwrap.conf env LC_ALL=C lvs --noheadings --unit=g -o vg_name,name,size --nosuffix --readonly stack-volumes-lvmdriver-1/volume-75b2782d-2ad3-4f99-88f4-5fcb6c139e6d
Aug 17 19:02:45.034344 n-d-804303-3 sudo[143388]: pam_unix(sudo:session): session opened for user root by (uid=0)
Aug 17 19:02:45.107155 n-d-804303-3 sudo[143329]: pam_unix(sudo:session): session closed for user root
Aug 17 19:02:45.116693 n-d-804303-3 cinder-volume[119850]: DEBUG oslo_concurrency.processutils [req-2f3d77f8-151c-4db2-a52a-89e11165d0a2 req-6e4ee137-a3e0-42d3-99ec-f614b8de81ee tempest-TaggedBootDevicesTest_v242-1474283935 None] CMD "sudo cinder-rootwrap /etc/cinder/rootwrap.conf cinder-rtstool save" returned: 0 in 1.675s {{(pid=119850) execute /usr/local/lib/python3.8/dist-packages/oslo_concurrency/processutils.py:422}}
Aug 17 19:02:45.118494 n-d-804303-3 cinder-volume[119850]: DEBUG oslo_concurrency.lockutils [req-2f3d77f8-151c-4db2-a52a-89e11165d0a2 req-6e4ee137-a3e0-42d3-99ec-f614b8de81ee tempest-TaggedBootDevicesTest_v242-1474283935 None] Lock "lioadm" released by "cinder.volume.targets.lio.LioAdm._execute" :: held 1.684s {{(pid=119850) inner /usr/local/lib/python3.8/dist-packages/oslo_concurrency/lockutils.py:367}}
Aug 17 19:02:45.249253 n-d-804303-3 cinder-volume[119850]: INFO cinder.volume.manager [req-2f3d77f8-151c-4db2-a52a-89e11165d0a2 req-6e4ee137-a3e0-42d3-99ec-f614b8de81ee tempest-TaggedBootDevicesTest_v242-1474283935 None] attachment_update completed successfully.
Aug 17 19:02:45.672445 n-d-804303-3 sudo[143388]: pam_unix(sudo:session): session closed for user root
Aug 17 19:02:45.675446 n-d-804303-3 cinder-volume[119850]: DEBUG oslo_concurrency.processutils [None req-eca5374b-c5fc-428f-a21e-349a1d983249 tempest-VolumesBackupsTest-1519879234 None] CMD "sudo cinder-rootwrap /etc/cinder/rootwrap.conf env LC_ALL=C lvs --noheadings --unit=g -o vg_name,name,size --nosuffix --readonly stack-volumes-lvmdriver-1/volume-75b2782d-2ad3-4f99-88f4-5fcb6c139e6d" returned: 0 in 0.669s {{(pid=119850) execute /usr/local/lib/python3.8/dist-packages/oslo_concurrency/processutils.py:422}}
Aug 17 19:02:45.678056 n-d-804303-3 cinder-volume[119850]: DEBUG oslo_concurrency.processutils [None req-eca5374b-c5fc-428f-a21e-349a1d983249 tempest-VolumesBackupsTest-1519879234 None] Running cmd (subprocess): sudo cinder-rootwrap /etc/cinder/rootwrap.conf env LC_ALL=C lvcreate --name clone-snap-e213aa7e-68e2-4854-8a48-48c490cc2c3c --snapshot stack-volumes-lvmdriver-1/volume-75b2782d-2ad3-4f99-88f4-5fcb6c139e6d -L 1.00g {{(pid=119850) execute /usr/local/lib/python3.8/dist-packages/oslo_concurrency/processutils.py:384}}
Aug 17 19:02:45.713921 n-d-804303-3 sudo[143414]: ubuntu : TTY=unknown ; PWD=/ ; USER=root ; COMMAND=/usr/local/bin/cinder-rootwrap /etc/cinder/rootwrap.conf env LC_ALL=C lvcreate --name clone-snap-e213aa7e-68e2-4854-8a48-48c490cc2c3c --snapshot stack-volumes-lvmdriver-1/volume-75b2782d-2ad3-4f99-88f4-5fcb6c139e6d -L 1.00g
Aug 17 19:02:45.716026 n-d-804303-3 sudo[143414]: pam_unix(sudo:session): session opened for user root by (uid=0)
Aug 17 19:02:46.762396 n-d-804303-3 sudo[143414]: pam_unix(sudo:session): session closed for user root
Aug 17 19:02:46.765231 n-d-804303-3 cinder-volume[119850]: DEBUG oslo_concurrency.processutils [None req-eca5374b-c5fc-428f-a21e-349a1d983249 tempest-VolumesBackupsTest-1519879234 None] CMD "sudo cinder-rootwrap /etc/cinder/rootwrap.conf env LC_ALL=C lvcreate --name clone-snap-e213aa7e-68e2-4854-8a48-48c490cc2c3c --snapshot stack-volumes-lvmdriver-1/volume-75b2782d-2ad3-4f99-88f4-5fcb6c139e6d -L 1.00g" returned: 0 in 1.087s {{(pid=119850) execute /usr/local/lib/python3.8/dist-packages/oslo_concurrency/processutils.py:422}}
Aug 17 19:02:46.767248 n-d-804303-3 cinder-volume[119850]: DEBUG oslo_concurrency.processutils [None req-eca5374b-c5fc-428f-a21e-349a1d983249 tempest-VolumesBackupsTest-1519879234 None] Running cmd (subprocess): sudo cinder-rootwrap /etc/cinder/rootwrap.conf env LC_ALL=C lvcreate -n volume-e213aa7e-68e2-4854-8a48-48c490cc2c3c stack-volumes-lvmdriver-1 -L 1g {{(pid=119850) execute /usr/local/lib/python3.8/dist-packages/oslo_concurrency/processutils.py:384}}
Aug 17 19:02:46.805960 n-d-804303-3 sudo[143539]: ubuntu : TTY=unknown ; PWD=/ ; USER=root ; COMMAND=/usr/local/bin/cinder-rootwrap /etc/cinder/rootwrap.conf env LC_ALL=C lvcreate -n volume-e213aa7e-68e2-4854-8a48-48c490cc2c3c stack-volumes-lvmdriver-1 -L 1g
Aug 17 19:02:46.807743 n-d-804303-3 sudo[143539]: pam_unix(sudo:session): session opened for user root by (uid=0)
Aug 17 19:02:47.463943 n-d-804303-3 sudo[143539]: pam_unix(sudo:session): session closed for user root
Aug 17 19:02:47.466384 n-d-804303-3 cinder-volume[119850]: DEBUG oslo_concurrency.processutils [None req-eca5374b-c5fc-428f-a21e-349a1d983249 tempest-VolumesBackupsTest-1519879234 None] CMD "sudo cinder-rootwrap /etc/cinder/rootwrap.conf env LC_ALL=C lvcreate -n volume-e213aa7e-68e2-4854-8a48-48c490cc2c3c stack-volumes-lvmdriver-1 -L 1g" returned: 0 in 0.699s {{(pid=119850) execute /usr/local/lib/python3.8/dist-packages/oslo_concurrency/processutils.py:422}}
Aug 17 19:02:47.468303 n-d-804303-3 cinder-volume[119850]: DEBUG oslo_concurrency.processutils [None req-eca5374b-c5fc-428f-a21e-349a1d983249 tempest-VolumesBackupsTest-1519879234 None] Running cmd (subprocess): sudo cinder-rootwrap /etc/cinder/rootwrap.conf lvchange -a y --yes -K stack-volumes-lvmdriver-1/clone-snap-e213aa7e-68e2-4854-8a48-48c490cc2c3c {{(pid=119850) execute /usr/local/lib/python3.8/dist-packages/oslo_concurrency/processutils.py:384}}
Aug 17 19:02:47.501030 n-d-804303-3 sudo[143595]: ubuntu : TTY=unknown ; PWD=/ ; USER=root ; COMMAND=/usr/local/bin/cinder-rootwrap /etc/cinder/rootwrap.conf lvchange -a y --yes -K stack-volumes-lvmdriver-1/clone-snap-e213aa7e-68e2-4854-8a48-48c490cc2c3c
Aug 17 19:02:47.502566 n-d-804303-3 sudo[143595]: pam_unix(sudo:session): session opened for user root by (uid=0)
Aug 17 19:02:48.214045 n-d-804303-3 sudo[143595]: pam_unix(sudo:session): session closed for user root
Aug 17 19:02:48.216825 n-d-804303-3 cinder-volume[119850]: DEBUG oslo_concurrency.processutils [None req-eca5374b-c5fc-428f-a21e-349a1d983249 tempest-VolumesBackupsTest-1519879234 None] CMD "sudo cinder-rootwrap /etc/cinder/rootwrap.conf lvchange -a y --yes -K stack-volumes-lvmdriver-1/clone-snap-e213aa7e-68e2-4854-8a48-48c490cc2c3c" returned: 0 in 0.748s {{(pid=119850) execute /usr/local/lib/python3.8/dist-packages/oslo_concurrency/processutils.py:422}}
Aug 17 19:02:48.220564 n-d-804303-3 cinder-volume[119850]: DEBUG oslo_concurrency.processutils [None req-eca5374b-c5fc-428f-a21e-349a1d983249 tempest-VolumesBackupsTest-1519879234 None] Running cmd (subprocess): sudo cinder-rootwrap /etc/cinder/rootwrap.conf dd count=0 if=/dev/mapper/stack--volumes--lvmdriver--1-clone--snap--e213aa7e--68e2--4854--8a48--48c490cc2c3c of=/dev/mapper/stack--volumes--lvmdriver--1-volume--e213aa7e--68e2--4854--8a48--48c490cc2c3c iflag=direct {{(pid=119850) execute /usr/local/lib/python3.8/dist-packages/oslo_concurrency/processutils.py:384}}
Aug 17 19:02:48.278013 n-d-804303-3 sudo[143635]: ubuntu : TTY=unknown ; PWD=/ ; USER=root ; COMMAND=/usr/local/bin/cinder-rootwrap /etc/cinder/rootwrap.conf dd count=0 if=/dev/mapper/stack--volumes--lvmdriver--1-clone--snap--e213aa7e--68e2--4854--8a48--48c490cc2c3c of=/dev/mapper/stack--volumes--lvmdriver--1-volume--e213aa7e--68e2--4854--8a48--48c490cc2c3c iflag=direct
Aug 17 19:02:48.281802 n-d-804303-3 sudo[143635]: pam_unix(sudo:session): session opened for user root by (uid=0)
Aug 17 19:02:48.869433 n-d-804303-3 sudo[143635]: pam_unix(sudo:session): session closed for user root
Aug 17 19:02:48.871656 n-d-804303-3 cinder-volume[119850]: DEBUG oslo_concurrency.processutils [None req-eca5374b-c5fc-428f-a21e-349a1d983249 tempest-VolumesBackupsTest-1519879234 None] CMD "sudo cinder-rootwrap /etc/cinder/rootwrap.conf dd count=0 if=/dev/mapper/stack--volumes--lvmdriver--1-clone--snap--e213aa7e--68e2--4854--8a48--48c490cc2c3c of=/dev/mapper/stack--volumes--lvmdriver--1-volume--e213aa7e--68e2--4854--8a48--48c490cc2c3c iflag=direct" returned: 0 in 0.651s {{(pid=119850) execute /usr/local/lib/python3.8/dist-packages/oslo_concurrency/processutils.py:422}}
Aug 17 19:02:48.873179 n-d-804303-3 cinder-volume[119850]: DEBUG oslo_concurrency.processutils [None req-eca5374b-c5fc-428f-a21e-349a1d983249 tempest-VolumesBackupsTest-1519879234 None] Running cmd (subprocess): sudo cinder-rootwrap /etc/cinder/rootwrap.conf dd count=0 if=/dev/mapper/stack--volumes--lvmdriver--1-clone--snap--e213aa7e--68e2--4854--8a48--48c490cc2c3c of=/dev/mapper/stack--volumes--lvmdriver--1-volume--e213aa7e--68e2--4854--8a48--48c490cc2c3c oflag=direct {{(pid=119850) execute /usr/local/lib/python3.8/dist-packages/oslo_concurrency/processutils.py:384}}
Aug 17 19:02:48.926593 n-d-804303-3 sudo[143654]: ubuntu : TTY=unknown ; PWD=/ ; USER=root ; COMMAND=/usr/local/bin/cinder-rootwrap /etc/cinder/rootwrap.conf dd count=0 if=/dev/mapper/stack--volumes--lvmdriver--1-clone--snap--e213aa7e--68e2--4854--8a48--48c490cc2c3c of=/dev/mapper/stack--volumes--lvmdriver--1-volume--e213aa7e--68e2--4854--8a48--48c490cc2c3c oflag=direct
Aug 17 19:02:48.927382 n-d-804303-3 sudo[143654]: pam_unix(sudo:session): session opened for user root by (uid=0)
Aug 17 19:02:49.412155 n-d-804303-3 sudo[143654]: pam_unix(sudo:session): session closed for user root
Aug 17 19:02:49.415832 n-d-804303-3 cinder-volume[119850]: DEBUG oslo_concurrency.processutils [None req-eca5374b-c5fc-428f-a21e-349a1d983249 tempest-VolumesBackupsTest-1519879234 None] CMD "sudo cinder-rootwrap /etc/cinder/rootwrap.conf dd count=0 if=/dev/mapper/stack--volumes--lvmdriver--1-clone--snap--e213aa7e--68e2--4854--8a48--48c490cc2c3c of=/dev/mapper/stack--volumes--lvmdriver--1-volume--e213aa7e--68e2--4854--8a48--48c490cc2c3c oflag=direct" returned: 0 in 0.541s {{(pid=119850) execute /usr/local/lib/python3.8/dist-packages/oslo_concurrency/processutils.py:422}}
Aug 17 19:02:49.417586 n-d-804303-3 cinder-volume[119850]: DEBUG oslo_concurrency.processutils [None req-eca5374b-c5fc-428f-a21e-349a1d983249 tempest-VolumesBackupsTest-1519879234 None] Running cmd (subprocess): sudo cinder-rootwrap /etc/cinder/rootwrap.conf dd if=/dev/mapper/stack--volumes--lvmdriver--1-clone--snap--e213aa7e--68e2--4854--8a48--48c490cc2c3c of=/dev/mapper/stack--volumes--lvmdriver--1-volume--e213aa7e--68e2--4854--8a48--48c490cc2c3c count=1073741824 bs=1M iflag=count_bytes,direct oflag=direct {{(pid=119850) execute /usr/local/lib/python3.8/dist-packages/oslo_concurrency/processutils.py:384}}
Aug 17 19:02:49.452663 n-d-804303-3 sudo[143697]: ubuntu : TTY=unknown ; PWD=/ ; USER=root ; COMMAND=/usr/local/bin/cinder-rootwrap /etc/cinder/rootwrap.conf dd if=/dev/mapper/stack--volumes--lvmdriver--1-clone--snap--e213aa7e--68e2--4854--8a48--48c490cc2c3c of=/dev/mapper/stack--volumes--lvmdriver--1-volume--e213aa7e--68e2--4854--8a48--48c490cc2c3c count=1073741824 bs=1M iflag=count_bytes,direct oflag=direct
Aug 17 19:02:49.453498 n-d-804303-3 sudo[143697]: pam_unix(sudo:session): session opened for user root by (uid=0)
Aug 17 19:02:56.780567 n-d-804303-3 sudo[143697]: pam_unix(sudo:session): session closed for user root
Aug 17 19:02:56.784259 n-d-804303-3 cinder-volume[119850]: DEBUG oslo_concurrency.processutils [None req-eca5374b-c5fc-428f-a21e-349a1d983249 tempest-VolumesBackupsTest-1519879234 None] CMD "sudo cinder-rootwrap /etc/cinder/rootwrap.conf dd if=/dev/mapper/stack--volumes--lvmdriver--1-clone--snap--e213aa7e--68e2--4854--8a48--48c490cc2c3c of=/dev/mapper/stack--volumes--lvmdriver--1-volume--e213aa7e--68e2--4854--8a48--48c490cc2c3c count=1073741824 bs=1M iflag=count_bytes,direct oflag=direct" returned: 0 in 7.366s {{(pid=119850) execute /usr/local/lib/python3.8/dist-packages/oslo_concurrency/processutils.py:422}}
Aug 17 19:02:56.785613 n-d-804303-3 cinder-volume[119850]: DEBUG cinder.volume.volume_utils [None req-eca5374b-c5fc-428f-a21e-349a1d983249 tempest-VolumesBackupsTest-1519879234 None] Volume copy details: src /dev/mapper/stack--volumes--lvmdriver--1-clone--snap--e213aa7e--68e2--4854--8a48--48c490cc2c3c, dest /dev/mapper/stack--volumes--lvmdriver--1-volume--e213aa7e--68e2--4854--8a48--48c490cc2c3c, size 1024.00 MB, duration 7.37 sec {{(pid=119850) _copy_volume_with_path /opt/stack/cinder/cinder/volume/volume_utils.py:550}}
Aug 17 19:02:56.786184 n-d-804303-3 cinder-volume[119850]: INFO cinder.volume.volume_utils [None req-eca5374b-c5fc-428f-a21e-349a1d983249 tempest-VolumesBackupsTest-1519879234 None] Volume copy 1024.00 MB at 138.97 MB/s
Aug 17 19:02:56.788233 n-d-804303-3 cinder-volume[119850]: DEBUG oslo_concurrency.processutils [None req-eca5374b-c5fc-428f-a21e-349a1d983249 tempest-VolumesBackupsTest-1519879234 None] Running cmd (subprocess): sudo cinder-rootwrap /etc/cinder/rootwrap.conf env LC_ALL=C lvs --noheadings --unit=g -o vg_name,name,size --nosuffix --readonly stack-volumes-lvmdriver-1/clone-snap-e213aa7e-68e2-4854-8a48-48c490cc2c3c {{(pid=119850) execute /usr/local/lib/python3.8/dist-packages/oslo_concurrency/processutils.py:384}}
Aug 17 19:02:56.826951 n-d-804303-3 sudo[143872]: ubuntu : TTY=unknown ; PWD=/ ; USER=root ; COMMAND=/usr/local/bin/cinder-rootwrap /etc/cinder/rootwrap.conf env LC_ALL=C lvs --noheadings --unit=g -o vg_name,name,size --nosuffix --readonly stack-volumes-lvmdriver-1/clone-snap-e213aa7e-68e2-4854-8a48-48c490cc2c3c
Aug 17 19:02:56.828370 n-d-804303-3 sudo[143872]: pam_unix(sudo:session): session opened for user root by (uid=0)
Aug 17 19:02:57.491662 n-d-804303-3 sudo[143872]: pam_unix(sudo:session): session closed for user root
Aug 17 19:02:57.494761 n-d-804303-3 cinder-volume[119850]: DEBUG oslo_concurrency.processutils [None req-eca5374b-c5fc-428f-a21e-349a1d983249 tempest-VolumesBackupsTest-1519879234 None] CMD "sudo cinder-rootwrap /etc/cinder/rootwrap.conf env LC_ALL=C lvs --noheadings --unit=g -o vg_name,name,size --nosuffix --readonly stack-volumes-lvmdriver-1/clone-snap-e213aa7e-68e2-4854-8a48-48c490cc2c3c" returned: 0 in 0.707s {{(pid=119850) execute /usr/local/lib/python3.8/dist-packages/oslo_concurrency/processutils.py:422}}
Aug 17 19:02:57.497447 n-d-804303-3 cinder-volume[119850]: DEBUG oslo_concurrency.processutils [None req-eca5374b-c5fc-428f-a21e-349a1d983249 tempest-VolumesBackupsTest-1519879234 None] Running cmd (subprocess): sudo cinder-rootwrap /etc/cinder/rootwrap.conf lvremove --config activation { retry_deactivation = 1} -f stack-volumes-lvmdriver-1/clone-snap-e213aa7e-68e2-4854-8a48-48c490cc2c3c {{(pid=119850) execute /usr/local/lib/python3.8/dist-packages/oslo_concurrency/processutils.py:384}}
Aug 17 19:02:57.525079 n-d-804303-3 sudo[143915]: ubuntu : TTY=unknown ; PWD=/ ; USER=root ; COMMAND=/usr/local/bin/cinder-rootwrap /etc/cinder/rootwrap.conf lvremove --config activation { retry_deactivation = 1} -f stack-volumes-lvmdriver-1/clone-snap-e213aa7e-68e2-4854-8a48-48c490cc2c3c
Aug 17 19:02:57.526862 n-d-804303-3 sudo[143915]: pam_unix(sudo:session): session opened for user root by (uid=0)
Aug 17 19:02:58.622105 n-d-804303-3 sudo[143915]: pam_unix(sudo:session): session closed for user root
Aug 17 19:02:58.624321 n-d-804303-3 cinder-volume[119850]: DEBUG oslo_concurrency.processutils [None req-eca5374b-c5fc-428f-a21e-349a1d983249 tempest-VolumesBackupsTest-1519879234 None] CMD "sudo cinder-rootwrap /etc/cinder/rootwrap.conf lvremove --config activation { retry_deactivation = 1} -f stack-volumes-lvmdriver-1/clone-snap-e213aa7e-68e2-4854-8a48-48c490cc2c3c" returned: 0 in 1.127s {{(pid=119850) execute /usr/local/lib/python3.8/dist-packages/oslo_concurrency/processutils.py:422}}
Aug 17 19:02:58.679655 n-d-804303-3 cinder-volume[119850]: DEBUG oslo_concurrency.processutils [None req-eca5374b-c5fc-428f-a21e-349a1d983249 tempest-VolumesBackupsTest-1519879234 None] Running cmd (subprocess): sudo cinder-rootwrap /etc/cinder/rootwrap.conf lvchange -a y --yes -K stack-volumes-lvmdriver-1/volume-e213aa7e-68e2-4854-8a48-48c490cc2c3c {{(pid=119850) execute /usr/local/lib/python3.8/dist-packages/oslo_concurrency/processutils.py:384}}
Aug 17 19:02:58.738107 n-d-804303-3 sudo[143995]: ubuntu : TTY=unknown ; PWD=/ ; USER=root ; COMMAND=/usr/local/bin/cinder-rootwrap /etc/cinder/rootwrap.conf lvchange -a y --yes -K stack-volumes-lvmdriver-1/volume-e213aa7e-68e2-4854-8a48-48c490cc2c3c
Aug 17 19:02:58.739112 n-d-804303-3 sudo[143995]: pam_unix(sudo:session): session opened for user root by (uid=0)
Aug 17 19:02:59.555232 n-d-804303-3 sudo[143995]: pam_unix(sudo:session): session closed for user root
Aug 17 19:02:59.558222 n-d-804303-3 cinder-volume[119850]: DEBUG oslo_concurrency.processutils [None req-eca5374b-c5fc-428f-a21e-349a1d983249 tempest-VolumesBackupsTest-1519879234 None] CMD "sudo cinder-rootwrap /etc/cinder/rootwrap.conf lvchange -a y --yes -K stack-volumes-lvmdriver-1/volume-e213aa7e-68e2-4854-8a48-48c490cc2c3c" returned: 0 in 0.877s {{(pid=119850) execute /usr/local/lib/python3.8/dist-packages/oslo_concurrency/processutils.py:422}}
Aug 17 19:02:59.578990 n-d-804303-3 cinder-volume[119850]: INFO cinder.volume.targets.lio [None req-eca5374b-c5fc-428f-a21e-349a1d983249 tempest-VolumesBackupsTest-1519879234 None] Creating iscsi_target for volume: volume-e213aa7e-68e2-4854-8a48-48c490cc2c3c
Aug 17 19:02:59.581135 n-d-804303-3 cinder-volume[119850]: DEBUG oslo_concurrency.lockutils [None req-eca5374b-c5fc-428f-a21e-349a1d983249 tempest-VolumesBackupsTest-1519879234 None] Lock "lioadm" acquired by "cinder.volume.targets.lio.LioAdm._execute" :: waited 0.001s {{(pid=119850) inner /usr/local/lib/python3.8/dist-packages/oslo_concurrency/lockutils.py:355}}
Aug 17 19:02:59.583779 n-d-804303-3 cinder-volume[119850]: DEBUG oslo_concurrency.processutils [None req-eca5374b-c5fc-428f-a21e-349a1d983249 tempest-VolumesBackupsTest-1519879234 None] Running cmd (subprocess): sudo cinder-rootwrap /etc/cinder/rootwrap.conf cinder-rtstool create /dev/stack-volumes-lvmdriver-1/volume-e213aa7e-68e2-4854-8a48-48c490cc2c3c iqn.2010-10.org.openstack:volume-e213aa7e-68e2-4854-8a48-48c490cc2c3c nE3wDGEuVx5FaLKP8KRH x8nq7qwWbM4WqWEs False -p3260 -a10.222.0.22 {{(pid=119850) execute /usr/local/lib/python3.8/dist-packages/oslo_concurrency/processutils.py:384}}
Aug 17 19:02:59.640584 n-d-804303-3 sudo[144029]: ubuntu : TTY=unknown ; PWD=/ ; USER=root ; COMMAND=/usr/local/bin/cinder-rootwrap /etc/cinder/rootwrap.conf cinder-rtstool create /dev/stack-volumes-lvmdriver-1/volume-e213aa7e-68e2-4854-8a48-48c490cc2c3c iqn.2010-10.org.openstack:volume-e213aa7e-68e2-4854-8a48-48c490cc2c3c nE3wDGEuVx5FaLKP8KRH x8nq7qwWbM4WqWEs False -p3260 -a10.222.0.22
Aug 17 19:02:59.642373 n-d-804303-3 sudo[144029]: pam_unix(sudo:session): session opened for user root by (uid=0)
Aug 17 19:03:00.733144 n-d-804303-3 sudo[144029]: pam_unix(sudo:session): session closed for user root
Aug 17 19:03:00.736403 n-d-804303-3 cinder-volume[119850]: DEBUG oslo_concurrency.processutils [None req-eca5374b-c5fc-428f-a21e-349a1d983249 tempest-VolumesBackupsTest-1519879234 None] CMD "sudo cinder-rootwrap /etc/cinder/rootwrap.conf cinder-rtstool create /dev/stack-volumes-lvmdriver-1/volume-e213aa7e-68e2-4854-8a48-48c490cc2c3c iqn.2010-10.org.openstack:volume-e213aa7e-68e2-4854-8a48-48c490cc2c3c nE3wDGEuVx5FaLKP8KRH x8nq7qwWbM4WqWEs False -p3260 -a10.222.0.22" returned: 0 in 1.152s {{(pid=119850) execute /usr/local/lib/python3.8/dist-packages/oslo_concurrency/processutils.py:422}}
Aug 17 19:03:00.737867 n-d-804303-3 cinder-volume[119850]: DEBUG oslo_concurrency.lockutils [None req-eca5374b-c5fc-428f-a21e-349a1d983249 tempest-VolumesBackupsTest-1519879234 None] Lock "lioadm" released by "cinder.volume.targets.lio.LioAdm._execute" :: held 1.157s {{(pid=119850) inner /usr/local/lib/python3.8/dist-packages/oslo_concurrency/lockutils.py:367}}
Aug 17 19:03:00.739315 n-d-804303-3 cinder-volume[119850]: DEBUG oslo_concurrency.lockutils [None req-eca5374b-c5fc-428f-a21e-349a1d983249 tempest-VolumesBackupsTest-1519879234 None] Lock "lioadm" acquired by "cinder.volume.targets.lio.LioAdm._execute" :: waited 0.000s {{(pid=119850) inner /usr/local/lib/python3.8/dist-packages/oslo_concurrency/lockutils.py:355}}
Aug 17 19:03:00.741168 n-d-804303-3 cinder-volume[119850]: DEBUG oslo_concurrency.processutils [None req-eca5374b-c5fc-428f-a21e-349a1d983249 tempest-VolumesBackupsTest-1519879234 None] Running cmd (subprocess): sudo cinder-rootwrap /etc/cinder/rootwrap.conf cinder-rtstool get-targets {{(pid=119850) execute /usr/local/lib/python3.8/dist-packages/oslo_concurrency/processutils.py:384}}
Aug 17 19:03:00.790590 n-d-804303-3 sudo[144061]: ubuntu : TTY=unknown ; PWD=/ ; USER=root ; COMMAND=/usr/local/bin/cinder-rootwrap /etc/cinder/rootwrap.conf cinder-rtstool get-targets
Aug 17 19:03:00.804714 n-d-804303-3 sudo[144061]: pam_unix(sudo:session): session opened for user root by (uid=0)
Aug 17 19:03:02.143251 n-d-804303-3 sudo[144061]: pam_unix(sudo:session): session closed for user root
Aug 17 19:03:02.145652 n-d-804303-3 cinder-volume[119850]: DEBUG oslo_concurrency.processutils [None req-eca5374b-c5fc-428f-a21e-349a1d983249 tempest-VolumesBackupsTest-1519879234 None] CMD "sudo cinder-rootwrap /etc/cinder/rootwrap.conf cinder-rtstool get-targets" returned: 0 in 1.404s {{(pid=119850) execute /usr/local/lib/python3.8/dist-packages/oslo_concurrency/processutils.py:422}}
Aug 17 19:03:02.146446 n-d-804303-3 cinder-volume[119850]: DEBUG oslo_concurrency.lockutils [None req-eca5374b-c5fc-428f-a21e-349a1d983249 tempest-VolumesBackupsTest-1519879234 None] Lock "lioadm" released by "cinder.volume.targets.lio.LioAdm._execute" :: held 1.407s {{(pid=119850) inner /usr/local/lib/python3.8/dist-packages/oslo_concurrency/lockutils.py:367}}
Aug 17 19:03:02.148048 n-d-804303-3 cinder-volume[119850]: DEBUG oslo_concurrency.lockutils [None req-eca5374b-c5fc-428f-a21e-349a1d983249 tempest-VolumesBackupsTest-1519879234 None] Lock "lioadm" acquired by "cinder.volume.targets.lio.LioAdm._execute" :: waited 0.000s {{(pid=119850) inner /usr/local/lib/python3.8/dist-packages/oslo_concurrency/lockutils.py:355}}
Aug 17 19:03:02.149015 n-d-804303-3 cinder-volume[119850]: DEBUG oslo_concurrency.processutils [None req-eca5374b-c5fc-428f-a21e-349a1d983249 tempest-VolumesBackupsTest-1519879234 None] Running cmd (subprocess): sudo cinder-rootwrap /etc/cinder/rootwrap.conf cinder-rtstool save {{(pid=119850) execute /usr/local/lib/python3.8/dist-packages/oslo_concurrency/processutils.py:384}}
Aug 17 19:03:02.178197 n-d-804303-3 sudo[144103]: ubuntu : TTY=unknown ; PWD=/ ; USER=root ; COMMAND=/usr/local/bin/cinder-rootwrap /etc/cinder/rootwrap.conf cinder-rtstool save
Aug 17 19:03:02.180474 n-d-804303-3 sudo[144103]: pam_unix(sudo:session): session opened for user root by (uid=0)
Aug 17 19:03:03.596227 n-d-804303-3 sudo[144103]: pam_unix(sudo:session): session closed for user root
Aug 17 19:03:03.598733 n-d-804303-3 cinder-volume[119850]: DEBUG oslo_concurrency.processutils [None req-eca5374b-c5fc-428f-a21e-349a1d983249 tempest-VolumesBackupsTest-1519879234 None] CMD "sudo cinder-rootwrap /etc/cinder/rootwrap.conf cinder-rtstool save" returned: 0 in 1.449s {{(pid=119850) execute /usr/local/lib/python3.8/dist-packages/oslo_concurrency/processutils.py:422}}
Aug 17 19:03:03.599516 n-d-804303-3 cinder-volume[119850]: DEBUG oslo_concurrency.lockutils [None req-eca5374b-c5fc-428f-a21e-349a1d983249 tempest-VolumesBackupsTest-1519879234 None] Lock "lioadm" released by "cinder.volume.targets.lio.LioAdm._execute" :: held 1.452s {{(pid=119850) inner /usr/local/lib/python3.8/dist-packages/oslo_concurrency/lockutils.py:367}}
Aug 17 19:03:03.601302 n-d-804303-3 cinder-volume[119850]: DEBUG cinder.volume.targets.iscsi [None req-eca5374b-c5fc-428f-a21e-349a1d983249 tempest-VolumesBackupsTest-1519879234 None] Set provider_location to: 10.222.0.22:3260,iqn.2010-10.org.openstack:volume-e213aa7e-68e2-4854-8a48-48c490cc2c3c iqn.2010-10.org.openstack:volume-e213aa7e-68e2-4854-8a48-48c490cc2c3c 0 {{(pid=119850) create_export /opt/stack/cinder/cinder/volume/targets/iscsi.py:204}}
Aug 17 19:03:03.616431 n-d-804303-3 cinder-volume[119850]: DEBUG oslo_concurrency.lockutils [None req-eca5374b-c5fc-428f-a21e-349a1d983249 tempest-VolumesBackupsTest-1519879234 None] Lock "lioadm" acquired by "cinder.volume.targets.lio.LioAdm._execute" :: waited 0.001s {{(pid=119850) inner /usr/local/lib/python3.8/dist-packages/oslo_concurrency/lockutils.py:355}}
Aug 17 19:03:03.618126 n-d-804303-3 cinder-volume[119850]: DEBUG oslo_concurrency.processutils [None req-eca5374b-c5fc-428f-a21e-349a1d983249 tempest-VolumesBackupsTest-1519879234 None] Running cmd (subprocess): sudo cinder-rootwrap /etc/cinder/rootwrap.conf cinder-rtstool add-initiator iqn.2010-10.org.openstack:volume-e213aa7e-68e2-4854-8a48-48c490cc2c3c nE3wDGEuVx5FaLKP8KRH x8nq7qwWbM4WqWEs iqn.1993-08.org.debian:01:32da50b15f9b {{(pid=119850) execute /usr/local/lib/python3.8/dist-packages/oslo_concurrency/processutils.py:384}}
Aug 17 19:03:03.642867 n-d-804303-3 sudo[144173]: ubuntu : TTY=unknown ; PWD=/ ; USER=root ; COMMAND=/usr/local/bin/cinder-rootwrap /etc/cinder/rootwrap.conf cinder-rtstool add-initiator iqn.2010-10.org.openstack:volume-e213aa7e-68e2-4854-8a48-48c490cc2c3c nE3wDGEuVx5FaLKP8KRH x8nq7qwWbM4WqWEs iqn.1993-08.org.debian:01:32da50b15f9b
Aug 17 19:03:03.644670 n-d-804303-3 sudo[144173]: pam_unix(sudo:session): session opened for user root by (uid=0)
Aug 17 19:03:04.577012 n-d-804303-3 sudo[144173]: pam_unix(sudo:session): session closed for user root
Aug 17 19:03:04.579569 n-d-804303-3 cinder-volume[119850]: DEBUG oslo_concurrency.processutils [None req-eca5374b-c5fc-428f-a21e-349a1d983249 tempest-VolumesBackupsTest-1519879234 None] CMD "sudo cinder-rootwrap /etc/cinder/rootwrap.conf cinder-rtstool add-initiator iqn.2010-10.org.openstack:volume-e213aa7e-68e2-4854-8a48-48c490cc2c3c nE3wDGEuVx5FaLKP8KRH x8nq7qwWbM4WqWEs iqn.1993-08.org.debian:01:32da50b15f9b" returned: 0 in 0.962s {{(pid=119850) execute /usr/local/lib/python3.8/dist-packages/oslo_concurrency/processutils.py:422}}
Aug 17 19:03:04.581687 n-d-804303-3 cinder-volume[119850]: DEBUG oslo_concurrency.lockutils [None req-eca5374b-c5fc-428f-a21e-349a1d983249 tempest-VolumesBackupsTest-1519879234 None] Lock "lioadm" released by "cinder.volume.targets.lio.LioAdm._execute" :: held 0.965s {{(pid=119850) inner /usr/local/lib/python3.8/dist-packages/oslo_concurrency/lockutils.py:367}}
Aug 17 19:03:04.582691 n-d-804303-3 cinder-volume[119850]: DEBUG oslo_concurrency.lockutils [None req-eca5374b-c5fc-428f-a21e-349a1d983249 tempest-VolumesBackupsTest-1519879234 None] Lock "lioadm" acquired by "cinder.volume.targets.lio.LioAdm._execute" :: waited 0.000s {{(pid=119850) inner /usr/local/lib/python3.8/dist-packages/oslo_concurrency/lockutils.py:355}}
Aug 17 19:03:04.583807 n-d-804303-3 cinder-volume[119850]: DEBUG oslo_concurrency.processutils [None req-eca5374b-c5fc-428f-a21e-349a1d983249 tempest-VolumesBackupsTest-1519879234 None] Running cmd (subprocess): sudo cinder-rootwrap /etc/cinder/rootwrap.conf cinder-rtstool save {{(pid=119850) execute /usr/local/lib/python3.8/dist-packages/oslo_concurrency/processutils.py:384}}
Aug 17 19:03:04.607136 n-d-804303-3 sudo[144202]: ubuntu : TTY=unknown ; PWD=/ ; USER=root ; COMMAND=/usr/local/bin/cinder-rootwrap /etc/cinder/rootwrap.conf cinder-rtstool save
Aug 17 19:03:04.608676 n-d-804303-3 sudo[144202]: pam_unix(sudo:session): session opened for user root by (uid=0)
Aug 17 19:03:05.747491 n-d-804303-3 sudo[144202]: pam_unix(sudo:session): session closed for user root
Aug 17 19:03:05.749799 n-d-804303-3 cinder-volume[119850]: DEBUG oslo_concurrency.processutils [None req-eca5374b-c5fc-428f-a21e-349a1d983249 tempest-VolumesBackupsTest-1519879234 None] CMD "sudo cinder-rootwrap /etc/cinder/rootwrap.conf cinder-rtstool save" returned: 0 in 1.166s {{(pid=119850) execute /usr/local/lib/python3.8/dist-packages/oslo_concurrency/processutils.py:422}}
Aug 17 19:03:05.751135 n-d-804303-3 cinder-volume[119850]: DEBUG oslo_concurrency.lockutils [None req-eca5374b-c5fc-428f-a21e-349a1d983249 tempest-VolumesBackupsTest-1519879234 None] Lock "lioadm" released by "cinder.volume.targets.lio.LioAdm._execute" :: held 1.168s {{(pid=119850) inner /usr/local/lib/python3.8/dist-packages/oslo_concurrency/lockutils.py:367}}
Aug 17 19:03:05.772929 n-d-804303-3 cinder-volume[119850]: INFO cinder.volume.manager [None req-eca5374b-c5fc-428f-a21e-349a1d983249 tempest-VolumesBackupsTest-1519879234 None] Initialize volume connection completed successfully.
Aug 17 19:03:07.156459 n-d-804303-3 cinder-volume[119850]: INFO cinder.volume.manager [None req-e858665d-b329-4296-9cf8-332af9487825 tempest-GroupSnapshotsTest-72050162 None] Group tempest-GroupSnapshotsTest-Group-900970732: creating
Aug 17 19:03:07.187530 n-d-804303-3 cinder-volume[119850]: INFO cinder.volume.manager [None req-e858665d-b329-4296-9cf8-332af9487825 tempest-GroupSnapshotsTest-72050162 None] Group tempest-GroupSnapshotsTest-Group-900970732: created successfully
Aug 17 19:03:07.196553 n-d-804303-3 cinder-volume[119850]: INFO cinder.volume.manager [None req-e858665d-b329-4296-9cf8-332af9487825 tempest-GroupSnapshotsTest-72050162 None] Create group completed successfully.
Aug 17 19:03:08.634694 n-d-804303-3 cinder-volume[119850]: DEBUG cinder.volume.flows.manager.create_volume [None req-17c211e1-006a-40b5-8d4b-fd83fa9018e1 tempest-GroupSnapshotsTest-72050162 None] Volume reschedule parameters: True retry: {'num_attempts': 1, 'backends': ['n-d-804303-3@lvmdriver-1#lvmdriver-1'], 'hosts': ['n-d-804303-3@lvmdriver-1#lvmdriver-1']} {{(pid=119850) get_flow /opt/stack/cinder/cinder/volume/flows/manager/create_volume.py:1263}}
Aug 17 19:03:08.643201 n-d-804303-3 cinder-volume[119850]: WARNING stevedore.named [None req-17c211e1-006a-40b5-8d4b-fd83fa9018e1 tempest-GroupSnapshotsTest-72050162 None] Could not load cinder.keymgr.conf_key_mgr.ConfKeyManager
Aug 17 19:03:08.644045 n-d-804303-3 cinder-volume[119850]: WARNING castellan.key_manager [None req-17c211e1-006a-40b5-8d4b-fd83fa9018e1 tempest-GroupSnapshotsTest-72050162 None] Deprecation Warning : cinder.keymgr.conf_key_mgr.ConfKeyManager is not a stevedore based driver, trying to load it as a class: stevedore.exception.NoMatches: No 'castellan.drivers' driver found, looking for 'cinder.keymgr.conf_key_mgr.ConfKeyManager'
Aug 17 19:03:08.703334 n-d-804303-3 cinder-volume[119850]: DEBUG cinder.volume.manager [None req-17c211e1-006a-40b5-8d4b-fd83fa9018e1 tempest-GroupSnapshotsTest-72050162 None] Flow 'volume_create_manager' (ad3ae54c-2d97-44c2-a9fb-3c0afb9718de) transitioned into state 'RUNNING' from state 'PENDING' {{(pid=119850) _flow_receiver /usr/local/lib/python3.8/dist-packages/taskflow/listeners/logging.py:141}}
Aug 17 19:03:08.707300 n-d-804303-3 cinder-volume[119850]: DEBUG cinder.volume.manager [None req-17c211e1-006a-40b5-8d4b-fd83fa9018e1 tempest-GroupSnapshotsTest-72050162 None] Task 'cinder.volume.flows.manager.create_volume.ExtractVolumeRefTask;volume:create' (d9ed791e-a59e-4dd7-a58c-806b03fc65eb) transitioned into state 'RUNNING' from state 'PENDING' {{(pid=119850) _task_receiver /usr/local/lib/python3.8/dist-packages/taskflow/listeners/logging.py:190}}
Aug 17 19:03:08.718421 n-d-804303-3 cinder-volume[119850]: DEBUG oslo_db.sqlalchemy.engines [None req-17c211e1-006a-40b5-8d4b-fd83fa9018e1 tempest-GroupSnapshotsTest-72050162 None] MySQL server mode set to STRICT_TRANS_TABLES,STRICT_ALL_TABLES,NO_ZERO_IN_DATE,NO_ZERO_DATE,ERROR_FOR_DIVISION_BY_ZERO,TRADITIONAL,NO_ENGINE_SUBSTITUTION {{(pid=119850) _check_effective_sql_mode /usr/local/lib/python3.8/dist-packages/oslo_db/sqlalchemy/engines.py:314}}
Aug 17 19:03:08.736380 n-d-804303-3 cinder-volume[119850]: DEBUG cinder.volume.manager [None req-17c211e1-006a-40b5-8d4b-fd83fa9018e1 tempest-GroupSnapshotsTest-72050162 None] Task 'cinder.volume.flows.manager.create_volume.ExtractVolumeRefTask;volume:create' (d9ed791e-a59e-4dd7-a58c-806b03fc65eb) transitioned into state 'SUCCESS' from state 'RUNNING' with result 'Volume(_name_id=None,admin_metadata=,attach_status='detached',availability_zone='nova',bootable=False,cluster=,cluster_name=None,consistencygroup=,consistencygroup_id=None,created_at=2021-08-17T19:03:08Z,deleted=False,deleted_at=None,display_description=None,display_name='tempest-GroupSnapshotsTest-Volume-1567681782',ec2_id=None,encryption_key_id=None,glance_metadata=,group=,group_id=a0b60be3-7692-4e98-aa0a-bc661b466620,host='n-d-804303-3@lvmdriver-1#lvmdriver-1',id=a1915058-03c3-452f-9e7c-d9c1bb2164f1,launched_at=None,metadata={},migration_status=None,multiattach=False,previous_status=None,project_id='dcb92d04f72c48ecae24e2574eda2ce6',provider_auth=None,provider_geometry=None,provider_id=None,provider_location=None,replication_driver_data=None,replication_extended_status=None,replication_status=None,scheduled_at=2021-08-17T19:03:09Z,service_uuid=None,shared_targets=True,size=1,snapshot_id=None,snapshots=,source_volid=None,status='creating',terminated_at=None,updated_at=2021-08-17T19:03:09Z,user_id='f23447dcd6cf41d482198ee25b276c6b',volume_attachment=,volume_type=VolumeType(801dbf41-f4c6-4893-97f8-e7df943e2d23),volume_type_id=801dbf41-f4c6-4893-97f8-e7df943e2d23)' {{(pid=119850) _task_receiver /usr/local/lib/python3.8/dist-packages/taskflow/listeners/logging.py:178}}
Aug 17 19:03:08.740449 n-d-804303-3 cinder-volume[119850]: DEBUG cinder.volume.manager [None req-17c211e1-006a-40b5-8d4b-fd83fa9018e1 tempest-GroupSnapshotsTest-72050162 None] Task 'cinder.volume.flows.manager.create_volume.OnFailureRescheduleTask;volume:create' (d810d717-0f67-4414-a489-55998d2e89d3) transitioned into state 'RUNNING' from state 'PENDING' {{(pid=119850) _task_receiver /usr/local/lib/python3.8/dist-packages/taskflow/listeners/logging.py:190}}
Aug 17 19:03:08.744636 n-d-804303-3 cinder-volume[119850]: DEBUG cinder.volume.manager [None req-17c211e1-006a-40b5-8d4b-fd83fa9018e1 tempest-GroupSnapshotsTest-72050162 None] Task 'cinder.volume.flows.manager.create_volume.OnFailureRescheduleTask;volume:create' (d810d717-0f67-4414-a489-55998d2e89d3) transitioned into state 'SUCCESS' from state 'RUNNING' with result 'None' {{(pid=119850) _task_receiver /usr/local/lib/python3.8/dist-packages/taskflow/listeners/logging.py:178}}
Aug 17 19:03:08.747452 n-d-804303-3 cinder-volume[119850]: DEBUG cinder.volume.manager [None req-17c211e1-006a-40b5-8d4b-fd83fa9018e1 tempest-GroupSnapshotsTest-72050162 None] Task 'cinder.volume.flows.manager.create_volume.ExtractVolumeSpecTask;volume:create' (1297fbe6-aef1-4939-9da9-4f4f803d26b3) transitioned into state 'RUNNING' from state 'PENDING' {{(pid=119850) _task_receiver /usr/local/lib/python3.8/dist-packages/taskflow/listeners/logging.py:190}}
