Aug 20 11:30:09.059746 n-d-804299-2 neutron-server[94693]: DEBUG neutron.api.rpc.handlers.l3_rpc [None req-ce8bd565-d85b-4d69-a9e4-cf6b70759a4c None None] The sync data for ids ['13f60440-8f3c-46d7-b9c3-2c599c568ec6'] in n-d-804299-2 is: [{'id': '13f60440-8f3c-46d7-b9c3-2c599c568ec6', 'name': 'tempest-FloatingIPsNegativeTestJSON-1769775498-router', 'tenant_id': '527e62b6002043e9ba17ae2fffc9d011', 'admin_state_up': True, 'status': 'ACTIVE', 'external_gateway_info': {'network_id': '2f571561-7053-40c3-8622-933868b07d18', 'external_fixed_ips': [{'subnet_id': '141a6f4a-954c-4f8e-a77a-2de14a33f981', 'ip_address': '172.25.8.87'}], 'enable_snat': True}, 'gw_port_id': '344dfd8f-7c03-4f40-a480-a5ce69720b0d', 'description': '', 'availability_zones': ['nova'], 'distributed': False, 'ha': False, 'ha_vr_id': 0, 'availability_zone_hints': [], 'routes': [], 'flavor_id': None, 'tags': [], 'created_at': '2021-08-20T11:30:03Z', 'updated_at': '2021-08-20T11:30:05Z', 'revision_number': 3, 'project_id': '527e62b6002043e9ba17ae2fffc9d011', 'gw_port': {'id': '344dfd8f-7c03-4f40-a480-a5ce69720b0d', 'name': '', 'network_id': '2f571561-7053-40c3-8622-933868b07d18', 'tenant_id': '', 'mac_address': 'fa:16:3e:12:fd:81', 'admin_state_up': True, 'status': 'DOWN', 'device_id': '13f60440-8f3c-46d7-b9c3-2c599c568ec6', 'device_owner': 'network:router_gateway', 'standard_attr_id': 142, 'fixed_ips': [{'subnet_id': '141a6f4a-954c-4f8e-a77a-2de14a33f981', 'ip_address': '172.25.8.87', 'prefixlen': 24}], 'allowed_address_pairs': [], 'extra_dhcp_opts': [], 'security_groups': [], 'description': '', 'binding:vnic_type': 'normal', 'binding:profile': {}, 'binding:host_id': 'n-d-804299-2', 'binding:vif_type': 'ovs', 'binding:vif_details': {'connectivity': 'l2', 'port_filter': True, 'ovs_hybrid_plug': False, 'datapath_type': 'system', 'bridge_name': 'br-int'}, 'port_security_enabled': False, 'tags': [], 'created_at': '2021-08-20T11:30:04Z', 'updated_at': '2021-08-20T11:30:08Z', 'revision_number': 3, 'project_id': '', 'subnets': [{'id': '141a6f4a-954c-4f8e-a77a-2de14a33f981', 'cidr': '172.25.8.0/24', 'gateway_ip': '172.25.8.1', 'dns_nameservers': [], 'ipv6_ra_mode': None, 'subnetpool_id': None}], 'extra_subnets': [], 'address_scopes': {4: None, 6: None}, 'mtu': 1500}, 'enable_snat': True, 'gw_port_host': 'n-d-804299-2'}] {{(pid=94693) sync_routers /opt/stack/neutron/neutron/api/rpc/handlers/l3_rpc.py:137}}
Aug 20 11:30:09.138030 n-d-804299-2 neutron-server[94690]: DEBUG neutron_lib.callbacks.manager [None req-fe57e012-fb9e-4b6a-90b8-a77278ee5514 admin admin] Notify callbacks [] for port, precommit_update {{(pid=94690) _notify_loop /usr/local/lib/python3.8/dist-packages/neutron_lib/callbacks/manager.py:192}}
Aug 20 11:30:09.145414 n-d-804299-2 neutron-server[94690]: DEBUG neutron_lib.callbacks.manager [None req-fe57e012-fb9e-4b6a-90b8-a77278ee5514 admin admin] Notify callbacks ['neutron.plugins.ml2.plugin.SecurityGroupServerNotifierRpcMixin._notify_sg_on_port_change-1690883', 'neutron.plugins.ml2.ovo_rpc._ObjectChangeHandler.handle_event-62930', 'neutron.api.rpc.agentnotifiers.dhcp_rpc_agent_api.DhcpAgentNotifyAPI._native_event_send_dhcp_notification-764433', 'neutron.db.l3_db.L3RpcNotifierMixin._notify_gateway_port_ip_changed-8742077156675', 'neutron.db.l3_dvrscheduler_db._notify_l3_agent_port_update-8742076765687', 'neutron.db.l3_hascheduler_db._notify_l3_agent_ha_port_update-8742076764173'] for port, after_update {{(pid=94690) _notify_loop /usr/local/lib/python3.8/dist-packages/neutron_lib/callbacks/manager.py:192}}
Aug 20 11:30:09.145414 n-d-804299-2 neutron-server[94690]: DEBUG neutron_lib.callbacks.manager [None req-fe57e012-fb9e-4b6a-90b8-a77278ee5514 admin admin] Notify callbacks ['neutron.api.rpc.agentnotifiers.dhcp_rpc_agent_api.DhcpAgentNotifyAPI._after_router_interface_created-764479', 'neutron.services.l3_router.l3_router_plugin.DVRResourceOperationHandler._update_snat_v6_addrs_after_intf_update-432545'] for router_interface, after_create {{(pid=94690) _notify_loop /usr/local/lib/python3.8/dist-packages/neutron_lib/callbacks/manager.py:192}}
Aug 20 11:30:09.232368 n-d-804299-2 neutron-server[94690]: DEBUG neutron.api.rpc.handlers.resources_rpc [None req-fe57e012-fb9e-4b6a-90b8-a77278ee5514 admin admin] Pushing event updated for resources: {'Port': ['ID=072c7aef-9ae3-4bc6-8753-12e73fb47968,revision_number=2']} {{(pid=94690) push /opt/stack/neutron/neutron/api/rpc/handlers/resources_rpc.py:237}}
Aug 20 11:30:09.251761 n-d-804299-2 neutron-server[94692]: DEBUG neutron.plugins.ml2.rpc [None req-9d5ed8dd-205f-4cf2-93ac-cda56e1cd456 None None] Device 429b5769-6eca-45b7-97d6-7eed37f69201 details requested by agent hyperv_n-h2-804299-2 with host n-h2-804299-2 {{(pid=94692) get_device_details /opt/stack/neutron/neutron/plugins/ml2/rpc.py:102}}
Aug 20 11:30:09.297537 n-d-804299-2 neutron-server[94690]: DEBUG neutron.scheduler.dhcp_agent_scheduler [None req-fe57e012-fb9e-4b6a-90b8-a77278ee5514 admin admin] Network 6daaf751-7d18-4c7e-9601-eb1a00b6fef1 is already hosted by enough agents. {{(pid=94690) _get_dhcp_agents_hosting_network /opt/stack/neutron/neutron/scheduler/dhcp_agent_scheduler.py:275}}
Aug 20 11:30:09.299915 n-d-804299-2 neutron-server[94690]: DEBUG neutron.scheduler.base_scheduler [None req-fe57e012-fb9e-4b6a-90b8-a77278ee5514 admin admin] Resources bound (agent type, host, resource id): {{(pid=94690) schedule /opt/stack/neutron/neutron/scheduler/base_scheduler.py:57}}
Aug 20 11:30:09.455521 n-d-804299-2 neutron-server[94692]: DEBUG neutron.plugins.ml2.db [None req-9d5ed8dd-205f-4cf2-93ac-cda56e1cd456 None None] For port 429b5769-6eca-45b7-97d6-7eed37f69201, host n-h2-804299-2, got binding levels [PortBindingLevel(driver='hyperv',host='n-h2-804299-2',level=0,port_id=429b5769-6eca-45b7-97d6-7eed37f69201,segment=NetworkSegment(1a08a71f-18b1-47c1-81a3-eada6d7d6f7e),segment_id=1a08a71f-18b1-47c1-81a3-eada6d7d6f7e)] {{(pid=94692) get_binding_level_objs /opt/stack/neutron/neutron/plugins/ml2/db.py:74}}
Aug 20 11:30:09.498355 n-d-804299-2 neutron-server[94690]: DEBUG neutron.scheduler.l3_agent_scheduler [None req-fe57e012-fb9e-4b6a-90b8-a77278ee5514 admin admin] Router 13f60440-8f3c-46d7-b9c3-2c599c568ec6 has already been hosted by L3 agent 5a072e83-85f8-42e6-814b-a0a3a1419027 {{(pid=94690) _get_candidates /opt/stack/neutron/neutron/scheduler/l3_agent_scheduler.py:126}}
Aug 20 11:30:09.506477 n-d-804299-2 neutron-server[94692]: DEBUG neutron.plugins.ml2.rpc [None req-9d5ed8dd-205f-4cf2-93ac-cda56e1cd456 None None] Returning: {'device': '429b5769-6eca-45b7-97d6-7eed37f69201', 'network_id': 'dc3708c3-9386-4837-af93-9da62ad9bcd4', 'port_id': '429b5769-6eca-45b7-97d6-7eed37f69201', 'mac_address': 'fa:16:3e:0c:54:04', 'admin_state_up': True, 'network_type': 'vlan', 'segmentation_id': 87, 'physical_network': 'physnet1', 'mtu': 1500, 'fixed_ips': [{'subnet_id': 'a8adc76f-54af-479d-8bbf-aa776d3fd86d', 'ip_address': '192.168.233.104'}], 'device_owner': 'compute:tempest-test_az-1078219091', 'allowed_address_pairs': [], 'port_security_enabled': True, 'qos_policy_id': None, 'network_qos_policy_id': None, 'profile': {}, 'propagate_uplink_status': False} {{(pid=94692) _get_device_details /opt/stack/neutron/neutron/plugins/ml2/rpc.py:184}}
Aug 20 11:30:09.642842 n-d-804299-2 neutron-server[94692]: DEBUG neutron.plugins.ml2.rpc [None req-7c36b3f5-c888-4bfd-a1b1-5cd38e130abf None None] Device 344dfd8f-7c03-4f40-a480-a5ce69720b0d up at agent ovs-agent-n-d-804299-2 {{(pid=94692) update_device_up /opt/stack/neutron/neutron/plugins/ml2/rpc.py:296}}
Aug 20 11:30:09.656977 n-d-804299-2 neutron-server[94692]: DEBUG neutron_lib.callbacks.manager [None req-9d5ed8dd-205f-4cf2-93ac-cda56e1cd456 None None] Notify callbacks ['neutron.plugins.ml2.plugin.SecurityGroupDbMixin._ensure_default_security_group_handler-1691074'] for port, before_update {{(pid=94692) _notify_loop /usr/local/lib/python3.8/dist-packages/neutron_lib/callbacks/manager.py:192}}
Aug 20 11:30:09.691142 n-d-804299-2 neutron-server[94692]: DEBUG neutron.notifiers.nova [None req-9d5ed8dd-205f-4cf2-93ac-cda56e1cd456 None None] Ignoring state change previous_port_status: DOWN current_port_status: BUILD port_id 429b5769-6eca-45b7-97d6-7eed37f69201 {{(pid=94692) record_port_status_changed /opt/stack/neutron/neutron/notifiers/nova.py:224}}
Aug 20 11:30:09.715133 n-d-804299-2 neutron-server[94692]: DEBUG neutron.plugins.ml2.db [None req-9d5ed8dd-205f-4cf2-93ac-cda56e1cd456 None None] For port 429b5769-6eca-45b7-97d6-7eed37f69201, host n-h2-804299-2, got binding levels [PortBindingLevel(driver='hyperv',host='n-h2-804299-2',level=0,port_id=429b5769-6eca-45b7-97d6-7eed37f69201,segment=NetworkSegment(1a08a71f-18b1-47c1-81a3-eada6d7d6f7e),segment_id=1a08a71f-18b1-47c1-81a3-eada6d7d6f7e)] {{(pid=94692) get_binding_level_objs /opt/stack/neutron/neutron/plugins/ml2/db.py:74}}
Aug 20 11:30:09.728062 n-d-804299-2 neutron-server[94690]: DEBUG neutron.api.rpc.agentnotifiers.l3_rpc_agent_api [None req-fe57e012-fb9e-4b6a-90b8-a77278ee5514 admin admin] Notify agent at l3_agent.n-d-804299-2 the message routers_updated {{(pid=94690) _agent_notification /opt/stack/neutron/neutron/api/rpc/agentnotifiers/l3_rpc_agent_api.py:65}}
Aug 20 11:30:09.735925 n-d-804299-2 neutron-server[94690]: INFO neutron.wsgi [None req-fe57e012-fb9e-4b6a-90b8-a77278ee5514 admin admin] 10.222.0.37 "PUT /v2.0/routers/13f60440-8f3c-46d7-b9c3-2c599c568ec6/add_router_interface HTTP/1.1" status: 200 len: 503 time: 2.6039605
Aug 20 11:30:09.739602 n-d-804299-2 neutron-server[94692]: DEBUG neutron_lib.callbacks.manager [None req-9d5ed8dd-205f-4cf2-93ac-cda56e1cd456 None None] Notify callbacks ['neutron.plugins.ml2.plugin.SecurityGroupServerNotifierRpcMixin._notify_sg_on_port_change-1690883', 'neutron.plugins.ml2.ovo_rpc._ObjectChangeHandler.handle_event-62930', 'neutron.api.rpc.agentnotifiers.dhcp_rpc_agent_api.DhcpAgentNotifyAPI._native_event_send_dhcp_notification-764433', 'neutron.db.l3_db.L3RpcNotifierMixin._notify_gateway_port_ip_changed-8742077156675', 'neutron.db.l3_dvrscheduler_db._notify_l3_agent_port_update-8742076765687', 'neutron.db.l3_hascheduler_db._notify_l3_agent_ha_port_update-8742076764173'] for port, after_update {{(pid=94692) _notify_loop /usr/local/lib/python3.8/dist-packages/neutron_lib/callbacks/manager.py:192}}
Aug 20 11:30:09.777412 n-d-804299-2 neutron-server[94690]: DEBUG neutron.wsgi [-] (94690) accepted ('10.222.0.37', 49030) {{(pid=94690) server /usr/local/lib/python3.8/dist-packages/eventlet/wsgi.py:982}}
Aug 20 11:30:09.784801 n-d-804299-2 neutron-server[94691]: DEBUG neutron.pecan_wsgi.hooks.policy_enforcement [req-97a93eef-3484-4732-a532-71a8f52653fa req-94d14e5f-47d8-45cd-b1b4-50af1e4f2fd9 tempest-AggregatesAdminTestJSON-1827977589 tempest-AggregatesAdminTestJSON-1827977589-project] Attributes excluded by policy engine: ['standard_attr_id', 'binding:profile', 'binding:host_id', 'binding:vif_type', 'binding:vif_details'] {{(pid=94691) _exclude_attributes_by_policy /opt/stack/neutron/neutron/pecan_wsgi/hooks/policy_enforcement.py:255}}
Aug 20 11:30:09.787734 n-d-804299-2 neutron-server[94691]: INFO neutron.wsgi [req-97a93eef-3484-4732-a532-71a8f52653fa req-94d14e5f-47d8-45cd-b1b4-50af1e4f2fd9 tempest-AggregatesAdminTestJSON-1827977589 tempest-AggregatesAdminTestJSON-1827977589-project] 10.222.0.37 "GET /v2.0/ports?device_id=b8605431-aa3b-44a1-87c1-9e2b2319f334 HTTP/1.1" status: 200 len: 970 time: 0.1155806
Aug 20 11:30:09.848006 n-d-804299-2 neutron-server[94692]: DEBUG neutron.db.provisioning_blocks [None req-d8528ab2-a0e8-4b7d-92d3-05e3798cae18 None None] Provisioning complete for port 072c7aef-9ae3-4bc6-8753-12e73fb47968 triggered by entity DHCP. {{(pid=94692) provisioning_complete /opt/stack/neutron/neutron/db/provisioning_blocks.py:139}}
Aug 20 11:30:09.848406 n-d-804299-2 neutron-server[94692]: DEBUG neutron_lib.callbacks.manager [None req-d8528ab2-a0e8-4b7d-92d3-05e3798cae18 None None] Notify callbacks ['neutron.plugins.ml2.plugin.Ml2Plugin._port_provisioned-1517759'] for port, provisioning_complete {{(pid=94692) _notify_loop /usr/local/lib/python3.8/dist-packages/neutron_lib/callbacks/manager.py:192}}
Aug 20 11:30:09.873353 n-d-804299-2 neutron-server[94691]: INFO neutron.wsgi [req-97a93eef-3484-4732-a532-71a8f52653fa req-5cf8744c-0bd0-4547-9b22-a0b935547372 tempest-AggregatesAdminTestJSON-1827977589 tempest-AggregatesAdminTestJSON-1827977589-project] 10.222.0.37 "GET /v2.0/security-groups?id=cae3d8fc-b9d7-4aff-b7a6-2c641dd314c8&fields=id&fields=name HTTP/1.1" status: 200 len: 286 time: 0.0777874
Aug 20 11:30:09.899989 n-d-804299-2 neutron-server[94692]: DEBUG neutron.plugins.ml2.plugin [None req-d8528ab2-a0e8-4b7d-92d3-05e3798cae18 None None] Port 072c7aef-9ae3-4bc6-8753-12e73fb47968 cannot update to ACTIVE because it is not bound. {{(pid=94692) _port_provisioned /opt/stack/neutron/neutron/plugins/ml2/plugin.py:337}}
Aug 20 11:30:09.925799 n-d-804299-2 neutron-server[94692]: DEBUG neutron.api.rpc.handlers.resources_rpc [None req-9d5ed8dd-205f-4cf2-93ac-cda56e1cd456 None None] Pushing event updated for resources: {'Port': ['ID=429b5769-6eca-45b7-97d6-7eed37f69201,revision_number=4']} {{(pid=94692) push /opt/stack/neutron/neutron/api/rpc/handlers/resources_rpc.py:237}}
Aug 20 11:30:09.934339 n-d-804299-2 neutron-server[94692]: DEBUG neutron.db.provisioning_blocks [None req-7c36b3f5-c888-4bfd-a1b1-5cd38e130abf None None] Provisioning for port 344dfd8f-7c03-4f40-a480-a5ce69720b0d completed by entity L2. {{(pid=94692) provisioning_complete /opt/stack/neutron/neutron/db/provisioning_blocks.py:133}}
Aug 20 11:30:09.940988 n-d-804299-2 neutron-server[94692]: DEBUG neutron.db.provisioning_blocks [None req-7c36b3f5-c888-4bfd-a1b1-5cd38e130abf None None] Provisioning complete for port 344dfd8f-7c03-4f40-a480-a5ce69720b0d triggered by entity L2. {{(pid=94692) provisioning_complete /opt/stack/neutron/neutron/db/provisioning_blocks.py:139}}
Aug 20 11:30:09.941521 n-d-804299-2 neutron-server[94692]: DEBUG neutron_lib.callbacks.manager [None req-7c36b3f5-c888-4bfd-a1b1-5cd38e130abf None None] Notify callbacks ['neutron.plugins.ml2.plugin.Ml2Plugin._port_provisioned-1517759'] for port, provisioning_complete {{(pid=94692) _notify_loop /usr/local/lib/python3.8/dist-packages/neutron_lib/callbacks/manager.py:192}}
Aug 20 11:30:10.075061 n-d-804299-2 neutron-server[94692]: DEBUG neutron_lib.callbacks.manager [None req-7c36b3f5-c888-4bfd-a1b1-5cd38e130abf None None] Notify callbacks ['neutron.plugins.ml2.plugin.SecurityGroupDbMixin._ensure_default_security_group_handler-1691074'] for port, before_update {{(pid=94692) _notify_loop /usr/local/lib/python3.8/dist-packages/neutron_lib/callbacks/manager.py:192}}
Aug 20 11:30:10.097479 n-d-804299-2 neutron-server[94692]: DEBUG neutron.plugins.ml2.db [None req-9d5ed8dd-205f-4cf2-93ac-cda56e1cd456 None None] get_ports_and_sgs() called for port_ids ['429b5769-6eca-45b7-97d6-7eed37f69201'] {{(pid=94692) get_ports_and_sgs /opt/stack/neutron/neutron/plugins/ml2/db.py:156}}
Aug 20 11:30:10.178652 n-d-804299-2 neutron-server[94692]: DEBUG neutron.plugins.ml2.db [None req-7c36b3f5-c888-4bfd-a1b1-5cd38e130abf None None] For port 344dfd8f-7c03-4f40-a480-a5ce69720b0d, host n-d-804299-2, got binding levels [PortBindingLevel(driver='openvswitch',host='n-d-804299-2',level=0,port_id=344dfd8f-7c03-4f40-a480-a5ce69720b0d,segment=NetworkSegment(31cefebc-14d3-4f8f-9e5a-14d6c0e53d5f),segment_id=31cefebc-14d3-4f8f-9e5a-14d6c0e53d5f)] {{(pid=94692) get_binding_level_objs /opt/stack/neutron/neutron/plugins/ml2/db.py:74}}
Aug 20 11:30:10.191649 n-d-804299-2 neutron-server[94692]: DEBUG neutron_lib.callbacks.manager [None req-7c36b3f5-c888-4bfd-a1b1-5cd38e130abf None None] Notify callbacks ['neutron.plugins.ml2.plugin.SecurityGroupServerNotifierRpcMixin._notify_sg_on_port_change-1690883', 'neutron.plugins.ml2.ovo_rpc._ObjectChangeHandler.handle_event-62930', 'neutron.api.rpc.agentnotifiers.dhcp_rpc_agent_api.DhcpAgentNotifyAPI._native_event_send_dhcp_notification-764433', 'neutron.db.l3_db.L3RpcNotifierMixin._notify_gateway_port_ip_changed-8742077156675', 'neutron.db.l3_dvrscheduler_db._notify_l3_agent_port_update-8742076765687', 'neutron.db.l3_hascheduler_db._notify_l3_agent_ha_port_update-8742076764173'] for port, after_update {{(pid=94692) _notify_loop /usr/local/lib/python3.8/dist-packages/neutron_lib/callbacks/manager.py:192}}
Aug 20 11:30:10.230920 n-d-804299-2 neutron-server[94690]: DEBUG neutron.api.v2.base [None req-60dd197e-54fc-44fa-bb4e-1498d959d814 admin admin] Request body: {'network': {'name': 'tempest-FloatingIPsAssociationNegativeTestJSON-367826062-network', 'tenant_id': '997d129c9320455abd5689acea35e882'}} {{(pid=94690) prepare_request_body /opt/stack/neutron/neutron/api/v2/base.py:730}}
Aug 20 11:30:10.278565 n-d-804299-2 neutron-server[94690]: DEBUG neutron.pecan_wsgi.hooks.quota_enforcement [None req-60dd197e-54fc-44fa-bb4e-1498d959d814 admin admin] Made reservation on behalf of 997d129c9320455abd5689acea35e882 for: {'network': 1} {{(pid=94690) before /opt/stack/neutron/neutron/pecan_wsgi/hooks/quota_enforcement.py:53}}
Aug 20 11:30:10.281280 n-d-804299-2 neutron-server[94690]: DEBUG neutron_lib.callbacks.manager [None req-60dd197e-54fc-44fa-bb4e-1498d959d814 admin admin] Notify callbacks ['neutron.plugins.ml2.plugin.SecurityGroupDbMixin._ensure_default_security_group_handler-1691074'] for network, before_create {{(pid=94690) _notify_loop /usr/local/lib/python3.8/dist-packages/neutron_lib/callbacks/manager.py:192}}
Aug 20 11:30:10.298570 n-d-804299-2 neutron-server[94690]: DEBUG neutron_lib.callbacks.manager [None req-60dd197e-54fc-44fa-bb4e-1498d959d814 admin admin] Notify callbacks [] for security_group, before_create {{(pid=94690) _notify_loop /usr/local/lib/python3.8/dist-packages/neutron_lib/callbacks/manager.py:192}}
Aug 20 11:30:10.315441 n-d-804299-2 neutron-server[94692]: DEBUG neutron.api.rpc.handlers.resources_rpc [None req-7c36b3f5-c888-4bfd-a1b1-5cd38e130abf None None] Pushing event updated for resources: {'Port': ['ID=344dfd8f-7c03-4f40-a480-a5ce69720b0d,revision_number=4']} {{(pid=94692) push /opt/stack/neutron/neutron/api/rpc/handlers/resources_rpc.py:237}}
Aug 20 11:30:10.443497 n-d-804299-2 neutron-server[94690]: DEBUG neutron_lib.callbacks.manager [None req-60dd197e-54fc-44fa-bb4e-1498d959d814 admin admin] Notify callbacks [] for security_group, precommit_create {{(pid=94690) _notify_loop /usr/local/lib/python3.8/dist-packages/neutron_lib/callbacks/manager.py:192}}
Aug 20 11:30:10.458575 n-d-804299-2 neutron-server[94690]: DEBUG neutron_lib.callbacks.manager [None req-60dd197e-54fc-44fa-bb4e-1498d959d814 admin admin] Notify callbacks ['neutron.plugins.ml2.ovo_rpc._ObjectChangeHandler.handle_event-613342'] for security_group, after_create {{(pid=94690) _notify_loop /usr/local/lib/python3.8/dist-packages/neutron_lib/callbacks/manager.py:192}}
Aug 20 11:30:10.495276 n-d-804299-2 neutron-server[94690]: DEBUG neutron.plugins.ml2.drivers.helpers [None req-60dd197e-54fc-44fa-bb4e-1498d959d814 admin admin] vlan segment allocate from pool success with {'vlan_id': 99, 'physical_network': 'physnet1'} {{(pid=94690) allocate_partially_specified_segment /opt/stack/neutron/neutron/plugins/ml2/drivers/helpers.py:153}}
Aug 20 11:30:10.499739 n-d-804299-2 neutron-server[94691]: INFO neutron.wsgi [req-a7ae0f69-c2cd-4d1a-93ef-758f88cec124 req-a55dfc08-a01e-4d11-a964-28cd20043c45 tempest-FloatingIPsNegativeTestJSON-31626231 tempest-FloatingIPsNegativeTestJSON-31626231-project] 10.222.0.37 "GET /v2.0/floatingips?tenant_id=527e62b6002043e9ba17ae2fffc9d011 HTTP/1.1" status: 200 len: 217 time: 0.1040599
Aug 20 11:30:10.541083 n-d-804299-2 neutron-server[94690]: DEBUG neutron.api.rpc.handlers.resources_rpc [None req-60dd197e-54fc-44fa-bb4e-1498d959d814 admin admin] Pushing event updated for resources: {'SecurityGroup': ['ID=6fe76694-c418-46fa-9e65-7a74160ebd1a,revision_number=1']} {{(pid=94690) push /opt/stack/neutron/neutron/api/rpc/handlers/resources_rpc.py:237}}
Aug 20 11:30:10.552664 n-d-804299-2 neutron-server[94690]: DEBUG neutron_lib.callbacks.manager [None req-60dd197e-54fc-44fa-bb4e-1498d959d814 admin admin] Notify callbacks ['neutron.plugins.ml2.plugin.Ml2Plugin._handle_segment_change-1443424'] for segment, precommit_create {{(pid=94690) _notify_loop /usr/local/lib/python3.8/dist-packages/neutron_lib/callbacks/manager.py:192}}
Aug 20 11:30:10.552999 n-d-804299-2 neutron-server[94690]: INFO neutron.db.segments_db [None req-60dd197e-54fc-44fa-bb4e-1498d959d814 admin admin] Added segment 908c6f6e-df6d-4bcb-a899-74d4e520d057 of type vlan for network 88a5fe25-86af-4d3e-9bc2-bda3dc9bb952
Aug 20 11:30:10.609170 n-d-804299-2 neutron-server[94691]: INFO neutron.wsgi [req-8571004d-8bea-4f60-8916-a7c16cb6e1c0 req-67e9626a-44a9-486b-b340-1fe0f8e229f9 tempest-FloatingIPsNegativeTestJSON-31626231 tempest-FloatingIPsNegativeTestJSON-31626231-project] 10.222.0.37 "GET /v2.0/networks?router%3Aexternal=True&fields=id&name=non_exist_pool HTTP/1.1" status: 200 len: 213 time: 0.0790522
Aug 20 11:30:10.648869 n-d-804299-2 neutron-server[94690]: DEBUG neutron_lib.callbacks.manager [None req-60dd197e-54fc-44fa-bb4e-1498d959d814 admin admin] Notify callbacks ['neutron.services.auto_allocate.db._ensure_external_network_default_value_callback-8742076750156'] for network, precommit_create {{(pid=94690) _notify_loop /usr/local/lib/python3.8/dist-packages/neutron_lib/callbacks/manager.py:192}}
Aug 20 11:30:10.686885 n-d-804299-2 neutron-server[94690]: DEBUG neutron_lib.callbacks.manager [None req-60dd197e-54fc-44fa-bb4e-1498d959d814 admin admin] Notify callbacks ['neutron.plugins.ml2.ovo_rpc._ObjectChangeHandler.handle_event-613360', 'neutron.api.rpc.agentnotifiers.dhcp_rpc_agent_api.DhcpAgentNotifyAPI._native_event_send_dhcp_notification-764433'] for network, after_create {{(pid=94690) _notify_loop /usr/local/lib/python3.8/dist-packages/neutron_lib/callbacks/manager.py:192}}
Aug 20 11:30:10.688053 n-d-804299-2 neutron-server[94690]: DEBUG neutron.pecan_wsgi.hooks.policy_enforcement [None req-60dd197e-54fc-44fa-bb4e-1498d959d814 admin admin] Attributes excluded by policy engine: ['standard_attr_id', 'vlan_transparent'] {{(pid=94690) _exclude_attributes_by_policy /opt/stack/neutron/neutron/pecan_wsgi/hooks/policy_enforcement.py:255}}
Aug 20 11:30:10.689287 n-d-804299-2 neutron-server[94690]: DEBUG neutron_lib.callbacks.manager [None req-60dd197e-54fc-44fa-bb4e-1498d959d814 admin admin] Notify callbacks ['neutron.api.rpc.agentnotifiers.dhcp_rpc_agent_api.DhcpAgentNotifyAPI._send_dhcp_notification-764643'] for network, before_response {{(pid=94690) _notify_loop /usr/local/lib/python3.8/dist-packages/neutron_lib/callbacks/manager.py:192}}
Aug 20 11:30:10.725448 n-d-804299-2 neutron-server[94691]: INFO neutron.api.v2.resource [req-c262d031-3e1e-4ba5-9e93-bd39a071a045 req-f7de96e4-c088-4c79-a6ed-6d6b2d5bbfc8 tempest-FloatingIPsNegativeTestJSON-31626231 tempest-FloatingIPsNegativeTestJSON-31626231-project] show failed (client error): The resource could not be found.
Aug 20 11:30:10.726590 n-d-804299-2 neutron-server[94691]: INFO neutron.wsgi [req-c262d031-3e1e-4ba5-9e93-bd39a071a045 req-f7de96e4-c088-4c79-a6ed-6d6b2d5bbfc8 tempest-FloatingIPsNegativeTestJSON-31626231 tempest-FloatingIPsNegativeTestJSON-31626231-project] 10.222.0.37 "GET /v2.0/floatingips/017e9f17-9586-4071-a434-6c9d41d5459f HTTP/1.1" status: 404 len: 350 time: 0.0686882
Aug 20 11:30:10.738646 n-d-804299-2 neutron-server[94691]: DEBUG neutron.wsgi [-] (94691) accepted ('10.222.0.37', 49060) {{(pid=94691) server /usr/local/lib/python3.8/dist-packages/eventlet/wsgi.py:982}}
Aug 20 11:30:10.771511 n-d-804299-2 neutron-server[94690]: INFO neutron.wsgi [None req-60dd197e-54fc-44fa-bb4e-1498d959d814 admin admin] 10.222.0.37 "POST /v2.0/networks HTTP/1.1" status: 201 len: 900 time: 0.9869034
Aug 20 11:30:10.772439 n-d-804299-2 neutron-server[94690]: DEBUG neutron.wsgi [-] (94690) accepted ('10.222.0.37', 49066) {{(pid=94690) server /usr/local/lib/python3.8/dist-packages/eventlet/wsgi.py:982}}
Aug 20 11:30:10.783569 n-d-804299-2 neutron-server[94690]: DEBUG neutron.api.v2.base [None req-faeb4b2a-5e2e-4709-bd39-911509b603ad admin admin] Request body: {'subnet': {'network_id': '88a5fe25-86af-4d3e-9bc2-bda3dc9bb952', 'cidr': '172.20.0.0/28', 'name': 'tempest-FloatingIPsAssociationNegativeTestJSON-367826062-subnet', 'tenant_id': '997d129c9320455abd5689acea35e882', 'enable_dhcp': True, 'ip_version': 4}} {{(pid=94690) prepare_request_body /opt/stack/neutron/neutron/api/v2/base.py:730}}
Aug 20 11:30:10.809430 n-d-804299-2 neutron-server[94690]: DEBUG neutron.pecan_wsgi.hooks.quota_enforcement [None req-faeb4b2a-5e2e-4709-bd39-911509b603ad admin admin] Made reservation on behalf of 997d129c9320455abd5689acea35e882 for: {'subnet': 1} {{(pid=94690) before /opt/stack/neutron/neutron/pecan_wsgi/hooks/quota_enforcement.py:53}}
Aug 20 11:30:10.812437 n-d-804299-2 neutron-server[94690]: DEBUG neutron_lib.callbacks.manager [None req-faeb4b2a-5e2e-4709-bd39-911509b603ad admin admin] Notify callbacks [] for subnet, before_create {{(pid=94690) _notify_loop /usr/local/lib/python3.8/dist-packages/neutron_lib/callbacks/manager.py:192}}
Aug 20 11:30:10.860859 n-d-804299-2 neutron-server[94690]: DEBUG neutron.api.rpc.handlers.resources_rpc [None req-60dd197e-54fc-44fa-bb4e-1498d959d814 admin admin] Pushing event updated for resources: {'Network': ['ID=88a5fe25-86af-4d3e-9bc2-bda3dc9bb952,revision_number=1']} {{(pid=94690) push /opt/stack/neutron/neutron/api/rpc/handlers/resources_rpc.py:237}}
Aug 20 11:30:10.893977 n-d-804299-2 neutron-server[94692]: DEBUG neutron.plugins.ml2.rpc [None req-7c36b3f5-c888-4bfd-a1b1-5cd38e130abf None None] Network 88a5fe25-86af-4d3e-9bc2-bda3dc9bb952 details requested by agent ovs-agent-n-d-804299-2 with host n-d-804299-2 {{(pid=94692) get_network_details /opt/stack/neutron/neutron/plugins/ml2/rpc.py:248}}
Aug 20 11:30:11.166131 n-d-804299-2 neutron-server[94691]: DEBUG neutron.pecan_wsgi.hooks.policy_enforcement [req-cf8d38ca-216b-4ece-8e04-afd3b8204c7b req-1f895555-80d1-4aec-93dc-90fe062896a3 tempest-AggregatesAdminTestJSON-1827977589 tempest-AggregatesAdminTestJSON-1827977589-project] Attributes excluded by policy engine: ['standard_attr_id', 'binding:profile', 'binding:host_id', 'binding:vif_type', 'binding:vif_details'] {{(pid=94691) _exclude_attributes_by_policy /opt/stack/neutron/neutron/pecan_wsgi/hooks/policy_enforcement.py:255}}
Aug 20 11:30:11.167948 n-d-804299-2 neutron-server[94691]: INFO neutron.wsgi [req-cf8d38ca-216b-4ece-8e04-afd3b8204c7b req-1f895555-80d1-4aec-93dc-90fe062896a3 tempest-AggregatesAdminTestJSON-1827977589 tempest-AggregatesAdminTestJSON-1827977589-project] 10.222.0.37 "GET /v2.0/ports?device_id=b8605431-aa3b-44a1-87c1-9e2b2319f334 HTTP/1.1" status: 200 len: 971 time: 0.1306739
Aug 20 11:30:11.183387 n-d-804299-2 neutron-server[94690]: DEBUG neutron_lib.callbacks.manager [None req-faeb4b2a-5e2e-4709-bd39-911509b603ad admin admin] Notify callbacks ['neutron.plugins.ml2.ovo_rpc._ObjectChangeHandler.handle_event-604289', 'neutron.api.rpc.agentnotifiers.dhcp_rpc_agent_api.DhcpAgentNotifyAPI._native_event_send_dhcp_notification-764433'] for subnet, after_create {{(pid=94690) _notify_loop /usr/local/lib/python3.8/dist-packages/neutron_lib/callbacks/manager.py:192}}
Aug 20 11:30:11.210887 n-d-804299-2 neutron-server[94692]: DEBUG neutron.plugins.ml2.rpc [None req-9d5ed8dd-205f-4cf2-93ac-cda56e1cd456 None None] Device 429b5769-6eca-45b7-97d6-7eed37f69201 up at agent hyperv_n-h2-804299-2 {{(pid=94692) update_device_up /opt/stack/neutron/neutron/plugins/ml2/rpc.py:296}}
Aug 20 11:30:11.304837 n-d-804299-2 neutron-server[94691]: INFO neutron.wsgi [req-cf8d38ca-216b-4ece-8e04-afd3b8204c7b req-5de7b754-77c6-428f-b3b4-062e23e59c7d tempest-AggregatesAdminTestJSON-1827977589 tempest-AggregatesAdminTestJSON-1827977589-project] 10.222.0.37 "GET /v2.0/security-groups?id=cae3d8fc-b9d7-4aff-b7a6-2c641dd314c8&fields=id&fields=name HTTP/1.1" status: 200 len: 286 time: 0.0906992
Aug 20 11:30:11.334928 n-d-804299-2 neutron-server[94690]: DEBUG neutron.api.rpc.handlers.resources_rpc [None req-faeb4b2a-5e2e-4709-bd39-911509b603ad admin admin] Pushing event updated for resources: {'Subnet': ['ID=a5e87b6c-641e-4690-b4ec-e033c26e4069,revision_number=0']} {{(pid=94690) push /opt/stack/neutron/neutron/api/rpc/handlers/resources_rpc.py:237}}
Aug 20 11:30:11.338109 n-d-804299-2 neutron-server[94692]: DEBUG neutron.db.provisioning_blocks [None req-9d5ed8dd-205f-4cf2-93ac-cda56e1cd456 None None] Provisioning for port 429b5769-6eca-45b7-97d6-7eed37f69201 completed by entity L2. {{(pid=94692) provisioning_complete /opt/stack/neutron/neutron/db/provisioning_blocks.py:133}}
Aug 20 11:30:11.339456 n-d-804299-2 neutron-server[94690]: DEBUG neutron.plugins.ml2.drivers.mech_agent [None req-faeb4b2a-5e2e-4709-bd39-911509b603ad admin admin] Checking segment: {'id': '908c6f6e-df6d-4bcb-a899-74d4e520d057', 'network_type': 'vlan', 'physical_network': 'physnet1', 'segmentation_id': 99, 'network_id': '88a5fe25-86af-4d3e-9bc2-bda3dc9bb952'} for mappings: {'physnet1': 'br-data'} with network types: ['local', 'flat', 'vlan'] {{(pid=94690) check_segment_for_agent /opt/stack/neutron/neutron/plugins/ml2/drivers/mech_agent.py:352}}
Aug 20 11:30:11.340021 n-d-804299-2 neutron-server[94690]: DEBUG neutron.scheduler.dhcp_agent_scheduler [None req-faeb4b2a-5e2e-4709-bd39-911509b603ad admin admin] Network hostable DHCP agents. Network: 88a5fe25-86af-4d3e-9bc2-bda3dc9bb952, hostable agents: ['fef55d3b-5a6a-4fbf-a2a3-519e5d54ddd5'], hosted agents: [] {{(pid=94690) _get_network_hostable_dhcp_agents /opt/stack/neutron/neutron/scheduler/dhcp_agent_scheduler.py:329}}
Aug 20 11:30:11.343226 n-d-804299-2 neutron-server[94692]: DEBUG neutron.db.provisioning_blocks [None req-9d5ed8dd-205f-4cf2-93ac-cda56e1cd456 None None] Provisioning complete for port 429b5769-6eca-45b7-97d6-7eed37f69201 triggered by entity L2. {{(pid=94692) provisioning_complete /opt/stack/neutron/neutron/db/provisioning_blocks.py:139}}
Aug 20 11:30:11.343226 n-d-804299-2 neutron-server[94692]: DEBUG neutron_lib.callbacks.manager [None req-9d5ed8dd-205f-4cf2-93ac-cda56e1cd456 None None] Notify callbacks ['neutron.plugins.ml2.plugin.Ml2Plugin._port_provisioned-1517759'] for port, provisioning_complete {{(pid=94692) _notify_loop /usr/local/lib/python3.8/dist-packages/neutron_lib/callbacks/manager.py:192}}
Aug 20 11:30:11.383342 n-d-804299-2 neutron-server[94690]: DEBUG neutron.scheduler.dhcp_agent_scheduler [None req-faeb4b2a-5e2e-4709-bd39-911509b603ad admin admin] Network 88a5fe25-86af-4d3e-9bc2-bda3dc9bb952 is scheduled to be hosted by DHCP agent fef55d3b-5a6a-4fbf-a2a3-519e5d54ddd5 with binding_index 1 {{(pid=94690) bind /opt/stack/neutron/neutron/scheduler/dhcp_agent_scheduler.py:227}}
Aug 20 11:30:11.402583 n-d-804299-2 neutron-server[94690]: DEBUG neutron.scheduler.base_scheduler [None req-faeb4b2a-5e2e-4709-bd39-911509b603ad admin admin] Resources bound (agent type, host, resource id): (DHCP agent, n-d-804299-2, 88a5fe25-86af-4d3e-9bc2-bda3dc9bb952) {{(pid=94690) schedule /opt/stack/neutron/neutron/scheduler/base_scheduler.py:57}}
Aug 20 11:30:11.409470 n-d-804299-2 neutron-server[94690]: DEBUG neutron.pecan_wsgi.hooks.policy_enforcement [None req-faeb4b2a-5e2e-4709-bd39-911509b603ad admin admin] Attributes excluded by policy engine: ['standard_attr_id', 'shared', 'network'] {{(pid=94690) _exclude_attributes_by_policy /opt/stack/neutron/neutron/pecan_wsgi/hooks/policy_enforcement.py:255}}
Aug 20 11:30:11.409584 n-d-804299-2 neutron-server[94690]: DEBUG neutron_lib.callbacks.manager [None req-faeb4b2a-5e2e-4709-bd39-911509b603ad admin admin] Notify callbacks ['neutron.api.rpc.agentnotifiers.dhcp_rpc_agent_api.DhcpAgentNotifyAPI._send_dhcp_notification-764643'] for subnet, before_response {{(pid=94690) _notify_loop /usr/local/lib/python3.8/dist-packages/neutron_lib/callbacks/manager.py:192}}
Aug 20 11:30:11.415006 n-d-804299-2 neutron-server[94692]: DEBUG neutron.api.rpc.handlers.dhcp_rpc [None req-cbed76d7-0799-41fc-b5e6-ab9bd75b8c6c None None] Network 88a5fe25-86af-4d3e-9bc2-bda3dc9bb952 requested from n-d-804299-2 {{(pid=94692) get_network_info /opt/stack/neutron/neutron/api/rpc/handlers/dhcp_rpc.py:218}}
Aug 20 11:30:11.444471 n-d-804299-2 neutron-server[94692]: DEBUG neutron.api.rpc.handlers.l3_rpc [None req-a90c0eb8-4649-49f8-92dd-41164e237bef None None] Sync routers for ids ['13f60440-8f3c-46d7-b9c3-2c599c568ec6'] in n-d-804299-2 {{(pid=94692) sync_routers /opt/stack/neutron/neutron/api/rpc/handlers/l3_rpc.py:125}}
Aug 20 11:30:11.450881 n-d-804299-2 neutron-server[94690]: INFO neutron.wsgi [None req-faeb4b2a-5e2e-4709-bd39-911509b603ad admin admin] 10.222.0.37 "POST /v2.0/subnets HTTP/1.1" status: 201 len: 864 time: 0.6777170
Aug 20 11:30:11.453488 n-d-804299-2 neutron-server[94690]: DEBUG neutron.wsgi [-] (94690) accepted ('10.222.0.37', 49090) {{(pid=94690) server /usr/local/lib/python3.8/dist-packages/eventlet/wsgi.py:982}}
Aug 20 11:30:11.458972 n-d-804299-2 neutron-server[94690]: DEBUG neutron.api.v2.base [None req-76de177c-6d48-4190-b19b-7d50af9b103b admin admin] Request body: {'router': {'name': 'tempest-FloatingIPsAssociationNegativeTestJSON-367826062-router', 'tenant_id': '997d129c9320455abd5689acea35e882', 'external_gateway_info': {'network_id': '2f571561-7053-40c3-8622-933868b07d18'}}} {{(pid=94690) prepare_request_body /opt/stack/neutron/neutron/api/v2/base.py:730}}
Aug 20 11:30:11.485314 n-d-804299-2 neutron-server[94690]: DEBUG neutron_lib.callbacks.manager [None req-76de177c-6d48-4190-b19b-7d50af9b103b admin admin] Notify callbacks ['neutron.services.l3_router.l3_router_plugin.L3_HA_NAT_db_mixin._before_router_create_handler-427232', 'neutron.services.l3_router.service_providers.driver_controller.DriverController._check_router_request-6609'] for router, before_create {{(pid=94690) _notify_loop /usr/local/lib/python3.8/dist-packages/neutron_lib/callbacks/manager.py:192}}
Aug 20 11:30:11.488463 n-d-804299-2 neutron-server[94690]: DEBUG neutron_lib.callbacks.manager [None req-76de177c-6d48-4190-b19b-7d50af9b103b admin admin] Notify callbacks ['neutron.services.l3_router.l3_router_plugin.L3_HA_NAT_db_mixin._precommit_router_create-427028', 'neutron.services.l3_router.l3_router_plugin.DVRResourceOperationHandler._set_distributed_flag-430497', 'neutron.services.l3_router.l3_router_plugin.RouterAvailabilityZoneMixin._process_az_request-565149', 'neutron.services.l3_router.service_providers.driver_controller.DriverController._set_router_provider-6568'] for router, precommit_create {{(pid=94690) _notify_loop /usr/local/lib/python3.8/dist-packages/neutron_lib/callbacks/manager.py:192}}
Aug 20 11:30:11.525682 n-d-804299-2 neutron-server[94692]: DEBUG neutron_lib.callbacks.manager [None req-9d5ed8dd-205f-4cf2-93ac-cda56e1cd456 None None] Notify callbacks ['neutron.plugins.ml2.plugin.SecurityGroupDbMixin._ensure_default_security_group_handler-1691074'] for port, before_update {{(pid=94692) _notify_loop /usr/local/lib/python3.8/dist-packages/neutron_lib/callbacks/manager.py:192}}
Aug 20 11:30:11.550884 n-d-804299-2 neutron-server[94692]: DEBUG neutron.db.l3_dvrscheduler_db [None req-a90c0eb8-4649-49f8-92dd-41164e237bef None None] Routers {'13f60440-8f3c-46d7-b9c3-2c599c568ec6'} bound to L3 agent in host n-d-804299-2 {{(pid=94692) _get_router_ids_for_agent /opt/stack/neutron/neutron/db/l3_dvrscheduler_db.py:420}}
Aug 20 11:30:11.551816 n-d-804299-2 neutron-server[94692]: DEBUG neutron.db.l3_hamode_db [None req-a90c0eb8-4649-49f8-92dd-41164e237bef None None] neutron.services.l3_router.l3_router_plugin.L3RouterPlugin method get_ha_sync_data_for_host called with arguments (, 'n-d-804299-2', Agent(admin_state_up=True,agent_type='L3 agent',availability_zone='nova',binary='neutron-l3-agent',configurations={"agent_mode": "legacy", "ex_gw_ports": 1, "extensions": [], "floating_ips": 0, "handle_internal_only_routers": true, "interface_driver": "openvswitch", "interfaces": 1, "log_agent_heartbeats": false, "routers": 1},created_at=2021-08-20T11:19:55Z,description=,heartbeat_timestamp=2021-08-20T11:29:55Z,host='n-d-804299-2',id=5a072e83-85f8-42e6-814b-a0a3a1419027,load=0,resource_versions=,resources_synced=,started_at=2021-08-20T11:19:55Z,topic='l3_agent')) {'router_ids': ['13f60440-8f3c-46d7-b9c3-2c599c568ec6'], 'active': True} {{(pid=94692) wrapper /usr/local/lib/python3.8/dist-packages/oslo_log/helpers.py:65}}
Aug 20 11:30:11.563917 n-d-804299-2 neutron-server[94690]: INFO neutron.wsgi [req-b35405af-32e6-4314-a647-fbc96db94302 req-65b085d2-6ded-492d-8957-af8bb551a267 tempest-QuotasAdminNegativeTest-855342469 tempest-QuotasAdminNegativeTest-855342469-project] 10.222.0.37 "GET /v2.0/networks?tenant_id=1241e5ae5b7944eba3170a537f50e298&shared=False HTTP/1.1" status: 200 len: 213 time: 0.0646055
Aug 20 11:30:11.600713 n-d-804299-2 neutron-server[94692]: DEBUG neutron.plugins.ml2.rpc [None req-7c36b3f5-c888-4bfd-a1b1-5cd38e130abf None None] Device 344dfd8f-7c03-4f40-a480-a5ce69720b0d up at agent ovs-agent-n-d-804299-2 {{(pid=94692) update_device_up /opt/stack/neutron/neutron/plugins/ml2/rpc.py:296}}
Aug 20 11:30:11.644975 n-d-804299-2 neutron-server[94692]: DEBUG neutron.notifiers.nova [-] Sending events: [{'server_uuid': 'b8605431-aa3b-44a1-87c1-9e2b2319f334', 'name': 'network-vif-plugged', 'status': 'completed', 'tag': '429b5769-6eca-45b7-97d6-7eed37f69201'}] {{(pid=94692) send_events /opt/stack/neutron/neutron/notifiers/nova.py:262}}
Aug 20 11:30:11.700308 n-d-804299-2 neutron-server[94690]: DEBUG neutron_lib.callbacks.manager [None req-76de177c-6d48-4190-b19b-7d50af9b103b admin admin] Notify callbacks [] for router_controller, precommit_add_association {{(pid=94690) _notify_loop /usr/local/lib/python3.8/dist-packages/neutron_lib/callbacks/manager.py:192}}
Aug 20 11:30:11.758039 n-d-804299-2 neutron-server[94691]: DEBUG neutron_lib.callbacks.manager [None req-8c3f4ec5-f97d-43a1-b7ad-b1831854bc97 admin admin] Notify callbacks ['neutron.services.l3_router.l3_router_plugin.DVRResourceOperationHandler._cache_related_dvr_routers_info_before_interface_removal-433684'] for router_interface, before_delete {{(pid=94691) _notify_loop /usr/local/lib/python3.8/dist-packages/neutron_lib/callbacks/manager.py:192}}
Aug 20 11:30:11.775262 n-d-804299-2 neutron-server[94692]: DEBUG neutron.plugins.ml2.db [None req-9d5ed8dd-205f-4cf2-93ac-cda56e1cd456 None None] For port 429b5769-6eca-45b7-97d6-7eed37f69201, host n-h2-804299-2, got binding levels [PortBindingLevel(driver='hyperv',host='n-h2-804299-2',level=0,port_id=429b5769-6eca-45b7-97d6-7eed37f69201,segment=NetworkSegment(1a08a71f-18b1-47c1-81a3-eada6d7d6f7e),segment_id=1a08a71f-18b1-47c1-81a3-eada6d7d6f7e)] {{(pid=94692) get_binding_level_objs /opt/stack/neutron/neutron/plugins/ml2/db.py:74}}
Aug 20 11:30:11.874720 n-d-804299-2 neutron-server[94692]: DEBUG novaclient.v2.client [-] REQ: curl -g -i --cacert "/opt/stack/data/ca-bundle.pem" -X POST http://10.222.0.37/compute/v2.1/os-server-external-events -H "Accept: application/json" -H "Content-Type: application/json" -H "User-Agent: python-novaclient" -H "X-Auth-Token: {SHA256}0220af792790e0ef897e44c5137829760ffee7df2503c9a660c5cfe1a7c3770d" -H "X-OpenStack-Nova-API-Version: 2.1" -H "X-OpenStack-Request-ID: req-e4b537b1-3d54-4097-aca5-37c778eeabdd" -d '{"events": [{"server_uuid": "b8605431-aa3b-44a1-87c1-9e2b2319f334", "name": "network-vif-plugged", "status": "completed", "tag": "429b5769-6eca-45b7-97d6-7eed37f69201"}]}' {{(pid=94692) _http_log_request /usr/local/lib/python3.8/dist-packages/keystoneauth1/session.py:519}}
Aug 20 11:30:11.947684 n-d-804299-2 neutron-server[94692]: DEBUG neutron_lib.callbacks.manager [None req-9d5ed8dd-205f-4cf2-93ac-cda56e1cd456 None None] Notify callbacks ['neutron.plugins.ml2.plugin.SecurityGroupServerNotifierRpcMixin._notify_sg_on_port_change-1690883', 'neutron.plugins.ml2.ovo_rpc._ObjectChangeHandler.handle_event-62930', 'neutron.api.rpc.agentnotifiers.dhcp_rpc_agent_api.DhcpAgentNotifyAPI._native_event_send_dhcp_notification-764433', 'neutron.db.l3_db.L3RpcNotifierMixin._notify_gateway_port_ip_changed-8742077156675', 'neutron.db.l3_dvrscheduler_db._notify_l3_agent_port_update-8742076765687', 'neutron.db.l3_hascheduler_db._notify_l3_agent_ha_port_update-8742076764173'] for port, after_update {{(pid=94692) _notify_loop /usr/local/lib/python3.8/dist-packages/neutron_lib/callbacks/manager.py:192}}
Aug 20 11:30:11.992932 n-d-804299-2 neutron-server[94692]: DEBUG neutron.api.rpc.handlers.dhcp_rpc [None req-b10754d6-0378-4d27-82d8-5c30eb15c2d9 None None] Create dhcp port {'port': {'name': '', 'admin_state_up': True, 'device_id': 'dhcpc57481d1-fa4f-5ec9-981f-5b20e8dac9d8-88a5fe25-86af-4d3e-9bc2-bda3dc9bb952', 'network_id': '88a5fe25-86af-4d3e-9bc2-bda3dc9bb952', 'tenant_id': '997d129c9320455abd5689acea35e882', 'fixed_ips': [{'subnet_id': 'a5e87b6c-641e-4690-b4ec-e033c26e4069'}]}} from n-d-804299-2. {{(pid=94692) create_dhcp_port /opt/stack/neutron/neutron/api/rpc/handlers/dhcp_rpc.py:285}}
Aug 20 11:30:11.993963 n-d-804299-2 neutron-server[94692]: DEBUG neutron_lib.callbacks.manager [None req-b10754d6-0378-4d27-82d8-5c30eb15c2d9 None None] Notify callbacks ['neutron.plugins.ml2.plugin.SecurityGroupDbMixin._ensure_default_security_group_handler-1691074'] for port, before_create {{(pid=94692) _notify_loop /usr/local/lib/python3.8/dist-packages/neutron_lib/callbacks/manager.py:192}}
Aug 20 11:30:12.025168 n-d-804299-2 neutron-server[94690]: DEBUG neutron_lib.callbacks.manager [None req-76de177c-6d48-4190-b19b-7d50af9b103b admin admin] Notify callbacks [] for router_gateway, precommit_update {{(pid=94690) _notify_loop /usr/local/lib/python3.8/dist-packages/neutron_lib/callbacks/manager.py:192}}
Aug 20 11:30:12.087097 n-d-804299-2 neutron-server[94690]: DEBUG neutron.pecan_wsgi.hooks.policy_enforcement [req-b35405af-32e6-4314-a647-fbc96db94302 req-09ca02c7-42af-4ba3-9837-6da89b31a777 tempest-QuotasAdminNegativeTest-855342469 tempest-QuotasAdminNegativeTest-855342469-project] Attributes excluded by policy engine: ['standard_attr_id', 'vlan_transparent', 'provider:network_type', 'provider:physical_network', 'provider:segmentation_id'] {{(pid=94690) _exclude_attributes_by_policy /opt/stack/neutron/neutron/pecan_wsgi/hooks/policy_enforcement.py:255}}
Aug 20 11:30:12.091838 n-d-804299-2 neutron-server[94692]: DEBUG novaclient.v2.client [-] RESP: [200] Connection: close Content-Length: 183 Content-Type: application/json Date: Fri, 20 Aug 2021 11:30:11 GMT OpenStack-API-Version: compute 2.1 Server: Apache/2.4.41 (Ubuntu) Vary: OpenStack-API-Version,X-OpenStack-Nova-API-Version X-OpenStack-Nova-API-Version: 2.1 x-compute-request-id: req-b5c7ffe3-f103-42f8-8e41-98d86da7535b x-openstack-request-id: req-b5c7ffe3-f103-42f8-8e41-98d86da7535b {{(pid=94692) _http_log_response /usr/local/lib/python3.8/dist-packages/keystoneauth1/session.py:550}}
Aug 20 11:30:12.092117 n-d-804299-2 neutron-server[94692]: DEBUG novaclient.v2.client [-] RESP BODY: {"events": [{"server_uuid": "b8605431-aa3b-44a1-87c1-9e2b2319f334", "name": "network-vif-plugged", "status": "completed", "tag": "429b5769-6eca-45b7-97d6-7eed37f69201", "code": 200}]} {{(pid=94692) _http_log_response /usr/local/lib/python3.8/dist-packages/keystoneauth1/session.py:582}}
Aug 20 11:30:12.092735 n-d-804299-2 neutron-server[94692]: DEBUG novaclient.v2.client [-] POST call to compute for http://10.222.0.37/compute/v2.1/os-server-external-events used request id req-b5c7ffe3-f103-42f8-8e41-98d86da7535b {{(pid=94692) request /usr/local/lib/python3.8/dist-packages/keystoneauth1/session.py:954}}
Aug 20 11:30:12.093652 n-d-804299-2 neutron-server[94692]: INFO neutron.notifiers.nova [-] Nova event response: {'server_uuid': 'b8605431-aa3b-44a1-87c1-9e2b2319f334', 'name': 'network-vif-plugged', 'status': 'completed', 'tag': '429b5769-6eca-45b7-97d6-7eed37f69201', 'code': 200}
Aug 20 11:30:12.095476 n-d-804299-2 neutron-server[94692]: DEBUG neutron.db.l3_dvr_db [None req-a90c0eb8-4649-49f8-92dd-41164e237bef None None] Set router 13f60440-8f3c-46d7-b9c3-2c599c568ec6 gateway port host: n-d-804299-2 {{(pid=94692) _build_routers_list /opt/stack/neutron/neutron/db/l3_dvr_db.py:906}}
Aug 20 11:30:12.097671 n-d-804299-2 neutron-server[94692]: DEBUG neutron.db.provisioning_blocks [None req-7c36b3f5-c888-4bfd-a1b1-5cd38e130abf None None] Provisioning complete for port 344dfd8f-7c03-4f40-a480-a5ce69720b0d triggered by entity L2. {{(pid=94692) provisioning_complete /opt/stack/neutron/neutron/db/provisioning_blocks.py:139}}
Aug 20 11:30:12.098171 n-d-804299-2 neutron-server[94692]: DEBUG neutron_lib.callbacks.manager [None req-7c36b3f5-c888-4bfd-a1b1-5cd38e130abf None None] Notify callbacks ['neutron.plugins.ml2.plugin.Ml2Plugin._port_provisioned-1517759'] for port, provisioning_complete {{(pid=94692) _notify_loop /usr/local/lib/python3.8/dist-packages/neutron_lib/callbacks/manager.py:192}}
Aug 20 11:30:12.108005 n-d-804299-2 neutron-server[94690]: INFO neutron.wsgi [req-b35405af-32e6-4314-a647-fbc96db94302 req-09ca02c7-42af-4ba3-9837-6da89b31a777 tempest-QuotasAdminNegativeTest-855342469 tempest-QuotasAdminNegativeTest-855342469-project] 10.222.0.37 "GET /v2.0/networks?shared=True HTTP/1.1" status: 200 len: 769 time: 0.5145845
Aug 20 11:30:12.153636 n-d-804299-2 neutron-server[94691]: DEBUG neutron.plugins.ml2.plugin [None req-8c3f4ec5-f97d-43a1-b7ad-b1831854bc97 admin admin] Deleting port 072c7aef-9ae3-4bc6-8753-12e73fb47968 {{(pid=94691) _pre_delete_port /opt/stack/neutron/neutron/plugins/ml2/plugin.py:1917}}
Aug 20 11:30:12.154336 n-d-804299-2 neutron-server[94691]: DEBUG neutron_lib.callbacks.manager [None req-8c3f4ec5-f97d-43a1-b7ad-b1831854bc97 admin admin] Notify callbacks ['neutron.db.l3_db.L3_NAT_dbonly_mixin._prevent_l3_port_delete_callback-8742077294839'] for port, before_delete {{(pid=94691) _notify_loop /usr/local/lib/python3.8/dist-packages/neutron_lib/callbacks/manager.py:192}}
Aug 20 11:30:12.166399 n-d-804299-2 neutron-server[94690]: INFO neutron.wsgi [req-b35405af-32e6-4314-a647-fbc96db94302 req-e228780c-d579-4c8a-8ede-1cd0b0deb490 tempest-QuotasAdminNegativeTest-855342469 tempest-QuotasAdminNegativeTest-855342469-project] 10.222.0.37 "GET /v2.0/quotas/1241e5ae5b7944eba3170a537f50e298 HTTP/1.1" status: 200 len: 375 time: 0.0574641
Aug 20 11:30:12.233405 n-d-804299-2 neutron-server[94692]: DEBUG neutron.api.rpc.handlers.resources_rpc [None req-9d5ed8dd-205f-4cf2-93ac-cda56e1cd456 None None] Pushing event updated for resources: {'Port': ['ID=429b5769-6eca-45b7-97d6-7eed37f69201,revision_number=5']} {{(pid=94692) push /opt/stack/neutron/neutron/api/rpc/handlers/resources_rpc.py:237}}
Aug 20 11:30:12.234271 n-d-804299-2 neutron-server[94690]: INFO neutron.wsgi [req-b35405af-32e6-4314-a647-fbc96db94302 req-385b0308-9431-4b9a-8da2-42607a2bc0f0 tempest-QuotasAdminNegativeTest-855342469 tempest-QuotasAdminNegativeTest-855342469-project] 10.222.0.37 "GET /v2.0/ports?tenant_id=1241e5ae5b7944eba3170a537f50e298&fields=id HTTP/1.1" status: 200 len: 210 time: 0.0668430
Aug 20 11:30:12.335168 n-d-804299-2 neutron-server[94691]: DEBUG neutron_lib.callbacks.manager [None req-8c3f4ec5-f97d-43a1-b7ad-b1831854bc97 admin admin] Notify callbacks ['neutron.services.l3_router.l3_router_plugin.L3_NAT_dbonly_mixin._precommit_delete_port_callback-433843'] for port, precommit_delete {{(pid=94691) _notify_loop /usr/local/lib/python3.8/dist-packages/neutron_lib/callbacks/manager.py:192}}
Aug 20 11:30:12.360015 n-d-804299-2 neutron-server[94691]: DEBUG neutron.pecan_wsgi.hooks.policy_enforcement [req-9a498928-e998-41a2-8202-eb1d92eae7c2 req-4ffffd7f-1e68-4e45-bc46-184f32b23379 service neutron] Attributes excluded by policy engine: ['standard_attr_id'] {{(pid=94691) _exclude_attributes_by_policy /opt/stack/neutron/neutron/pecan_wsgi/hooks/policy_enforcement.py:255}}
Aug 20 11:30:12.362248 n-d-804299-2 neutron-server[94691]: INFO neutron.wsgi [req-9a498928-e998-41a2-8202-eb1d92eae7c2 req-4ffffd7f-1e68-4e45-bc46-184f32b23379 service neutron] 10.222.0.76 "GET /v2.0/ports?device_id=b8605431-aa3b-44a1-87c1-9e2b2319f334 HTTP/1.1" status: 200 len: 1123 time: 0.1234305
Aug 20 11:30:12.363092 n-d-804299-2 neutron-server[94691]: DEBUG neutron.plugins.ml2.plugin [None req-8c3f4ec5-f97d-43a1-b7ad-b1831854bc97 admin admin] Calling delete_port for 072c7aef-9ae3-4bc6-8753-12e73fb47968 owned by network:router_interface {{(pid=94691) delete_port /opt/stack/neutron/neutron/plugins/ml2/plugin.py:1995}}
Aug 20 11:30:12.392487 n-d-804299-2 neutron-server[94691]: DEBUG neutron_lib.callbacks.manager [req-9a498928-e998-41a2-8202-eb1d92eae7c2 req-2f0a6e37-446f-4121-8c5d-de3d7d5e492b service neutron] Notify callbacks [] for security_group, before_create {{(pid=94691) _notify_loop /usr/local/lib/python3.8/dist-packages/neutron_lib/callbacks/manager.py:192}}
Aug 20 11:30:12.563473 n-d-804299-2 neutron-server[94692]: DEBUG neutron.db.db_base_plugin_common [None req-b10754d6-0378-4d27-82d8-5c30eb15c2d9 None None] Allocated IP 172.20.0.2 (88a5fe25-86af-4d3e-9bc2-bda3dc9bb952/a5e87b6c-641e-4690-b4ec-e033c26e4069/6e908cb9-bf2a-4e79-ac79-c5c4d4f903ac) {{(pid=94692) _store_ip_allocation /opt/stack/neutron/neutron/db/db_base_plugin_common.py:131}}
Aug 20 11:30:12.668416 n-d-804299-2 neutron-server[94690]: DEBUG neutron_lib.callbacks.manager [None req-76de177c-6d48-4190-b19b-7d50af9b103b admin admin] Notify callbacks [] for router_gateway, before_create {{(pid=94690) _notify_loop /usr/local/lib/python3.8/dist-packages/neutron_lib/callbacks/manager.py:192}}
Aug 20 11:30:12.695828 n-d-804299-2 neutron-server[94690]: DEBUG neutron_lib.callbacks.manager [None req-76de177c-6d48-4190-b19b-7d50af9b103b admin admin] Notify callbacks ['neutron.plugins.ml2.plugin.SecurityGroupDbMixin._ensure_default_security_group_handler-1691074'] for port, before_create {{(pid=94690) _notify_loop /usr/local/lib/python3.8/dist-packages/neutron_lib/callbacks/manager.py:192}}
