Nov 08 13:34:31.164064 n-d-804292-2 neutron-server[101842]: DEBUG neutron.db.l3_dvr_db [None req-ec6b05f7-0cb1-415d-b0f4-7e4df2f80a3d None None] Set router a644525e-78be-4057-9eb6-978ed8d1c6e7 gateway port host: n-d-804292-2 {{(pid=101842) _build_routers_list /opt/stack/neutron/neutron/db/l3_dvr_db.py:906}}
Nov 08 13:34:31.434132 n-d-804292-2 neutron-server[101841]: INFO neutron.wsgi [req-31b5690d-4b7d-472a-86b3-83a3db398c8d req-34f3de7e-b717-4e64-b970-3eabe224236d tempest-ServersWithSpecificFlavorTestJSON-498628618 tempest-ServersWithSpecificFlavorTestJSON-498628618-project] 10.222.0.65 "GET /v2.0/security-groups?id=24682f56-fa1c-4f01-af6f-cae3a28ecb87&fields=id&fields=name HTTP/1.1" status: 200 len: 313 time: 0.9765110
Nov 08 13:34:31.510203 n-d-804292-2 neutron-server[101841]: DEBUG novaclient.v2.client [-] REQ: curl -g -i --cacert "/opt/stack/data/ca-bundle.pem" -X POST http://10.222.0.65/compute/v2.1/os-server-external-events -H "Accept: application/json" -H "Content-Type: application/json" -H "User-Agent: python-novaclient" -H "X-Auth-Token: {SHA256}f7178b8f1f0a7d8b738208396de42b265348733dbd51fe45d3d65ba1d087e0d9" -H "X-OpenStack-Nova-API-Version: 2.1" -H "X-OpenStack-Request-ID: req-c01fddc9-e853-423a-ad3f-755bea98f47e" -d '{"events": [{"name": "network-changed", "server_uuid": "089b8eaf-6586-4cd4-9006-766dd31beea3", "tag": "7a2a229c-c895-48bb-86b0-555a5eb67f17"}]}' {{(pid=101841) _http_log_request /usr/local/lib/python3.8/dist-packages/keystoneauth1/session.py:519}}
Nov 08 13:34:31.548107 n-d-804292-2 neutron-server[101840]: DEBUG neutron_lib.callbacks.manager [None req-ec9bfb9a-f787-4357-9f08-920d140d0c6d admin admin] Publish callbacks [] for security_group, precommit_create {{(pid=101840) _notify_loop /usr/local/lib/python3.8/dist-packages/neutron_lib/callbacks/manager.py:175}}
Nov 08 13:34:31.559712 n-d-804292-2 neutron-server[101840]: DEBUG neutron_lib.callbacks.manager [None req-ec9bfb9a-f787-4357-9f08-920d140d0c6d admin admin] Publish callbacks ['neutron.plugins.ml2.ovo_rpc._ObjectChangeHandler.handle_event-999654'] for security_group, after_create {{(pid=101840) _notify_loop /usr/local/lib/python3.8/dist-packages/neutron_lib/callbacks/manager.py:175}}
Nov 08 13:34:31.592626 n-d-804292-2 neutron-server[101841]: DEBUG neutron.pecan_wsgi.hooks.policy_enforcement [req-29b8b323-b78e-4ee2-a49c-1da55b262ad6 req-4aa260f9-6b55-4ec7-a0b4-c480fa008b9a service neutron] Attributes excluded by policy engine: ['standard_attr_id'] {{(pid=101841) _exclude_attributes_by_policy /opt/stack/neutron/neutron/pecan_wsgi/hooks/policy_enforcement.py:255}}
Nov 08 13:34:31.597946 n-d-804292-2 neutron-server[101841]: INFO neutron.wsgi [req-29b8b323-b78e-4ee2-a49c-1da55b262ad6 req-4aa260f9-6b55-4ec7-a0b4-c480fa008b9a service neutron] 10.222.0.54 "GET /v2.0/ports?tenant_id=fad5bda350264d47a513245a6068be57&device_id=089b8eaf-6586-4cd4-9006-766dd31beea3 HTTP/1.1" status: 200 len: 1095 time: 0.4539440
Nov 08 13:34:31.636219 n-d-804292-2 neutron-server[101842]: DEBUG neutron.db.provisioning_blocks [None req-25c1eca3-aa4b-40f2-af4f-9cef783c340d None None] Provisioning complete for port 60e60d01-b7e0-4a4c-8208-a201e1ee1d0b triggered by entity DHCP. {{(pid=101842) provisioning_complete /opt/stack/neutron/neutron/db/provisioning_blocks.py:139}}
Nov 08 13:34:31.636856 n-d-804292-2 neutron-server[101842]: DEBUG neutron_lib.callbacks.manager [None req-25c1eca3-aa4b-40f2-af4f-9cef783c340d None None] Publish callbacks ['neutron.plugins.ml2.plugin.Ml2Plugin._port_provisioned-4101866'] for port, provisioning_complete {{(pid=101842) _notify_loop /usr/local/lib/python3.8/dist-packages/neutron_lib/callbacks/manager.py:175}}
Nov 08 13:34:31.647179 n-d-804292-2 neutron-server[101840]: DEBUG neutron.api.rpc.handlers.resources_rpc [None req-ec9bfb9a-f787-4357-9f08-920d140d0c6d admin admin] Pushing event updated for resources: {'SecurityGroup': ['ID=d723ce1e-ecb7-4bc7-976d-92c1206d7567,revision_number=1']} {{(pid=101840) push /opt/stack/neutron/neutron/api/rpc/handlers/resources_rpc.py:237}}
Nov 08 13:34:31.725227 n-d-804292-2 neutron-server[101840]: DEBUG neutron.plugins.ml2.drivers.helpers [None req-ec9bfb9a-f787-4357-9f08-920d140d0c6d admin admin] vlan segment allocate from pool success with {'vlan_id': 883, 'physical_network': 'physnet1'} {{(pid=101840) allocate_partially_specified_segment /opt/stack/neutron/neutron/plugins/ml2/drivers/helpers.py:153}}
Nov 08 13:34:31.812243 n-d-804292-2 neutron-server[101840]: DEBUG neutron_lib.callbacks.manager [None req-ec9bfb9a-f787-4357-9f08-920d140d0c6d admin admin] Publish callbacks ['neutron.plugins.ml2.plugin.Ml2Plugin._handle_segment_change-4109273'] for segment, precommit_create {{(pid=101840) _notify_loop /usr/local/lib/python3.8/dist-packages/neutron_lib/callbacks/manager.py:175}}
Nov 08 13:34:31.814773 n-d-804292-2 neutron-server[101840]: INFO neutron.db.segments_db [None req-ec9bfb9a-f787-4357-9f08-920d140d0c6d admin admin] Added segment 62770769-f6c9-41f5-8f6f-ce854c865cb2 of type vlan for network ff0ca8a0-5e57-41ca-95c9-8126eecfd8ee
Nov 08 13:34:31.830516 n-d-804292-2 neutron-server[101840]: DEBUG neutron_lib.callbacks.manager [None req-45426473-61df-45be-b7c7-ebdf6af0e1a1 admin admin] Publish callbacks [] for security_group, precommit_create {{(pid=101840) _notify_loop /usr/local/lib/python3.8/dist-packages/neutron_lib/callbacks/manager.py:175}}
Nov 08 13:34:31.848330 n-d-804292-2 neutron-server[101841]: INFO neutron.wsgi [req-29b8b323-b78e-4ee2-a49c-1da55b262ad6 req-ce04db47-7fda-4565-8835-b9a866e27fa9 service neutron] 10.222.0.54 "GET /v2.0/floatingips?fixed_ip_address=172.20.0.13&port_id=7a2a229c-c895-48bb-86b0-555a5eb67f17 HTTP/1.1" status: 200 len: 217 time: 0.2341571
Nov 08 13:34:31.871394 n-d-804292-2 neutron-server[101840]: DEBUG neutron_lib.callbacks.manager [None req-45426473-61df-45be-b7c7-ebdf6af0e1a1 admin admin] Publish callbacks ['neutron.plugins.ml2.ovo_rpc._ObjectChangeHandler.handle_event-999654'] for security_group, after_create {{(pid=101840) _notify_loop /usr/local/lib/python3.8/dist-packages/neutron_lib/callbacks/manager.py:175}}
Nov 08 13:34:31.895813 n-d-804292-2 neutron-server[101842]: DEBUG neutron_lib.callbacks.manager [None req-660653e5-f1e5-4dbb-9ec2-c27831c89b0d None None] Publish callbacks ['neutron.services.segments.db._update_segment_host_mapping_for_agent-8741090767647', 'neutron.plugins.ml2.plugin.Ml2Plugin._retry_binding_revived_agents-4101723'] for agent, after_update {{(pid=101842) _notify_loop /usr/local/lib/python3.8/dist-packages/neutron_lib/callbacks/manager.py:175}}
Nov 08 13:34:31.964308 n-d-804292-2 neutron-server[101840]: INFO neutron.wsgi [None req-45426473-61df-45be-b7c7-ebdf6af0e1a1 admin admin] 10.222.0.65 "GET /v2.0/security-groups?tenant_id=97dcb35e24dd42be8cc2e408dcb686c6&name=default HTTP/1.1" status: 200 len: 2996 time: 1.6336987
Nov 08 13:34:31.974941 n-d-804292-2 neutron-server[101840]: DEBUG neutron.wsgi [-] (101840) accepted ('10.222.0.65', 33696) {{(pid=101840) server /usr/local/lib/python3.8/dist-packages/eventlet/wsgi.py:982}}
Nov 08 13:34:32.069044 n-d-804292-2 neutron-server[101841]: DEBUG novaclient.v2.client [-] RESP: [200] Connection: close Content-Length: 179 Content-Type: application/json Date: Mon, 08 Nov 2021 13:34:31 GMT OpenStack-API-Version: compute 2.1 Server: Apache/2.4.41 (Ubuntu) Vary: OpenStack-API-Version,X-OpenStack-Nova-API-Version X-OpenStack-Nova-API-Version: 2.1 x-compute-request-id: req-21bd2ba6-14c4-4941-9882-f07ed90cbdb7 x-openstack-request-id: req-21bd2ba6-14c4-4941-9882-f07ed90cbdb7 {{(pid=101841) _http_log_response /usr/local/lib/python3.8/dist-packages/keystoneauth1/session.py:550}}
Nov 08 13:34:32.071617 n-d-804292-2 neutron-server[101841]: DEBUG novaclient.v2.client [-] RESP BODY: {"events": [{"name": "network-changed", "server_uuid": "089b8eaf-6586-4cd4-9006-766dd31beea3", "tag": "7a2a229c-c895-48bb-86b0-555a5eb67f17", "status": "completed", "code": 200}]} {{(pid=101841) _http_log_response /usr/local/lib/python3.8/dist-packages/keystoneauth1/session.py:582}}
Nov 08 13:34:32.073945 n-d-804292-2 neutron-server[101841]: DEBUG novaclient.v2.client [-] POST call to compute for http://10.222.0.65/compute/v2.1/os-server-external-events used request id req-21bd2ba6-14c4-4941-9882-f07ed90cbdb7 {{(pid=101841) request /usr/local/lib/python3.8/dist-packages/keystoneauth1/session.py:954}}
Nov 08 13:34:32.074897 n-d-804292-2 neutron-server[101841]: INFO neutron.notifiers.nova [-] Nova event response: {'name': 'network-changed', 'server_uuid': '089b8eaf-6586-4cd4-9006-766dd31beea3', 'tag': '7a2a229c-c895-48bb-86b0-555a5eb67f17', 'status': 'completed', 'code': 200}
Nov 08 13:34:32.176821 n-d-804292-2 neutron-server[101841]: DEBUG neutron.pecan_wsgi.hooks.policy_enforcement [req-29b8b323-b78e-4ee2-a49c-1da55b262ad6 req-1c6c988a-a131-4118-98a0-deab5df7fda6 service neutron] Attributes excluded by policy engine: ['standard_attr_id', 'shared'] {{(pid=101841) _exclude_attributes_by_policy /opt/stack/neutron/neutron/pecan_wsgi/hooks/policy_enforcement.py:255}}
Nov 08 13:34:32.183178 n-d-804292-2 neutron-server[101842]: DEBUG neutron_lib.callbacks.manager [None req-25c1eca3-aa4b-40f2-af4f-9cef783c340d None None] Publish callbacks ['neutron.plugins.ml2.plugin.SecurityGroupDbMixin._ensure_default_security_group_handler-4138274'] for port, before_update {{(pid=101842) _notify_loop /usr/local/lib/python3.8/dist-packages/neutron_lib/callbacks/manager.py:175}}
Nov 08 13:34:32.186722 n-d-804292-2 neutron-server[101841]: INFO neutron.wsgi [req-29b8b323-b78e-4ee2-a49c-1da55b262ad6 req-1c6c988a-a131-4118-98a0-deab5df7fda6 service neutron] 10.222.0.54 "GET /v2.0/subnets?id=9091f4a1-8c69-4a1a-bfad-e71dcfe1dd84 HTTP/1.1" status: 200 len: 862 time: 0.3331666
Nov 08 13:34:32.252102 n-d-804292-2 neutron-server[101840]: DEBUG neutron_lib.callbacks.manager [None req-a2b970bc-4fa4-4105-97e6-da2ea480974e admin admin] Publish callbacks [] for security_group, before_delete {{(pid=101840) _notify_loop /usr/local/lib/python3.8/dist-packages/neutron_lib/callbacks/manager.py:175}}
Nov 08 13:34:32.299573 n-d-804292-2 neutron-server[101842]: DEBUG neutron.plugins.ml2.db [None req-25c1eca3-aa4b-40f2-af4f-9cef783c340d None None] For port 60e60d01-b7e0-4a4c-8208-a201e1ee1d0b, host n-d-804292-2, got binding levels [PortBindingLevel(driver='openvswitch',host='n-d-804292-2',level=0,port_id=60e60d01-b7e0-4a4c-8208-a201e1ee1d0b,segment=NetworkSegment(6ea0cca3-416d-4c51-8e22-8dcc493053f4),segment_id=6ea0cca3-416d-4c51-8e22-8dcc493053f4)] {{(pid=101842) get_binding_level_objs /opt/stack/neutron/neutron/plugins/ml2/db.py:74}}
Nov 08 13:34:32.327768 n-d-804292-2 neutron-server[101842]: DEBUG neutron_lib.callbacks.manager [None req-25c1eca3-aa4b-40f2-af4f-9cef783c340d None None] Publish callbacks ['neutron.plugins.ml2.plugin.SecurityGroupServerNotifierRpcMixin._notify_sg_on_port_change-4138400', 'neutron.plugins.ml2.ovo_rpc._ObjectChangeHandler.handle_event-183450', 'neutron.api.rpc.agentnotifiers.dhcp_rpc_agent_api.DhcpAgentNotifyAPI._native_event_send_dhcp_notification-1046221', 'neutron.db.l3_db.L3RpcNotifierMixin._notify_gateway_port_ip_changed-8741090690964', 'neutron.db.l3_dvrscheduler_db._notify_l3_agent_port_update-8741090194059', 'neutron.db.l3_hascheduler_db._notify_l3_agent_ha_port_update-8741090194077'] for port, after_update {{(pid=101842) _notify_loop /usr/local/lib/python3.8/dist-packages/neutron_lib/callbacks/manager.py:175}}
Nov 08 13:34:32.354281 n-d-804292-2 neutron-server[101840]: DEBUG neutron_lib.callbacks.manager [None req-a2b970bc-4fa4-4105-97e6-da2ea480974e admin admin] Publish callbacks [] for security_group, precommit_delete {{(pid=101840) _notify_loop /usr/local/lib/python3.8/dist-packages/neutron_lib/callbacks/manager.py:175}}
Nov 08 13:34:32.480858 n-d-804292-2 neutron-server[101840]: DEBUG neutron_lib.callbacks.manager [None req-ec9bfb9a-f787-4357-9f08-920d140d0c6d admin admin] Publish callbacks ['neutron.services.auto_allocate.db._ensure_external_network_default_value_callback-8741090215891'] for network, precommit_create {{(pid=101840) _notify_loop /usr/local/lib/python3.8/dist-packages/neutron_lib/callbacks/manager.py:175}}
Nov 08 13:34:32.500300 n-d-804292-2 neutron-server[101840]: DEBUG neutron_lib.callbacks.manager [None req-a2b970bc-4fa4-4105-97e6-da2ea480974e admin admin] Publish callbacks ['neutron.plugins.ml2.ovo_rpc._ObjectChangeHandler.handle_event-999654'] for security_group, after_delete {{(pid=101840) _notify_loop /usr/local/lib/python3.8/dist-packages/neutron_lib/callbacks/manager.py:175}}
Nov 08 13:34:32.543992 n-d-804292-2 neutron-server[101840]: DEBUG neutron_lib.callbacks.manager [None req-a2b970bc-4fa4-4105-97e6-da2ea480974e admin admin] Publish callbacks [] for security_group, before_response {{(pid=101840) _notify_loop /usr/local/lib/python3.8/dist-packages/neutron_lib/callbacks/manager.py:175}}
Nov 08 13:34:32.545919 n-d-804292-2 neutron-server[101840]: INFO neutron.wsgi [None req-a2b970bc-4fa4-4105-97e6-da2ea480974e admin admin] 10.222.0.65 "DELETE /v2.0/security-groups/87599997-ffbc-4726-834e-a03cb3ec6586 HTTP/1.1" status: 204 len: 168 time: 0.5067558
Nov 08 13:34:32.579193 n-d-804292-2 neutron-server[101841]: DEBUG neutron.pecan_wsgi.hooks.policy_enforcement [req-29b8b323-b78e-4ee2-a49c-1da55b262ad6 req-445e4786-750e-43e9-99f1-12abd3e01748 service neutron] Attributes excluded by policy engine: ['standard_attr_id'] {{(pid=101841) _exclude_attributes_by_policy /opt/stack/neutron/neutron/pecan_wsgi/hooks/policy_enforcement.py:255}}
Nov 08 13:34:32.590977 n-d-804292-2 neutron-server[101841]: INFO neutron.wsgi [req-29b8b323-b78e-4ee2-a49c-1da55b262ad6 req-445e4786-750e-43e9-99f1-12abd3e01748 service neutron] 10.222.0.54 "GET /v2.0/ports?network_id=0d0627b2-a6dc-4d29-a152-6d69ed5b8326&device_owner=network%3Adhcp HTTP/1.1" status: 200 len: 1163 time: 0.3920870
Nov 08 13:34:32.596853 n-d-804292-2 neutron-server[101840]: DEBUG neutron.api.rpc.handlers.resources_rpc [None req-45426473-61df-45be-b7c7-ebdf6af0e1a1 admin admin] Pushing event updated for resources: {'SecurityGroup': ['ID=87599997-ffbc-4726-834e-a03cb3ec6586,revision_number=1']} {{(pid=101840) push /opt/stack/neutron/neutron/api/rpc/handlers/resources_rpc.py:237}}
Nov 08 13:34:32.671906 n-d-804292-2 neutron-server[101842]: DEBUG neutron.api.rpc.handlers.resources_rpc [None req-25c1eca3-aa4b-40f2-af4f-9cef783c340d None None] Pushing event updated for resources: {'Port': ['ID=60e60d01-b7e0-4a4c-8208-a201e1ee1d0b,revision_number=5']} {{(pid=101842) push /opt/stack/neutron/neutron/api/rpc/handlers/resources_rpc.py:237}}
Nov 08 13:34:32.717284 n-d-804292-2 neutron-server[101840]: DEBUG neutron.api.rpc.handlers.resources_rpc [None req-a2b970bc-4fa4-4105-97e6-da2ea480974e admin admin] Pushing event deleted for resources: {'SecurityGroup': ['ID=87599997-ffbc-4726-834e-a03cb3ec6586,revision_number=None']} {{(pid=101840) push /opt/stack/neutron/neutron/api/rpc/handlers/resources_rpc.py:237}}
Nov 08 13:34:32.762208 n-d-804292-2 neutron-server[101840]: DEBUG neutron_lib.callbacks.manager [None req-ec9bfb9a-f787-4357-9f08-920d140d0c6d admin admin] Publish callbacks ['neutron.plugins.ml2.ovo_rpc._ObjectChangeHandler.handle_event-571449', 'neutron.api.rpc.agentnotifiers.dhcp_rpc_agent_api.DhcpAgentNotifyAPI._native_event_send_dhcp_notification-1046221'] for network, after_create {{(pid=101840) _notify_loop /usr/local/lib/python3.8/dist-packages/neutron_lib/callbacks/manager.py:175}}
Nov 08 13:34:32.765467 n-d-804292-2 neutron-server[101840]: DEBUG neutron.pecan_wsgi.hooks.policy_enforcement [None req-ec9bfb9a-f787-4357-9f08-920d140d0c6d admin admin] Attributes excluded by policy engine: ['standard_attr_id', 'vlan_transparent'] {{(pid=101840) _exclude_attributes_by_policy /opt/stack/neutron/neutron/pecan_wsgi/hooks/policy_enforcement.py:255}}
Nov 08 13:34:32.767002 n-d-804292-2 neutron-server[101840]: DEBUG neutron_lib.callbacks.manager [None req-ec9bfb9a-f787-4357-9f08-920d140d0c6d admin admin] Publish callbacks ['neutron.api.rpc.agentnotifiers.dhcp_rpc_agent_api.DhcpAgentNotifyAPI._send_dhcp_notification-1046235'] for network, before_response {{(pid=101840) _notify_loop /usr/local/lib/python3.8/dist-packages/neutron_lib/callbacks/manager.py:175}}
Nov 08 13:34:32.913296 n-d-804292-2 neutron-server[101840]: INFO neutron.wsgi [None req-ec9bfb9a-f787-4357-9f08-920d140d0c6d admin admin] 10.222.0.65 "POST /v2.0/networks HTTP/1.1" status: 201 len: 887 time: 3.8478100
Nov 08 13:34:32.922081 n-d-804292-2 neutron-server[101840]: DEBUG neutron.wsgi [-] (101840) accepted ('10.222.0.65', 33734) {{(pid=101840) server /usr/local/lib/python3.8/dist-packages/eventlet/wsgi.py:982}}
Nov 08 13:34:32.940438 n-d-804292-2 neutron-server[101840]: DEBUG neutron.api.v2.base [None req-901498df-3e5d-411a-99d1-e1f8f0cafc48 admin admin] Request body: {'subnet': {'network_id': 'ff0ca8a0-5e57-41ca-95c9-8126eecfd8ee', 'cidr': '172.20.0.0/28', 'name': 'tempest-VolumesAdminNegativeTest-301301480-subnet', 'tenant_id': '3d022dd8e3d14dc7bc470e9f0a692881', 'enable_dhcp': False, 'ip_version': 4}} {{(pid=101840) prepare_request_body /opt/stack/neutron/neutron/api/v2/base.py:729}}
Nov 08 13:34:32.949682 n-d-804292-2 neutron-server[101842]: DEBUG neutron.db.l3_hamode_db [None req-ec6b05f7-0cb1-415d-b0f4-7e4df2f80a3d None None] neutron.services.l3_router.l3_router_plugin.L3RouterPlugin method _process_sync_ha_data called with arguments (, [{'id': 'a644525e-78be-4057-9eb6-978ed8d1c6e7', 'name': 'tempest-AttachSCSIVolumeTestJSON-51086920-router', 'tenant_id': 'e5d112b85b5b4c35abfd34c1d70ad7ae', 'admin_state_up': True, 'status': 'ACTIVE', 'external_gateway_info': {'network_id': '1530349d-cb15-4a36-a5b4-ee378ddc5ae2', 'external_fixed_ips': [{'subnet_id': 'f7872f9c-b82e-4796-ba36-7e8592ca0c24', 'ip_address': '172.25.8.227'}], 'enable_snat': True}, 'gw_port_id': '758dcb5f-5b21-40cf-8f26-2d19f6550745', 'description': '', 'availability_zones': ['nova'], 'distributed': False, 'ha': False, 'ha_vr_id': 0, 'availability_zone_hints': [], 'routes': [], 'flavor_id': None, 'tags': [], 'created_at': '2021-11-08T13:34:16Z', 'updated_at': '2021-11-08T13:34:22Z', 'revision_number': 4, 'project_id': 'e5d112b85b5b4c35abfd34c1d70ad7ae', 'gw_port': {'id': '758dcb5f-5b21-40cf-8f26-2d19f6550745', 'name': '', 'network_id': '1530349d-cb15-4a36-a5b4-ee378ddc5ae2', 'tenant_id': '', 'mac_address': 'fa:16:3e:d7:3c:52', 'admin_state_up': True, 'status': 'ACTIVE', 'device_id': 'a644525e-78be-4057-9eb6-978ed8d1c6e7', 'device_owner': 'network:router_gateway', 'standard_attr_id': 195, 'fixed_ips': [{'subnet_id': 'f7872f9c-b82e-4796-ba36-7e8592ca0c24', 'ip_address': '172.25.8.227', 'prefixlen': 24}], 'allowed_address_pairs': [], 'extra_dhcp_opts': [], 'security_groups': [], 'description': '', 'binding:vnic_type': 'normal', 'binding:profile': {}, 'binding:host_id': 'n-d-804292-2', 'binding:vif_type': 'ovs', 'binding:vif_details': {'connectivity': 'l2', 'port_filter': True, 'ovs_hybrid_plug': False, 'datapath_type': 'system', 'bridge_name': 'br-int'}, 'port_security_enabled': False, 'tags': [], 'created_at': '2021-11-08T13:34:17Z', 'updated_at': '2021-11-08T13:34:24Z', 'revision_number': 4, 'project_id': '', 'subnets': [{'id': 'f7872f9c-b82e-4796-ba36-7e8592ca0c24', 'cidr': '172.25.8.0/24', 'gateway_ip': '172.25.8.1', 'dns_nameservers': [], 'ipv6_ra_mode': None, 'subnetpool_id': None}], 'extra_subnets': [], 'address_scopes': {4: None, 6: None}, 'mtu': 1500}, 'enable_snat': True, 'gw_port_host': 'n-d-804292-2', '_interfaces': [{'id': '60e60d01-b7e0-4a4c-8208-a201e1ee1d0b', 'name': '', 'network_id': '236684a8-b35b-466f-ae41-5dcf4e7517e0', 'tenant_id': 'e5d112b85b5b4c35abfd34c1d70ad7ae', 'mac_address': 'fa:16:3e:dd:98:4c', 'admin_state_up': True, 'status': 'DOWN', 'device_id': 'a644525e-78be-4057-9eb6-978ed8d1c6e7', 'device_owner': 'network:router_interface', 'standard_attr_id': 207, 'fixed_ips': [{'subnet_id': '6fc176c8-6559-48ad-ba99-c6b07c83198c', 'ip_address': '172.20.0.1', 'prefixlen': 28}], 'allowed_address_pairs': [], 'extra_dhcp_opts': [], 'security_groups': [], 'description': '', 'binding:vnic_type': 'normal', 'binding:profile': {}, 'binding:host_id': 'n-d-804292-2', 'binding:vif_type': 'ovs', 'binding:vif_details': {'connectivity': 'l2', 'port_filter': True, 'ovs_hybrid_plug': False, 'datapath_type': 'system', 'bridge_name': 'br-int'}, 'port_security_enabled': False, 'tags': [], 'created_at': '2021-11-08T13:34:21Z', 'updated_at': '2021-11-08T13:34:30Z', 'revision_number': 4, 'project_id': 'e5d112b85b5b4c35abfd34c1d70ad7ae', 'subnets': [{'id': '6fc176c8-6559-48ad-ba99-c6b07c83198c', 'cidr': '172.20.0.0/28', 'gateway_ip': '172.20.0.1', 'dns_nameservers': [], 'ipv6_ra_mode': None, 'subnetpool_id': None}], 'extra_subnets': [], 'address_scopes': {4: None, 6: None}, 'mtu': 1500}]}], 'n-d-804292-2', False) {} {{(pid=101842) wrapper /usr/local/lib/python3.8/dist-packages/oslo_log/helpers.py:65}}
Nov 08 13:34:33.041770 n-d-804292-2 neutron-server[101841]: INFO neutron.wsgi [req-29b8b323-b78e-4ee2-a49c-1da55b262ad6 req-68acc77d-f9e9-4877-97e7-ab5438af10fb service neutron] 10.222.0.54 "GET /v2.0/networks/0d0627b2-a6dc-4d29-a152-6d69ed5b8326?fields=segments HTTP/1.1" status: 200 len: 212 time: 0.4412127
Nov 08 13:34:33.090041 n-d-804292-2 neutron-server[101840]: DEBUG neutron.api.rpc.handlers.resources_rpc [None req-ec9bfb9a-f787-4357-9f08-920d140d0c6d admin admin] Pushing event updated for resources: {'Network': ['ID=ff0ca8a0-5e57-41ca-95c9-8126eecfd8ee,revision_number=1']} {{(pid=101840) push /opt/stack/neutron/neutron/api/rpc/handlers/resources_rpc.py:237}}
Nov 08 13:34:33.100961 n-d-804292-2 neutron-server[101842]: DEBUG neutron.api.rpc.handlers.l3_rpc [None req-ec6b05f7-0cb1-415d-b0f4-7e4df2f80a3d None None] The sync data for ids ['a644525e-78be-4057-9eb6-978ed8d1c6e7'] in n-d-804292-2 is: [{'id': 'a644525e-78be-4057-9eb6-978ed8d1c6e7', 'name': 'tempest-AttachSCSIVolumeTestJSON-51086920-router', 'tenant_id': 'e5d112b85b5b4c35abfd34c1d70ad7ae', 'admin_state_up': True, 'status': 'ACTIVE', 'external_gateway_info': {'network_id': '1530349d-cb15-4a36-a5b4-ee378ddc5ae2', 'external_fixed_ips': [{'subnet_id': 'f7872f9c-b82e-4796-ba36-7e8592ca0c24', 'ip_address': '172.25.8.227'}], 'enable_snat': True}, 'gw_port_id': '758dcb5f-5b21-40cf-8f26-2d19f6550745', 'description': '', 'availability_zones': ['nova'], 'distributed': False, 'ha': False, 'ha_vr_id': 0, 'availability_zone_hints': [], 'routes': [], 'flavor_id': None, 'tags': [], 'created_at': '2021-11-08T13:34:16Z', 'updated_at': '2021-11-08T13:34:22Z', 'revision_number': 4, 'project_id': 'e5d112b85b5b4c35abfd34c1d70ad7ae', 'gw_port': {'id': '758dcb5f-5b21-40cf-8f26-2d19f6550745', 'name': '', 'network_id': '1530349d-cb15-4a36-a5b4-ee378ddc5ae2', 'tenant_id': '', 'mac_address': 'fa:16:3e:d7:3c:52', 'admin_state_up': True, 'status': 'ACTIVE', 'device_id': 'a644525e-78be-4057-9eb6-978ed8d1c6e7', 'device_owner': 'network:router_gateway', 'standard_attr_id': 195, 'fixed_ips': [{'subnet_id': 'f7872f9c-b82e-4796-ba36-7e8592ca0c24', 'ip_address': '172.25.8.227', 'prefixlen': 24}], 'allowed_address_pairs': [], 'extra_dhcp_opts': [], 'security_groups': [], 'description': '', 'binding:vnic_type': 'normal', 'binding:profile': {}, 'binding:host_id': 'n-d-804292-2', 'binding:vif_type': 'ovs', 'binding:vif_details': {'connectivity': 'l2', 'port_filter': True, 'ovs_hybrid_plug': False, 'datapath_type': 'system', 'bridge_name': 'br-int'}, 'port_security_enabled': False, 'tags': [], 'created_at': '2021-11-08T13:34:17Z', 'updated_at': '2021-11-08T13:34:24Z', 'revision_number': 4, 'project_id': '', 'subnets': [{'id': 'f7872f9c-b82e-4796-ba36-7e8592ca0c24', 'cidr': '172.25.8.0/24', 'gateway_ip': '172.25.8.1', 'dns_nameservers': [], 'ipv6_ra_mode': None, 'subnetpool_id': None}], 'extra_subnets': [], 'address_scopes': {4: None, 6: None}, 'mtu': 1500}, 'enable_snat': True, 'gw_port_host': 'n-d-804292-2', '_interfaces': [{'id': '60e60d01-b7e0-4a4c-8208-a201e1ee1d0b', 'name': '', 'network_id': '236684a8-b35b-466f-ae41-5dcf4e7517e0', 'tenant_id': 'e5d112b85b5b4c35abfd34c1d70ad7ae', 'mac_address': 'fa:16:3e:dd:98:4c', 'admin_state_up': True, 'status': 'DOWN', 'device_id': 'a644525e-78be-4057-9eb6-978ed8d1c6e7', 'device_owner': 'network:router_interface', 'standard_attr_id': 207, 'fixed_ips': [{'subnet_id': '6fc176c8-6559-48ad-ba99-c6b07c83198c', 'ip_address': '172.20.0.1', 'prefixlen': 28}], 'allowed_address_pairs': [], 'extra_dhcp_opts': [], 'security_groups': [], 'description': '', 'binding:vnic_type': 'normal', 'binding:profile': {}, 'binding:host_id': 'n-d-804292-2', 'binding:vif_type': 'ovs', 'binding:vif_details': {'connectivity': 'l2', 'port_filter': True, 'ovs_hybrid_plug': False, 'datapath_type': 'system', 'bridge_name': 'br-int'}, 'port_security_enabled': False, 'tags': [], 'created_at': '2021-11-08T13:34:21Z', 'updated_at': '2021-11-08T13:34:30Z', 'revision_number': 4, 'project_id': 'e5d112b85b5b4c35abfd34c1d70ad7ae', 'subnets': [{'id': '6fc176c8-6559-48ad-ba99-c6b07c83198c', 'cidr': '172.20.0.0/28', 'gateway_ip': '172.20.0.1', 'dns_nameservers': [], 'ipv6_ra_mode': None, 'subnetpool_id': None}], 'extra_subnets': [], 'address_scopes': {4: None, 6: None}, 'mtu': 1500}]}] {{(pid=101842) sync_routers /opt/stack/neutron/neutron/api/rpc/handlers/l3_rpc.py:137}}
Nov 08 13:34:33.123196 n-d-804292-2 neutron-server[101840]: DEBUG neutron.pecan_wsgi.hooks.quota_enforcement [None req-901498df-3e5d-411a-99d1-e1f8f0cafc48 admin admin] Made reservation on behalf of 3d022dd8e3d14dc7bc470e9f0a692881 for: {'subnet': 1} {{(pid=101840) before /opt/stack/neutron/neutron/pecan_wsgi/hooks/quota_enforcement.py:53}}
Nov 08 13:34:33.125788 n-d-804292-2 neutron-server[101842]: DEBUG neutron_lib.callbacks.manager [None req-1347063c-a6a0-4051-9e27-63d7173c8011 None None] Publish callbacks ['neutron.services.segments.db._update_segment_host_mapping_for_agent-8741090767647', 'neutron.plugins.ml2.plugin.Ml2Plugin._retry_binding_revived_agents-4101723'] for agent, after_update {{(pid=101842) _notify_loop /usr/local/lib/python3.8/dist-packages/neutron_lib/callbacks/manager.py:175}}
Nov 08 13:34:33.127336 n-d-804292-2 neutron-server[101840]: DEBUG neutron_lib.callbacks.manager [None req-901498df-3e5d-411a-99d1-e1f8f0cafc48 admin admin] Publish callbacks [] for subnet, before_create {{(pid=101840) _notify_loop /usr/local/lib/python3.8/dist-packages/neutron_lib/callbacks/manager.py:175}}
Nov 08 13:34:33.141402 n-d-804292-2 neutron-server[101842]: DEBUG neutron.plugins.ml2.rpc [None req-3ee91a4c-7966-494b-ade1-dbafbcc67190 None None] Network ff0ca8a0-5e57-41ca-95c9-8126eecfd8ee details requested by agent ovs-agent-n-d-804292-2 with host n-d-804292-2 {{(pid=101842) get_network_details /opt/stack/neutron/neutron/plugins/ml2/rpc.py:248}}
Nov 08 13:34:33.312379 n-d-804292-2 neutron-server[101841]: DEBUG neutron.wsgi [-] (101841) accepted ('10.222.0.65', 33738) {{(pid=101841) server /usr/local/lib/python3.8/dist-packages/eventlet/wsgi.py:982}}
Nov 08 13:34:33.354808 n-d-804292-2 neutron-server[101841]: INFO neutron.wsgi [req-fda4856f-c1e2-41c0-a606-daadd00ea370 req-bdcd4d0a-4ec9-42df-b1a3-54077a68d1ad tempest-QuotasAdminNegativeTest-8047798 tempest-QuotasAdminNegativeTest-8047798-project] 10.222.0.65 "GET /v2.0/networks?tenant_id=73d09ade42c04edd932bcf84c10c39e2&shared=False HTTP/1.1" status: 200 len: 213 time: 0.3108962
Nov 08 13:34:33.638044 n-d-804292-2 neutron-server[101841]: DEBUG neutron.pecan_wsgi.hooks.policy_enforcement [req-5bfeca99-f2fa-4e0d-8b6c-670b569d61df req-ffe623a5-3031-46be-9337-5026dfbe8897 tempest-ServersWithSpecificFlavorTestJSON-498628618 tempest-ServersWithSpecificFlavorTestJSON-498628618-project] Attributes excluded by policy engine: ['standard_attr_id', 'binding:profile', 'binding:host_id', 'binding:vif_type', 'binding:vif_details'] {{(pid=101841) _exclude_attributes_by_policy /opt/stack/neutron/neutron/pecan_wsgi/hooks/policy_enforcement.py:255}}
Nov 08 13:34:33.652673 n-d-804292-2 neutron-server[101841]: INFO neutron.wsgi [req-5bfeca99-f2fa-4e0d-8b6c-670b569d61df req-ffe623a5-3031-46be-9337-5026dfbe8897 tempest-ServersWithSpecificFlavorTestJSON-498628618 tempest-ServersWithSpecificFlavorTestJSON-498628618-project] 10.222.0.65 "GET /v2.0/ports?device_id=089b8eaf-6586-4cd4-9006-766dd31beea3 HTTP/1.1" status: 200 len: 944 time: 0.6064663
Nov 08 13:34:33.760874 n-d-804292-2 neutron-server[101841]: DEBUG neutron.pecan_wsgi.hooks.policy_enforcement [req-fda4856f-c1e2-41c0-a606-daadd00ea370 req-8b33769b-f494-4903-8001-ea313d15a2dc tempest-QuotasAdminNegativeTest-8047798 tempest-QuotasAdminNegativeTest-8047798-project] Attributes excluded by policy engine: ['standard_attr_id', 'vlan_transparent', 'provider:network_type', 'provider:physical_network', 'provider:segmentation_id'] {{(pid=101841) _exclude_attributes_by_policy /opt/stack/neutron/neutron/pecan_wsgi/hooks/policy_enforcement.py:255}}
Nov 08 13:34:33.770212 n-d-804292-2 neutron-server[101841]: INFO neutron.wsgi [req-fda4856f-c1e2-41c0-a606-daadd00ea370 req-8b33769b-f494-4903-8001-ea313d15a2dc tempest-QuotasAdminNegativeTest-8047798 tempest-QuotasAdminNegativeTest-8047798-project] 10.222.0.65 "GET /v2.0/networks?shared=True HTTP/1.1" status: 200 len: 769 time: 0.4142826
Nov 08 13:34:33.785697 n-d-804292-2 neutron-server[101841]: DEBUG neutron.wsgi [-] (101841) accepted ('10.222.0.65', 33742) {{(pid=101841) server /usr/local/lib/python3.8/dist-packages/eventlet/wsgi.py:982}}
Nov 08 13:34:33.815067 n-d-804292-2 neutron-server[101840]: DEBUG neutron_lib.callbacks.manager [None req-901498df-3e5d-411a-99d1-e1f8f0cafc48 admin admin] Publish callbacks ['neutron.plugins.ml2.ovo_rpc._ObjectChangeHandler.handle_event-242954', 'neutron.api.rpc.agentnotifiers.dhcp_rpc_agent_api.DhcpAgentNotifyAPI._native_event_send_dhcp_notification-1046221'] for subnet, after_create {{(pid=101840) _notify_loop /usr/local/lib/python3.8/dist-packages/neutron_lib/callbacks/manager.py:175}}
Nov 08 13:34:33.857283 n-d-804292-2 neutron-server[101841]: INFO neutron.wsgi [req-29b8b323-b78e-4ee2-a49c-1da55b262ad6 req-05dd7331-a929-4de7-aa3f-77b0c387b949 service neutron] 10.222.0.54 "GET /v2.0/networks/0d0627b2-a6dc-4d29-a152-6d69ed5b8326?fields=provider%3Aphysical_network&fields=provider%3Anetwork_type HTTP/1.1" status: 200 len: 281 time: 0.7889528
Nov 08 13:34:33.860174 n-d-804292-2 neutron-server[101841]: INFO neutron.wsgi [req-fda4856f-c1e2-41c0-a606-daadd00ea370 req-8c099420-696b-4bea-bda2-40c6166b49ac tempest-QuotasAdminNegativeTest-8047798 tempest-QuotasAdminNegativeTest-8047798-project] 10.222.0.65 "GET /v2.0/quotas/73d09ade42c04edd932bcf84c10c39e2 HTTP/1.1" status: 200 len: 375 time: 0.0886791
Nov 08 13:34:33.866886 n-d-804292-2 neutron-server[101841]: DEBUG neutron_lib.callbacks.manager [None req-cc5a1847-ffde-4aee-810e-cd05842b1160 admin admin] Publish callbacks [] for security_group, before_create {{(pid=101841) _notify_loop /usr/local/lib/python3.8/dist-packages/neutron_lib/callbacks/manager.py:175}}
Nov 08 13:34:33.966846 n-d-804292-2 neutron-server[101840]: DEBUG neutron.plugins.ml2.drivers.mech_agent [None req-901498df-3e5d-411a-99d1-e1f8f0cafc48 admin admin] Checking segment: {'id': '62770769-f6c9-41f5-8f6f-ce854c865cb2', 'network_type': 'vlan', 'physical_network': 'physnet1', 'segmentation_id': 883, 'network_id': 'ff0ca8a0-5e57-41ca-95c9-8126eecfd8ee'} for mappings: {'physnet1': 'br-data'} with network types: ['local', 'flat', 'vlan'] {{(pid=101840) check_segment_for_agent /opt/stack/neutron/neutron/plugins/ml2/drivers/mech_agent.py:371}}
Nov 08 13:34:33.967770 n-d-804292-2 neutron-server[101840]: DEBUG neutron.scheduler.dhcp_agent_scheduler [None req-901498df-3e5d-411a-99d1-e1f8f0cafc48 admin admin] Network hostable DHCP agents. Network: ff0ca8a0-5e57-41ca-95c9-8126eecfd8ee, hostable agents: ['8e06912e-afd7-4fc4-9964-ab78b2bd086f'], hosted agents: [] {{(pid=101840) _get_network_hostable_dhcp_agents /opt/stack/neutron/neutron/scheduler/dhcp_agent_scheduler.py:329}}
Nov 08 13:34:33.980589 n-d-804292-2 neutron-server[101840]: DEBUG neutron.api.rpc.handlers.resources_rpc [None req-901498df-3e5d-411a-99d1-e1f8f0cafc48 admin admin] Pushing event updated for resources: {'Subnet': ['ID=e0b99d06-a397-49c5-89c6-81e3397fd74f,revision_number=0']} {{(pid=101840) push /opt/stack/neutron/neutron/api/rpc/handlers/resources_rpc.py:237}}
Nov 08 13:34:33.989540 n-d-804292-2 neutron-server[101841]: INFO neutron.wsgi [req-5bfeca99-f2fa-4e0d-8b6c-670b569d61df req-43bf4203-d804-4db1-bf62-c6cd1f035d51 tempest-ServersWithSpecificFlavorTestJSON-498628618 tempest-ServersWithSpecificFlavorTestJSON-498628618-project] 10.222.0.65 "GET /v2.0/security-groups?id=24682f56-fa1c-4f01-af6f-cae3a28ecb87&fields=id&fields=name HTTP/1.1" status: 200 len: 313 time: 0.3356650
Nov 08 13:34:34.048416 n-d-804292-2 neutron-server[101841]: DEBUG neutron_lib.callbacks.manager [None req-3a7ee7e3-08d7-4be7-a491-728eb6f12a33 admin admin] Publish callbacks [] for security_group, before_create {{(pid=101841) _notify_loop /usr/local/lib/python3.8/dist-packages/neutron_lib/callbacks/manager.py:175}}
Nov 08 13:34:34.071793 n-d-804292-2 neutron-server[101840]: DEBUG neutron.scheduler.dhcp_agent_scheduler [None req-901498df-3e5d-411a-99d1-e1f8f0cafc48 admin admin] Network ff0ca8a0-5e57-41ca-95c9-8126eecfd8ee is scheduled to be hosted by DHCP agent 8e06912e-afd7-4fc4-9964-ab78b2bd086f with binding_index 1 {{(pid=101840) bind /opt/stack/neutron/neutron/scheduler/dhcp_agent_scheduler.py:227}}
Nov 08 13:34:34.104654 n-d-804292-2 neutron-server[101840]: DEBUG neutron.scheduler.base_scheduler [None req-901498df-3e5d-411a-99d1-e1f8f0cafc48 admin admin] Resources bound (agent type, host, resource id): (DHCP agent, n-d-804292-2, ff0ca8a0-5e57-41ca-95c9-8126eecfd8ee) {{(pid=101840) schedule /opt/stack/neutron/neutron/scheduler/base_scheduler.py:57}}
Nov 08 13:34:34.120272 n-d-804292-2 neutron-server[101840]: DEBUG neutron.pecan_wsgi.hooks.policy_enforcement [None req-901498df-3e5d-411a-99d1-e1f8f0cafc48 admin admin] Attributes excluded by policy engine: ['standard_attr_id', 'shared', 'network'] {{(pid=101840) _exclude_attributes_by_policy /opt/stack/neutron/neutron/pecan_wsgi/hooks/policy_enforcement.py:255}}
Nov 08 13:34:34.121316 n-d-804292-2 neutron-server[101840]: DEBUG neutron_lib.callbacks.manager [None req-901498df-3e5d-411a-99d1-e1f8f0cafc48 admin admin] Publish callbacks ['neutron.api.rpc.agentnotifiers.dhcp_rpc_agent_api.DhcpAgentNotifyAPI._send_dhcp_notification-1046235'] for subnet, before_response {{(pid=101840) _notify_loop /usr/local/lib/python3.8/dist-packages/neutron_lib/callbacks/manager.py:175}}
Nov 08 13:34:34.125936 n-d-804292-2 neutron-server[101842]: DEBUG neutron.api.rpc.handlers.dhcp_rpc [None req-1236a7cf-3266-4e28-8c60-54558b0eed84 None None] Network ff0ca8a0-5e57-41ca-95c9-8126eecfd8ee requested from n-d-804292-2 {{(pid=101842) get_network_info /opt/stack/neutron/neutron/api/rpc/handlers/dhcp_rpc.py:218}}
Nov 08 13:34:34.162995 n-d-804292-2 neutron-server[101840]: INFO neutron.wsgi [None req-901498df-3e5d-411a-99d1-e1f8f0cafc48 admin admin] 10.222.0.65 "POST /v2.0/subnets HTTP/1.1" status: 201 len: 851 time: 1.2290740
Nov 08 13:34:34.164120 n-d-804292-2 neutron-server[101841]: INFO neutron.wsgi [req-fda4856f-c1e2-41c0-a606-daadd00ea370 req-b3dd428e-8c4d-4c50-b2a2-a7e4a9aa0321 tempest-QuotasAdminNegativeTest-8047798 tempest-QuotasAdminNegativeTest-8047798-project] 10.222.0.65 "GET /v2.0/ports?tenant_id=73d09ade42c04edd932bcf84c10c39e2&fields=id HTTP/1.1" status: 200 len: 210 time: 0.1860387
Nov 08 13:34:34.336817 n-d-804292-2 neutron-server[101841]: DEBUG neutron.pecan_wsgi.hooks.policy_enforcement [req-c01fddc9-e853-423a-ad3f-755bea98f47e req-4cb190ad-8427-4905-9303-6887b214cc1d service neutron] Attributes excluded by policy engine: ['standard_attr_id'] {{(pid=101841) _exclude_attributes_by_policy /opt/stack/neutron/neutron/pecan_wsgi/hooks/policy_enforcement.py:255}}
Nov 08 13:34:34.339334 n-d-804292-2 neutron-server[101841]: INFO neutron.wsgi [req-c01fddc9-e853-423a-ad3f-755bea98f47e req-4cb190ad-8427-4905-9303-6887b214cc1d service neutron] 10.222.0.54 "GET /v2.0/ports?tenant_id=fad5bda350264d47a513245a6068be57&device_id=089b8eaf-6586-4cd4-9006-766dd31beea3 HTTP/1.1" status: 200 len: 1095 time: 0.3457689
Nov 08 13:34:34.586603 n-d-804292-2 neutron-server[101842]: DEBUG neutron.plugins.ml2.rpc [None req-3ee91a4c-7966-494b-ade1-dbafbcc67190 None None] Device 60e60d01-b7e0-4a4c-8208-a201e1ee1d0b up at agent ovs-agent-n-d-804292-2 {{(pid=101842) update_device_up /opt/stack/neutron/neutron/plugins/ml2/rpc.py:296}}
Nov 08 13:34:35.274697 n-d-804292-2 neutron-server[101841]: DEBUG neutron_lib.callbacks.manager [None req-cc5a1847-ffde-4aee-810e-cd05842b1160 admin admin] Publish callbacks [] for security_group, precommit_create {{(pid=101841) _notify_loop /usr/local/lib/python3.8/dist-packages/neutron_lib/callbacks/manager.py:175}}
Nov 08 13:34:35.289642 n-d-804292-2 neutron-server[101841]: DEBUG neutron.pecan_wsgi.hooks.policy_enforcement [req-c01fddc9-e853-423a-ad3f-755bea98f47e req-22413c6a-9e86-417a-890d-0d9dacd6a9e6 service neutron] Attributes excluded by policy engine: ['standard_attr_id', 'vlan_transparent'] {{(pid=101841) _exclude_attributes_by_policy /opt/stack/neutron/neutron/pecan_wsgi/hooks/policy_enforcement.py:255}}
Nov 08 13:34:35.303996 n-d-804292-2 neutron-server[101841]: INFO neutron.wsgi [req-c01fddc9-e853-423a-ad3f-755bea98f47e req-22413c6a-9e86-417a-890d-0d9dacd6a9e6 service neutron] 10.222.0.54 "GET /v2.0/networks?id=0d0627b2-a6dc-4d29-a152-6d69ed5b8326 HTTP/1.1" status: 200 len: 924 time: 0.8976889
Nov 08 13:34:35.354440 n-d-804292-2 neutron-server[101841]: DEBUG neutron_lib.callbacks.manager [None req-cc5a1847-ffde-4aee-810e-cd05842b1160 admin admin] Publish callbacks ['neutron.plugins.ml2.ovo_rpc._ObjectChangeHandler.handle_event-999654'] for security_group, after_create {{(pid=101841) _notify_loop /usr/local/lib/python3.8/dist-packages/neutron_lib/callbacks/manager.py:175}}
Nov 08 13:34:35.518801 n-d-804292-2 neutron-server[101841]: DEBUG neutron_lib.callbacks.manager [None req-3a7ee7e3-08d7-4be7-a491-728eb6f12a33 admin admin] Publish callbacks [] for security_group, precommit_create {{(pid=101841) _notify_loop /usr/local/lib/python3.8/dist-packages/neutron_lib/callbacks/manager.py:175}}
Nov 08 13:34:35.564524 n-d-804292-2 neutron-server[101841]: INFO neutron.wsgi [req-c01fddc9-e853-423a-ad3f-755bea98f47e req-a7aad733-7df0-49ea-b2b1-20ed921d8919 service neutron] 10.222.0.54 "GET /v2.0/floatingips?fixed_ip_address=172.20.0.13&port_id=7a2a229c-c895-48bb-86b0-555a5eb67f17 HTTP/1.1" status: 200 len: 217 time: 0.2589438
Nov 08 13:34:35.574926 n-d-804292-2 neutron-server[101841]: INFO neutron.wsgi [None req-cc5a1847-ffde-4aee-810e-cd05842b1160 admin admin] 10.222.0.65 "GET /v2.0/security-groups?tenant_id=76c632f79127478793f205f9a6b22d98&name=default HTTP/1.1" status: 200 len: 2996 time: 2.2581613
Nov 08 13:34:35.575364 n-d-804292-2 neutron-server[101840]: DEBUG neutron.wsgi [-] (101840) accepted ('10.222.0.65', 33774) {{(pid=101840) server /usr/local/lib/python3.8/dist-packages/eventlet/wsgi.py:982}}
Nov 08 13:34:35.587422 n-d-804292-2 neutron-server[101841]: DEBUG neutron_lib.callbacks.manager [None req-3a7ee7e3-08d7-4be7-a491-728eb6f12a33 admin admin] Publish callbacks ['neutron.plugins.ml2.ovo_rpc._ObjectChangeHandler.handle_event-999654'] for security_group, after_create {{(pid=101841) _notify_loop /usr/local/lib/python3.8/dist-packages/neutron_lib/callbacks/manager.py:175}}
Nov 08 13:34:35.644143 n-d-804292-2 neutron-server[101841]: INFO neutron.wsgi [None req-3a7ee7e3-08d7-4be7-a491-728eb6f12a33 admin admin] 10.222.0.65 "GET /v2.0/security-groups?tenant_id=b193d2f883c94d2e9bca50fbfbede737&name=default HTTP/1.1" status: 200 len: 2996 time: 1.8384356
Nov 08 13:34:35.690972 n-d-804292-2 neutron-server[101840]: DEBUG neutron.wsgi [-] (101840) accepted ('10.222.0.65', 33776) {{(pid=101840) server /usr/local/lib/python3.8/dist-packages/eventlet/wsgi.py:982}}
Nov 08 13:34:35.836854 n-d-804292-2 neutron-server[101841]: DEBUG neutron.api.rpc.handlers.resources_rpc [None req-cc5a1847-ffde-4aee-810e-cd05842b1160 admin admin] Pushing event updated for resources: {'SecurityGroup': ['ID=b23af1ff-b4f3-48a9-b3ce-ac9876aaa4cc,revision_number=1']} {{(pid=101841) push /opt/stack/neutron/neutron/api/rpc/handlers/resources_rpc.py:237}}
Nov 08 13:34:35.964873 n-d-804292-2 neutron-server[101841]: DEBUG neutron.api.rpc.handlers.resources_rpc [None req-3a7ee7e3-08d7-4be7-a491-728eb6f12a33 admin admin] Pushing event updated for resources: {'SecurityGroup': ['ID=04761680-7dbd-421d-a0d9-2f95d45c9622,revision_number=1']} {{(pid=101841) push /opt/stack/neutron/neutron/api/rpc/handlers/resources_rpc.py:237}}
Nov 08 13:34:36.011582 n-d-804292-2 neutron-server[101841]: DEBUG neutron.pecan_wsgi.hooks.policy_enforcement [req-c01fddc9-e853-423a-ad3f-755bea98f47e req-90c22bc8-8ef7-459f-8096-4acc533ab178 service neutron] Attributes excluded by policy engine: ['standard_attr_id', 'shared'] {{(pid=101841) _exclude_attributes_by_policy /opt/stack/neutron/neutron/pecan_wsgi/hooks/policy_enforcement.py:255}}
Nov 08 13:34:36.029085 n-d-804292-2 neutron-server[101841]: INFO neutron.wsgi [req-c01fddc9-e853-423a-ad3f-755bea98f47e req-90c22bc8-8ef7-459f-8096-4acc533ab178 service neutron] 10.222.0.54 "GET /v2.0/subnets?id=9091f4a1-8c69-4a1a-bfad-e71dcfe1dd84 HTTP/1.1" status: 200 len: 862 time: 0.4462476
Nov 08 13:34:36.057448 n-d-804292-2 neutron-server[101842]: DEBUG neutron_lib.callbacks.manager [None req-a1869184-4492-4950-908c-385d0e3ec8c5 None None] Publish callbacks ['neutron.services.segments.db._update_segment_host_mapping_for_agent-8741090767647', 'neutron.plugins.ml2.plugin.Ml2Plugin._retry_binding_revived_agents-4101723'] for agent, after_update {{(pid=101842) _notify_loop /usr/local/lib/python3.8/dist-packages/neutron_lib/callbacks/manager.py:175}}
Nov 08 13:34:36.066017 n-d-804292-2 neutron-server[101842]: DEBUG neutron.api.rpc.handlers.dhcp_rpc [None req-183fc8e2-f90b-4b81-93f4-1cafc04a970d None None] Network ff0ca8a0-5e57-41ca-95c9-8126eecfd8ee requested from n-d-804292-2 {{(pid=101842) get_network_info /opt/stack/neutron/neutron/api/rpc/handlers/dhcp_rpc.py:218}}
Nov 08 13:34:36.140930 n-d-804292-2 neutron-server[101842]: DEBUG neutron_lib.callbacks.manager [None req-3ee91a4c-7966-494b-ade1-dbafbcc67190 None None] Publish callbacks ['neutron.services.segments.db._update_segment_host_mapping_for_agent-8741090767647', 'neutron.plugins.ml2.plugin.Ml2Plugin._retry_binding_revived_agents-4101723'] for agent, after_update {{(pid=101842) _notify_loop /usr/local/lib/python3.8/dist-packages/neutron_lib/callbacks/manager.py:175}}
Nov 08 13:34:36.231154 n-d-804292-2 neutron-server[101841]: DEBUG neutron.pecan_wsgi.hooks.policy_enforcement [req-c01fddc9-e853-423a-ad3f-755bea98f47e req-1bed7072-ac1f-4853-87ce-3856f1b90198 service neutron] Attributes excluded by policy engine: ['standard_attr_id'] {{(pid=101841) _exclude_attributes_by_policy /opt/stack/neutron/neutron/pecan_wsgi/hooks/policy_enforcement.py:255}}
Nov 08 13:34:36.242104 n-d-804292-2 neutron-server[101841]: INFO neutron.wsgi [req-c01fddc9-e853-423a-ad3f-755bea98f47e req-1bed7072-ac1f-4853-87ce-3856f1b90198 service neutron] 10.222.0.54 "GET /v2.0/ports?network_id=0d0627b2-a6dc-4d29-a152-6d69ed5b8326&device_owner=network%3Adhcp HTTP/1.1" status: 200 len: 1163 time: 0.2092953
Nov 08 13:34:36.380790 n-d-804292-2 neutron-server[101842]: DEBUG neutron.db.provisioning_blocks [None req-3ee91a4c-7966-494b-ade1-dbafbcc67190 None None] Provisioning complete for port 60e60d01-b7e0-4a4c-8208-a201e1ee1d0b triggered by entity L2. {{(pid=101842) provisioning_complete /opt/stack/neutron/neutron/db/provisioning_blocks.py:139}}
Nov 08 13:34:36.381857 n-d-804292-2 neutron-server[101842]: DEBUG neutron_lib.callbacks.manager [None req-3ee91a4c-7966-494b-ade1-dbafbcc67190 None None] Publish callbacks ['neutron.plugins.ml2.plugin.Ml2Plugin._port_provisioned-4101866'] for port, provisioning_complete {{(pid=101842) _notify_loop /usr/local/lib/python3.8/dist-packages/neutron_lib/callbacks/manager.py:175}}
Nov 08 13:34:36.422699 n-d-804292-2 neutron-server[101840]: DEBUG neutron_lib.callbacks.manager [None req-6897cf0e-366b-4367-8451-614e530f485a admin admin] Publish callbacks [] for security_group, before_delete {{(pid=101840) _notify_loop /usr/local/lib/python3.8/dist-packages/neutron_lib/callbacks/manager.py:175}}
Nov 08 13:34:36.542900 n-d-804292-2 neutron-server[101840]: DEBUG neutron_lib.callbacks.manager [None req-6897cf0e-366b-4367-8451-614e530f485a admin admin] Publish callbacks [] for security_group, precommit_delete {{(pid=101840) _notify_loop /usr/local/lib/python3.8/dist-packages/neutron_lib/callbacks/manager.py:175}}
Nov 08 13:34:36.761117 n-d-804292-2 neutron-server[101840]: DEBUG neutron_lib.callbacks.manager [None req-a7a05453-67a4-4123-9615-0c7227a87f67 admin admin] Publish callbacks [] for security_group, before_delete {{(pid=101840) _notify_loop /usr/local/lib/python3.8/dist-packages/neutron_lib/callbacks/manager.py:175}}
Nov 08 13:34:36.830071 n-d-804292-2 neutron-server[101840]: DEBUG neutron_lib.callbacks.manager [None req-6897cf0e-366b-4367-8451-614e530f485a admin admin] Publish callbacks ['neutron.plugins.ml2.ovo_rpc._ObjectChangeHandler.handle_event-999654'] for security_group, after_delete {{(pid=101840) _notify_loop /usr/local/lib/python3.8/dist-packages/neutron_lib/callbacks/manager.py:175}}
Nov 08 13:34:36.834089 n-d-804292-2 neutron-server[101840]: DEBUG neutron_lib.callbacks.manager [None req-6897cf0e-366b-4367-8451-614e530f485a admin admin] Publish callbacks [] for security_group, before_response {{(pid=101840) _notify_loop /usr/local/lib/python3.8/dist-packages/neutron_lib/callbacks/manager.py:175}}
Nov 08 13:34:36.836496 n-d-804292-2 neutron-server[101840]: INFO neutron.wsgi [None req-6897cf0e-366b-4367-8451-614e530f485a admin admin] 10.222.0.65 "DELETE /v2.0/security-groups/b23af1ff-b4f3-48a9-b3ce-ac9876aaa4cc HTTP/1.1" status: 204 len: 168 time: 1.2590275
Nov 08 13:34:36.864736 n-d-804292-2 neutron-server[101840]: DEBUG neutron_lib.callbacks.manager [None req-a7a05453-67a4-4123-9615-0c7227a87f67 admin admin] Publish callbacks [] for security_group, precommit_delete {{(pid=101840) _notify_loop /usr/local/lib/python3.8/dist-packages/neutron_lib/callbacks/manager.py:175}}
Nov 08 13:34:36.878976 n-d-804292-2 neutron-server[101840]: DEBUG neutron.api.rpc.handlers.resources_rpc [None req-6897cf0e-366b-4367-8451-614e530f485a admin admin] Pushing event deleted for resources: {'SecurityGroup': ['ID=b23af1ff-b4f3-48a9-b3ce-ac9876aaa4cc,revision_number=None']} {{(pid=101840) push /opt/stack/neutron/neutron/api/rpc/handlers/resources_rpc.py:237}}
Nov 08 13:34:36.973336 n-d-804292-2 neutron-server[101841]: DEBUG neutron.pecan_wsgi.hooks.policy_enforcement [req-c9b5cc06-968e-40c9-9c74-1d3ceea67c12 req-4e7871bc-214c-44e5-b5fb-16d4cf630a21 tempest-ServersWithSpecificFlavorTestJSON-498628618 tempest-ServersWithSpecificFlavorTestJSON-498628618-project] Attributes excluded by policy engine: ['standard_attr_id', 'binding:profile', 'binding:host_id', 'binding:vif_type', 'binding:vif_details'] {{(pid=101841) _exclude_attributes_by_policy /opt/stack/neutron/neutron/pecan_wsgi/hooks/policy_enforcement.py:255}}
Nov 08 13:34:36.983327 n-d-804292-2 neutron-server[101841]: INFO neutron.wsgi [req-c9b5cc06-968e-40c9-9c74-1d3ceea67c12 req-4e7871bc-214c-44e5-b5fb-16d4cf630a21 tempest-ServersWithSpecificFlavorTestJSON-498628618 tempest-ServersWithSpecificFlavorTestJSON-498628618-project] 10.222.0.65 "GET /v2.0/ports?device_id=089b8eaf-6586-4cd4-9006-766dd31beea3 HTTP/1.1" status: 200 len: 944 time: 0.5979617
Nov 08 13:34:37.068802 n-d-804292-2 neutron-server[101840]: DEBUG neutron_lib.callbacks.manager [None req-a7a05453-67a4-4123-9615-0c7227a87f67 admin admin] Publish callbacks ['neutron.plugins.ml2.ovo_rpc._ObjectChangeHandler.handle_event-999654'] for security_group, after_delete {{(pid=101840) _notify_loop /usr/local/lib/python3.8/dist-packages/neutron_lib/callbacks/manager.py:175}}
Nov 08 13:34:37.075077 n-d-804292-2 neutron-server[101840]: DEBUG neutron_lib.callbacks.manager [None req-a7a05453-67a4-4123-9615-0c7227a87f67 admin admin] Publish callbacks [] for security_group, before_response {{(pid=101840) _notify_loop /usr/local/lib/python3.8/dist-packages/neutron_lib/callbacks/manager.py:175}}
Nov 08 13:34:37.076409 n-d-804292-2 neutron-server[101840]: INFO neutron.wsgi [None req-a7a05453-67a4-4123-9615-0c7227a87f67 admin admin] 10.222.0.65 "DELETE /v2.0/security-groups/04761680-7dbd-421d-a0d9-2f95d45c9622 HTTP/1.1" status: 204 len: 168 time: 1.3559022
Nov 08 13:34:37.115510 n-d-804292-2 neutron-server[101840]: DEBUG neutron.api.rpc.handlers.resources_rpc [None req-a7a05453-67a4-4123-9615-0c7227a87f67 admin admin] Pushing event deleted for resources: {'SecurityGroup': ['ID=04761680-7dbd-421d-a0d9-2f95d45c9622,revision_number=None']} {{(pid=101840) push /opt/stack/neutron/neutron/api/rpc/handlers/resources_rpc.py:237}}
Nov 08 13:34:37.178257 n-d-804292-2 neutron-server[101841]: INFO neutron.wsgi [req-c01fddc9-e853-423a-ad3f-755bea98f47e req-3fca0867-095d-455c-a34d-704475c83d51 service neutron] 10.222.0.54 "GET /v2.0/networks/0d0627b2-a6dc-4d29-a152-6d69ed5b8326?fields=segments HTTP/1.1" status: 200 len: 212 time: 0.9236691
Nov 08 13:34:37.350920 n-d-804292-2 neutron-server[101841]: INFO neutron.wsgi [req-c9b5cc06-968e-40c9-9c74-1d3ceea67c12 req-6f524649-e8c1-4abd-ace6-b3519bfbf435 tempest-ServersWithSpecificFlavorTestJSON-498628618 tempest-ServersWithSpecificFlavorTestJSON-498628618-project] 10.222.0.65 "GET /v2.0/security-groups?id=24682f56-fa1c-4f01-af6f-cae3a28ecb87&fields=id&fields=name HTTP/1.1" status: 200 len: 313 time: 0.3471653
