Nov 08 13:34:22.910230 n-d-804292-2 devstack@n-api.service[123605]: DEBUG oslo_concurrency.lockutils [None req-28ff2414-adf0-4f4b-ad5e-45a76a677776 tempest-ServersWithSpecificFlavorTestJSON-498628618 tempest-ServersWithSpecificFlavorTestJSON-498628618-project] Lock "79f93c28-c3b9-4f9e-a22b-680a23ece2b9" "released" by "nova.context.set_target_cell..get_or_set_cached_cell_and_set_connections" :: held 0.001s {{(pid=123605) inner /usr/local/lib/python3.8/dist-packages/oslo_concurrency/lockutils.py:400}}
Nov 08 13:34:22.911336 n-d-804292-2 devstack@n-api.service[123605]: DEBUG oslo_concurrency.lockutils [None req-28ff2414-adf0-4f4b-ad5e-45a76a677776 tempest-ServersWithSpecificFlavorTestJSON-498628618 tempest-ServersWithSpecificFlavorTestJSON-498628618-project] Lock "79f93c28-c3b9-4f9e-a22b-680a23ece2b9" acquired by "nova.context.set_target_cell..get_or_set_cached_cell_and_set_connections" :: waited 0.000s {{(pid=123605) inner /usr/local/lib/python3.8/dist-packages/oslo_concurrency/lockutils.py:386}}
Nov 08 13:34:22.911996 n-d-804292-2 devstack@n-api.service[123605]: DEBUG oslo_concurrency.lockutils [None req-28ff2414-adf0-4f4b-ad5e-45a76a677776 tempest-ServersWithSpecificFlavorTestJSON-498628618 tempest-ServersWithSpecificFlavorTestJSON-498628618-project] Lock "79f93c28-c3b9-4f9e-a22b-680a23ece2b9" "released" by "nova.context.set_target_cell..get_or_set_cached_cell_and_set_connections" :: held 0.001s {{(pid=123605) inner /usr/local/lib/python3.8/dist-packages/oslo_concurrency/lockutils.py:400}}
Nov 08 13:34:23.387805 n-d-804292-2 devstack@n-api.service[123604]: DEBUG nova.policy [None req-d667d314-4c49-4da5-9d83-af2e03af8f79 tempest-AggregatesAdminTestJSON-37177527 tempest-AggregatesAdminTestJSON-37177527-project] Policy check for os_compute_api:os-extended-server-attributes failed with credentials {'is_admin': False, 'user_id': '530e143c28dc4ca881474442517e7f39', 'user_domain_id': 'default', 'system_scope': None, 'domain_id': None, 'project_id': '2674e4c6be994e20a7617869c75a0437', 'project_domain_id': 'default', 'roles': ['reader', 'member'], 'is_admin_project': True, 'service_user_id': None, 'service_user_domain_id': None, 'service_project_id': None, 'service_project_domain_id': None, 'service_roles': []} {{(pid=123604) authorize /opt/stack/nova/nova/policy.py:199}}
Nov 08 13:34:23.389262 n-d-804292-2 devstack@n-api.service[123605]: DEBUG nova.policy [None req-28ff2414-adf0-4f4b-ad5e-45a76a677776 tempest-ServersWithSpecificFlavorTestJSON-498628618 tempest-ServersWithSpecificFlavorTestJSON-498628618-project] Policy check for os_compute_api:os-extended-server-attributes failed with credentials {'is_admin': False, 'user_id': '8aed91eac7ed4f20b628d373be94bede', 'user_domain_id': 'default', 'system_scope': None, 'domain_id': None, 'project_id': 'fad5bda350264d47a513245a6068be57', 'project_domain_id': 'default', 'roles': ['reader', 'member'], 'is_admin_project': True, 'service_user_id': None, 'service_user_domain_id': None, 'service_project_id': None, 'service_project_domain_id': None, 'service_roles': []} {{(pid=123605) authorize /opt/stack/nova/nova/policy.py:199}}
Nov 08 13:34:23.397910 n-d-804292-2 devstack@n-api.service[123604]: INFO nova.api.openstack.requestlog [None req-d667d314-4c49-4da5-9d83-af2e03af8f79 tempest-AggregatesAdminTestJSON-37177527 tempest-AggregatesAdminTestJSON-37177527-project] 10.222.0.65 "GET /compute/v2.1/servers/22e6e5a9-ffe4-458b-a85f-8544e9a4ca0d" status: 200 len: 1488 microversion: 2.1 time: 0.552022
Nov 08 13:34:23.399047 n-d-804292-2 devstack@n-api.service[123604]: [pid: 123604|app: 0|req: 105/175] 10.222.0.65 () {58 vars in 1235 bytes} [Mon Nov 8 13:34:22 2021] GET /compute/v2.1/servers/22e6e5a9-ffe4-458b-a85f-8544e9a4ca0d => generated 1488 bytes in 554 msecs (HTTP/1.1 200) 9 headers in 358 bytes (1 switches on core 0)
Nov 08 13:34:23.402925 n-d-804292-2 devstack@n-api.service[123605]: INFO nova.api.openstack.requestlog [None req-28ff2414-adf0-4f4b-ad5e-45a76a677776 tempest-ServersWithSpecificFlavorTestJSON-498628618 tempest-ServersWithSpecificFlavorTestJSON-498628618-project] 10.222.0.65 "GET /compute/v2.1/servers/089b8eaf-6586-4cd4-9006-766dd31beea3" status: 200 len: 1387 microversion: 2.1 time: 0.521427
Nov 08 13:34:23.404286 n-d-804292-2 devstack@n-api.service[123605]: [pid: 123605|app: 0|req: 71/176] 10.222.0.65 () {58 vars in 1235 bytes} [Mon Nov 8 13:34:22 2021] GET /compute/v2.1/servers/089b8eaf-6586-4cd4-9006-766dd31beea3 => generated 1387 bytes in 523 msecs (HTTP/1.1 200) 9 headers in 358 bytes (1 switches on core 0)
Nov 08 13:34:23.423301 n-d-804292-2 devstack@n-api.service[123604]: DEBUG nova.api.openstack.wsgi [None req-2065f1ef-d3fc-4819-aeed-713cc2127838 tempest-AggregatesAdminTestJSON-1458489118 tempest-AggregatesAdminTestJSON-1458489118-project-admin] Calling method '>' {{(pid=123604) _process_stack /opt/stack/nova/nova/api/openstack/wsgi.py:513}}
Nov 08 13:34:23.433714 n-d-804292-2 devstack@n-api.service[123604]: DEBUG nova.compute.api [None req-2065f1ef-d3fc-4819-aeed-713cc2127838 tempest-AggregatesAdminTestJSON-1458489118 tempest-AggregatesAdminTestJSON-1458489118-project-admin] [instance: 22e6e5a9-ffe4-458b-a85f-8544e9a4ca0d] Fetching instance by UUID {{(pid=123604) get /opt/stack/nova/nova/compute/api.py:2865}}
Nov 08 13:34:23.445608 n-d-804292-2 devstack@n-api.service[123604]: DEBUG oslo_concurrency.lockutils [None req-2065f1ef-d3fc-4819-aeed-713cc2127838 tempest-AggregatesAdminTestJSON-1458489118 tempest-AggregatesAdminTestJSON-1458489118-project-admin] Lock "79f93c28-c3b9-4f9e-a22b-680a23ece2b9" acquired by "nova.context.set_target_cell..get_or_set_cached_cell_and_set_connections" :: waited 0.000s {{(pid=123604) inner /usr/local/lib/python3.8/dist-packages/oslo_concurrency/lockutils.py:386}}
Nov 08 13:34:23.446113 n-d-804292-2 devstack@n-api.service[123604]: DEBUG oslo_concurrency.lockutils [None req-2065f1ef-d3fc-4819-aeed-713cc2127838 tempest-AggregatesAdminTestJSON-1458489118 tempest-AggregatesAdminTestJSON-1458489118-project-admin] Lock "79f93c28-c3b9-4f9e-a22b-680a23ece2b9" "released" by "nova.context.set_target_cell..get_or_set_cached_cell_and_set_connections" :: held 0.001s {{(pid=123604) inner /usr/local/lib/python3.8/dist-packages/oslo_concurrency/lockutils.py:400}}
Nov 08 13:34:23.448120 n-d-804292-2 devstack@n-api.service[123604]: DEBUG oslo_concurrency.lockutils [None req-2065f1ef-d3fc-4819-aeed-713cc2127838 tempest-AggregatesAdminTestJSON-1458489118 tempest-AggregatesAdminTestJSON-1458489118-project-admin] Lock "79f93c28-c3b9-4f9e-a22b-680a23ece2b9" acquired by "nova.context.set_target_cell..get_or_set_cached_cell_and_set_connections" :: waited 0.000s {{(pid=123604) inner /usr/local/lib/python3.8/dist-packages/oslo_concurrency/lockutils.py:386}}
Nov 08 13:34:23.448696 n-d-804292-2 devstack@n-api.service[123604]: DEBUG oslo_concurrency.lockutils [None req-2065f1ef-d3fc-4819-aeed-713cc2127838 tempest-AggregatesAdminTestJSON-1458489118 tempest-AggregatesAdminTestJSON-1458489118-project-admin] Lock "79f93c28-c3b9-4f9e-a22b-680a23ece2b9" "released" by "nova.context.set_target_cell..get_or_set_cached_cell_and_set_connections" :: held 0.002s {{(pid=123604) inner /usr/local/lib/python3.8/dist-packages/oslo_concurrency/lockutils.py:400}}
Nov 08 13:34:24.020324 n-d-804292-2 devstack@n-api.service[123604]: INFO nova.api.openstack.requestlog [None req-2065f1ef-d3fc-4819-aeed-713cc2127838 tempest-AggregatesAdminTestJSON-1458489118 tempest-AggregatesAdminTestJSON-1458489118-project-admin] 10.222.0.65 "GET /compute/v2.1/servers/22e6e5a9-ffe4-458b-a85f-8544e9a4ca0d" status: 200 len: 1639 microversion: 2.1 time: 0.600095
Nov 08 13:34:24.028317 n-d-804292-2 devstack@n-api.service[123604]: [pid: 123604|app: 0|req: 106/177] 10.222.0.65 () {58 vars in 1235 bytes} [Mon Nov 8 13:34:23 2021] GET /compute/v2.1/servers/22e6e5a9-ffe4-458b-a85f-8544e9a4ca0d => generated 1639 bytes in 609 msecs (HTTP/1.1 200) 9 headers in 358 bytes (1 switches on core 0)
Nov 08 13:34:24.057167 n-d-804292-2 devstack@n-api.service[123605]: DEBUG nova.api.openstack.wsgi [None req-b797e482-c5c1-4b88-877f-191fffe81291 tempest-AggregatesAdminTestJSON-1458489118 tempest-AggregatesAdminTestJSON-1458489118-project-admin] Action: 'action', calling method: >, body: {"remove_host": {"host": "n-h1-804292-2"}} {{(pid=123605) _process_stack /opt/stack/nova/nova/api/openstack/wsgi.py:511}}
Nov 08 13:34:24.059034 n-d-804292-2 devstack@n-api.service[123605]: /usr/local/lib/python3.8/dist-packages/oslo_policy/policy.py:1075: UserWarning: Policy os_compute_api:os-aggregates:remove_host failed scope check. The token used to make the request was project scoped but the policy requires ['system'] scope. This behavior may change in the future where using the intended scope is required
Nov 08 13:34:24.059034 n-d-804292-2 devstack@n-api.service[123605]: warnings.warn(msg)
Nov 08 13:34:24.068554 n-d-804292-2 devstack@n-api.service[123605]: DEBUG oslo_concurrency.lockutils [None req-b797e482-c5c1-4b88-877f-191fffe81291 tempest-AggregatesAdminTestJSON-1458489118 tempest-AggregatesAdminTestJSON-1458489118-project-admin] Lock "79f93c28-c3b9-4f9e-a22b-680a23ece2b9" acquired by "nova.context.set_target_cell..get_or_set_cached_cell_and_set_connections" :: waited 0.000s {{(pid=123605) inner /usr/local/lib/python3.8/dist-packages/oslo_concurrency/lockutils.py:386}}
Nov 08 13:34:24.069000 n-d-804292-2 devstack@n-api.service[123605]: DEBUG oslo_concurrency.lockutils [None req-b797e482-c5c1-4b88-877f-191fffe81291 tempest-AggregatesAdminTestJSON-1458489118 tempest-AggregatesAdminTestJSON-1458489118-project-admin] Lock "79f93c28-c3b9-4f9e-a22b-680a23ece2b9" "released" by "nova.context.set_target_cell..get_or_set_cached_cell_and_set_connections" :: held 0.001s {{(pid=123605) inner /usr/local/lib/python3.8/dist-packages/oslo_concurrency/lockutils.py:400}}
Nov 08 13:34:24.268888 n-d-804292-2 devstack@n-api.service[123605]: INFO nova.api.openstack.requestlog [None req-b797e482-c5c1-4b88-877f-191fffe81291 tempest-AggregatesAdminTestJSON-1458489118 tempest-AggregatesAdminTestJSON-1458489118-project-admin] 10.222.0.65 "POST /compute/v2.1/os-aggregates/3/action" status: 200 len: 300 microversion: 2.1 time: 0.222398
Nov 08 13:34:24.272640 n-d-804292-2 devstack@n-api.service[123605]: [pid: 123605|app: 0|req: 72/178] 10.222.0.65 () {60 vars in 1190 bytes} [Mon Nov 8 13:34:24 2021] POST /compute/v2.1/os-aggregates/3/action => generated 300 bytes in 228 msecs (HTTP/1.1 200) 9 headers in 357 bytes (2 switches on core 0)
Nov 08 13:34:24.285826 n-d-804292-2 devstack@n-api.service[123604]: DEBUG nova.api.openstack.wsgi [None req-d5bd6467-ae55-483c-856d-39f7c37e642d tempest-AggregatesAdminTestJSON-1458489118 tempest-AggregatesAdminTestJSON-1458489118-project-admin] Calling method '>' {{(pid=123604) _process_stack /opt/stack/nova/nova/api/openstack/wsgi.py:513}}
Nov 08 13:34:24.288064 n-d-804292-2 devstack@n-api.service[123604]: /usr/local/lib/python3.8/dist-packages/oslo_policy/policy.py:1075: UserWarning: Policy os_compute_api:os-aggregates:delete failed scope check. The token used to make the request was project scoped but the policy requires ['system'] scope. This behavior may change in the future where using the intended scope is required
Nov 08 13:34:24.288064 n-d-804292-2 devstack@n-api.service[123604]: warnings.warn(msg)
Nov 08 13:34:24.342903 n-d-804292-2 devstack@n-api.service[123604]: INFO nova.api.openstack.requestlog [None req-d5bd6467-ae55-483c-856d-39f7c37e642d tempest-AggregatesAdminTestJSON-1458489118 tempest-AggregatesAdminTestJSON-1458489118-project-admin] 10.222.0.65 "DELETE /compute/v2.1/os-aggregates/3" status: 200 len: 0 microversion: 2.1 time: 0.063459
Nov 08 13:34:24.344953 n-d-804292-2 devstack@n-api.service[123604]: [pid: 123604|app: 0|req: 107/179] 10.222.0.65 () {58 vars in 1151 bytes} [Mon Nov 8 13:34:24 2021] DELETE /compute/v2.1/os-aggregates/3 => generated 0 bytes in 68 msecs (HTTP/1.1 200) 9 headers in 355 bytes (1 switches on core 0)
Nov 08 13:34:24.361154 n-d-804292-2 devstack@n-api.service[123605]: DEBUG nova.api.openstack.wsgi [None req-a4db960a-3321-4134-8d63-3ecad71245ee tempest-AggregatesAdminTestJSON-1458489118 tempest-AggregatesAdminTestJSON-1458489118-project-admin] Action: 'create', calling method: >, body: {"aggregate": {"name": "tempest-test_aggregate-1264961468"}} {{(pid=123605) _process_stack /opt/stack/nova/nova/api/openstack/wsgi.py:511}}
Nov 08 13:34:24.362974 n-d-804292-2 devstack@n-api.service[123605]: /usr/local/lib/python3.8/dist-packages/oslo_policy/policy.py:1075: UserWarning: Policy os_compute_api:os-aggregates:create failed scope check. The token used to make the request was project scoped but the policy requires ['system'] scope. This behavior may change in the future where using the intended scope is required
Nov 08 13:34:24.362974 n-d-804292-2 devstack@n-api.service[123605]: warnings.warn(msg)
Nov 08 13:34:24.365450 n-d-804292-2 devstack@n-api.service[123605]: DEBUG nova.objects.aggregate [None req-a4db960a-3321-4134-8d63-3ecad71245ee tempest-AggregatesAdminTestJSON-1458489118 tempest-AggregatesAdminTestJSON-1458489118-project-admin] Generated uuid fd8aec63-9b07-46ed-812e-88d36184dbd9 for aggregate {{(pid=123605) create /opt/stack/nova/nova/objects/aggregate.py:298}}
Nov 08 13:34:24.397155 n-d-804292-2 devstack@n-api.service[123605]: INFO nova.api.openstack.requestlog [None req-a4db960a-3321-4134-8d63-3ecad71245ee tempest-AggregatesAdminTestJSON-1458489118 tempest-AggregatesAdminTestJSON-1458489118-project-admin] 10.222.0.65 "POST /compute/v2.1/os-aggregates" status: 200 len: 198 microversion: 2.1 time: 0.041171
Nov 08 13:34:24.398514 n-d-804292-2 devstack@n-api.service[123605]: [pid: 123605|app: 0|req: 73/180] 10.222.0.65 () {60 vars in 1163 bytes} [Mon Nov 8 13:34:24 2021] POST /compute/v2.1/os-aggregates => generated 198 bytes in 43 msecs (HTTP/1.1 200) 9 headers in 357 bytes (2 switches on core 0)
Nov 08 13:34:24.412232 n-d-804292-2 devstack@n-api.service[123604]: DEBUG nova.api.openstack.wsgi [None req-19dad0a8-c351-423d-8ffc-b0eb37a060f0 tempest-AggregatesAdminTestJSON-1458489118 tempest-AggregatesAdminTestJSON-1458489118-project-admin] Action: 'action', calling method: >, body: {"add_host": {"host": "n-h1-804292-2"}} {{(pid=123604) _process_stack /opt/stack/nova/nova/api/openstack/wsgi.py:511}}
Nov 08 13:34:24.414568 n-d-804292-2 devstack@n-api.service[123604]: /usr/local/lib/python3.8/dist-packages/oslo_policy/policy.py:1075: UserWarning: Policy os_compute_api:os-aggregates:add_host failed scope check. The token used to make the request was project scoped but the policy requires ['system'] scope. This behavior may change in the future where using the intended scope is required
Nov 08 13:34:24.414568 n-d-804292-2 devstack@n-api.service[123604]: warnings.warn(msg)
Nov 08 13:34:24.433878 n-d-804292-2 devstack@n-api.service[123605]: DEBUG nova.api.openstack.wsgi [None req-561204a2-08fa-4b35-ae06-c13ebc6db847 tempest-ServersWithSpecificFlavorTestJSON-498628618 tempest-ServersWithSpecificFlavorTestJSON-498628618-project] Calling method '>' {{(pid=123605) _process_stack /opt/stack/nova/nova/api/openstack/wsgi.py:513}}
Nov 08 13:34:24.436886 n-d-804292-2 devstack@n-api.service[123605]: DEBUG nova.compute.api [None req-561204a2-08fa-4b35-ae06-c13ebc6db847 tempest-ServersWithSpecificFlavorTestJSON-498628618 tempest-ServersWithSpecificFlavorTestJSON-498628618-project] [instance: 089b8eaf-6586-4cd4-9006-766dd31beea3] Fetching instance by UUID {{(pid=123605) get /opt/stack/nova/nova/compute/api.py:2865}}
Nov 08 13:34:24.445014 n-d-804292-2 devstack@n-api.service[123604]: DEBUG oslo_concurrency.lockutils [None req-19dad0a8-c351-423d-8ffc-b0eb37a060f0 tempest-AggregatesAdminTestJSON-1458489118 tempest-AggregatesAdminTestJSON-1458489118-project-admin] Lock "79f93c28-c3b9-4f9e-a22b-680a23ece2b9" acquired by "nova.context.set_target_cell..get_or_set_cached_cell_and_set_connections" :: waited 0.000s {{(pid=123604) inner /usr/local/lib/python3.8/dist-packages/oslo_concurrency/lockutils.py:386}}
Nov 08 13:34:24.445960 n-d-804292-2 devstack@n-api.service[123604]: DEBUG oslo_concurrency.lockutils [None req-19dad0a8-c351-423d-8ffc-b0eb37a060f0 tempest-AggregatesAdminTestJSON-1458489118 tempest-AggregatesAdminTestJSON-1458489118-project-admin] Lock "79f93c28-c3b9-4f9e-a22b-680a23ece2b9" "released" by "nova.context.set_target_cell..get_or_set_cached_cell_and_set_connections" :: held 0.008s {{(pid=123604) inner /usr/local/lib/python3.8/dist-packages/oslo_concurrency/lockutils.py:400}}
Nov 08 13:34:24.457798 n-d-804292-2 devstack@n-api.service[123605]: DEBUG oslo_concurrency.lockutils [None req-561204a2-08fa-4b35-ae06-c13ebc6db847 tempest-ServersWithSpecificFlavorTestJSON-498628618 tempest-ServersWithSpecificFlavorTestJSON-498628618-project] Lock "79f93c28-c3b9-4f9e-a22b-680a23ece2b9" acquired by "nova.context.set_target_cell..get_or_set_cached_cell_and_set_connections" :: waited 0.000s {{(pid=123605) inner /usr/local/lib/python3.8/dist-packages/oslo_concurrency/lockutils.py:386}}
Nov 08 13:34:24.458556 n-d-804292-2 devstack@n-api.service[123605]: DEBUG oslo_concurrency.lockutils [None req-561204a2-08fa-4b35-ae06-c13ebc6db847 tempest-ServersWithSpecificFlavorTestJSON-498628618 tempest-ServersWithSpecificFlavorTestJSON-498628618-project] Lock "79f93c28-c3b9-4f9e-a22b-680a23ece2b9" "released" by "nova.context.set_target_cell..get_or_set_cached_cell_and_set_connections" :: held 0.001s {{(pid=123605) inner /usr/local/lib/python3.8/dist-packages/oslo_concurrency/lockutils.py:400}}
Nov 08 13:34:24.459890 n-d-804292-2 devstack@n-api.service[123605]: DEBUG oslo_concurrency.lockutils [None req-561204a2-08fa-4b35-ae06-c13ebc6db847 tempest-ServersWithSpecificFlavorTestJSON-498628618 tempest-ServersWithSpecificFlavorTestJSON-498628618-project] Lock "79f93c28-c3b9-4f9e-a22b-680a23ece2b9" acquired by "nova.context.set_target_cell..get_or_set_cached_cell_and_set_connections" :: waited 0.000s {{(pid=123605) inner /usr/local/lib/python3.8/dist-packages/oslo_concurrency/lockutils.py:386}}
Nov 08 13:34:24.460607 n-d-804292-2 devstack@n-api.service[123605]: DEBUG oslo_concurrency.lockutils [None req-561204a2-08fa-4b35-ae06-c13ebc6db847 tempest-ServersWithSpecificFlavorTestJSON-498628618 tempest-ServersWithSpecificFlavorTestJSON-498628618-project] Lock "79f93c28-c3b9-4f9e-a22b-680a23ece2b9" "released" by "nova.context.set_target_cell..get_or_set_cached_cell_and_set_connections" :: held 0.001s {{(pid=123605) inner /usr/local/lib/python3.8/dist-packages/oslo_concurrency/lockutils.py:400}}
Nov 08 13:34:24.722447 n-d-804292-2 devstack@n-api.service[123604]: INFO nova.api.openstack.requestlog [None req-19dad0a8-c351-423d-8ffc-b0eb37a060f0 tempest-AggregatesAdminTestJSON-1458489118 tempest-AggregatesAdminTestJSON-1458489118-project-admin] 10.222.0.65 "POST /compute/v2.1/os-aggregates/8/action" status: 200 len: 242 microversion: 2.1 time: 0.315228
Nov 08 13:34:24.723802 n-d-804292-2 devstack@n-api.service[123604]: [pid: 123604|app: 0|req: 108/181] 10.222.0.65 () {60 vars in 1190 bytes} [Mon Nov 8 13:34:24 2021] POST /compute/v2.1/os-aggregates/8/action => generated 242 bytes in 317 msecs (HTTP/1.1 200) 9 headers in 357 bytes (2 switches on core 0)
Nov 08 13:34:24.744213 n-d-804292-2 devstack@n-api.service[123604]: DEBUG nova.api.openstack.wsgi [None req-130d18c2-8334-4dc3-af31-19d9f7bd08c4 tempest-AggregatesAdminTestJSON-1458489118 tempest-AggregatesAdminTestJSON-1458489118-project-admin] Calling method '>' {{(pid=123604) _process_stack /opt/stack/nova/nova/api/openstack/wsgi.py:513}}
Nov 08 13:34:24.745536 n-d-804292-2 devstack@n-api.service[123604]: /usr/local/lib/python3.8/dist-packages/oslo_policy/policy.py:1075: UserWarning: Policy os_compute_api:os-aggregates:show failed scope check. The token used to make the request was project scoped but the policy requires ['system'] scope. This behavior may change in the future where using the intended scope is required
Nov 08 13:34:24.745536 n-d-804292-2 devstack@n-api.service[123604]: warnings.warn(msg)
Nov 08 13:34:24.767512 n-d-804292-2 devstack@n-api.service[123604]: INFO nova.api.openstack.requestlog [None req-130d18c2-8334-4dc3-af31-19d9f7bd08c4 tempest-AggregatesAdminTestJSON-1458489118 tempest-AggregatesAdminTestJSON-1458489118-project-admin] 10.222.0.65 "GET /compute/v2.1/os-aggregates/8" status: 200 len: 242 microversion: 2.1 time: 0.030456
Nov 08 13:34:24.771548 n-d-804292-2 devstack@n-api.service[123604]: [pid: 123604|app: 0|req: 109/182] 10.222.0.65 () {58 vars in 1148 bytes} [Mon Nov 8 13:34:24 2021] GET /compute/v2.1/os-aggregates/8 => generated 242 bytes in 36 msecs (HTTP/1.1 200) 9 headers in 357 bytes (1 switches on core 0)
Nov 08 13:34:24.796046 n-d-804292-2 devstack@n-api.service[123604]: DEBUG nova.api.openstack.wsgi [None req-ee2ecd68-77b3-4a9d-9f14-a4a16a294020 tempest-AggregatesAdminTestJSON-1458489118 tempest-AggregatesAdminTestJSON-1458489118-project-admin] Action: 'action', calling method: >, body: {"remove_host": {"host": "n-h1-804292-2"}} {{(pid=123604) _process_stack /opt/stack/nova/nova/api/openstack/wsgi.py:511}}
Nov 08 13:34:24.800878 n-d-804292-2 devstack@n-api.service[123604]: /usr/local/lib/python3.8/dist-packages/oslo_policy/policy.py:1075: UserWarning: Policy os_compute_api:os-aggregates:remove_host failed scope check. The token used to make the request was project scoped but the policy requires ['system'] scope. This behavior may change in the future where using the intended scope is required
Nov 08 13:34:24.800878 n-d-804292-2 devstack@n-api.service[123604]: warnings.warn(msg)
Nov 08 13:34:24.818414 n-d-804292-2 devstack@n-api.service[123604]: DEBUG oslo_concurrency.lockutils [None req-ee2ecd68-77b3-4a9d-9f14-a4a16a294020 tempest-AggregatesAdminTestJSON-1458489118 tempest-AggregatesAdminTestJSON-1458489118-project-admin] Lock "79f93c28-c3b9-4f9e-a22b-680a23ece2b9" acquired by "nova.context.set_target_cell..get_or_set_cached_cell_and_set_connections" :: waited 0.000s {{(pid=123604) inner /usr/local/lib/python3.8/dist-packages/oslo_concurrency/lockutils.py:386}}
Nov 08 13:34:24.819404 n-d-804292-2 devstack@n-api.service[123604]: DEBUG oslo_concurrency.lockutils [None req-ee2ecd68-77b3-4a9d-9f14-a4a16a294020 tempest-AggregatesAdminTestJSON-1458489118 tempest-AggregatesAdminTestJSON-1458489118-project-admin] Lock "79f93c28-c3b9-4f9e-a22b-680a23ece2b9" "released" by "nova.context.set_target_cell..get_or_set_cached_cell_and_set_connections" :: held 0.001s {{(pid=123604) inner /usr/local/lib/python3.8/dist-packages/oslo_concurrency/lockutils.py:400}}
Nov 08 13:34:24.902663 n-d-804292-2 devstack@n-api.service[123605]: DEBUG nova.policy [None req-561204a2-08fa-4b35-ae06-c13ebc6db847 tempest-ServersWithSpecificFlavorTestJSON-498628618 tempest-ServersWithSpecificFlavorTestJSON-498628618-project] Policy check for os_compute_api:os-extended-server-attributes failed with credentials {'is_admin': False, 'user_id': '8aed91eac7ed4f20b628d373be94bede', 'user_domain_id': 'default', 'system_scope': None, 'domain_id': None, 'project_id': 'fad5bda350264d47a513245a6068be57', 'project_domain_id': 'default', 'roles': ['reader', 'member'], 'is_admin_project': True, 'service_user_id': None, 'service_user_domain_id': None, 'service_project_id': None, 'service_project_domain_id': None, 'service_roles': []} {{(pid=123605) authorize /opt/stack/nova/nova/policy.py:199}}
Nov 08 13:34:24.926307 n-d-804292-2 devstack@n-api.service[123605]: INFO nova.api.openstack.requestlog [None req-561204a2-08fa-4b35-ae06-c13ebc6db847 tempest-ServersWithSpecificFlavorTestJSON-498628618 tempest-ServersWithSpecificFlavorTestJSON-498628618-project] 10.222.0.65 "GET /compute/v2.1/servers/089b8eaf-6586-4cd4-9006-766dd31beea3" status: 200 len: 1387 microversion: 2.1 time: 0.503140
Nov 08 13:34:24.937995 n-d-804292-2 devstack@n-api.service[123605]: [pid: 123605|app: 0|req: 74/183] 10.222.0.65 () {58 vars in 1235 bytes} [Mon Nov 8 13:34:24 2021] GET /compute/v2.1/servers/089b8eaf-6586-4cd4-9006-766dd31beea3 => generated 1387 bytes in 516 msecs (HTTP/1.1 200) 9 headers in 358 bytes (1 switches on core 0)
Nov 08 13:34:25.009785 n-d-804292-2 devstack@n-api.service[123604]: INFO nova.api.openstack.requestlog [None req-ee2ecd68-77b3-4a9d-9f14-a4a16a294020 tempest-AggregatesAdminTestJSON-1458489118 tempest-AggregatesAdminTestJSON-1458489118-project-admin] 10.222.0.65 "POST /compute/v2.1/os-aggregates/8/action" status: 200 len: 227 microversion: 2.1 time: 0.226284
Nov 08 13:34:25.011065 n-d-804292-2 devstack@n-api.service[123604]: [pid: 123604|app: 0|req: 110/184] 10.222.0.65 () {60 vars in 1190 bytes} [Mon Nov 8 13:34:24 2021] POST /compute/v2.1/os-aggregates/8/action => generated 227 bytes in 229 msecs (HTTP/1.1 200) 9 headers in 357 bytes (1 switches on core 0)
Nov 08 13:34:25.059414 n-d-804292-2 devstack@n-api.service[123605]: DEBUG nova.api.openstack.wsgi [None req-60d93b7b-2be3-449c-a593-8a2ec7f56d24 tempest-AggregatesAdminTestJSON-1458489118 tempest-AggregatesAdminTestJSON-1458489118-project-admin] Calling method '>' {{(pid=123605) _process_stack /opt/stack/nova/nova/api/openstack/wsgi.py:513}}
Nov 08 13:34:25.063794 n-d-804292-2 devstack@n-api.service[123605]: /usr/local/lib/python3.8/dist-packages/oslo_policy/policy.py:1075: UserWarning: Policy os_compute_api:os-aggregates:delete failed scope check. The token used to make the request was project scoped but the policy requires ['system'] scope. This behavior may change in the future where using the intended scope is required
Nov 08 13:34:25.063794 n-d-804292-2 devstack@n-api.service[123605]: warnings.warn(msg)
Nov 08 13:34:25.188306 n-d-804292-2 devstack@n-api.service[123605]: INFO nova.api.openstack.requestlog [None req-60d93b7b-2be3-449c-a593-8a2ec7f56d24 tempest-AggregatesAdminTestJSON-1458489118 tempest-AggregatesAdminTestJSON-1458489118-project-admin] 10.222.0.65 "DELETE /compute/v2.1/os-aggregates/8" status: 200 len: 0 microversion: 2.1 time: 0.160017
Nov 08 13:34:25.204336 n-d-804292-2 devstack@n-api.service[123605]: [pid: 123605|app: 0|req: 75/185] 10.222.0.65 () {58 vars in 1151 bytes} [Mon Nov 8 13:34:25 2021] DELETE /compute/v2.1/os-aggregates/8 => generated 0 bytes in 181 msecs (HTTP/1.1 200) 9 headers in 355 bytes (1 switches on core 0)
Nov 08 13:34:25.213571 n-d-804292-2 devstack@n-api.service[123604]: DEBUG nova.api.openstack.wsgi [None req-3b9ccdfc-e09c-4b9e-9a7e-1e8db4462937 tempest-AggregatesAdminTestJSON-1458489118 tempest-AggregatesAdminTestJSON-1458489118-project-admin] Action: 'create', calling method: >, body: {"aggregate": {"name": "tempest-test_aggregate-1373727520"}} {{(pid=123604) _process_stack /opt/stack/nova/nova/api/openstack/wsgi.py:511}}
Nov 08 13:34:25.215502 n-d-804292-2 devstack@n-api.service[123604]: /usr/local/lib/python3.8/dist-packages/oslo_policy/policy.py:1075: UserWarning: Policy os_compute_api:os-aggregates:create failed scope check. The token used to make the request was project scoped but the policy requires ['system'] scope. This behavior may change in the future where using the intended scope is required
Nov 08 13:34:25.215502 n-d-804292-2 devstack@n-api.service[123604]: warnings.warn(msg)
Nov 08 13:34:25.216881 n-d-804292-2 devstack@n-api.service[123604]: DEBUG nova.objects.aggregate [None req-3b9ccdfc-e09c-4b9e-9a7e-1e8db4462937 tempest-AggregatesAdminTestJSON-1458489118 tempest-AggregatesAdminTestJSON-1458489118-project-admin] Generated uuid 14118dcb-8fb8-4364-b0da-ad2505013020 for aggregate {{(pid=123604) create /opt/stack/nova/nova/objects/aggregate.py:298}}
Nov 08 13:34:25.260929 n-d-804292-2 devstack@n-api.service[123604]: INFO nova.api.openstack.requestlog [None req-3b9ccdfc-e09c-4b9e-9a7e-1e8db4462937 tempest-AggregatesAdminTestJSON-1458489118 tempest-AggregatesAdminTestJSON-1458489118-project-admin] 10.222.0.65 "POST /compute/v2.1/os-aggregates" status: 200 len: 198 microversion: 2.1 time: 0.052778
Nov 08 13:34:25.262854 n-d-804292-2 devstack@n-api.service[123604]: [pid: 123604|app: 0|req: 111/186] 10.222.0.65 () {60 vars in 1163 bytes} [Mon Nov 8 13:34:25 2021] POST /compute/v2.1/os-aggregates => generated 198 bytes in 56 msecs (HTTP/1.1 200) 9 headers in 357 bytes (1 switches on core 0)
Nov 08 13:34:25.311374 n-d-804292-2 devstack@n-api.service[123605]: DEBUG nova.api.openstack.wsgi [None req-5ee7bd0b-ce05-4494-801a-6e7f9b1a15b6 tempest-AggregatesAdminTestJSON-1458489118 tempest-AggregatesAdminTestJSON-1458489118-project-admin] Action: 'action', calling method: >, body: {"add_host": {"host": "n-h1-804292-2"}} {{(pid=123605) _process_stack /opt/stack/nova/nova/api/openstack/wsgi.py:511}}
Nov 08 13:34:25.315394 n-d-804292-2 devstack@n-api.service[123605]: /usr/local/lib/python3.8/dist-packages/oslo_policy/policy.py:1075: UserWarning: Policy os_compute_api:os-aggregates:add_host failed scope check. The token used to make the request was project scoped but the policy requires ['system'] scope. This behavior may change in the future where using the intended scope is required
Nov 08 13:34:25.315394 n-d-804292-2 devstack@n-api.service[123605]: warnings.warn(msg)
Nov 08 13:34:25.337562 n-d-804292-2 devstack@n-api.service[123605]: DEBUG oslo_concurrency.lockutils [None req-5ee7bd0b-ce05-4494-801a-6e7f9b1a15b6 tempest-AggregatesAdminTestJSON-1458489118 tempest-AggregatesAdminTestJSON-1458489118-project-admin] Lock "79f93c28-c3b9-4f9e-a22b-680a23ece2b9" acquired by "nova.context.set_target_cell..get_or_set_cached_cell_and_set_connections" :: waited 0.000s {{(pid=123605) inner /usr/local/lib/python3.8/dist-packages/oslo_concurrency/lockutils.py:386}}
Nov 08 13:34:25.338709 n-d-804292-2 devstack@n-api.service[123605]: DEBUG oslo_concurrency.lockutils [None req-5ee7bd0b-ce05-4494-801a-6e7f9b1a15b6 tempest-AggregatesAdminTestJSON-1458489118 tempest-AggregatesAdminTestJSON-1458489118-project-admin] Lock "79f93c28-c3b9-4f9e-a22b-680a23ece2b9" "released" by "nova.context.set_target_cell..get_or_set_cached_cell_and_set_connections" :: held 0.002s {{(pid=123605) inner /usr/local/lib/python3.8/dist-packages/oslo_concurrency/lockutils.py:400}}
Nov 08 13:34:25.693240 n-d-804292-2 devstack@n-api.service[123605]: INFO nova.api.openstack.requestlog [None req-5ee7bd0b-ce05-4494-801a-6e7f9b1a15b6 tempest-AggregatesAdminTestJSON-1458489118 tempest-AggregatesAdminTestJSON-1458489118-project-admin] 10.222.0.65 "POST /compute/v2.1/os-aggregates/9/action" status: 200 len: 242 microversion: 2.1 time: 0.417143
Nov 08 13:34:25.702749 n-d-804292-2 devstack@n-api.service[123605]: [pid: 123605|app: 0|req: 76/187] 10.222.0.65 () {60 vars in 1190 bytes} [Mon Nov 8 13:34:25 2021] POST /compute/v2.1/os-aggregates/9/action => generated 242 bytes in 429 msecs (HTTP/1.1 200) 9 headers in 357 bytes (1 switches on core 0)
Nov 08 13:34:25.728980 n-d-804292-2 devstack@n-api.service[123604]: DEBUG nova.api.openstack.wsgi [None req-0048c78a-6717-4394-a161-d00af66193a2 tempest-AggregatesAdminTestJSON-1458489118 tempest-AggregatesAdminTestJSON-1458489118-project-admin] Calling method '>' {{(pid=123604) _process_stack /opt/stack/nova/nova/api/openstack/wsgi.py:513}}
Nov 08 13:34:25.730597 n-d-804292-2 devstack@n-api.service[123604]: /usr/local/lib/python3.8/dist-packages/oslo_policy/policy.py:1075: UserWarning: Policy os_compute_api:os-aggregates:index failed scope check. The token used to make the request was project scoped but the policy requires ['system'] scope. This behavior may change in the future where using the intended scope is required
Nov 08 13:34:25.730597 n-d-804292-2 devstack@n-api.service[123604]: warnings.warn(msg)
Nov 08 13:34:25.804802 n-d-804292-2 devstack@n-api.service[123604]: INFO nova.api.openstack.requestlog [None req-0048c78a-6717-4394-a161-d00af66193a2 tempest-AggregatesAdminTestJSON-1458489118 tempest-AggregatesAdminTestJSON-1458489118-project-admin] 10.222.0.65 "GET /compute/v2.1/os-aggregates" status: 200 len: 245 microversion: 2.1 time: 0.085289
Nov 08 13:34:25.817199 n-d-804292-2 devstack@n-api.service[123604]: [pid: 123604|app: 0|req: 112/188] 10.222.0.65 () {58 vars in 1142 bytes} [Mon Nov 8 13:34:25 2021] GET /compute/v2.1/os-aggregates => generated 245 bytes in 99 msecs (HTTP/1.1 200) 9 headers in 357 bytes (1 switches on core 0)
Nov 08 13:34:25.824185 n-d-804292-2 devstack@n-api.service[123605]: DEBUG nova.api.openstack.wsgi [None req-fbaf8324-bce9-451c-9f87-f5e4d998ea23 tempest-AggregatesAdminTestJSON-1458489118 tempest-AggregatesAdminTestJSON-1458489118-project-admin] Action: 'action', calling method: >, body: {"remove_host": {"host": "n-h1-804292-2"}} {{(pid=123605) _process_stack /opt/stack/nova/nova/api/openstack/wsgi.py:511}}
Nov 08 13:34:25.826105 n-d-804292-2 devstack@n-api.service[123605]: /usr/local/lib/python3.8/dist-packages/oslo_policy/policy.py:1075: UserWarning: Policy os_compute_api:os-aggregates:remove_host failed scope check. The token used to make the request was project scoped but the policy requires ['system'] scope. This behavior may change in the future where using the intended scope is required
Nov 08 13:34:25.826105 n-d-804292-2 devstack@n-api.service[123605]: warnings.warn(msg)
Nov 08 13:34:25.848660 n-d-804292-2 devstack@n-api.service[123605]: DEBUG oslo_concurrency.lockutils [None req-fbaf8324-bce9-451c-9f87-f5e4d998ea23 tempest-AggregatesAdminTestJSON-1458489118 tempest-AggregatesAdminTestJSON-1458489118-project-admin] Lock "79f93c28-c3b9-4f9e-a22b-680a23ece2b9" acquired by "nova.context.set_target_cell..get_or_set_cached_cell_and_set_connections" :: waited 0.000s {{(pid=123605) inner /usr/local/lib/python3.8/dist-packages/oslo_concurrency/lockutils.py:386}}
Nov 08 13:34:25.849183 n-d-804292-2 devstack@n-api.service[123605]: DEBUG oslo_concurrency.lockutils [None req-fbaf8324-bce9-451c-9f87-f5e4d998ea23 tempest-AggregatesAdminTestJSON-1458489118 tempest-AggregatesAdminTestJSON-1458489118-project-admin] Lock "79f93c28-c3b9-4f9e-a22b-680a23ece2b9" "released" by "nova.context.set_target_cell..get_or_set_cached_cell_and_set_connections" :: held 0.001s {{(pid=123605) inner /usr/local/lib/python3.8/dist-packages/oslo_concurrency/lockutils.py:400}}
Nov 08 13:34:25.965677 n-d-804292-2 devstack@n-api.service[123604]: DEBUG nova.api.openstack.wsgi [None req-65ff20f5-cdd2-4214-8a75-d577f22be267 tempest-ServersWithSpecificFlavorTestJSON-498628618 tempest-ServersWithSpecificFlavorTestJSON-498628618-project] Calling method '>' {{(pid=123604) _process_stack /opt/stack/nova/nova/api/openstack/wsgi.py:513}}
Nov 08 13:34:25.970189 n-d-804292-2 devstack@n-api.service[123604]: DEBUG nova.compute.api [None req-65ff20f5-cdd2-4214-8a75-d577f22be267 tempest-ServersWithSpecificFlavorTestJSON-498628618 tempest-ServersWithSpecificFlavorTestJSON-498628618-project] [instance: 089b8eaf-6586-4cd4-9006-766dd31beea3] Fetching instance by UUID {{(pid=123604) get /opt/stack/nova/nova/compute/api.py:2865}}
Nov 08 13:34:26.008281 n-d-804292-2 devstack@n-api.service[123604]: DEBUG oslo_concurrency.lockutils [None req-65ff20f5-cdd2-4214-8a75-d577f22be267 tempest-ServersWithSpecificFlavorTestJSON-498628618 tempest-ServersWithSpecificFlavorTestJSON-498628618-project] Lock "79f93c28-c3b9-4f9e-a22b-680a23ece2b9" acquired by "nova.context.set_target_cell..get_or_set_cached_cell_and_set_connections" :: waited 0.001s {{(pid=123604) inner /usr/local/lib/python3.8/dist-packages/oslo_concurrency/lockutils.py:386}}
Nov 08 13:34:26.011673 n-d-804292-2 devstack@n-api.service[123604]: DEBUG oslo_concurrency.lockutils [None req-65ff20f5-cdd2-4214-8a75-d577f22be267 tempest-ServersWithSpecificFlavorTestJSON-498628618 tempest-ServersWithSpecificFlavorTestJSON-498628618-project] Lock "79f93c28-c3b9-4f9e-a22b-680a23ece2b9" "released" by "nova.context.set_target_cell..get_or_set_cached_cell_and_set_connections" :: held 0.007s {{(pid=123604) inner /usr/local/lib/python3.8/dist-packages/oslo_concurrency/lockutils.py:400}}
Nov 08 13:34:26.017968 n-d-804292-2 devstack@n-api.service[123604]: DEBUG oslo_concurrency.lockutils [None req-65ff20f5-cdd2-4214-8a75-d577f22be267 tempest-ServersWithSpecificFlavorTestJSON-498628618 tempest-ServersWithSpecificFlavorTestJSON-498628618-project] Lock "79f93c28-c3b9-4f9e-a22b-680a23ece2b9" acquired by "nova.context.set_target_cell..get_or_set_cached_cell_and_set_connections" :: waited 0.001s {{(pid=123604) inner /usr/local/lib/python3.8/dist-packages/oslo_concurrency/lockutils.py:386}}
Nov 08 13:34:26.027823 n-d-804292-2 devstack@n-api.service[123604]: DEBUG oslo_concurrency.lockutils [None req-65ff20f5-cdd2-4214-8a75-d577f22be267 tempest-ServersWithSpecificFlavorTestJSON-498628618 tempest-ServersWithSpecificFlavorTestJSON-498628618-project] Lock "79f93c28-c3b9-4f9e-a22b-680a23ece2b9" "released" by "nova.context.set_target_cell..get_or_set_cached_cell_and_set_connections" :: held 0.003s {{(pid=123604) inner /usr/local/lib/python3.8/dist-packages/oslo_concurrency/lockutils.py:400}}
Nov 08 13:34:26.210222 n-d-804292-2 devstack@n-api.service[123605]: INFO nova.api.openstack.requestlog [None req-fbaf8324-bce9-451c-9f87-f5e4d998ea23 tempest-AggregatesAdminTestJSON-1458489118 tempest-AggregatesAdminTestJSON-1458489118-project-admin] 10.222.0.65 "POST /compute/v2.1/os-aggregates/9/action" status: 200 len: 227 microversion: 2.1 time: 0.390283
Nov 08 13:34:26.211017 n-d-804292-2 devstack@n-api.service[123605]: [pid: 123605|app: 0|req: 77/189] 10.222.0.65 () {60 vars in 1190 bytes} [Mon Nov 8 13:34:25 2021] POST /compute/v2.1/os-aggregates/9/action => generated 227 bytes in 392 msecs (HTTP/1.1 200) 9 headers in 357 bytes (2 switches on core 0)
Nov 08 13:34:26.243538 n-d-804292-2 devstack@n-api.service[123605]: DEBUG nova.api.openstack.wsgi [None req-5e3fb9ec-258b-42f6-92b9-549b12f12fe5 tempest-AggregatesAdminTestJSON-1458489118 tempest-AggregatesAdminTestJSON-1458489118-project-admin] Calling method '>' {{(pid=123605) _process_stack /opt/stack/nova/nova/api/openstack/wsgi.py:513}}
Nov 08 13:34:26.248224 n-d-804292-2 devstack@n-api.service[123605]: /usr/local/lib/python3.8/dist-packages/oslo_policy/policy.py:1075: UserWarning: Policy os_compute_api:os-aggregates:delete failed scope check. The token used to make the request was project scoped but the policy requires ['system'] scope. This behavior may change in the future where using the intended scope is required
Nov 08 13:34:26.248224 n-d-804292-2 devstack@n-api.service[123605]: warnings.warn(msg)
Nov 08 13:34:26.350519 n-d-804292-2 devstack@n-api.service[123605]: INFO nova.api.openstack.requestlog [None req-5e3fb9ec-258b-42f6-92b9-549b12f12fe5 tempest-AggregatesAdminTestJSON-1458489118 tempest-AggregatesAdminTestJSON-1458489118-project-admin] 10.222.0.65 "DELETE /compute/v2.1/os-aggregates/9" status: 200 len: 0 microversion: 2.1 time: 0.130347
Nov 08 13:34:26.356977 n-d-804292-2 devstack@n-api.service[123605]: [pid: 123605|app: 0|req: 78/190] 10.222.0.65 () {58 vars in 1151 bytes} [Mon Nov 8 13:34:26 2021] DELETE /compute/v2.1/os-aggregates/9 => generated 0 bytes in 133 msecs (HTTP/1.1 200) 9 headers in 355 bytes (1 switches on core 0)
Nov 08 13:34:26.376367 n-d-804292-2 devstack@n-api.service[123605]: DEBUG nova.api.openstack.wsgi [None req-6ba4877c-1dbe-40da-ad2a-4aae072bc0c5 tempest-AggregatesAdminTestJSON-1458489118 tempest-AggregatesAdminTestJSON-1458489118-project-admin] Action: 'create', calling method: >, body: {"aggregate": {"name": "tempest-test_aggregate-1869915387"}} {{(pid=123605) _process_stack /opt/stack/nova/nova/api/openstack/wsgi.py:511}}
Nov 08 13:34:26.378998 n-d-804292-2 devstack@n-api.service[123605]: /usr/local/lib/python3.8/dist-packages/oslo_policy/policy.py:1075: UserWarning: Policy os_compute_api:os-aggregates:create failed scope check. The token used to make the request was project scoped but the policy requires ['system'] scope. This behavior may change in the future where using the intended scope is required
Nov 08 13:34:26.378998 n-d-804292-2 devstack@n-api.service[123605]: warnings.warn(msg)
Nov 08 13:34:26.394650 n-d-804292-2 devstack@n-api.service[123605]: DEBUG nova.objects.aggregate [None req-6ba4877c-1dbe-40da-ad2a-4aae072bc0c5 tempest-AggregatesAdminTestJSON-1458489118 tempest-AggregatesAdminTestJSON-1458489118-project-admin] Generated uuid f95e4e73-d5cf-4cfe-9b6e-9a50577e8fbd for aggregate {{(pid=123605) create /opt/stack/nova/nova/objects/aggregate.py:298}}
Nov 08 13:34:26.413923 n-d-804292-2 devstack@n-api.service[123604]: DEBUG nova.policy [None req-65ff20f5-cdd2-4214-8a75-d577f22be267 tempest-ServersWithSpecificFlavorTestJSON-498628618 tempest-ServersWithSpecificFlavorTestJSON-498628618-project] Policy check for os_compute_api:os-extended-server-attributes failed with credentials {'is_admin': False, 'user_id': '8aed91eac7ed4f20b628d373be94bede', 'user_domain_id': 'default', 'system_scope': None, 'domain_id': None, 'project_id': 'fad5bda350264d47a513245a6068be57', 'project_domain_id': 'default', 'roles': ['reader', 'member'], 'is_admin_project': True, 'service_user_id': None, 'service_user_domain_id': None, 'service_project_id': None, 'service_project_domain_id': None, 'service_roles': []} {{(pid=123604) authorize /opt/stack/nova/nova/policy.py:199}}
Nov 08 13:34:26.431612 n-d-804292-2 devstack@n-api.service[123604]: INFO nova.api.openstack.requestlog [None req-65ff20f5-cdd2-4214-8a75-d577f22be267 tempest-ServersWithSpecificFlavorTestJSON-498628618 tempest-ServersWithSpecificFlavorTestJSON-498628618-project] 10.222.0.65 "GET /compute/v2.1/servers/089b8eaf-6586-4cd4-9006-766dd31beea3" status: 200 len: 1387 microversion: 2.1 time: 0.477544
Nov 08 13:34:26.433756 n-d-804292-2 devstack@n-api.service[123604]: [pid: 123604|app: 0|req: 113/191] 10.222.0.65 () {58 vars in 1235 bytes} [Mon Nov 8 13:34:25 2021] GET /compute/v2.1/servers/089b8eaf-6586-4cd4-9006-766dd31beea3 => generated 1387 bytes in 481 msecs (HTTP/1.1 200) 9 headers in 358 bytes (1 switches on core 0)
Nov 08 13:34:26.458931 n-d-804292-2 devstack@n-api.service[123605]: INFO nova.api.openstack.requestlog [None req-6ba4877c-1dbe-40da-ad2a-4aae072bc0c5 tempest-AggregatesAdminTestJSON-1458489118 tempest-AggregatesAdminTestJSON-1458489118-project-admin] 10.222.0.65 "POST /compute/v2.1/os-aggregates" status: 200 len: 199 microversion: 2.1 time: 0.094258
Nov 08 13:34:26.465080 n-d-804292-2 devstack@n-api.service[123605]: [pid: 123605|app: 0|req: 79/192] 10.222.0.65 () {60 vars in 1163 bytes} [Mon Nov 8 13:34:26 2021] POST /compute/v2.1/os-aggregates => generated 199 bytes in 104 msecs (HTTP/1.1 200) 9 headers in 357 bytes (1 switches on core 0)
Nov 08 13:34:26.482642 n-d-804292-2 devstack@n-api.service[123604]: DEBUG nova.api.openstack.wsgi [None req-dd036c70-0113-4ba3-a645-2991da565025 tempest-AggregatesAdminTestJSON-1458489118 tempest-AggregatesAdminTestJSON-1458489118-project-admin] Action: 'action', calling method: >, body: {"add_host": {"host": "n-h1-804292-2"}} {{(pid=123604) _process_stack /opt/stack/nova/nova/api/openstack/wsgi.py:511}}
Nov 08 13:34:26.498382 n-d-804292-2 devstack@n-api.service[123604]: /usr/local/lib/python3.8/dist-packages/oslo_policy/policy.py:1075: UserWarning: Policy os_compute_api:os-aggregates:add_host failed scope check. The token used to make the request was project scoped but the policy requires ['system'] scope. This behavior may change in the future where using the intended scope is required
Nov 08 13:34:26.498382 n-d-804292-2 devstack@n-api.service[123604]: warnings.warn(msg)
Nov 08 13:34:26.532852 n-d-804292-2 devstack@n-api.service[123604]: DEBUG oslo_concurrency.lockutils [None req-dd036c70-0113-4ba3-a645-2991da565025 tempest-AggregatesAdminTestJSON-1458489118 tempest-AggregatesAdminTestJSON-1458489118-project-admin] Lock "79f93c28-c3b9-4f9e-a22b-680a23ece2b9" acquired by "nova.context.set_target_cell..get_or_set_cached_cell_and_set_connections" :: waited 0.000s {{(pid=123604) inner /usr/local/lib/python3.8/dist-packages/oslo_concurrency/lockutils.py:386}}
Nov 08 13:34:26.535139 n-d-804292-2 devstack@n-api.service[123604]: DEBUG oslo_concurrency.lockutils [None req-dd036c70-0113-4ba3-a645-2991da565025 tempest-AggregatesAdminTestJSON-1458489118 tempest-AggregatesAdminTestJSON-1458489118-project-admin] Lock "79f93c28-c3b9-4f9e-a22b-680a23ece2b9" "released" by "nova.context.set_target_cell..get_or_set_cached_cell_and_set_connections" :: held 0.002s {{(pid=123604) inner /usr/local/lib/python3.8/dist-packages/oslo_concurrency/lockutils.py:400}}
Nov 08 13:34:26.940964 n-d-804292-2 devstack@n-api.service[123604]: INFO nova.api.openstack.requestlog [None req-dd036c70-0113-4ba3-a645-2991da565025 tempest-AggregatesAdminTestJSON-1458489118 tempest-AggregatesAdminTestJSON-1458489118-project-admin] 10.222.0.65 "POST /compute/v2.1/os-aggregates/10/action" status: 200 len: 243 microversion: 2.1 time: 0.463311
Nov 08 13:34:26.942498 n-d-804292-2 devstack@n-api.service[123604]: [pid: 123604|app: 0|req: 114/193] 10.222.0.65 () {60 vars in 1193 bytes} [Mon Nov 8 13:34:26 2021] POST /compute/v2.1/os-aggregates/10/action => generated 243 bytes in 468 msecs (HTTP/1.1 200) 9 headers in 357 bytes (1 switches on core 0)
Nov 08 13:34:26.956353 n-d-804292-2 devstack@n-api.service[123605]: DEBUG nova.api.openstack.wsgi [None req-60c79797-f697-448f-9164-28f6d77737cb tempest-AggregatesAdminTestJSON-1458489118 tempest-AggregatesAdminTestJSON-1458489118-project-admin] Action: 'action', calling method: >, body: {"remove_host": {"host": "n-h1-804292-2"}} {{(pid=123605) _process_stack /opt/stack/nova/nova/api/openstack/wsgi.py:511}}
Nov 08 13:34:26.957613 n-d-804292-2 devstack@n-api.service[123605]: /usr/local/lib/python3.8/dist-packages/oslo_policy/policy.py:1075: UserWarning: Policy os_compute_api:os-aggregates:remove_host failed scope check. The token used to make the request was project scoped but the policy requires ['system'] scope. This behavior may change in the future where using the intended scope is required
Nov 08 13:34:26.957613 n-d-804292-2 devstack@n-api.service[123605]: warnings.warn(msg)
Nov 08 13:34:26.981750 n-d-804292-2 devstack@n-api.service[123605]: DEBUG oslo_concurrency.lockutils [None req-60c79797-f697-448f-9164-28f6d77737cb tempest-AggregatesAdminTestJSON-1458489118 tempest-AggregatesAdminTestJSON-1458489118-project-admin] Lock "79f93c28-c3b9-4f9e-a22b-680a23ece2b9" acquired by "nova.context.set_target_cell..get_or_set_cached_cell_and_set_connections" :: waited 0.000s {{(pid=123605) inner /usr/local/lib/python3.8/dist-packages/oslo_concurrency/lockutils.py:386}}
Nov 08 13:34:26.982422 n-d-804292-2 devstack@n-api.service[123605]: DEBUG oslo_concurrency.lockutils [None req-60c79797-f697-448f-9164-28f6d77737cb tempest-AggregatesAdminTestJSON-1458489118 tempest-AggregatesAdminTestJSON-1458489118-project-admin] Lock "79f93c28-c3b9-4f9e-a22b-680a23ece2b9" "released" by "nova.context.set_target_cell..get_or_set_cached_cell_and_set_connections" :: held 0.001s {{(pid=123605) inner /usr/local/lib/python3.8/dist-packages/oslo_concurrency/lockutils.py:400}}
Nov 08 13:34:27.301638 n-d-804292-2 devstack@n-api.service[123605]: INFO nova.api.openstack.requestlog [None req-60c79797-f697-448f-9164-28f6d77737cb tempest-AggregatesAdminTestJSON-1458489118 tempest-AggregatesAdminTestJSON-1458489118-project-admin] 10.222.0.65 "POST /compute/v2.1/os-aggregates/10/action" status: 200 len: 228 microversion: 2.1 time: 0.349559
Nov 08 13:34:27.307080 n-d-804292-2 devstack@n-api.service[123605]: [pid: 123605|app: 0|req: 80/194] 10.222.0.65 () {60 vars in 1193 bytes} [Mon Nov 8 13:34:26 2021] POST /compute/v2.1/os-aggregates/10/action => generated 228 bytes in 356 msecs (HTTP/1.1 200) 9 headers in 357 bytes (2 switches on core 0)
Nov 08 13:34:27.329256 n-d-804292-2 devstack@n-api.service[123604]: DEBUG nova.api.openstack.wsgi [None req-79927566-be65-49ef-b978-400462d047ee tempest-AggregatesAdminTestJSON-1458489118 tempest-AggregatesAdminTestJSON-1458489118-project-admin] Calling method '>' {{(pid=123604) _process_stack /opt/stack/nova/nova/api/openstack/wsgi.py:513}}
Nov 08 13:34:27.331933 n-d-804292-2 devstack@n-api.service[123604]: /usr/local/lib/python3.8/dist-packages/oslo_policy/policy.py:1075: UserWarning: Policy os_compute_api:os-aggregates:delete failed scope check. The token used to make the request was project scoped but the policy requires ['system'] scope. This behavior may change in the future where using the intended scope is required
Nov 08 13:34:27.331933 n-d-804292-2 devstack@n-api.service[123604]: warnings.warn(msg)
Nov 08 13:34:27.411489 n-d-804292-2 devstack@n-api.service[123604]: INFO nova.api.openstack.requestlog [None req-79927566-be65-49ef-b978-400462d047ee tempest-AggregatesAdminTestJSON-1458489118 tempest-AggregatesAdminTestJSON-1458489118-project-admin] 10.222.0.65 "DELETE /compute/v2.1/os-aggregates/10" status: 200 len: 0 microversion: 2.1 time: 0.090212
Nov 08 13:34:27.423570 n-d-804292-2 devstack@n-api.service[123604]: [pid: 123604|app: 0|req: 115/195] 10.222.0.65 () {58 vars in 1154 bytes} [Mon Nov 8 13:34:27 2021] DELETE /compute/v2.1/os-aggregates/10 => generated 0 bytes in 104 msecs (HTTP/1.1 200) 9 headers in 355 bytes (1 switches on core 0)
Nov 08 13:34:27.446827 n-d-804292-2 devstack@n-api.service[123604]: DEBUG nova.api.openstack.wsgi [None req-0bed008d-14d3-4c27-84af-26d1b33c78f1 tempest-AggregatesAdminTestJSON-1458489118 tempest-AggregatesAdminTestJSON-1458489118-project-admin] Action: 'create', calling method: >, body: {"aggregate": {"name": "tempest-test_aggregate-381306976"}} {{(pid=123604) _process_stack /opt/stack/nova/nova/api/openstack/wsgi.py:511}}
Nov 08 13:34:27.447398 n-d-804292-2 devstack@n-api.service[123605]: DEBUG nova.api.openstack.wsgi [None req-6029b043-f89c-498d-9f78-c85c54220d19 tempest-HostsAdminTestJSON-283557370 tempest-HostsAdminTestJSON-283557370-project-admin] Calling method '.version_select at 0x7fb145576e50>' {{(pid=123605) _process_stack /opt/stack/nova/nova/api/openstack/wsgi.py:513}}
