Aug 17 15:19:30.128070 n-d-804275-5 devstack@placement-api.service[95837]: DEBUG placement.objects.research_context [req-4877634c-a4bd-4dc7-bf43-b4ebac20645c req-6ef2f382-9330-460a-ae65-77596ddcc352 service placement] found 2 providers after filtering by previous result {{(pid=95837) get_provider_ids_matching /opt/stack/placement/placement/objects/research_context.py:580}}
Aug 17 15:19:30.141626 n-d-804275-5 devstack@placement-api.service[95837]: DEBUG placement.objects.allocation_candidate [req-4877634c-a4bd-4dc7-bf43-b4ebac20645c req-6ef2f382-9330-460a-ae65-77596ddcc352 service placement] RequestGroup(use_same_provider=False, resources={DISK_GB:1, MEMORY_MB:1024, VCPU:1}, traits=[], aggregates=[]) (suffix '') returned 2 matches {{(pid=95837) _get_by_requests /opt/stack/placement/placement/objects/allocation_candidate.py:145}}
Aug 17 15:19:30.142359 n-d-804275-5 devstack@placement-api.service[95837]: DEBUG placement.objects.allocation_candidate [req-4877634c-a4bd-4dc7-bf43-b4ebac20645c req-6ef2f382-9330-460a-ae65-77596ddcc352 service placement] Merging candidates yields 2 allocation requests and 2 provider summaries {{(pid=95837) _merge_candidates /opt/stack/placement/placement/objects/allocation_candidate.py:783}}
Aug 17 15:19:30.144287 n-d-804275-5 devstack@placement-api.service[95837]: INFO placement.requestlog [req-4877634c-a4bd-4dc7-bf43-b4ebac20645c req-6ef2f382-9330-460a-ae65-77596ddcc352 service placement] 10.222.0.10 "GET /placement/allocation_candidates?limit=1000&resources=DISK_GB%3A1%2CMEMORY_MB%3A1024%2CVCPU%3A1&root_required=%21COMPUTE_STATUS_DISABLED" status: 200 len: 1309 microversion: 1.35
Aug 17 15:19:30.145144 n-d-804275-5 devstack@placement-api.service[95837]: [pid: 95837|app: 0|req: 186/371] 10.222.0.10 () {60 vars in 1507 bytes} [Tue Aug 17 15:19:29 2021] GET /placement/allocation_candidates?limit=1000&resources=DISK_GB%3A1%2CMEMORY_MB%3A1024%2CVCPU%3A1&root_required=%21COMPUTE_STATUS_DISABLED => generated 1309 bytes in 147 msecs (HTTP/1.1 200) 8 headers in 297 bytes (1 switches on core 0)
Aug 17 15:19:30.300602 n-d-804275-5 devstack@placement-api.service[95836]: DEBUG placement.requestlog [req-4877634c-a4bd-4dc7-bf43-b4ebac20645c req-bd2f933f-676d-4450-a998-e3c7c461647b None None] Starting request: 10.222.0.10 "GET /placement/allocations/e4c9001c-6166-4ecc-b744-4a9ac95979e4" {{(pid=95836) __call__ /opt/stack/placement/placement/requestlog.py:55}}
Aug 17 15:19:30.319862 n-d-804275-5 devstack@placement-api.service[95836]: INFO placement.requestlog [req-4877634c-a4bd-4dc7-bf43-b4ebac20645c req-bd2f933f-676d-4450-a998-e3c7c461647b service placement] 10.222.0.10 "GET /placement/allocations/e4c9001c-6166-4ecc-b744-4a9ac95979e4" status: 200 len: 19 microversion: 1.28
Aug 17 15:19:30.325749 n-d-804275-5 devstack@placement-api.service[95836]: [pid: 95836|app: 0|req: 186/372] 10.222.0.10 () {60 vars in 1381 bytes} [Tue Aug 17 15:19:30 2021] GET /placement/allocations/e4c9001c-6166-4ecc-b744-4a9ac95979e4 => generated 19 bytes in 24 msecs (HTTP/1.1 200) 8 headers in 295 bytes (1 switches on core 0)
Aug 17 15:19:30.332536 n-d-804275-5 devstack@placement-api.service[95837]: DEBUG placement.requestlog [req-4877634c-a4bd-4dc7-bf43-b4ebac20645c req-36215d0b-9860-4ac4-8266-b0e34e295afd None None] Starting request: 10.222.0.10 "PUT /placement/allocations/e4c9001c-6166-4ecc-b744-4a9ac95979e4" {{(pid=95837) __call__ /opt/stack/placement/placement/requestlog.py:55}}
Aug 17 15:19:30.604993 n-d-804275-5 devstack@placement-api.service[95837]: DEBUG placement.handlers.allocation [req-4877634c-a4bd-4dc7-bf43-b4ebac20645c req-36215d0b-9860-4ac4-8266-b0e34e295afd service placement] Successfully wrote allocations [, , ] {{(pid=95837) _create_allocations /opt/stack/placement/placement/handlers/allocation.py:435}}
Aug 17 15:19:30.605498 n-d-804275-5 devstack@placement-api.service[95837]: INFO placement.requestlog [req-4877634c-a4bd-4dc7-bf43-b4ebac20645c req-36215d0b-9860-4ac4-8266-b0e34e295afd service placement] 10.222.0.10 "PUT /placement/allocations/e4c9001c-6166-4ecc-b744-4a9ac95979e4" status: 204 len: 0 microversion: 1.35
Aug 17 15:19:30.606164 n-d-804275-5 devstack@placement-api.service[95837]: [pid: 95837|app: 0|req: 187/373] 10.222.0.10 () {64 vars in 1434 bytes} [Tue Aug 17 15:19:30 2021] PUT /placement/allocations/e4c9001c-6166-4ecc-b744-4a9ac95979e4 => generated 0 bytes in 274 msecs (HTTP/1.1 204) 5 headers in 199 bytes (1 switches on core 0)
Aug 17 15:19:31.699020 n-d-804275-5 devstack@placement-api.service[95836]: DEBUG placement.requestlog [req-4877634c-a4bd-4dc7-bf43-b4ebac20645c req-56151f32-b364-4665-81d8-bd24ab8c0eaf None None] Starting request: 10.222.0.45 "GET /placement/allocations/e4c9001c-6166-4ecc-b744-4a9ac95979e4" {{(pid=95836) __call__ /opt/stack/placement/placement/requestlog.py:55}}
Aug 17 15:19:31.735576 n-d-804275-5 devstack@placement-api.service[95836]: INFO placement.requestlog [req-4877634c-a4bd-4dc7-bf43-b4ebac20645c req-56151f32-b364-4665-81d8-bd24ab8c0eaf service placement] 10.222.0.45 "GET /placement/allocations/e4c9001c-6166-4ecc-b744-4a9ac95979e4" status: 200 len: 259 microversion: 1.28
Aug 17 15:19:31.736047 n-d-804275-5 devstack@placement-api.service[95836]: [pid: 95836|app: 0|req: 187/374] 10.222.0.45 () {60 vars in 1378 bytes} [Tue Aug 17 15:19:31 2021] GET /placement/allocations/e4c9001c-6166-4ecc-b744-4a9ac95979e4 => generated 259 bytes in 37 msecs (HTTP/1.1 200) 8 headers in 296 bytes (1 switches on core 0)
Aug 17 15:19:34.648419 n-d-804275-5 devstack@placement-api.service[95837]: DEBUG placement.requestlog [req-abd984a9-16d1-4c29-9fac-42f34be1badb req-bb1121d8-4a38-4db3-b288-10b4dcfc7262 None None] Starting request: 10.222.0.10 "GET /placement/allocation_candidates?limit=1000&resources=DISK_GB%3A1%2CMEMORY_MB%3A1024%2CVCPU%3A1&root_required=%21COMPUTE_STATUS_DISABLED" {{(pid=95837) __call__ /opt/stack/placement/placement/requestlog.py:55}}
Aug 17 15:19:34.690468 n-d-804275-5 devstack@placement-api.service[95837]: DEBUG placement.objects.research_context [req-abd984a9-16d1-4c29-9fac-42f34be1badb req-bb1121d8-4a38-4db3-b288-10b4dcfc7262 service placement] getting providers with 1 DISK_GB {{(pid=95837) __init__ /opt/stack/placement/placement/objects/research_context.py:126}}
Aug 17 15:19:34.702773 n-d-804275-5 devstack@placement-api.service[95837]: DEBUG placement.objects.research_context [req-abd984a9-16d1-4c29-9fac-42f34be1badb req-bb1121d8-4a38-4db3-b288-10b4dcfc7262 service placement] getting providers with 1024 MEMORY_MB {{(pid=95837) __init__ /opt/stack/placement/placement/objects/research_context.py:126}}
Aug 17 15:19:34.716787 n-d-804275-5 devstack@placement-api.service[95837]: DEBUG placement.objects.research_context [req-abd984a9-16d1-4c29-9fac-42f34be1badb req-bb1121d8-4a38-4db3-b288-10b4dcfc7262 service placement] getting providers with 1 VCPU {{(pid=95837) __init__ /opt/stack/placement/placement/objects/research_context.py:126}}
Aug 17 15:19:34.739308 n-d-804275-5 devstack@placement-api.service[95837]: DEBUG placement.objects.research_context [req-abd984a9-16d1-4c29-9fac-42f34be1badb req-bb1121d8-4a38-4db3-b288-10b4dcfc7262 service placement] found 2 providers with available 1 DISK_GB {{(pid=95837) get_provider_ids_matching /opt/stack/placement/placement/objects/research_context.py:549}}
Aug 17 15:19:34.739893 n-d-804275-5 devstack@placement-api.service[95837]: DEBUG placement.objects.research_context [req-abd984a9-16d1-4c29-9fac-42f34be1badb req-bb1121d8-4a38-4db3-b288-10b4dcfc7262 service placement] found 2 providers with available 1024 MEMORY_MB {{(pid=95837) get_provider_ids_matching /opt/stack/placement/placement/objects/research_context.py:549}}
Aug 17 15:19:34.740469 n-d-804275-5 devstack@placement-api.service[95837]: DEBUG placement.objects.research_context [req-abd984a9-16d1-4c29-9fac-42f34be1badb req-bb1121d8-4a38-4db3-b288-10b4dcfc7262 service placement] found 2 providers after filtering by previous result {{(pid=95837) get_provider_ids_matching /opt/stack/placement/placement/objects/research_context.py:580}}
Aug 17 15:19:34.740894 n-d-804275-5 devstack@placement-api.service[95837]: DEBUG placement.objects.research_context [req-abd984a9-16d1-4c29-9fac-42f34be1badb req-bb1121d8-4a38-4db3-b288-10b4dcfc7262 service placement] found 2 providers with available 1 VCPU {{(pid=95837) get_provider_ids_matching /opt/stack/placement/placement/objects/research_context.py:549}}
Aug 17 15:19:34.741332 n-d-804275-5 devstack@placement-api.service[95837]: DEBUG placement.objects.research_context [req-abd984a9-16d1-4c29-9fac-42f34be1badb req-bb1121d8-4a38-4db3-b288-10b4dcfc7262 service placement] found 2 providers after filtering by previous result {{(pid=95837) get_provider_ids_matching /opt/stack/placement/placement/objects/research_context.py:580}}
Aug 17 15:19:34.762291 n-d-804275-5 devstack@placement-api.service[95837]: DEBUG placement.objects.allocation_candidate [req-abd984a9-16d1-4c29-9fac-42f34be1badb req-bb1121d8-4a38-4db3-b288-10b4dcfc7262 service placement] RequestGroup(use_same_provider=False, resources={DISK_GB:1, MEMORY_MB:1024, VCPU:1}, traits=[], aggregates=[]) (suffix '') returned 2 matches {{(pid=95837) _get_by_requests /opt/stack/placement/placement/objects/allocation_candidate.py:145}}
Aug 17 15:19:34.762949 n-d-804275-5 devstack@placement-api.service[95837]: DEBUG placement.objects.allocation_candidate [req-abd984a9-16d1-4c29-9fac-42f34be1badb req-bb1121d8-4a38-4db3-b288-10b4dcfc7262 service placement] Merging candidates yields 2 allocation requests and 2 provider summaries {{(pid=95837) _merge_candidates /opt/stack/placement/placement/objects/allocation_candidate.py:783}}
Aug 17 15:19:34.766757 n-d-804275-5 devstack@placement-api.service[95837]: INFO placement.requestlog [req-abd984a9-16d1-4c29-9fac-42f34be1badb req-bb1121d8-4a38-4db3-b288-10b4dcfc7262 service placement] 10.222.0.10 "GET /placement/allocation_candidates?limit=1000&resources=DISK_GB%3A1%2CMEMORY_MB%3A1024%2CVCPU%3A1&root_required=%21COMPUTE_STATUS_DISABLED" status: 200 len: 1309 microversion: 1.35
Aug 17 15:19:34.771702 n-d-804275-5 devstack@placement-api.service[95837]: [pid: 95837|app: 0|req: 188/375] 10.222.0.10 () {60 vars in 1507 bytes} [Tue Aug 17 15:19:34 2021] GET /placement/allocation_candidates?limit=1000&resources=DISK_GB%3A1%2CMEMORY_MB%3A1024%2CVCPU%3A1&root_required=%21COMPUTE_STATUS_DISABLED => generated 1309 bytes in 123 msecs (HTTP/1.1 200) 8 headers in 297 bytes (1 switches on core 0)
Aug 17 15:19:34.847152 n-d-804275-5 devstack@placement-api.service[95836]: DEBUG placement.requestlog [req-abd984a9-16d1-4c29-9fac-42f34be1badb req-1e81310d-029c-43d1-a2ae-dd40bbdfbce7 None None] Starting request: 10.222.0.10 "GET /placement/allocations/89bf503b-80c0-43fd-943c-0c2b05d9fbb3" {{(pid=95836) __call__ /opt/stack/placement/placement/requestlog.py:55}}
Aug 17 15:19:34.864402 n-d-804275-5 devstack@placement-api.service[95836]: INFO placement.requestlog [req-abd984a9-16d1-4c29-9fac-42f34be1badb req-1e81310d-029c-43d1-a2ae-dd40bbdfbce7 service placement] 10.222.0.10 "GET /placement/allocations/89bf503b-80c0-43fd-943c-0c2b05d9fbb3" status: 200 len: 19 microversion: 1.28
Aug 17 15:19:34.868239 n-d-804275-5 devstack@placement-api.service[95836]: [pid: 95836|app: 0|req: 188/376] 10.222.0.10 () {60 vars in 1381 bytes} [Tue Aug 17 15:19:34 2021] GET /placement/allocations/89bf503b-80c0-43fd-943c-0c2b05d9fbb3 => generated 19 bytes in 21 msecs (HTTP/1.1 200) 8 headers in 295 bytes (1 switches on core 0)
Aug 17 15:19:34.871894 n-d-804275-5 devstack@placement-api.service[95837]: DEBUG placement.requestlog [req-abd984a9-16d1-4c29-9fac-42f34be1badb req-98b75aaa-8b07-4f5d-b3e6-bede7847536e None None] Starting request: 10.222.0.10 "PUT /placement/allocations/89bf503b-80c0-43fd-943c-0c2b05d9fbb3" {{(pid=95837) __call__ /opt/stack/placement/placement/requestlog.py:55}}
Aug 17 15:19:35.320008 n-d-804275-5 devstack@placement-api.service[95837]: DEBUG placement.handlers.allocation [req-abd984a9-16d1-4c29-9fac-42f34be1badb req-98b75aaa-8b07-4f5d-b3e6-bede7847536e service placement] Successfully wrote allocations [, , ] {{(pid=95837) _create_allocations /opt/stack/placement/placement/handlers/allocation.py:435}}
Aug 17 15:19:35.322156 n-d-804275-5 devstack@placement-api.service[95837]: INFO placement.requestlog [req-abd984a9-16d1-4c29-9fac-42f34be1badb req-98b75aaa-8b07-4f5d-b3e6-bede7847536e service placement] 10.222.0.10 "PUT /placement/allocations/89bf503b-80c0-43fd-943c-0c2b05d9fbb3" status: 204 len: 0 microversion: 1.35
Aug 17 15:19:35.326774 n-d-804275-5 devstack@placement-api.service[95837]: [pid: 95837|app: 0|req: 189/377] 10.222.0.10 () {64 vars in 1434 bytes} [Tue Aug 17 15:19:34 2021] PUT /placement/allocations/89bf503b-80c0-43fd-943c-0c2b05d9fbb3 => generated 0 bytes in 452 msecs (HTTP/1.1 204) 5 headers in 199 bytes (1 switches on core 0)
Aug 17 15:19:36.241445 n-d-804275-5 devstack@placement-api.service[95836]: DEBUG placement.requestlog [req-24f078bc-ec2a-438d-8b35-004772458ad0 req-c9d36cfd-8adb-40f5-9879-8685076b3c52 None None] Starting request: 10.222.0.72 "GET /placement/allocations/3e859ca1-ebe2-4eb5-819b-0496bff4fb89" {{(pid=95836) __call__ /opt/stack/placement/placement/requestlog.py:55}}
Aug 17 15:19:36.267727 n-d-804275-5 devstack@placement-api.service[95836]: INFO placement.requestlog [req-24f078bc-ec2a-438d-8b35-004772458ad0 req-c9d36cfd-8adb-40f5-9879-8685076b3c52 service placement] 10.222.0.72 "GET /placement/allocations/3e859ca1-ebe2-4eb5-819b-0496bff4fb89" status: 200 len: 259 microversion: 1.28
Aug 17 15:19:36.268115 n-d-804275-5 devstack@placement-api.service[95836]: [pid: 95836|app: 0|req: 189/378] 10.222.0.72 () {60 vars in 1378 bytes} [Tue Aug 17 15:19:36 2021] GET /placement/allocations/3e859ca1-ebe2-4eb5-819b-0496bff4fb89 => generated 259 bytes in 27 msecs (HTTP/1.1 200) 8 headers in 296 bytes (1 switches on core 0)
Aug 17 15:19:36.276232 n-d-804275-5 devstack@placement-api.service[95837]: DEBUG placement.requestlog [req-24f078bc-ec2a-438d-8b35-004772458ad0 req-55bb4c9c-8775-446a-9e33-2336b11d8739 None None] Starting request: 10.222.0.72 "PUT /placement/allocations/3e859ca1-ebe2-4eb5-819b-0496bff4fb89" {{(pid=95837) __call__ /opt/stack/placement/placement/requestlog.py:55}}
Aug 17 15:19:36.461815 n-d-804275-5 devstack@placement-api.service[95837]: DEBUG placement.handlers.allocation [req-24f078bc-ec2a-438d-8b35-004772458ad0 req-55bb4c9c-8775-446a-9e33-2336b11d8739 service placement] Successfully wrote allocations [, , ] {{(pid=95837) _create_allocations /opt/stack/placement/placement/handlers/allocation.py:435}}
Aug 17 15:19:36.462617 n-d-804275-5 devstack@placement-api.service[95837]: INFO placement.requestlog [req-24f078bc-ec2a-438d-8b35-004772458ad0 req-55bb4c9c-8775-446a-9e33-2336b11d8739 service placement] 10.222.0.72 "PUT /placement/allocations/3e859ca1-ebe2-4eb5-819b-0496bff4fb89" status: 204 len: 0 microversion: 1.28
Aug 17 15:19:36.463023 n-d-804275-5 devstack@placement-api.service[95837]: [pid: 95837|app: 0|req: 190/379] 10.222.0.72 () {64 vars in 1431 bytes} [Tue Aug 17 15:19:36 2021] PUT /placement/allocations/3e859ca1-ebe2-4eb5-819b-0496bff4fb89 => generated 0 bytes in 187 msecs (HTTP/1.1 204) 5 headers in 199 bytes (2 switches on core 0)
Aug 17 15:19:36.694884 n-d-804275-5 devstack@placement-api.service[95836]: DEBUG placement.requestlog [req-abd984a9-16d1-4c29-9fac-42f34be1badb req-a8b854ba-5d4b-48ce-a239-a88f691061b5 None None] Starting request: 10.222.0.72 "GET /placement/allocations/89bf503b-80c0-43fd-943c-0c2b05d9fbb3" {{(pid=95836) __call__ /opt/stack/placement/placement/requestlog.py:55}}
Aug 17 15:19:36.716524 n-d-804275-5 devstack@placement-api.service[95836]: INFO placement.requestlog [req-abd984a9-16d1-4c29-9fac-42f34be1badb req-a8b854ba-5d4b-48ce-a239-a88f691061b5 service placement] 10.222.0.72 "GET /placement/allocations/89bf503b-80c0-43fd-943c-0c2b05d9fbb3" status: 200 len: 259 microversion: 1.28
Aug 17 15:19:36.717095 n-d-804275-5 devstack@placement-api.service[95836]: [pid: 95836|app: 0|req: 190/380] 10.222.0.72 () {60 vars in 1378 bytes} [Tue Aug 17 15:19:36 2021] GET /placement/allocations/89bf503b-80c0-43fd-943c-0c2b05d9fbb3 => generated 259 bytes in 22 msecs (HTTP/1.1 200) 8 headers in 296 bytes (1 switches on core 0)
Aug 17 15:19:47.056986 n-d-804275-5 devstack@placement-api.service[95837]: DEBUG placement.requestlog [req-f1b7d23b-3c96-47b5-845e-8a03de31ff18 req-c1471eb5-f44d-4c98-a248-ca485f1c245d None None] Starting request: 10.222.0.72 "GET /placement/allocations/3d571551-5f28-41ca-9823-70890aeed283" {{(pid=95837) __call__ /opt/stack/placement/placement/requestlog.py:55}}
Aug 17 15:19:47.082437 n-d-804275-5 devstack@placement-api.service[95837]: INFO placement.requestlog [req-f1b7d23b-3c96-47b5-845e-8a03de31ff18 req-c1471eb5-f44d-4c98-a248-ca485f1c245d service placement] 10.222.0.72 "GET /placement/allocations/3d571551-5f28-41ca-9823-70890aeed283" status: 200 len: 259 microversion: 1.28
Aug 17 15:19:47.082959 n-d-804275-5 devstack@placement-api.service[95837]: [pid: 95837|app: 0|req: 191/381] 10.222.0.72 () {60 vars in 1378 bytes} [Tue Aug 17 15:19:47 2021] GET /placement/allocations/3d571551-5f28-41ca-9823-70890aeed283 => generated 259 bytes in 26 msecs (HTTP/1.1 200) 8 headers in 296 bytes (1 switches on core 0)
Aug 17 15:19:53.690411 n-d-804275-5 devstack@placement-api.service[95836]: DEBUG placement.requestlog [req-d9efa634-28a6-44e5-905f-b872f1f3fc34 req-b561d0bd-7d27-4664-b101-ec2aa48eb064 None None] Starting request: 10.222.0.72 "GET /placement/resource_providers/222dda32-8692-4f8d-a5b1-20f25754b6fd/allocations" {{(pid=95836) __call__ /opt/stack/placement/placement/requestlog.py:55}}
Aug 17 15:19:53.717966 n-d-804275-5 devstack@placement-api.service[95836]: INFO placement.requestlog [req-d9efa634-28a6-44e5-905f-b872f1f3fc34 req-b561d0bd-7d27-4664-b101-ec2aa48eb064 service placement] 10.222.0.72 "GET /placement/resource_providers/222dda32-8692-4f8d-a5b1-20f25754b6fd/allocations" status: 200 len: 356 microversion: 1.0
Aug 17 15:19:53.718604 n-d-804275-5 devstack@placement-api.service[95836]: [pid: 95836|app: 0|req: 191/382] 10.222.0.72 () {58 vars in 1391 bytes} [Tue Aug 17 15:19:53 2021] GET /placement/resource_providers/222dda32-8692-4f8d-a5b1-20f25754b6fd/allocations => generated 356 bytes in 29 msecs (HTTP/1.1 200) 6 headers in 224 bytes (1 switches on core 0)
Aug 17 15:19:55.926203 n-d-804275-5 devstack@placement-api.service[95837]: DEBUG placement.requestlog [req-6ea38dd8-069c-4ad4-8b14-8940b204cccb req-b41e65de-08cf-42b5-a0d1-8d2247559280 None None] Starting request: 10.222.0.45 "GET /placement/allocations/a312a082-d910-4d5f-84ff-fa9d9f8e58d5" {{(pid=95837) __call__ /opt/stack/placement/placement/requestlog.py:55}}
Aug 17 15:19:55.950740 n-d-804275-5 devstack@placement-api.service[95837]: INFO placement.requestlog [req-6ea38dd8-069c-4ad4-8b14-8940b204cccb req-b41e65de-08cf-42b5-a0d1-8d2247559280 service placement] 10.222.0.45 "GET /placement/allocations/a312a082-d910-4d5f-84ff-fa9d9f8e58d5" status: 200 len: 259 microversion: 1.28
Aug 17 15:19:55.953181 n-d-804275-5 devstack@placement-api.service[95837]: [pid: 95837|app: 0|req: 192/383] 10.222.0.45 () {60 vars in 1378 bytes} [Tue Aug 17 15:19:55 2021] GET /placement/allocations/a312a082-d910-4d5f-84ff-fa9d9f8e58d5 => generated 259 bytes in 27 msecs (HTTP/1.1 200) 8 headers in 296 bytes (1 switches on core 0)
Aug 17 15:19:55.972320 n-d-804275-5 devstack@placement-api.service[95836]: DEBUG placement.requestlog [req-6ea38dd8-069c-4ad4-8b14-8940b204cccb req-8d0a45f1-a735-4d0f-a892-9b4944ff8c36 None None] Starting request: 10.222.0.45 "GET /placement/allocations/a312a082-d910-4d5f-84ff-fa9d9f8e58d5" {{(pid=95836) __call__ /opt/stack/placement/placement/requestlog.py:55}}
Aug 17 15:19:56.003223 n-d-804275-5 devstack@placement-api.service[95836]: INFO placement.requestlog [req-6ea38dd8-069c-4ad4-8b14-8940b204cccb req-8d0a45f1-a735-4d0f-a892-9b4944ff8c36 service placement] 10.222.0.45 "GET /placement/allocations/a312a082-d910-4d5f-84ff-fa9d9f8e58d5" status: 200 len: 259 microversion: 1.28
Aug 17 15:19:56.004016 n-d-804275-5 devstack@placement-api.service[95836]: [pid: 95836|app: 0|req: 192/384] 10.222.0.45 () {60 vars in 1378 bytes} [Tue Aug 17 15:19:55 2021] GET /placement/allocations/a312a082-d910-4d5f-84ff-fa9d9f8e58d5 => generated 259 bytes in 32 msecs (HTTP/1.1 200) 8 headers in 296 bytes (1 switches on core 0)
Aug 17 15:19:56.012867 n-d-804275-5 devstack@placement-api.service[95837]: DEBUG placement.requestlog [req-6ea38dd8-069c-4ad4-8b14-8940b204cccb req-f1be1af9-cdae-41c7-848f-1b08e1e617cf None None] Starting request: 10.222.0.45 "GET /placement/allocations/3d571551-5f28-41ca-9823-70890aeed283" {{(pid=95837) __call__ /opt/stack/placement/placement/requestlog.py:55}}
Aug 17 15:19:56.029327 n-d-804275-5 devstack@placement-api.service[95837]: INFO placement.requestlog [req-6ea38dd8-069c-4ad4-8b14-8940b204cccb req-f1be1af9-cdae-41c7-848f-1b08e1e617cf service placement] 10.222.0.45 "GET /placement/allocations/3d571551-5f28-41ca-9823-70890aeed283" status: 200 len: 259 microversion: 1.28
Aug 17 15:19:56.030030 n-d-804275-5 devstack@placement-api.service[95837]: [pid: 95837|app: 0|req: 193/385] 10.222.0.45 () {60 vars in 1378 bytes} [Tue Aug 17 15:19:56 2021] GET /placement/allocations/3d571551-5f28-41ca-9823-70890aeed283 => generated 259 bytes in 17 msecs (HTTP/1.1 200) 8 headers in 296 bytes (2 switches on core 0)
Aug 17 15:19:56.047134 n-d-804275-5 devstack@placement-api.service[95836]: DEBUG placement.requestlog [req-6ea38dd8-069c-4ad4-8b14-8940b204cccb req-0bbd3144-34ef-42a7-a915-05de0ddf2caa None None] Starting request: 10.222.0.45 "POST /placement/allocations" {{(pid=95836) __call__ /opt/stack/placement/placement/requestlog.py:55}}
Aug 17 15:19:56.302288 n-d-804275-5 devstack@placement-api.service[95836]: DEBUG placement.handlers.allocation [req-6ea38dd8-069c-4ad4-8b14-8940b204cccb req-0bbd3144-34ef-42a7-a915-05de0ddf2caa service placement] Successfully wrote allocations [, , , , , ] {{(pid=95836) _create_allocations /opt/stack/placement/placement/handlers/allocation.py:524}}
Aug 17 15:19:56.302868 n-d-804275-5 devstack@placement-api.service[95836]: INFO placement.requestlog [req-6ea38dd8-069c-4ad4-8b14-8940b204cccb req-0bbd3144-34ef-42a7-a915-05de0ddf2caa service placement] 10.222.0.45 "POST /placement/allocations" status: 204 len: 0 microversion: 1.28
Aug 17 15:19:56.303218 n-d-804275-5 devstack@placement-api.service[95836]: [pid: 95836|app: 0|req: 193/386] 10.222.0.45 () {64 vars in 1321 bytes} [Tue Aug 17 15:19:56 2021] POST /placement/allocations => generated 0 bytes in 257 msecs (HTTP/1.1 204) 5 headers in 199 bytes (2 switches on core 0)
Aug 17 15:20:03.612430 n-d-804275-5 devstack@placement-api.service[95837]: DEBUG placement.requestlog [req-c78f8eca-f34c-47c0-8266-9ca06a168813 req-443b3b7f-29cd-4c9b-99cb-a37809ac2ebd None None] Starting request: 10.222.0.10 "GET /placement/allocation_candidates?limit=1000&resources=DISK_GB%3A1%2CMEMORY_MB%3A1024%2CVCPU%3A1&root_required=%21COMPUTE_STATUS_DISABLED" {{(pid=95837) __call__ /opt/stack/placement/placement/requestlog.py:55}}
Aug 17 15:20:03.665176 n-d-804275-5 devstack@placement-api.service[95837]: DEBUG placement.objects.research_context [req-c78f8eca-f34c-47c0-8266-9ca06a168813 req-443b3b7f-29cd-4c9b-99cb-a37809ac2ebd service placement] getting providers with 1 DISK_GB {{(pid=95837) __init__ /opt/stack/placement/placement/objects/research_context.py:126}}
Aug 17 15:20:03.672435 n-d-804275-5 devstack@placement-api.service[95837]: DEBUG placement.objects.research_context [req-c78f8eca-f34c-47c0-8266-9ca06a168813 req-443b3b7f-29cd-4c9b-99cb-a37809ac2ebd service placement] getting providers with 1024 MEMORY_MB {{(pid=95837) __init__ /opt/stack/placement/placement/objects/research_context.py:126}}
Aug 17 15:20:03.681413 n-d-804275-5 devstack@placement-api.service[95837]: DEBUG placement.objects.research_context [req-c78f8eca-f34c-47c0-8266-9ca06a168813 req-443b3b7f-29cd-4c9b-99cb-a37809ac2ebd service placement] getting providers with 1 VCPU {{(pid=95837) __init__ /opt/stack/placement/placement/objects/research_context.py:126}}
Aug 17 15:20:03.721050 n-d-804275-5 devstack@placement-api.service[95837]: DEBUG placement.objects.research_context [req-c78f8eca-f34c-47c0-8266-9ca06a168813 req-443b3b7f-29cd-4c9b-99cb-a37809ac2ebd service placement] found 2 providers with available 1 DISK_GB {{(pid=95837) get_provider_ids_matching /opt/stack/placement/placement/objects/research_context.py:549}}
Aug 17 15:20:03.721560 n-d-804275-5 devstack@placement-api.service[95837]: DEBUG placement.objects.research_context [req-c78f8eca-f34c-47c0-8266-9ca06a168813 req-443b3b7f-29cd-4c9b-99cb-a37809ac2ebd service placement] found 2 providers with available 1024 MEMORY_MB {{(pid=95837) get_provider_ids_matching /opt/stack/placement/placement/objects/research_context.py:549}}
Aug 17 15:20:03.727129 n-d-804275-5 devstack@placement-api.service[95837]: DEBUG placement.objects.research_context [req-c78f8eca-f34c-47c0-8266-9ca06a168813 req-443b3b7f-29cd-4c9b-99cb-a37809ac2ebd service placement] found 2 providers after filtering by previous result {{(pid=95837) get_provider_ids_matching /opt/stack/placement/placement/objects/research_context.py:580}}
Aug 17 15:20:03.727638 n-d-804275-5 devstack@placement-api.service[95837]: DEBUG placement.objects.research_context [req-c78f8eca-f34c-47c0-8266-9ca06a168813 req-443b3b7f-29cd-4c9b-99cb-a37809ac2ebd service placement] found 2 providers with available 1 VCPU {{(pid=95837) get_provider_ids_matching /opt/stack/placement/placement/objects/research_context.py:549}}
Aug 17 15:20:03.728059 n-d-804275-5 devstack@placement-api.service[95837]: DEBUG placement.objects.research_context [req-c78f8eca-f34c-47c0-8266-9ca06a168813 req-443b3b7f-29cd-4c9b-99cb-a37809ac2ebd service placement] found 2 providers after filtering by previous result {{(pid=95837) get_provider_ids_matching /opt/stack/placement/placement/objects/research_context.py:580}}
Aug 17 15:20:03.753711 n-d-804275-5 devstack@placement-api.service[95837]: DEBUG placement.objects.allocation_candidate [req-c78f8eca-f34c-47c0-8266-9ca06a168813 req-443b3b7f-29cd-4c9b-99cb-a37809ac2ebd service placement] RequestGroup(use_same_provider=False, resources={DISK_GB:1, MEMORY_MB:1024, VCPU:1}, traits=[], aggregates=[]) (suffix '') returned 2 matches {{(pid=95837) _get_by_requests /opt/stack/placement/placement/objects/allocation_candidate.py:145}}
Aug 17 15:20:03.754896 n-d-804275-5 devstack@placement-api.service[95837]: DEBUG placement.objects.allocation_candidate [req-c78f8eca-f34c-47c0-8266-9ca06a168813 req-443b3b7f-29cd-4c9b-99cb-a37809ac2ebd service placement] Merging candidates yields 2 allocation requests and 2 provider summaries {{(pid=95837) _merge_candidates /opt/stack/placement/placement/objects/allocation_candidate.py:783}}
Aug 17 15:20:03.756840 n-d-804275-5 devstack@placement-api.service[95837]: INFO placement.requestlog [req-c78f8eca-f34c-47c0-8266-9ca06a168813 req-443b3b7f-29cd-4c9b-99cb-a37809ac2ebd service placement] 10.222.0.10 "GET /placement/allocation_candidates?limit=1000&resources=DISK_GB%3A1%2CMEMORY_MB%3A1024%2CVCPU%3A1&root_required=%21COMPUTE_STATUS_DISABLED" status: 200 len: 1309 microversion: 1.35
Aug 17 15:20:03.757546 n-d-804275-5 devstack@placement-api.service[95837]: [pid: 95837|app: 0|req: 194/387] 10.222.0.10 () {60 vars in 1507 bytes} [Tue Aug 17 15:20:03 2021] GET /placement/allocation_candidates?limit=1000&resources=DISK_GB%3A1%2CMEMORY_MB%3A1024%2CVCPU%3A1&root_required=%21COMPUTE_STATUS_DISABLED => generated 1309 bytes in 145 msecs (HTTP/1.1 200) 8 headers in 297 bytes (2 switches on core 0)
Aug 17 15:20:03.871026 n-d-804275-5 devstack@placement-api.service[95836]: DEBUG placement.requestlog [req-c78f8eca-f34c-47c0-8266-9ca06a168813 req-901694c4-90bb-436b-8b3e-5e6c44fe8766 None None] Starting request: 10.222.0.10 "GET /placement/allocations/72cda9de-03fb-46b0-ac05-633ef95c5288" {{(pid=95836) __call__ /opt/stack/placement/placement/requestlog.py:55}}
Aug 17 15:20:03.898434 n-d-804275-5 devstack@placement-api.service[95836]: INFO placement.requestlog [req-c78f8eca-f34c-47c0-8266-9ca06a168813 req-901694c4-90bb-436b-8b3e-5e6c44fe8766 service placement] 10.222.0.10 "GET /placement/allocations/72cda9de-03fb-46b0-ac05-633ef95c5288" status: 200 len: 19 microversion: 1.28
Aug 17 15:20:03.898655 n-d-804275-5 devstack@placement-api.service[95836]: [pid: 95836|app: 0|req: 194/388] 10.222.0.10 () {60 vars in 1381 bytes} [Tue Aug 17 15:20:03 2021] GET /placement/allocations/72cda9de-03fb-46b0-ac05-633ef95c5288 => generated 19 bytes in 28 msecs (HTTP/1.1 200) 8 headers in 295 bytes (1 switches on core 0)
Aug 17 15:20:03.916670 n-d-804275-5 devstack@placement-api.service[95837]: DEBUG placement.requestlog [req-c78f8eca-f34c-47c0-8266-9ca06a168813 req-3c80646b-a887-415f-a13b-049b0a2b4868 None None] Starting request: 10.222.0.10 "PUT /placement/allocations/72cda9de-03fb-46b0-ac05-633ef95c5288" {{(pid=95837) __call__ /opt/stack/placement/placement/requestlog.py:55}}
Aug 17 15:20:04.467107 n-d-804275-5 devstack@placement-api.service[95837]: DEBUG placement.handlers.allocation [req-c78f8eca-f34c-47c0-8266-9ca06a168813 req-3c80646b-a887-415f-a13b-049b0a2b4868 service placement] Successfully wrote allocations [, , ] {{(pid=95837) _create_allocations /opt/stack/placement/placement/handlers/allocation.py:435}}
Aug 17 15:20:04.467703 n-d-804275-5 devstack@placement-api.service[95837]: INFO placement.requestlog [req-c78f8eca-f34c-47c0-8266-9ca06a168813 req-3c80646b-a887-415f-a13b-049b0a2b4868 service placement] 10.222.0.10 "PUT /placement/allocations/72cda9de-03fb-46b0-ac05-633ef95c5288" status: 204 len: 0 microversion: 1.35
Aug 17 15:20:04.473536 n-d-804275-5 devstack@placement-api.service[95837]: [pid: 95837|app: 0|req: 195/389] 10.222.0.10 () {64 vars in 1434 bytes} [Tue Aug 17 15:20:03 2021] PUT /placement/allocations/72cda9de-03fb-46b0-ac05-633ef95c5288 => generated 0 bytes in 559 msecs (HTTP/1.1 204) 5 headers in 199 bytes (2 switches on core 0)
Aug 17 15:20:04.878919 n-d-804275-5 devstack@placement-api.service[95836]: DEBUG placement.requestlog [req-1e1610ba-7647-422c-bffa-7c281db88b78 req-84dc3cfc-df03-4400-80f5-3c09d6f85fb5 None None] Starting request: 10.222.0.45 "GET /placement/allocations/e4c9001c-6166-4ecc-b744-4a9ac95979e4" {{(pid=95836) __call__ /opt/stack/placement/placement/requestlog.py:55}}
Aug 17 15:20:04.902831 n-d-804275-5 devstack@placement-api.service[95836]: INFO placement.requestlog [req-1e1610ba-7647-422c-bffa-7c281db88b78 req-84dc3cfc-df03-4400-80f5-3c09d6f85fb5 service placement] 10.222.0.45 "GET /placement/allocations/e4c9001c-6166-4ecc-b744-4a9ac95979e4" status: 200 len: 259 microversion: 1.28
Aug 17 15:20:04.905708 n-d-804275-5 devstack@placement-api.service[95836]: [pid: 95836|app: 0|req: 195/390] 10.222.0.45 () {60 vars in 1378 bytes} [Tue Aug 17 15:20:04 2021] GET /placement/allocations/e4c9001c-6166-4ecc-b744-4a9ac95979e4 => generated 259 bytes in 26 msecs (HTTP/1.1 200) 8 headers in 296 bytes (1 switches on core 0)
Aug 17 15:20:04.913355 n-d-804275-5 devstack@placement-api.service[95837]: DEBUG placement.requestlog [req-1e1610ba-7647-422c-bffa-7c281db88b78 req-75389a80-fd9d-4c5c-b1f7-09ab5997d186 None None] Starting request: 10.222.0.45 "PUT /placement/allocations/e4c9001c-6166-4ecc-b744-4a9ac95979e4" {{(pid=95837) __call__ /opt/stack/placement/placement/requestlog.py:55}}
Aug 17 15:20:05.130039 n-d-804275-5 devstack@placement-api.service[95837]: DEBUG placement.handlers.allocation [req-1e1610ba-7647-422c-bffa-7c281db88b78 req-75389a80-fd9d-4c5c-b1f7-09ab5997d186 service placement] Successfully wrote allocations [, , ] {{(pid=95837) _create_allocations /opt/stack/placement/placement/handlers/allocation.py:435}}
Aug 17 15:20:05.132956 n-d-804275-5 devstack@placement-api.service[95837]: INFO placement.requestlog [req-1e1610ba-7647-422c-bffa-7c281db88b78 req-75389a80-fd9d-4c5c-b1f7-09ab5997d186 service placement] 10.222.0.45 "PUT /placement/allocations/e4c9001c-6166-4ecc-b744-4a9ac95979e4" status: 204 len: 0 microversion: 1.28
Aug 17 15:20:05.134295 n-d-804275-5 devstack@placement-api.service[95837]: [pid: 95837|app: 0|req: 196/391] 10.222.0.45 () {64 vars in 1431 bytes} [Tue Aug 17 15:20:04 2021] PUT /placement/allocations/e4c9001c-6166-4ecc-b744-4a9ac95979e4 => generated 0 bytes in 221 msecs (HTTP/1.1 204) 5 headers in 199 bytes (1 switches on core 0)
Aug 17 15:20:05.503436 n-d-804275-5 devstack@placement-api.service[95836]: DEBUG placement.requestlog [req-fd481219-3d72-4efe-b571-93e0ea0d4c7c req-33632932-7934-43c3-a32b-6cf8c4398136 None None] Starting request: 10.222.0.10 "GET /placement/allocation_candidates?limit=1000&resources=DISK_GB%3A1%2CMEMORY_MB%3A1024%2CVCPU%3A1&root_required=%21COMPUTE_STATUS_DISABLED" {{(pid=95836) __call__ /opt/stack/placement/placement/requestlog.py:55}}
Aug 17 15:20:05.597040 n-d-804275-5 devstack@placement-api.service[95836]: DEBUG placement.objects.research_context [req-fd481219-3d72-4efe-b571-93e0ea0d4c7c req-33632932-7934-43c3-a32b-6cf8c4398136 service placement] getting providers with 1 DISK_GB {{(pid=95836) __init__ /opt/stack/placement/placement/objects/research_context.py:126}}
Aug 17 15:20:05.611266 n-d-804275-5 devstack@placement-api.service[95836]: DEBUG placement.objects.research_context [req-fd481219-3d72-4efe-b571-93e0ea0d4c7c req-33632932-7934-43c3-a32b-6cf8c4398136 service placement] getting providers with 1024 MEMORY_MB {{(pid=95836) __init__ /opt/stack/placement/placement/objects/research_context.py:126}}
Aug 17 15:20:05.629697 n-d-804275-5 devstack@placement-api.service[95836]: DEBUG placement.objects.research_context [req-fd481219-3d72-4efe-b571-93e0ea0d4c7c req-33632932-7934-43c3-a32b-6cf8c4398136 service placement] getting providers with 1 VCPU {{(pid=95836) __init__ /opt/stack/placement/placement/objects/research_context.py:126}}
Aug 17 15:20:05.637507 n-d-804275-5 devstack@placement-api.service[95836]: DEBUG placement.objects.research_context [req-fd481219-3d72-4efe-b571-93e0ea0d4c7c req-33632932-7934-43c3-a32b-6cf8c4398136 service placement] found 2 providers with available 1 DISK_GB {{(pid=95836) get_provider_ids_matching /opt/stack/placement/placement/objects/research_context.py:549}}
Aug 17 15:20:05.640558 n-d-804275-5 devstack@placement-api.service[95836]: DEBUG placement.objects.research_context [req-fd481219-3d72-4efe-b571-93e0ea0d4c7c req-33632932-7934-43c3-a32b-6cf8c4398136 service placement] found 2 providers with available 1024 MEMORY_MB {{(pid=95836) get_provider_ids_matching /opt/stack/placement/placement/objects/research_context.py:549}}
Aug 17 15:20:05.640877 n-d-804275-5 devstack@placement-api.service[95836]: DEBUG placement.objects.research_context [req-fd481219-3d72-4efe-b571-93e0ea0d4c7c req-33632932-7934-43c3-a32b-6cf8c4398136 service placement] found 2 providers after filtering by previous result {{(pid=95836) get_provider_ids_matching /opt/stack/placement/placement/objects/research_context.py:580}}
Aug 17 15:20:05.641278 n-d-804275-5 devstack@placement-api.service[95836]: DEBUG placement.objects.research_context [req-fd481219-3d72-4efe-b571-93e0ea0d4c7c req-33632932-7934-43c3-a32b-6cf8c4398136 service placement] found 2 providers with available 1 VCPU {{(pid=95836) get_provider_ids_matching /opt/stack/placement/placement/objects/research_context.py:549}}
Aug 17 15:20:05.641547 n-d-804275-5 devstack@placement-api.service[95836]: DEBUG placement.objects.research_context [req-fd481219-3d72-4efe-b571-93e0ea0d4c7c req-33632932-7934-43c3-a32b-6cf8c4398136 service placement] found 2 providers after filtering by previous result {{(pid=95836) get_provider_ids_matching /opt/stack/placement/placement/objects/research_context.py:580}}
Aug 17 15:20:05.673109 n-d-804275-5 devstack@placement-api.service[95836]: DEBUG placement.objects.allocation_candidate [req-fd481219-3d72-4efe-b571-93e0ea0d4c7c req-33632932-7934-43c3-a32b-6cf8c4398136 service placement] RequestGroup(use_same_provider=False, resources={DISK_GB:1, MEMORY_MB:1024, VCPU:1}, traits=[], aggregates=[]) (suffix '') returned 2 matches {{(pid=95836) _get_by_requests /opt/stack/placement/placement/objects/allocation_candidate.py:145}}
Aug 17 15:20:05.673924 n-d-804275-5 devstack@placement-api.service[95836]: DEBUG placement.objects.allocation_candidate [req-fd481219-3d72-4efe-b571-93e0ea0d4c7c req-33632932-7934-43c3-a32b-6cf8c4398136 service placement] Merging candidates yields 2 allocation requests and 2 provider summaries {{(pid=95836) _merge_candidates /opt/stack/placement/placement/objects/allocation_candidate.py:783}}
Aug 17 15:20:05.680262 n-d-804275-5 devstack@placement-api.service[95836]: INFO placement.requestlog [req-fd481219-3d72-4efe-b571-93e0ea0d4c7c req-33632932-7934-43c3-a32b-6cf8c4398136 service placement] 10.222.0.10 "GET /placement/allocation_candidates?limit=1000&resources=DISK_GB%3A1%2CMEMORY_MB%3A1024%2CVCPU%3A1&root_required=%21COMPUTE_STATUS_DISABLED" status: 200 len: 1309 microversion: 1.35
Aug 17 15:20:05.680379 n-d-804275-5 devstack@placement-api.service[95836]: [pid: 95836|app: 0|req: 196/392] 10.222.0.10 () {60 vars in 1507 bytes} [Tue Aug 17 15:20:05 2021] GET /placement/allocation_candidates?limit=1000&resources=DISK_GB%3A1%2CMEMORY_MB%3A1024%2CVCPU%3A1&root_required=%21COMPUTE_STATUS_DISABLED => generated 1309 bytes in 177 msecs (HTTP/1.1 200) 8 headers in 297 bytes (1 switches on core 0)
Aug 17 15:20:05.800018 n-d-804275-5 devstack@placement-api.service[95837]: DEBUG placement.requestlog [req-fd481219-3d72-4efe-b571-93e0ea0d4c7c req-7822906c-b5e5-4d72-a083-5dbd36c2c953 None None] Starting request: 10.222.0.10 "GET /placement/allocations/93a03f66-4f12-43eb-b8e9-1ceba5872c34" {{(pid=95837) __call__ /opt/stack/placement/placement/requestlog.py:55}}
Aug 17 15:20:05.827763 n-d-804275-5 devstack@placement-api.service[95837]: INFO placement.requestlog [req-fd481219-3d72-4efe-b571-93e0ea0d4c7c req-7822906c-b5e5-4d72-a083-5dbd36c2c953 service placement] 10.222.0.10 "GET /placement/allocations/93a03f66-4f12-43eb-b8e9-1ceba5872c34" status: 200 len: 19 microversion: 1.28
Aug 17 15:20:05.829678 n-d-804275-5 devstack@placement-api.service[95837]: [pid: 95837|app: 0|req: 197/393] 10.222.0.10 () {60 vars in 1381 bytes} [Tue Aug 17 15:20:05 2021] GET /placement/allocations/93a03f66-4f12-43eb-b8e9-1ceba5872c34 => generated 19 bytes in 30 msecs (HTTP/1.1 200) 8 headers in 295 bytes (2 switches on core 0)
Aug 17 15:20:05.862127 n-d-804275-5 devstack@placement-api.service[95836]: DEBUG placement.requestlog [req-fd481219-3d72-4efe-b571-93e0ea0d4c7c req-1adff3eb-3beb-4679-b1c5-8033057a3223 None None] Starting request: 10.222.0.10 "PUT /placement/allocations/93a03f66-4f12-43eb-b8e9-1ceba5872c34" {{(pid=95836) __call__ /opt/stack/placement/placement/requestlog.py:55}}
Aug 17 15:20:06.162126 n-d-804275-5 devstack@placement-api.service[95837]: DEBUG placement.requestlog [req-c78f8eca-f34c-47c0-8266-9ca06a168813 req-eb6117e0-7aa5-4fe7-aec0-dc61d8dcadbc None None] Starting request: 10.222.0.72 "GET /placement/allocations/72cda9de-03fb-46b0-ac05-633ef95c5288" {{(pid=95837) __call__ /opt/stack/placement/placement/requestlog.py:55}}
Aug 17 15:20:06.256180 n-d-804275-5 devstack@placement-api.service[95837]: INFO placement.requestlog [req-c78f8eca-f34c-47c0-8266-9ca06a168813 req-eb6117e0-7aa5-4fe7-aec0-dc61d8dcadbc service placement] 10.222.0.72 "GET /placement/allocations/72cda9de-03fb-46b0-ac05-633ef95c5288" status: 200 len: 259 microversion: 1.28
Aug 17 15:20:06.259946 n-d-804275-5 devstack@placement-api.service[95836]: DEBUG placement.handlers.allocation [req-fd481219-3d72-4efe-b571-93e0ea0d4c7c req-1adff3eb-3beb-4679-b1c5-8033057a3223 service placement] Successfully wrote allocations [, , ] {{(pid=95836) _create_allocations /opt/stack/placement/placement/handlers/allocation.py:435}}
Aug 17 15:20:06.260443 n-d-804275-5 devstack@placement-api.service[95836]: INFO placement.requestlog [req-fd481219-3d72-4efe-b571-93e0ea0d4c7c req-1adff3eb-3beb-4679-b1c5-8033057a3223 service placement] 10.222.0.10 "PUT /placement/allocations/93a03f66-4f12-43eb-b8e9-1ceba5872c34" status: 204 len: 0 microversion: 1.35
Aug 17 15:20:06.265533 n-d-804275-5 devstack@placement-api.service[95836]: [pid: 95836|app: 0|req: 197/394] 10.222.0.10 () {64 vars in 1434 bytes} [Tue Aug 17 15:20:05 2021] PUT /placement/allocations/93a03f66-4f12-43eb-b8e9-1ceba5872c34 => generated 0 bytes in 404 msecs (HTTP/1.1 204) 5 headers in 199 bytes (2 switches on core 0)
Aug 17 15:20:06.276867 n-d-804275-5 devstack@placement-api.service[95837]: [pid: 95837|app: 0|req: 198/395] 10.222.0.72 () {60 vars in 1378 bytes} [Tue Aug 17 15:20:06 2021] GET /placement/allocations/72cda9de-03fb-46b0-ac05-633ef95c5288 => generated 259 bytes in 115 msecs (HTTP/1.1 200) 8 headers in 296 bytes (2 switches on core 0)
Aug 17 15:20:06.362787 n-d-804275-5 devstack@placement-api.service[95836]: DEBUG placement.requestlog [req-82873bb6-97c6-4aa8-a4c7-29db4cb950c7 req-1db10158-16ec-4a7f-9cb9-8435b87c2895 None None] Starting request: 10.222.0.10 "GET /placement/allocation_candidates?limit=1000&resources=DISK_GB%3A1%2CMEMORY_MB%3A1024%2CVCPU%3A1&root_required=%21COMPUTE_STATUS_DISABLED" {{(pid=95836) __call__ /opt/stack/placement/placement/requestlog.py:55}}
Aug 17 15:20:06.453846 n-d-804275-5 devstack@placement-api.service[95836]: DEBUG placement.objects.research_context [req-82873bb6-97c6-4aa8-a4c7-29db4cb950c7 req-1db10158-16ec-4a7f-9cb9-8435b87c2895 service placement] getting providers with 1 DISK_GB {{(pid=95836) __init__ /opt/stack/placement/placement/objects/research_context.py:126}}
Aug 17 15:20:06.477896 n-d-804275-5 devstack@placement-api.service[95836]: DEBUG placement.objects.research_context [req-82873bb6-97c6-4aa8-a4c7-29db4cb950c7 req-1db10158-16ec-4a7f-9cb9-8435b87c2895 service placement] getting providers with 1024 MEMORY_MB {{(pid=95836) __init__ /opt/stack/placement/placement/objects/research_context.py:126}}
Aug 17 15:20:06.497852 n-d-804275-5 devstack@placement-api.service[95836]: DEBUG placement.objects.research_context [req-82873bb6-97c6-4aa8-a4c7-29db4cb950c7 req-1db10158-16ec-4a7f-9cb9-8435b87c2895 service placement] getting providers with 1 VCPU {{(pid=95836) __init__ /opt/stack/placement/placement/objects/research_context.py:126}}
Aug 17 15:20:06.521249 n-d-804275-5 devstack@placement-api.service[95836]: DEBUG placement.objects.research_context [req-82873bb6-97c6-4aa8-a4c7-29db4cb950c7 req-1db10158-16ec-4a7f-9cb9-8435b87c2895 service placement] found 2 providers with available 1 DISK_GB {{(pid=95836) get_provider_ids_matching /opt/stack/placement/placement/objects/research_context.py:549}}
Aug 17 15:20:06.527157 n-d-804275-5 devstack@placement-api.service[95836]: DEBUG placement.objects.research_context [req-82873bb6-97c6-4aa8-a4c7-29db4cb950c7 req-1db10158-16ec-4a7f-9cb9-8435b87c2895 service placement] found 2 providers with available 1024 MEMORY_MB {{(pid=95836) get_provider_ids_matching /opt/stack/placement/placement/objects/research_context.py:549}}
Aug 17 15:20:06.527693 n-d-804275-5 devstack@placement-api.service[95836]: DEBUG placement.objects.research_context [req-82873bb6-97c6-4aa8-a4c7-29db4cb950c7 req-1db10158-16ec-4a7f-9cb9-8435b87c2895 service placement] found 2 providers after filtering by previous result {{(pid=95836) get_provider_ids_matching /opt/stack/placement/placement/objects/research_context.py:580}}
Aug 17 15:20:06.528170 n-d-804275-5 devstack@placement-api.service[95836]: DEBUG placement.objects.research_context [req-82873bb6-97c6-4aa8-a4c7-29db4cb950c7 req-1db10158-16ec-4a7f-9cb9-8435b87c2895 service placement] found 2 providers with available 1 VCPU {{(pid=95836) get_provider_ids_matching /opt/stack/placement/placement/objects/research_context.py:549}}
Aug 17 15:20:06.528737 n-d-804275-5 devstack@placement-api.service[95836]: DEBUG placement.objects.research_context [req-82873bb6-97c6-4aa8-a4c7-29db4cb950c7 req-1db10158-16ec-4a7f-9cb9-8435b87c2895 service placement] found 2 providers after filtering by previous result {{(pid=95836) get_provider_ids_matching /opt/stack/placement/placement/objects/research_context.py:580}}
Aug 17 15:20:06.566870 n-d-804275-5 devstack@placement-api.service[95836]: DEBUG placement.objects.allocation_candidate [req-82873bb6-97c6-4aa8-a4c7-29db4cb950c7 req-1db10158-16ec-4a7f-9cb9-8435b87c2895 service placement] RequestGroup(use_same_provider=False, resources={DISK_GB:1, MEMORY_MB:1024, VCPU:1}, traits=[], aggregates=[]) (suffix '') returned 2 matches {{(pid=95836) _get_by_requests /opt/stack/placement/placement/objects/allocation_candidate.py:145}}
Aug 17 15:20:06.567245 n-d-804275-5 devstack@placement-api.service[95836]: DEBUG placement.objects.allocation_candidate [req-82873bb6-97c6-4aa8-a4c7-29db4cb950c7 req-1db10158-16ec-4a7f-9cb9-8435b87c2895 service placement] Merging candidates yields 2 allocation requests and 2 provider summaries {{(pid=95836) _merge_candidates /opt/stack/placement/placement/objects/allocation_candidate.py:783}}
Aug 17 15:20:06.571123 n-d-804275-5 devstack@placement-api.service[95836]: INFO placement.requestlog [req-82873bb6-97c6-4aa8-a4c7-29db4cb950c7 req-1db10158-16ec-4a7f-9cb9-8435b87c2895 service placement] 10.222.0.10 "GET /placement/allocation_candidates?limit=1000&resources=DISK_GB%3A1%2CMEMORY_MB%3A1024%2CVCPU%3A1&root_required=%21COMPUTE_STATUS_DISABLED" status: 200 len: 1309 microversion: 1.35
Aug 17 15:20:06.571371 n-d-804275-5 devstack@placement-api.service[95836]: [pid: 95836|app: 0|req: 198/396] 10.222.0.10 () {60 vars in 1507 bytes} [Tue Aug 17 15:20:06 2021] GET /placement/allocation_candidates?limit=1000&resources=DISK_GB%3A1%2CMEMORY_MB%3A1024%2CVCPU%3A1&root_required=%21COMPUTE_STATUS_DISABLED => generated 1309 bytes in 209 msecs (HTTP/1.1 200) 8 headers in 297 bytes (1 switches on core 0)
Aug 17 15:20:06.721933 n-d-804275-5 devstack@placement-api.service[95837]: DEBUG placement.requestlog [req-82873bb6-97c6-4aa8-a4c7-29db4cb950c7 req-3b095d8a-7eec-4009-9edc-0e0c32b9b23c None None] Starting request: 10.222.0.10 "GET /placement/allocations/dba220d5-a99e-4793-b8b0-d40e80883a1d" {{(pid=95837) __call__ /opt/stack/placement/placement/requestlog.py:55}}
Aug 17 15:20:06.731479 n-d-804275-5 devstack@placement-api.service[95837]: INFO placement.requestlog [req-82873bb6-97c6-4aa8-a4c7-29db4cb950c7 req-3b095d8a-7eec-4009-9edc-0e0c32b9b23c service placement] 10.222.0.10 "GET /placement/allocations/dba220d5-a99e-4793-b8b0-d40e80883a1d" status: 200 len: 19 microversion: 1.28
Aug 17 15:20:06.734833 n-d-804275-5 devstack@placement-api.service[95837]: [pid: 95837|app: 0|req: 199/397] 10.222.0.10 () {60 vars in 1381 bytes} [Tue Aug 17 15:20:06 2021] GET /placement/allocations/dba220d5-a99e-4793-b8b0-d40e80883a1d => generated 19 bytes in 15 msecs (HTTP/1.1 200) 8 headers in 295 bytes (1 switches on core 0)
Aug 17 15:20:06.739769 n-d-804275-5 devstack@placement-api.service[95836]: DEBUG placement.requestlog [req-82873bb6-97c6-4aa8-a4c7-29db4cb950c7 req-55e4a9db-ba02-4a0c-9ef3-51d7f3e19310 None None] Starting request: 10.222.0.10 "PUT /placement/allocations/dba220d5-a99e-4793-b8b0-d40e80883a1d" {{(pid=95836) __call__ /opt/stack/placement/placement/requestlog.py:55}}
Aug 17 15:20:07.353052 n-d-804275-5 devstack@placement-api.service[95836]: DEBUG placement.handlers.allocation [req-82873bb6-97c6-4aa8-a4c7-29db4cb950c7 req-55e4a9db-ba02-4a0c-9ef3-51d7f3e19310 service placement] Successfully wrote allocations [, , ] {{(pid=95836) _create_allocations /opt/stack/placement/placement/handlers/allocation.py:435}}
Aug 17 15:20:07.353726 n-d-804275-5 devstack@placement-api.service[95836]: INFO placement.requestlog [req-82873bb6-97c6-4aa8-a4c7-29db4cb950c7 req-55e4a9db-ba02-4a0c-9ef3-51d7f3e19310 service placement] 10.222.0.10 "PUT /placement/allocations/dba220d5-a99e-4793-b8b0-d40e80883a1d" status: 204 len: 0 microversion: 1.35
Aug 17 15:20:07.353813 n-d-804275-5 devstack@placement-api.service[95836]: [pid: 95836|app: 0|req: 199/398] 10.222.0.10 () {64 vars in 1434 bytes} [Tue Aug 17 15:20:06 2021] PUT /placement/allocations/dba220d5-a99e-4793-b8b0-d40e80883a1d => generated 0 bytes in 614 msecs (HTTP/1.1 204) 5 headers in 199 bytes (1 switches on core 0)
Aug 17 15:20:07.783229 n-d-804275-5 devstack@placement-api.service[95837]: DEBUG placement.requestlog [req-8aa57987-9f47-4edd-a82d-1cb04a0b1133 req-35cb5757-82ae-483d-9cde-97305ccba6f6 None None] Starting request: 10.222.0.10 "GET /placement/allocation_candidates?limit=1000&resources=DISK_GB%3A1%2CMEMORY_MB%3A1024%2CVCPU%3A1&root_required=%21COMPUTE_STATUS_DISABLED" {{(pid=95837) __call__ /opt/stack/placement/placement/requestlog.py:55}}
Aug 17 15:20:07.823301 n-d-804275-5 devstack@placement-api.service[95836]: DEBUG placement.requestlog [req-fd481219-3d72-4efe-b571-93e0ea0d4c7c req-a1b39e91-3697-41a5-b34a-43f8a2d6d98d None None] Starting request: 10.222.0.72 "GET /placement/allocations/93a03f66-4f12-43eb-b8e9-1ceba5872c34" {{(pid=95836) __call__ /opt/stack/placement/placement/requestlog.py:55}}
Aug 17 15:20:07.864808 n-d-804275-5 devstack@placement-api.service[95836]: INFO placement.requestlog [req-fd481219-3d72-4efe-b571-93e0ea0d4c7c req-a1b39e91-3697-41a5-b34a-43f8a2d6d98d service placement] 10.222.0.72 "GET /placement/allocations/93a03f66-4f12-43eb-b8e9-1ceba5872c34" status: 200 len: 259 microversion: 1.28
Aug 17 15:20:07.870356 n-d-804275-5 devstack@placement-api.service[95836]: [pid: 95836|app: 0|req: 200/399] 10.222.0.72 () {60 vars in 1378 bytes} [Tue Aug 17 15:20:07 2021] GET /placement/allocations/93a03f66-4f12-43eb-b8e9-1ceba5872c34 => generated 259 bytes in 42 msecs (HTTP/1.1 200) 8 headers in 296 bytes (2 switches on core 0)
Aug 17 15:20:07.881521 n-d-804275-5 devstack@placement-api.service[95837]: DEBUG placement.objects.research_context [req-8aa57987-9f47-4edd-a82d-1cb04a0b1133 req-35cb5757-82ae-483d-9cde-97305ccba6f6 service placement] getting providers with 1 DISK_GB {{(pid=95837) __init__ /opt/stack/placement/placement/objects/research_context.py:126}}
