Aug 12 09:45:43.286805 n-d-804232-4 devstack@placement-api.service[94986]: DEBUG placement.objects.research_context [req-b168782b-53cd-4d20-bc0b-30fe16dd7739 req-e58255ae-8d6c-44fd-92a8-27a7afc120fc service placement] found 2 providers with available 1 DISK_GB {{(pid=94986) get_provider_ids_matching /opt/stack/placement/placement/objects/research_context.py:549}}
Aug 12 09:45:43.288550 n-d-804232-4 devstack@placement-api.service[94986]: DEBUG placement.objects.research_context [req-b168782b-53cd-4d20-bc0b-30fe16dd7739 req-e58255ae-8d6c-44fd-92a8-27a7afc120fc service placement] found 2 providers with available 1024 MEMORY_MB {{(pid=94986) get_provider_ids_matching /opt/stack/placement/placement/objects/research_context.py:549}}
Aug 12 09:45:43.290355 n-d-804232-4 devstack@placement-api.service[94986]: DEBUG placement.objects.research_context [req-b168782b-53cd-4d20-bc0b-30fe16dd7739 req-e58255ae-8d6c-44fd-92a8-27a7afc120fc service placement] found 2 providers after filtering by previous result {{(pid=94986) get_provider_ids_matching /opt/stack/placement/placement/objects/research_context.py:580}}
Aug 12 09:45:43.291198 n-d-804232-4 devstack@placement-api.service[94986]: DEBUG placement.objects.research_context [req-b168782b-53cd-4d20-bc0b-30fe16dd7739 req-e58255ae-8d6c-44fd-92a8-27a7afc120fc service placement] found 2 providers with available 1 VCPU {{(pid=94986) get_provider_ids_matching /opt/stack/placement/placement/objects/research_context.py:549}}
Aug 12 09:45:43.292614 n-d-804232-4 devstack@placement-api.service[94986]: DEBUG placement.objects.research_context [req-b168782b-53cd-4d20-bc0b-30fe16dd7739 req-e58255ae-8d6c-44fd-92a8-27a7afc120fc service placement] found 2 providers after filtering by previous result {{(pid=94986) get_provider_ids_matching /opt/stack/placement/placement/objects/research_context.py:580}}
Aug 12 09:45:43.320245 n-d-804232-4 devstack@placement-api.service[94986]: DEBUG placement.objects.allocation_candidate [req-b168782b-53cd-4d20-bc0b-30fe16dd7739 req-e58255ae-8d6c-44fd-92a8-27a7afc120fc service placement] RequestGroup(use_same_provider=False, resources={DISK_GB:1, MEMORY_MB:1024, VCPU:1}, traits=[], aggregates=[]) (suffix '') returned 2 matches {{(pid=94986) _get_by_requests /opt/stack/placement/placement/objects/allocation_candidate.py:145}}
Aug 12 09:45:43.320924 n-d-804232-4 devstack@placement-api.service[94986]: DEBUG placement.objects.allocation_candidate [req-b168782b-53cd-4d20-bc0b-30fe16dd7739 req-e58255ae-8d6c-44fd-92a8-27a7afc120fc service placement] Merging candidates yields 2 allocation requests and 2 provider summaries {{(pid=94986) _merge_candidates /opt/stack/placement/placement/objects/allocation_candidate.py:783}}
Aug 12 09:45:43.323232 n-d-804232-4 devstack@placement-api.service[94986]: INFO placement.requestlog [req-b168782b-53cd-4d20-bc0b-30fe16dd7739 req-e58255ae-8d6c-44fd-92a8-27a7afc120fc service placement] 10.222.0.61 "GET /placement/allocation_candidates?limit=1000&resources=DISK_GB%3A1%2CMEMORY_MB%3A1024%2CVCPU%3A1&root_required=%21COMPUTE_STATUS_DISABLED" status: 200 len: 1309 microversion: 1.35
Aug 12 09:45:43.324220 n-d-804232-4 devstack@placement-api.service[94986]: [pid: 94986|app: 0|req: 273/545] 10.222.0.61 () {60 vars in 1507 bytes} [Thu Aug 12 09:45:43 2021] GET /placement/allocation_candidates?limit=1000&resources=DISK_GB%3A1%2CMEMORY_MB%3A1024%2CVCPU%3A1&root_required=%21COMPUTE_STATUS_DISABLED => generated 1309 bytes in 255 msecs (HTTP/1.1 200) 8 headers in 297 bytes (1 switches on core 0)
Aug 12 09:45:43.380259 n-d-804232-4 devstack@placement-api.service[94985]: DEBUG placement.requestlog [req-c19a9cce-fd50-40c1-b01f-c7bd97626584 req-d07ce28f-3b2a-4822-8891-88c8316bc196 None None] Starting request: 10.222.0.45 "GET /placement/allocations/a3fe7c0f-3048-48ee-a14b-1bd95c6a1d2b" {{(pid=94985) __call__ /opt/stack/placement/placement/requestlog.py:55}}
Aug 12 09:45:43.407738 n-d-804232-4 devstack@placement-api.service[94985]: INFO placement.requestlog [req-c19a9cce-fd50-40c1-b01f-c7bd97626584 req-d07ce28f-3b2a-4822-8891-88c8316bc196 service placement] 10.222.0.45 "GET /placement/allocations/a3fe7c0f-3048-48ee-a14b-1bd95c6a1d2b" status: 200 len: 259 microversion: 1.28
Aug 12 09:45:43.408306 n-d-804232-4 devstack@placement-api.service[94985]: [pid: 94985|app: 0|req: 273/546] 10.222.0.45 () {60 vars in 1378 bytes} [Thu Aug 12 09:45:43 2021] GET /placement/allocations/a3fe7c0f-3048-48ee-a14b-1bd95c6a1d2b => generated 259 bytes in 28 msecs (HTTP/1.1 200) 8 headers in 296 bytes (2 switches on core 0)
Aug 12 09:45:43.416465 n-d-804232-4 devstack@placement-api.service[94986]: DEBUG placement.requestlog [req-c19a9cce-fd50-40c1-b01f-c7bd97626584 req-4d670e1d-2c92-463f-8e99-78a3b993e4ea None None] Starting request: 10.222.0.45 "PUT /placement/allocations/a3fe7c0f-3048-48ee-a14b-1bd95c6a1d2b" {{(pid=94986) __call__ /opt/stack/placement/placement/requestlog.py:55}}
Aug 12 09:45:43.518110 n-d-804232-4 devstack@placement-api.service[94985]: DEBUG placement.requestlog [req-b168782b-53cd-4d20-bc0b-30fe16dd7739 req-d8848d7b-2a8a-41dd-83e9-caf424776d2a None None] Starting request: 10.222.0.61 "GET /placement/allocations/2399e78c-6c4f-4caf-a14e-22c3b7a50fce" {{(pid=94985) __call__ /opt/stack/placement/placement/requestlog.py:55}}
Aug 12 09:45:43.556809 n-d-804232-4 devstack@placement-api.service[94985]: INFO placement.requestlog [req-b168782b-53cd-4d20-bc0b-30fe16dd7739 req-d8848d7b-2a8a-41dd-83e9-caf424776d2a service placement] 10.222.0.61 "GET /placement/allocations/2399e78c-6c4f-4caf-a14e-22c3b7a50fce" status: 200 len: 19 microversion: 1.28
Aug 12 09:45:43.568138 n-d-804232-4 devstack@placement-api.service[94985]: [pid: 94985|app: 0|req: 274/547] 10.222.0.61 () {60 vars in 1381 bytes} [Thu Aug 12 09:45:43 2021] GET /placement/allocations/2399e78c-6c4f-4caf-a14e-22c3b7a50fce => generated 19 bytes in 50 msecs (HTTP/1.1 200) 8 headers in 295 bytes (1 switches on core 0)
Aug 12 09:45:43.569874 n-d-804232-4 devstack@placement-api.service[94985]: DEBUG placement.requestlog [req-b168782b-53cd-4d20-bc0b-30fe16dd7739 req-bfa09d28-8a83-40a3-8b50-b9a4ae7e3a95 None None] Starting request: 10.222.0.61 "PUT /placement/allocations/2399e78c-6c4f-4caf-a14e-22c3b7a50fce" {{(pid=94985) __call__ /opt/stack/placement/placement/requestlog.py:55}}
Aug 12 09:45:43.650937 n-d-804232-4 devstack@placement-api.service[94986]: DEBUG placement.handlers.allocation [req-c19a9cce-fd50-40c1-b01f-c7bd97626584 req-4d670e1d-2c92-463f-8e99-78a3b993e4ea service placement] Successfully wrote allocations [, , ] {{(pid=94986) _create_allocations /opt/stack/placement/placement/handlers/allocation.py:435}}
Aug 12 09:45:43.651998 n-d-804232-4 devstack@placement-api.service[94986]: INFO placement.requestlog [req-c19a9cce-fd50-40c1-b01f-c7bd97626584 req-4d670e1d-2c92-463f-8e99-78a3b993e4ea service placement] 10.222.0.45 "PUT /placement/allocations/a3fe7c0f-3048-48ee-a14b-1bd95c6a1d2b" status: 204 len: 0 microversion: 1.28
Aug 12 09:45:43.652446 n-d-804232-4 devstack@placement-api.service[94986]: [pid: 94986|app: 0|req: 274/548] 10.222.0.45 () {64 vars in 1431 bytes} [Thu Aug 12 09:45:43 2021] PUT /placement/allocations/a3fe7c0f-3048-48ee-a14b-1bd95c6a1d2b => generated 0 bytes in 237 msecs (HTTP/1.1 204) 5 headers in 199 bytes (1 switches on core 0)
Aug 12 09:45:43.758269 n-d-804232-4 devstack@placement-api.service[94985]: DEBUG placement.handlers.allocation [req-b168782b-53cd-4d20-bc0b-30fe16dd7739 req-bfa09d28-8a83-40a3-8b50-b9a4ae7e3a95 service placement] Successfully wrote allocations [, , ] {{(pid=94985) _create_allocations /opt/stack/placement/placement/handlers/allocation.py:435}}
Aug 12 09:45:43.758998 n-d-804232-4 devstack@placement-api.service[94985]: INFO placement.requestlog [req-b168782b-53cd-4d20-bc0b-30fe16dd7739 req-bfa09d28-8a83-40a3-8b50-b9a4ae7e3a95 service placement] 10.222.0.61 "PUT /placement/allocations/2399e78c-6c4f-4caf-a14e-22c3b7a50fce" status: 204 len: 0 microversion: 1.35
Aug 12 09:45:43.759384 n-d-804232-4 devstack@placement-api.service[94985]: [pid: 94985|app: 0|req: 275/549] 10.222.0.61 () {64 vars in 1434 bytes} [Thu Aug 12 09:45:43 2021] PUT /placement/allocations/2399e78c-6c4f-4caf-a14e-22c3b7a50fce => generated 0 bytes in 191 msecs (HTTP/1.1 204) 5 headers in 199 bytes (1 switches on core 0)
Aug 12 09:45:44.421390 n-d-804232-4 devstack@placement-api.service[94986]: DEBUG placement.requestlog [req-b168782b-53cd-4d20-bc0b-30fe16dd7739 req-dfbdab29-c25a-4f7b-8546-17e4d8581b2a None None] Starting request: 10.222.0.21 "GET /placement/allocations/2399e78c-6c4f-4caf-a14e-22c3b7a50fce" {{(pid=94986) __call__ /opt/stack/placement/placement/requestlog.py:55}}
Aug 12 09:45:44.442032 n-d-804232-4 devstack@placement-api.service[94986]: INFO placement.requestlog [req-b168782b-53cd-4d20-bc0b-30fe16dd7739 req-dfbdab29-c25a-4f7b-8546-17e4d8581b2a service placement] 10.222.0.21 "GET /placement/allocations/2399e78c-6c4f-4caf-a14e-22c3b7a50fce" status: 200 len: 259 microversion: 1.28
Aug 12 09:45:44.442833 n-d-804232-4 devstack@placement-api.service[94986]: [pid: 94986|app: 0|req: 275/550] 10.222.0.21 () {60 vars in 1378 bytes} [Thu Aug 12 09:45:44 2021] GET /placement/allocations/2399e78c-6c4f-4caf-a14e-22c3b7a50fce => generated 259 bytes in 22 msecs (HTTP/1.1 200) 8 headers in 296 bytes (1 switches on core 0)
Aug 12 09:45:46.898421 n-d-804232-4 devstack@placement-api.service[94985]: DEBUG placement.requestlog [req-d6022e49-9511-46ef-b18c-a4da7f59ad54 req-39e8b373-4bd3-40d9-9167-d4d5a63c9449 None None] Starting request: 10.222.0.61 "GET /placement/allocation_candidates?limit=1000&resources=DISK_GB%3A1%2CMEMORY_MB%3A1024%2CVCPU%3A1&root_required=%21COMPUTE_STATUS_DISABLED" {{(pid=94985) __call__ /opt/stack/placement/placement/requestlog.py:55}}
Aug 12 09:45:47.256031 n-d-804232-4 devstack@placement-api.service[94985]: DEBUG placement.objects.research_context [req-d6022e49-9511-46ef-b18c-a4da7f59ad54 req-39e8b373-4bd3-40d9-9167-d4d5a63c9449 service placement] getting providers with 1 DISK_GB {{(pid=94985) __init__ /opt/stack/placement/placement/objects/research_context.py:126}}
Aug 12 09:45:47.268076 n-d-804232-4 devstack@placement-api.service[94985]: DEBUG placement.objects.research_context [req-d6022e49-9511-46ef-b18c-a4da7f59ad54 req-39e8b373-4bd3-40d9-9167-d4d5a63c9449 service placement] getting providers with 1024 MEMORY_MB {{(pid=94985) __init__ /opt/stack/placement/placement/objects/research_context.py:126}}
Aug 12 09:45:47.280727 n-d-804232-4 devstack@placement-api.service[94985]: DEBUG placement.objects.research_context [req-d6022e49-9511-46ef-b18c-a4da7f59ad54 req-39e8b373-4bd3-40d9-9167-d4d5a63c9449 service placement] getting providers with 1 VCPU {{(pid=94985) __init__ /opt/stack/placement/placement/objects/research_context.py:126}}
Aug 12 09:45:47.295001 n-d-804232-4 devstack@placement-api.service[94985]: DEBUG placement.objects.research_context [req-d6022e49-9511-46ef-b18c-a4da7f59ad54 req-39e8b373-4bd3-40d9-9167-d4d5a63c9449 service placement] found 2 providers with available 1 DISK_GB {{(pid=94985) get_provider_ids_matching /opt/stack/placement/placement/objects/research_context.py:549}}
Aug 12 09:45:47.295842 n-d-804232-4 devstack@placement-api.service[94985]: DEBUG placement.objects.research_context [req-d6022e49-9511-46ef-b18c-a4da7f59ad54 req-39e8b373-4bd3-40d9-9167-d4d5a63c9449 service placement] found 2 providers with available 1024 MEMORY_MB {{(pid=94985) get_provider_ids_matching /opt/stack/placement/placement/objects/research_context.py:549}}
Aug 12 09:45:47.297188 n-d-804232-4 devstack@placement-api.service[94985]: DEBUG placement.objects.research_context [req-d6022e49-9511-46ef-b18c-a4da7f59ad54 req-39e8b373-4bd3-40d9-9167-d4d5a63c9449 service placement] found 2 providers after filtering by previous result {{(pid=94985) get_provider_ids_matching /opt/stack/placement/placement/objects/research_context.py:580}}
Aug 12 09:45:47.297723 n-d-804232-4 devstack@placement-api.service[94985]: DEBUG placement.objects.research_context [req-d6022e49-9511-46ef-b18c-a4da7f59ad54 req-39e8b373-4bd3-40d9-9167-d4d5a63c9449 service placement] found 2 providers with available 1 VCPU {{(pid=94985) get_provider_ids_matching /opt/stack/placement/placement/objects/research_context.py:549}}
Aug 12 09:45:47.298207 n-d-804232-4 devstack@placement-api.service[94985]: DEBUG placement.objects.research_context [req-d6022e49-9511-46ef-b18c-a4da7f59ad54 req-39e8b373-4bd3-40d9-9167-d4d5a63c9449 service placement] found 2 providers after filtering by previous result {{(pid=94985) get_provider_ids_matching /opt/stack/placement/placement/objects/research_context.py:580}}
Aug 12 09:45:47.325500 n-d-804232-4 devstack@placement-api.service[94985]: DEBUG placement.objects.allocation_candidate [req-d6022e49-9511-46ef-b18c-a4da7f59ad54 req-39e8b373-4bd3-40d9-9167-d4d5a63c9449 service placement] RequestGroup(use_same_provider=False, resources={DISK_GB:1, MEMORY_MB:1024, VCPU:1}, traits=[], aggregates=[]) (suffix '') returned 2 matches {{(pid=94985) _get_by_requests /opt/stack/placement/placement/objects/allocation_candidate.py:145}}
Aug 12 09:45:47.326526 n-d-804232-4 devstack@placement-api.service[94985]: DEBUG placement.objects.allocation_candidate [req-d6022e49-9511-46ef-b18c-a4da7f59ad54 req-39e8b373-4bd3-40d9-9167-d4d5a63c9449 service placement] Merging candidates yields 2 allocation requests and 2 provider summaries {{(pid=94985) _merge_candidates /opt/stack/placement/placement/objects/allocation_candidate.py:783}}
Aug 12 09:45:47.330268 n-d-804232-4 devstack@placement-api.service[94985]: INFO placement.requestlog [req-d6022e49-9511-46ef-b18c-a4da7f59ad54 req-39e8b373-4bd3-40d9-9167-d4d5a63c9449 service placement] 10.222.0.61 "GET /placement/allocation_candidates?limit=1000&resources=DISK_GB%3A1%2CMEMORY_MB%3A1024%2CVCPU%3A1&root_required=%21COMPUTE_STATUS_DISABLED" status: 200 len: 1309 microversion: 1.35
Aug 12 09:45:47.337400 n-d-804232-4 devstack@placement-api.service[94985]: [pid: 94985|app: 0|req: 276/551] 10.222.0.61 () {60 vars in 1507 bytes} [Thu Aug 12 09:45:46 2021] GET /placement/allocation_candidates?limit=1000&resources=DISK_GB%3A1%2CMEMORY_MB%3A1024%2CVCPU%3A1&root_required=%21COMPUTE_STATUS_DISABLED => generated 1309 bytes in 439 msecs (HTTP/1.1 200) 8 headers in 297 bytes (1 switches on core 0)
Aug 12 09:45:47.437091 n-d-804232-4 devstack@placement-api.service[94986]: DEBUG placement.requestlog [req-d6022e49-9511-46ef-b18c-a4da7f59ad54 req-3da30dff-f5e6-4315-b03f-4440253806d1 None None] Starting request: 10.222.0.61 "GET /placement/allocations/ed5c73c4-e0de-43e5-a998-84eaec946449" {{(pid=94986) __call__ /opt/stack/placement/placement/requestlog.py:55}}
Aug 12 09:45:47.534468 n-d-804232-4 devstack@placement-api.service[94986]: INFO placement.requestlog [req-d6022e49-9511-46ef-b18c-a4da7f59ad54 req-3da30dff-f5e6-4315-b03f-4440253806d1 service placement] 10.222.0.61 "GET /placement/allocations/ed5c73c4-e0de-43e5-a998-84eaec946449" status: 200 len: 19 microversion: 1.28
Aug 12 09:45:47.535304 n-d-804232-4 devstack@placement-api.service[94986]: [pid: 94986|app: 0|req: 276/552] 10.222.0.61 () {60 vars in 1381 bytes} [Thu Aug 12 09:45:47 2021] GET /placement/allocations/ed5c73c4-e0de-43e5-a998-84eaec946449 => generated 19 bytes in 99 msecs (HTTP/1.1 200) 8 headers in 295 bytes (1 switches on core 0)
Aug 12 09:45:47.547121 n-d-804232-4 devstack@placement-api.service[94985]: DEBUG placement.requestlog [req-d6022e49-9511-46ef-b18c-a4da7f59ad54 req-a50d9ade-7ccd-4e8f-ba7d-bef439f389c4 None None] Starting request: 10.222.0.61 "PUT /placement/allocations/ed5c73c4-e0de-43e5-a998-84eaec946449" {{(pid=94985) __call__ /opt/stack/placement/placement/requestlog.py:55}}
Aug 12 09:45:47.654724 n-d-804232-4 devstack@placement-api.service[94985]: DEBUG placement.handlers.allocation [req-d6022e49-9511-46ef-b18c-a4da7f59ad54 req-a50d9ade-7ccd-4e8f-ba7d-bef439f389c4 service placement] Successfully wrote allocations [, , ] {{(pid=94985) _create_allocations /opt/stack/placement/placement/handlers/allocation.py:435}}
Aug 12 09:45:47.656796 n-d-804232-4 devstack@placement-api.service[94985]: INFO placement.requestlog [req-d6022e49-9511-46ef-b18c-a4da7f59ad54 req-a50d9ade-7ccd-4e8f-ba7d-bef439f389c4 service placement] 10.222.0.61 "PUT /placement/allocations/ed5c73c4-e0de-43e5-a998-84eaec946449" status: 204 len: 0 microversion: 1.35
Aug 12 09:45:47.667845 n-d-804232-4 devstack@placement-api.service[94986]: DEBUG placement.requestlog [req-00b28611-315b-472a-a7a8-2752bacdf9c1 req-afe37ac3-3893-4184-b31a-3feff7dd7714 None None] Starting request: 10.222.0.21 "GET /placement/allocations/66bd23c4-8c9b-4576-acf0-fe82155e74ec" {{(pid=94986) __call__ /opt/stack/placement/placement/requestlog.py:55}}
Aug 12 09:45:47.670430 n-d-804232-4 devstack@placement-api.service[94985]: [pid: 94985|app: 0|req: 277/553] 10.222.0.61 () {64 vars in 1434 bytes} [Thu Aug 12 09:45:47 2021] PUT /placement/allocations/ed5c73c4-e0de-43e5-a998-84eaec946449 => generated 0 bytes in 111 msecs (HTTP/1.1 204) 5 headers in 199 bytes (2 switches on core 0)
Aug 12 09:45:47.681968 n-d-804232-4 devstack@placement-api.service[94985]: DEBUG placement.requestlog [req-d6022e49-9511-46ef-b18c-a4da7f59ad54 req-c9d6bf56-35d2-4692-8bb1-d7894d71b939 None None] Starting request: 10.222.0.61 "GET /placement/allocations/a97711b9-d195-440e-84e5-5c6c7e1b8c31" {{(pid=94985) __call__ /opt/stack/placement/placement/requestlog.py:55}}
Aug 12 09:45:47.704163 n-d-804232-4 devstack@placement-api.service[94985]: INFO placement.requestlog [req-d6022e49-9511-46ef-b18c-a4da7f59ad54 req-c9d6bf56-35d2-4692-8bb1-d7894d71b939 service placement] 10.222.0.61 "GET /placement/allocations/a97711b9-d195-440e-84e5-5c6c7e1b8c31" status: 200 len: 19 microversion: 1.28
Aug 12 09:45:47.711609 n-d-804232-4 devstack@placement-api.service[94986]: INFO placement.requestlog [req-00b28611-315b-472a-a7a8-2752bacdf9c1 req-afe37ac3-3893-4184-b31a-3feff7dd7714 service placement] 10.222.0.21 "GET /placement/allocations/66bd23c4-8c9b-4576-acf0-fe82155e74ec" status: 200 len: 259 microversion: 1.28
Aug 12 09:45:47.712756 n-d-804232-4 devstack@placement-api.service[94986]: [pid: 94986|app: 0|req: 277/554] 10.222.0.21 () {60 vars in 1378 bytes} [Thu Aug 12 09:45:47 2021] GET /placement/allocations/66bd23c4-8c9b-4576-acf0-fe82155e74ec => generated 259 bytes in 45 msecs (HTTP/1.1 200) 8 headers in 296 bytes (1 switches on core 0)
Aug 12 09:45:47.713498 n-d-804232-4 devstack@placement-api.service[94985]: [pid: 94985|app: 0|req: 278/555] 10.222.0.61 () {60 vars in 1381 bytes} [Thu Aug 12 09:45:47 2021] GET /placement/allocations/a97711b9-d195-440e-84e5-5c6c7e1b8c31 => generated 19 bytes in 33 msecs (HTTP/1.1 200) 8 headers in 295 bytes (2 switches on core 0)
Aug 12 09:45:47.717122 n-d-804232-4 devstack@placement-api.service[94986]: DEBUG placement.requestlog [req-d6022e49-9511-46ef-b18c-a4da7f59ad54 req-dde875cf-a268-44bf-b2ab-b179ee7dced9 None None] Starting request: 10.222.0.61 "PUT /placement/allocations/a97711b9-d195-440e-84e5-5c6c7e1b8c31" {{(pid=94986) __call__ /opt/stack/placement/placement/requestlog.py:55}}
Aug 12 09:45:47.723551 n-d-804232-4 devstack@placement-api.service[94985]: DEBUG placement.requestlog [req-00b28611-315b-472a-a7a8-2752bacdf9c1 req-add296e4-1a74-4521-8551-5a4770ff7706 None None] Starting request: 10.222.0.21 "PUT /placement/allocations/66bd23c4-8c9b-4576-acf0-fe82155e74ec" {{(pid=94985) __call__ /opt/stack/placement/placement/requestlog.py:55}}
Aug 12 09:45:47.909746 n-d-804232-4 devstack@placement-api.service[94985]: DEBUG placement.handlers.allocation [req-00b28611-315b-472a-a7a8-2752bacdf9c1 req-add296e4-1a74-4521-8551-5a4770ff7706 service placement] Successfully wrote allocations [, , ] {{(pid=94985) _create_allocations /opt/stack/placement/placement/handlers/allocation.py:435}}
Aug 12 09:45:47.911298 n-d-804232-4 devstack@placement-api.service[94985]: INFO placement.requestlog [req-00b28611-315b-472a-a7a8-2752bacdf9c1 req-add296e4-1a74-4521-8551-5a4770ff7706 service placement] 10.222.0.21 "PUT /placement/allocations/66bd23c4-8c9b-4576-acf0-fe82155e74ec" status: 204 len: 0 microversion: 1.28
Aug 12 09:45:47.912495 n-d-804232-4 devstack@placement-api.service[94985]: [pid: 94985|app: 0|req: 279/556] 10.222.0.21 () {64 vars in 1431 bytes} [Thu Aug 12 09:45:47 2021] PUT /placement/allocations/66bd23c4-8c9b-4576-acf0-fe82155e74ec => generated 0 bytes in 190 msecs (HTTP/1.1 204) 5 headers in 199 bytes (2 switches on core 0)
Aug 12 09:45:47.914730 n-d-804232-4 devstack@placement-api.service[94986]: DEBUG placement.objects.allocation [req-d6022e49-9511-46ef-b18c-a4da7f59ad54 req-dde875cf-a268-44bf-b2ab-b179ee7dced9 service placement] Retrying allocations write on resource provider generation conflict {{(pid=94986) replace_all /opt/stack/placement/placement/objects/allocation.py:505}}
Aug 12 09:45:47.988601 n-d-804232-4 devstack@placement-api.service[94986]: DEBUG placement.handlers.allocation [req-d6022e49-9511-46ef-b18c-a4da7f59ad54 req-dde875cf-a268-44bf-b2ab-b179ee7dced9 service placement] Successfully wrote allocations [, , ] {{(pid=94986) _create_allocations /opt/stack/placement/placement/handlers/allocation.py:435}}
Aug 12 09:45:47.989931 n-d-804232-4 devstack@placement-api.service[94986]: INFO placement.requestlog [req-d6022e49-9511-46ef-b18c-a4da7f59ad54 req-dde875cf-a268-44bf-b2ab-b179ee7dced9 service placement] 10.222.0.61 "PUT /placement/allocations/a97711b9-d195-440e-84e5-5c6c7e1b8c31" status: 204 len: 0 microversion: 1.35
Aug 12 09:45:47.990609 n-d-804232-4 devstack@placement-api.service[94986]: [pid: 94986|app: 0|req: 278/557] 10.222.0.61 () {64 vars in 1434 bytes} [Thu Aug 12 09:45:47 2021] PUT /placement/allocations/a97711b9-d195-440e-84e5-5c6c7e1b8c31 => generated 0 bytes in 274 msecs (HTTP/1.1 204) 5 headers in 199 bytes (1 switches on core 0)
Aug 12 09:45:48.578836 n-d-804232-4 devstack@placement-api.service[94985]: DEBUG placement.requestlog [req-d6022e49-9511-46ef-b18c-a4da7f59ad54 req-81f9d242-6fad-4898-83a8-23134e9c46c1 None None] Starting request: 10.222.0.45 "GET /placement/allocations/ed5c73c4-e0de-43e5-a998-84eaec946449" {{(pid=94985) __call__ /opt/stack/placement/placement/requestlog.py:55}}
Aug 12 09:45:48.639192 n-d-804232-4 devstack@placement-api.service[94985]: INFO placement.requestlog [req-d6022e49-9511-46ef-b18c-a4da7f59ad54 req-81f9d242-6fad-4898-83a8-23134e9c46c1 service placement] 10.222.0.45 "GET /placement/allocations/ed5c73c4-e0de-43e5-a998-84eaec946449" status: 200 len: 259 microversion: 1.28
Aug 12 09:45:48.640246 n-d-804232-4 devstack@placement-api.service[94985]: [pid: 94985|app: 0|req: 280/558] 10.222.0.45 () {60 vars in 1378 bytes} [Thu Aug 12 09:45:48 2021] GET /placement/allocations/ed5c73c4-e0de-43e5-a998-84eaec946449 => generated 259 bytes in 62 msecs (HTTP/1.1 200) 8 headers in 296 bytes (2 switches on core 0)
Aug 12 09:45:48.739172 n-d-804232-4 devstack@placement-api.service[94986]: DEBUG placement.requestlog [req-d6022e49-9511-46ef-b18c-a4da7f59ad54 req-32336f11-c027-48bb-ba08-d5bb8cd68b43 None None] Starting request: 10.222.0.21 "GET /placement/allocations/a97711b9-d195-440e-84e5-5c6c7e1b8c31" {{(pid=94986) __call__ /opt/stack/placement/placement/requestlog.py:55}}
Aug 12 09:45:48.758606 n-d-804232-4 devstack@placement-api.service[94986]: INFO placement.requestlog [req-d6022e49-9511-46ef-b18c-a4da7f59ad54 req-32336f11-c027-48bb-ba08-d5bb8cd68b43 service placement] 10.222.0.21 "GET /placement/allocations/a97711b9-d195-440e-84e5-5c6c7e1b8c31" status: 200 len: 259 microversion: 1.28
Aug 12 09:45:48.759255 n-d-804232-4 devstack@placement-api.service[94986]: [pid: 94986|app: 0|req: 279/559] 10.222.0.21 () {60 vars in 1378 bytes} [Thu Aug 12 09:45:48 2021] GET /placement/allocations/a97711b9-d195-440e-84e5-5c6c7e1b8c31 => generated 259 bytes in 20 msecs (HTTP/1.1 200) 8 headers in 296 bytes (1 switches on core 0)
Aug 12 09:45:49.807432 n-d-804232-4 devstack@placement-api.service[94985]: DEBUG placement.requestlog [req-9e668295-ed0f-4ea1-a4a1-fd4db27d713f req-22bf1a81-3d8e-4138-b584-1032054e33ca None None] Starting request: 10.222.0.21 "GET /placement/allocations/0948fae7-48dd-4bcd-940d-f779cf23458f" {{(pid=94985) __call__ /opt/stack/placement/placement/requestlog.py:55}}
Aug 12 09:45:49.835988 n-d-804232-4 devstack@placement-api.service[94985]: INFO placement.requestlog [req-9e668295-ed0f-4ea1-a4a1-fd4db27d713f req-22bf1a81-3d8e-4138-b584-1032054e33ca service placement] 10.222.0.21 "GET /placement/allocations/0948fae7-48dd-4bcd-940d-f779cf23458f" status: 200 len: 259 microversion: 1.28
Aug 12 09:45:49.837606 n-d-804232-4 devstack@placement-api.service[94985]: [pid: 94985|app: 0|req: 281/560] 10.222.0.21 () {60 vars in 1378 bytes} [Thu Aug 12 09:45:49 2021] GET /placement/allocations/0948fae7-48dd-4bcd-940d-f779cf23458f => generated 259 bytes in 30 msecs (HTTP/1.1 200) 8 headers in 296 bytes (1 switches on core 0)
Aug 12 09:45:49.902738 n-d-804232-4 devstack@placement-api.service[94986]: DEBUG placement.requestlog [req-9e668295-ed0f-4ea1-a4a1-fd4db27d713f req-546fb772-6036-4ad6-82d7-a036de34b863 None None] Starting request: 10.222.0.21 "PUT /placement/allocations/0948fae7-48dd-4bcd-940d-f779cf23458f" {{(pid=94986) __call__ /opt/stack/placement/placement/requestlog.py:55}}
Aug 12 09:45:50.013623 n-d-804232-4 devstack@placement-api.service[94986]: DEBUG placement.handlers.allocation [req-9e668295-ed0f-4ea1-a4a1-fd4db27d713f req-546fb772-6036-4ad6-82d7-a036de34b863 service placement] Successfully wrote allocations [, , ] {{(pid=94986) _create_allocations /opt/stack/placement/placement/handlers/allocation.py:435}}
Aug 12 09:45:50.014842 n-d-804232-4 devstack@placement-api.service[94986]: INFO placement.requestlog [req-9e668295-ed0f-4ea1-a4a1-fd4db27d713f req-546fb772-6036-4ad6-82d7-a036de34b863 service placement] 10.222.0.21 "PUT /placement/allocations/0948fae7-48dd-4bcd-940d-f779cf23458f" status: 204 len: 0 microversion: 1.28
Aug 12 09:45:50.015888 n-d-804232-4 devstack@placement-api.service[94986]: [pid: 94986|app: 0|req: 280/561] 10.222.0.21 () {64 vars in 1431 bytes} [Thu Aug 12 09:45:49 2021] PUT /placement/allocations/0948fae7-48dd-4bcd-940d-f779cf23458f => generated 0 bytes in 113 msecs (HTTP/1.1 204) 5 headers in 199 bytes (2 switches on core 0)
Aug 12 09:45:50.372650 n-d-804232-4 devstack@placement-api.service[94985]: DEBUG placement.requestlog [req-6a41b2a0-4e92-401c-8a03-8cfe90093d93 req-201c7f90-97d1-453f-a73b-71d822e62f7f None None] Starting request: 10.222.0.45 "GET /placement/allocations/26e9f5db-4faf-435e-8bb9-56af911de19b" {{(pid=94985) __call__ /opt/stack/placement/placement/requestlog.py:55}}
Aug 12 09:45:50.396779 n-d-804232-4 devstack@placement-api.service[94985]: INFO placement.requestlog [req-6a41b2a0-4e92-401c-8a03-8cfe90093d93 req-201c7f90-97d1-453f-a73b-71d822e62f7f service placement] 10.222.0.45 "GET /placement/allocations/26e9f5db-4faf-435e-8bb9-56af911de19b" status: 200 len: 259 microversion: 1.28
Aug 12 09:45:50.397744 n-d-804232-4 devstack@placement-api.service[94985]: [pid: 94985|app: 0|req: 282/562] 10.222.0.45 () {60 vars in 1378 bytes} [Thu Aug 12 09:45:50 2021] GET /placement/allocations/26e9f5db-4faf-435e-8bb9-56af911de19b => generated 259 bytes in 25 msecs (HTTP/1.1 200) 8 headers in 296 bytes (2 switches on core 0)
Aug 12 09:45:50.406233 n-d-804232-4 devstack@placement-api.service[94986]: DEBUG placement.requestlog [req-6a41b2a0-4e92-401c-8a03-8cfe90093d93 req-7b8f2ae5-9687-4606-9f58-bd45621fa0de None None] Starting request: 10.222.0.45 "PUT /placement/allocations/26e9f5db-4faf-435e-8bb9-56af911de19b" {{(pid=94986) __call__ /opt/stack/placement/placement/requestlog.py:55}}
Aug 12 09:45:50.476008 n-d-804232-4 devstack@placement-api.service[94986]: DEBUG placement.handlers.allocation [req-6a41b2a0-4e92-401c-8a03-8cfe90093d93 req-7b8f2ae5-9687-4606-9f58-bd45621fa0de service placement] Successfully wrote allocations [, , ] {{(pid=94986) _create_allocations /opt/stack/placement/placement/handlers/allocation.py:435}}
Aug 12 09:45:50.477140 n-d-804232-4 devstack@placement-api.service[94986]: INFO placement.requestlog [req-6a41b2a0-4e92-401c-8a03-8cfe90093d93 req-7b8f2ae5-9687-4606-9f58-bd45621fa0de service placement] 10.222.0.45 "PUT /placement/allocations/26e9f5db-4faf-435e-8bb9-56af911de19b" status: 204 len: 0 microversion: 1.28
Aug 12 09:45:50.478046 n-d-804232-4 devstack@placement-api.service[94986]: [pid: 94986|app: 0|req: 281/563] 10.222.0.45 () {64 vars in 1431 bytes} [Thu Aug 12 09:45:50 2021] PUT /placement/allocations/26e9f5db-4faf-435e-8bb9-56af911de19b => generated 0 bytes in 72 msecs (HTTP/1.1 204) 5 headers in 199 bytes (2 switches on core 0)
Aug 12 09:45:50.885679 n-d-804232-4 devstack@placement-api.service[94985]: DEBUG placement.requestlog [req-3afef4d7-4b1a-4b3c-ae29-04ee4ac3a0fb req-ceb2ebd3-75c5-4f42-a23a-8408e7e95f82 None None] Starting request: 10.222.0.61 "GET /placement/allocation_candidates?limit=1000&resources=DISK_GB%3A1%2CMEMORY_MB%3A1024%2CVCPU%3A1&root_required=%21COMPUTE_STATUS_DISABLED" {{(pid=94985) __call__ /opt/stack/placement/placement/requestlog.py:55}}
Aug 12 09:45:50.931332 n-d-804232-4 devstack@placement-api.service[94985]: DEBUG placement.objects.research_context [req-3afef4d7-4b1a-4b3c-ae29-04ee4ac3a0fb req-ceb2ebd3-75c5-4f42-a23a-8408e7e95f82 service placement] getting providers with 1 DISK_GB {{(pid=94985) __init__ /opt/stack/placement/placement/objects/research_context.py:126}}
Aug 12 09:45:50.948197 n-d-804232-4 devstack@placement-api.service[94985]: DEBUG placement.objects.research_context [req-3afef4d7-4b1a-4b3c-ae29-04ee4ac3a0fb req-ceb2ebd3-75c5-4f42-a23a-8408e7e95f82 service placement] getting providers with 1024 MEMORY_MB {{(pid=94985) __init__ /opt/stack/placement/placement/objects/research_context.py:126}}
Aug 12 09:45:50.960401 n-d-804232-4 devstack@placement-api.service[94985]: DEBUG placement.objects.research_context [req-3afef4d7-4b1a-4b3c-ae29-04ee4ac3a0fb req-ceb2ebd3-75c5-4f42-a23a-8408e7e95f82 service placement] getting providers with 1 VCPU {{(pid=94985) __init__ /opt/stack/placement/placement/objects/research_context.py:126}}
Aug 12 09:45:50.973470 n-d-804232-4 devstack@placement-api.service[94985]: DEBUG placement.objects.research_context [req-3afef4d7-4b1a-4b3c-ae29-04ee4ac3a0fb req-ceb2ebd3-75c5-4f42-a23a-8408e7e95f82 service placement] found 2 providers with available 1 DISK_GB {{(pid=94985) get_provider_ids_matching /opt/stack/placement/placement/objects/research_context.py:549}}
Aug 12 09:45:50.974104 n-d-804232-4 devstack@placement-api.service[94985]: DEBUG placement.objects.research_context [req-3afef4d7-4b1a-4b3c-ae29-04ee4ac3a0fb req-ceb2ebd3-75c5-4f42-a23a-8408e7e95f82 service placement] found 2 providers with available 1024 MEMORY_MB {{(pid=94985) get_provider_ids_matching /opt/stack/placement/placement/objects/research_context.py:549}}
Aug 12 09:45:50.974466 n-d-804232-4 devstack@placement-api.service[94985]: DEBUG placement.objects.research_context [req-3afef4d7-4b1a-4b3c-ae29-04ee4ac3a0fb req-ceb2ebd3-75c5-4f42-a23a-8408e7e95f82 service placement] found 2 providers after filtering by previous result {{(pid=94985) get_provider_ids_matching /opt/stack/placement/placement/objects/research_context.py:580}}
Aug 12 09:45:50.974830 n-d-804232-4 devstack@placement-api.service[94985]: DEBUG placement.objects.research_context [req-3afef4d7-4b1a-4b3c-ae29-04ee4ac3a0fb req-ceb2ebd3-75c5-4f42-a23a-8408e7e95f82 service placement] found 2 providers with available 1 VCPU {{(pid=94985) get_provider_ids_matching /opt/stack/placement/placement/objects/research_context.py:549}}
Aug 12 09:45:50.975370 n-d-804232-4 devstack@placement-api.service[94985]: DEBUG placement.objects.research_context [req-3afef4d7-4b1a-4b3c-ae29-04ee4ac3a0fb req-ceb2ebd3-75c5-4f42-a23a-8408e7e95f82 service placement] found 2 providers after filtering by previous result {{(pid=94985) get_provider_ids_matching /opt/stack/placement/placement/objects/research_context.py:580}}
Aug 12 09:45:50.992530 n-d-804232-4 devstack@placement-api.service[94985]: DEBUG placement.objects.allocation_candidate [req-3afef4d7-4b1a-4b3c-ae29-04ee4ac3a0fb req-ceb2ebd3-75c5-4f42-a23a-8408e7e95f82 service placement] RequestGroup(use_same_provider=False, resources={DISK_GB:1, MEMORY_MB:1024, VCPU:1}, traits=[], aggregates=[]) (suffix '') returned 2 matches {{(pid=94985) _get_by_requests /opt/stack/placement/placement/objects/allocation_candidate.py:145}}
Aug 12 09:45:50.994160 n-d-804232-4 devstack@placement-api.service[94985]: DEBUG placement.objects.allocation_candidate [req-3afef4d7-4b1a-4b3c-ae29-04ee4ac3a0fb req-ceb2ebd3-75c5-4f42-a23a-8408e7e95f82 service placement] Merging candidates yields 2 allocation requests and 2 provider summaries {{(pid=94985) _merge_candidates /opt/stack/placement/placement/objects/allocation_candidate.py:783}}
Aug 12 09:45:50.996384 n-d-804232-4 devstack@placement-api.service[94985]: INFO placement.requestlog [req-3afef4d7-4b1a-4b3c-ae29-04ee4ac3a0fb req-ceb2ebd3-75c5-4f42-a23a-8408e7e95f82 service placement] 10.222.0.61 "GET /placement/allocation_candidates?limit=1000&resources=DISK_GB%3A1%2CMEMORY_MB%3A1024%2CVCPU%3A1&root_required=%21COMPUTE_STATUS_DISABLED" status: 200 len: 1309 microversion: 1.35
Aug 12 09:45:50.997447 n-d-804232-4 devstack@placement-api.service[94985]: [pid: 94985|app: 0|req: 283/564] 10.222.0.61 () {60 vars in 1507 bytes} [Thu Aug 12 09:45:50 2021] GET /placement/allocation_candidates?limit=1000&resources=DISK_GB%3A1%2CMEMORY_MB%3A1024%2CVCPU%3A1&root_required=%21COMPUTE_STATUS_DISABLED => generated 1309 bytes in 112 msecs (HTTP/1.1 200) 8 headers in 297 bytes (2 switches on core 0)
Aug 12 09:45:51.058009 n-d-804232-4 devstack@placement-api.service[94986]: DEBUG placement.requestlog [req-3afef4d7-4b1a-4b3c-ae29-04ee4ac3a0fb req-c4dd9263-f4db-4bb0-a24e-e6a1a4016c38 None None] Starting request: 10.222.0.61 "GET /placement/allocations/b7913921-2d24-4926-a6fe-c16d604f455a" {{(pid=94986) __call__ /opt/stack/placement/placement/requestlog.py:55}}
Aug 12 09:45:51.071312 n-d-804232-4 devstack@placement-api.service[94986]: INFO placement.requestlog [req-3afef4d7-4b1a-4b3c-ae29-04ee4ac3a0fb req-c4dd9263-f4db-4bb0-a24e-e6a1a4016c38 service placement] 10.222.0.61 "GET /placement/allocations/b7913921-2d24-4926-a6fe-c16d604f455a" status: 200 len: 19 microversion: 1.28
Aug 12 09:45:51.077308 n-d-804232-4 devstack@placement-api.service[94986]: [pid: 94986|app: 0|req: 282/565] 10.222.0.61 () {60 vars in 1381 bytes} [Thu Aug 12 09:45:51 2021] GET /placement/allocations/b7913921-2d24-4926-a6fe-c16d604f455a => generated 19 bytes in 20 msecs (HTTP/1.1 200) 8 headers in 295 bytes (2 switches on core 0)
Aug 12 09:45:51.078292 n-d-804232-4 devstack@placement-api.service[94985]: DEBUG placement.requestlog [req-3afef4d7-4b1a-4b3c-ae29-04ee4ac3a0fb req-85e93f14-1474-4a1c-aecf-933ed1d0e49d None None] Starting request: 10.222.0.61 "PUT /placement/allocations/b7913921-2d24-4926-a6fe-c16d604f455a" {{(pid=94985) __call__ /opt/stack/placement/placement/requestlog.py:55}}
Aug 12 09:45:51.170846 n-d-804232-4 devstack@placement-api.service[94985]: DEBUG placement.handlers.allocation [req-3afef4d7-4b1a-4b3c-ae29-04ee4ac3a0fb req-85e93f14-1474-4a1c-aecf-933ed1d0e49d service placement] Successfully wrote allocations [, , ] {{(pid=94985) _create_allocations /opt/stack/placement/placement/handlers/allocation.py:435}}
Aug 12 09:45:51.171510 n-d-804232-4 devstack@placement-api.service[94985]: INFO placement.requestlog [req-3afef4d7-4b1a-4b3c-ae29-04ee4ac3a0fb req-85e93f14-1474-4a1c-aecf-933ed1d0e49d service placement] 10.222.0.61 "PUT /placement/allocations/b7913921-2d24-4926-a6fe-c16d604f455a" status: 204 len: 0 microversion: 1.35
Aug 12 09:45:51.179391 n-d-804232-4 devstack@placement-api.service[94985]: [pid: 94985|app: 0|req: 284/566] 10.222.0.61 () {64 vars in 1434 bytes} [Thu Aug 12 09:45:51 2021] PUT /placement/allocations/b7913921-2d24-4926-a6fe-c16d604f455a => generated 0 bytes in 94 msecs (HTTP/1.1 204) 5 headers in 199 bytes (1 switches on core 0)
Aug 12 09:45:51.696152 n-d-804232-4 devstack@placement-api.service[94986]: DEBUG placement.requestlog [req-3afef4d7-4b1a-4b3c-ae29-04ee4ac3a0fb req-60e6abfd-850c-4143-992d-9d94d904079a None None] Starting request: 10.222.0.45 "GET /placement/allocations/b7913921-2d24-4926-a6fe-c16d604f455a" {{(pid=94986) __call__ /opt/stack/placement/placement/requestlog.py:55}}
Aug 12 09:45:51.726618 n-d-804232-4 devstack@placement-api.service[94986]: INFO placement.requestlog [req-3afef4d7-4b1a-4b3c-ae29-04ee4ac3a0fb req-60e6abfd-850c-4143-992d-9d94d904079a service placement] 10.222.0.45 "GET /placement/allocations/b7913921-2d24-4926-a6fe-c16d604f455a" status: 200 len: 259 microversion: 1.28
Aug 12 09:45:51.727278 n-d-804232-4 devstack@placement-api.service[94986]: [pid: 94986|app: 0|req: 283/567] 10.222.0.45 () {60 vars in 1378 bytes} [Thu Aug 12 09:45:51 2021] GET /placement/allocations/b7913921-2d24-4926-a6fe-c16d604f455a => generated 259 bytes in 34 msecs (HTTP/1.1 200) 8 headers in 296 bytes (2 switches on core 0)
Aug 12 09:45:55.034594 n-d-804232-4 devstack@placement-api.service[94985]: DEBUG placement.requestlog [req-b3827ae2-ce95-4189-92fa-86786e54eaca req-77062f20-b033-49fe-b630-4b67a7334266 None None] Starting request: 10.222.0.45 "GET /placement/allocations/6c86c923-d71f-4cee-aea0-dc2c082a5280" {{(pid=94985) __call__ /opt/stack/placement/placement/requestlog.py:55}}
Aug 12 09:45:55.090977 n-d-804232-4 devstack@placement-api.service[94985]: INFO placement.requestlog [req-b3827ae2-ce95-4189-92fa-86786e54eaca req-77062f20-b033-49fe-b630-4b67a7334266 service placement] 10.222.0.45 "GET /placement/allocations/6c86c923-d71f-4cee-aea0-dc2c082a5280" status: 200 len: 259 microversion: 1.28
Aug 12 09:45:55.091276 n-d-804232-4 devstack@placement-api.service[94985]: [pid: 94985|app: 0|req: 285/568] 10.222.0.45 () {60 vars in 1378 bytes} [Thu Aug 12 09:45:55 2021] GET /placement/allocations/6c86c923-d71f-4cee-aea0-dc2c082a5280 => generated 259 bytes in 57 msecs (HTTP/1.1 200) 8 headers in 296 bytes (1 switches on core 0)
Aug 12 09:45:55.099212 n-d-804232-4 devstack@placement-api.service[94986]: DEBUG placement.requestlog [req-b3827ae2-ce95-4189-92fa-86786e54eaca req-1339a362-2d78-4dbd-b023-5573a360afe9 None None] Starting request: 10.222.0.45 "PUT /placement/allocations/6c86c923-d71f-4cee-aea0-dc2c082a5280" {{(pid=94986) __call__ /opt/stack/placement/placement/requestlog.py:55}}
Aug 12 09:45:55.181736 n-d-804232-4 devstack@placement-api.service[94986]: DEBUG placement.handlers.allocation [req-b3827ae2-ce95-4189-92fa-86786e54eaca req-1339a362-2d78-4dbd-b023-5573a360afe9 service placement] Successfully wrote allocations [, , ] {{(pid=94986) _create_allocations /opt/stack/placement/placement/handlers/allocation.py:435}}
Aug 12 09:45:55.182731 n-d-804232-4 devstack@placement-api.service[94986]: INFO placement.requestlog [req-b3827ae2-ce95-4189-92fa-86786e54eaca req-1339a362-2d78-4dbd-b023-5573a360afe9 service placement] 10.222.0.45 "PUT /placement/allocations/6c86c923-d71f-4cee-aea0-dc2c082a5280" status: 204 len: 0 microversion: 1.28
Aug 12 09:45:55.184507 n-d-804232-4 devstack@placement-api.service[94986]: [pid: 94986|app: 0|req: 284/569] 10.222.0.45 () {64 vars in 1431 bytes} [Thu Aug 12 09:45:55 2021] PUT /placement/allocations/6c86c923-d71f-4cee-aea0-dc2c082a5280 => generated 0 bytes in 85 msecs (HTTP/1.1 204) 5 headers in 199 bytes (2 switches on core 0)
Aug 12 09:46:07.023236 n-d-804232-4 devstack@placement-api.service[94985]: DEBUG placement.requestlog [req-e7ad379a-9e74-4f87-a21e-99ca9e3fa45e req-95924f71-0f5b-496a-808e-7e38d659ed6d None None] Starting request: 10.222.0.21 "GET /placement/allocations/60e2db7f-4414-4016-9502-d6d7ebf946a6" {{(pid=94985) __call__ /opt/stack/placement/placement/requestlog.py:55}}
Aug 12 09:46:07.099189 n-d-804232-4 devstack@placement-api.service[94985]: INFO placement.requestlog [req-e7ad379a-9e74-4f87-a21e-99ca9e3fa45e req-95924f71-0f5b-496a-808e-7e38d659ed6d service placement] 10.222.0.21 "GET /placement/allocations/60e2db7f-4414-4016-9502-d6d7ebf946a6" status: 200 len: 259 microversion: 1.28
Aug 12 09:46:07.100547 n-d-804232-4 devstack@placement-api.service[94985]: [pid: 94985|app: 0|req: 286/570] 10.222.0.21 () {60 vars in 1378 bytes} [Thu Aug 12 09:46:07 2021] GET /placement/allocations/60e2db7f-4414-4016-9502-d6d7ebf946a6 => generated 259 bytes in 78 msecs (HTTP/1.1 200) 8 headers in 296 bytes (1 switches on core 0)
Aug 12 09:46:07.110981 n-d-804232-4 devstack@placement-api.service[94986]: DEBUG placement.requestlog [req-e7ad379a-9e74-4f87-a21e-99ca9e3fa45e req-dcee0350-5b52-4440-92e5-d4292bf5075e None None] Starting request: 10.222.0.21 "PUT /placement/allocations/60e2db7f-4414-4016-9502-d6d7ebf946a6" {{(pid=94986) __call__ /opt/stack/placement/placement/requestlog.py:55}}
Aug 12 09:46:07.325150 n-d-804232-4 devstack@placement-api.service[94986]: DEBUG placement.handlers.allocation [req-e7ad379a-9e74-4f87-a21e-99ca9e3fa45e req-dcee0350-5b52-4440-92e5-d4292bf5075e service placement] Successfully wrote allocations [, , ] {{(pid=94986) _create_allocations /opt/stack/placement/placement/handlers/allocation.py:435}}
Aug 12 09:46:07.326300 n-d-804232-4 devstack@placement-api.service[94986]: INFO placement.requestlog [req-e7ad379a-9e74-4f87-a21e-99ca9e3fa45e req-dcee0350-5b52-4440-92e5-d4292bf5075e service placement] 10.222.0.21 "PUT /placement/allocations/60e2db7f-4414-4016-9502-d6d7ebf946a6" status: 204 len: 0 microversion: 1.28
Aug 12 09:46:07.327388 n-d-804232-4 devstack@placement-api.service[94986]: [pid: 94986|app: 0|req: 285/571] 10.222.0.21 () {64 vars in 1431 bytes} [Thu Aug 12 09:46:07 2021] PUT /placement/allocations/60e2db7f-4414-4016-9502-d6d7ebf946a6 => generated 0 bytes in 217 msecs (HTTP/1.1 204) 5 headers in 199 bytes (1 switches on core 0)
Aug 12 09:46:12.936795 n-d-804232-4 devstack@placement-api.service[94985]: DEBUG placement.requestlog [req-7a2809e5-7f2d-43bc-a90e-980d1acdab34 req-444d4e79-0146-4f14-8b59-5927e8e9175d None None] Starting request: 10.222.0.21 "GET /placement/resource_providers/c2864c9b-16b3-463c-9915-c11606549a21/allocations" {{(pid=94985) __call__ /opt/stack/placement/placement/requestlog.py:55}}
Aug 12 09:46:13.028260 n-d-804232-4 devstack@placement-api.service[94985]: INFO placement.requestlog [req-7a2809e5-7f2d-43bc-a90e-980d1acdab34 req-444d4e79-0146-4f14-8b59-5927e8e9175d service placement] 10.222.0.21 "GET /placement/resource_providers/c2864c9b-16b3-463c-9915-c11606549a21/allocations" status: 200 len: 556 microversion: 1.0
Aug 12 09:46:13.032245 n-d-804232-4 devstack@placement-api.service[94985]: [pid: 94985|app: 0|req: 287/572] 10.222.0.21 () {58 vars in 1391 bytes} [Thu Aug 12 09:46:12 2021] GET /placement/resource_providers/c2864c9b-16b3-463c-9915-c11606549a21/allocations => generated 556 bytes in 96 msecs (HTTP/1.1 200) 6 headers in 224 bytes (1 switches on core 0)
Aug 12 09:46:15.822699 n-d-804232-4 devstack@placement-api.service[94986]: DEBUG placement.requestlog [req-b2f940b6-f370-4e43-b54c-7935ef08342a req-af82abf3-a1c6-496b-b52b-9f584096472a None None] Starting request: 10.222.0.45 "GET /placement/resource_providers/15132150-2ae8-4531-9ce6-2cf67c943b2a/allocations" {{(pid=94986) __call__ /opt/stack/placement/placement/requestlog.py:55}}
Aug 12 09:46:15.888864 n-d-804232-4 devstack@placement-api.service[94986]: INFO placement.requestlog [req-b2f940b6-f370-4e43-b54c-7935ef08342a req-af82abf3-a1c6-496b-b52b-9f584096472a service placement] 10.222.0.45 "GET /placement/resource_providers/15132150-2ae8-4531-9ce6-2cf67c943b2a/allocations" status: 200 len: 659 microversion: 1.0
Aug 12 09:46:15.890108 n-d-804232-4 devstack@placement-api.service[94986]: [pid: 94986|app: 0|req: 286/573] 10.222.0.45 () {58 vars in 1391 bytes} [Thu Aug 12 09:46:15 2021] GET /placement/resource_providers/15132150-2ae8-4531-9ce6-2cf67c943b2a/allocations => generated 659 bytes in 68 msecs (HTTP/1.1 200) 6 headers in 224 bytes (2 switches on core 0)
Aug 12 09:46:20.278553 n-d-804232-4 devstack@placement-api.service[94985]: DEBUG placement.requestlog [None req-5ca72c71-cd41-498e-87f7-de8c599cbdd5 None None] Starting request: 10.222.0.61 "GET /placement/" {{(pid=94985) __call__ /opt/stack/placement/placement/requestlog.py:55}}
Aug 12 09:46:20.282014 n-d-804232-4 devstack@placement-api.service[94985]: INFO placement.requestlog [None req-5ca72c71-cd41-498e-87f7-de8c599cbdd5 None None] 10.222.0.61 "GET /placement/" status: 200 len: 136 microversion: 1.0
Aug 12 09:46:20.282921 n-d-804232-4 devstack@placement-api.service[94985]: [pid: 94985|app: 0|req: 288/574] 10.222.0.61 () {54 vars in 916 bytes} [Thu Aug 12 09:46:20 2021] GET /placement => generated 136 bytes in 6 msecs (HTTP/1.1 200) 6 headers in 224 bytes (1 switches on core 0)
Aug 12 09:46:20.321575 n-d-804232-4 devstack@placement-api.service[94986]: DEBUG placement.requestlog [req-a34ed9a0-910e-44ed-b6ca-e1495042e6c4 req-53b9ed21-66ad-47fa-bbd6-72f0402caf9a None None] Starting request: 10.222.0.61 "GET /placement/allocations/2399e78c-6c4f-4caf-a14e-22c3b7a50fce" {{(pid=94986) __call__ /opt/stack/placement/placement/requestlog.py:55}}
Aug 12 09:46:20.593350 n-d-804232-4 devstack@placement-api.service[94986]: INFO placement.requestlog [req-a34ed9a0-910e-44ed-b6ca-e1495042e6c4 req-53b9ed21-66ad-47fa-bbd6-72f0402caf9a service placement] 10.222.0.61 "GET /placement/allocations/2399e78c-6c4f-4caf-a14e-22c3b7a50fce" status: 200 len: 259 microversion: 1.28
Aug 12 09:46:20.597411 n-d-804232-4 devstack@placement-api.service[94986]: [pid: 94986|app: 0|req: 287/575] 10.222.0.61 () {60 vars in 1381 bytes} [Thu Aug 12 09:46:20 2021] GET /placement/allocations/2399e78c-6c4f-4caf-a14e-22c3b7a50fce => generated 259 bytes in 287 msecs (HTTP/1.1 200) 8 headers in 296 bytes (2 switches on core 0)
Aug 12 09:46:20.613186 n-d-804232-4 devstack@placement-api.service[94985]: DEBUG placement.requestlog [req-a34ed9a0-910e-44ed-b6ca-e1495042e6c4 req-67bd36f6-3d6d-42d9-b548-dc1e383c79bd None None] Starting request: 10.222.0.61 "GET /placement/allocations/2399e78c-6c4f-4caf-a14e-22c3b7a50fce" {{(pid=94985) __call__ /opt/stack/placement/placement/requestlog.py:55}}
Aug 12 09:46:20.676179 n-d-804232-4 devstack@placement-api.service[94985]: INFO placement.requestlog [req-a34ed9a0-910e-44ed-b6ca-e1495042e6c4 req-67bd36f6-3d6d-42d9-b548-dc1e383c79bd service placement] 10.222.0.61 "GET /placement/allocations/2399e78c-6c4f-4caf-a14e-22c3b7a50fce" status: 200 len: 259 microversion: 1.28
Aug 12 09:46:20.686784 n-d-804232-4 devstack@placement-api.service[94986]: DEBUG placement.requestlog [req-a34ed9a0-910e-44ed-b6ca-e1495042e6c4 req-baab7c52-0ae0-4e67-85c3-6bcca1320fa7 None None] Starting request: 10.222.0.61 "GET /placement/allocations/0fb427bd-3a44-41c5-93e8-7030bada2e26" {{(pid=94986) __call__ /opt/stack/placement/placement/requestlog.py:55}}
Aug 12 09:46:20.700120 n-d-804232-4 devstack@placement-api.service[94985]: [pid: 94985|app: 0|req: 289/576] 10.222.0.61 () {60 vars in 1381 bytes} [Thu Aug 12 09:46:20 2021] GET /placement/allocations/2399e78c-6c4f-4caf-a14e-22c3b7a50fce => generated 259 bytes in 86 msecs (HTTP/1.1 200) 8 headers in 296 bytes (1 switches on core 0)
Aug 12 09:46:20.729385 n-d-804232-4 devstack@placement-api.service[94986]: INFO placement.requestlog [req-a34ed9a0-910e-44ed-b6ca-e1495042e6c4 req-baab7c52-0ae0-4e67-85c3-6bcca1320fa7 service placement] 10.222.0.61 "GET /placement/allocations/0fb427bd-3a44-41c5-93e8-7030bada2e26" status: 200 len: 19 microversion: 1.28
Aug 12 09:46:20.744101 n-d-804232-4 devstack@placement-api.service[94985]: DEBUG placement.requestlog [req-a34ed9a0-910e-44ed-b6ca-e1495042e6c4 req-2ce629bb-ff28-4191-b3df-766212a7ed53 None None] Starting request: 10.222.0.61 "POST /placement/allocations" {{(pid=94985) __call__ /opt/stack/placement/placement/requestlog.py:55}}
Aug 12 09:46:20.755200 n-d-804232-4 devstack@placement-api.service[94986]: [pid: 94986|app: 0|req: 288/577] 10.222.0.61 () {60 vars in 1381 bytes} [Thu Aug 12 09:46:20 2021] GET /placement/allocations/0fb427bd-3a44-41c5-93e8-7030bada2e26 => generated 19 bytes in 68 msecs (HTTP/1.1 200) 8 headers in 295 bytes (1 switches on core 0)
Aug 12 09:46:21.091444 n-d-804232-4 devstack@placement-api.service[94985]: DEBUG placement.handlers.allocation [req-a34ed9a0-910e-44ed-b6ca-e1495042e6c4 req-2ce629bb-ff28-4191-b3df-766212a7ed53 service placement] Successfully wrote allocations [, , , , , ] {{(pid=94985) _create_allocations /opt/stack/placement/placement/handlers/allocation.py:524}}
Aug 12 09:46:21.096859 n-d-804232-4 devstack@placement-api.service[94985]: INFO placement.requestlog [req-a34ed9a0-910e-44ed-b6ca-e1495042e6c4 req-2ce629bb-ff28-4191-b3df-766212a7ed53 service placement] 10.222.0.61 "POST /placement/allocations" status: 204 len: 0 microversion: 1.28
Aug 12 09:46:21.105375 n-d-804232-4 devstack@placement-api.service[94985]: [pid: 94985|app: 0|req: 290/578] 10.222.0.61 () {64 vars in 1324 bytes} [Thu Aug 12 09:46:20 2021] POST /placement/allocations => generated 0 bytes in 355 msecs (HTTP/1.1 204) 5 headers in 199 bytes (2 switches on core 0)
Aug 12 09:46:21.190275 n-d-804232-4 devstack@placement-api.service[94986]: DEBUG placement.requestlog [req-a34ed9a0-910e-44ed-b6ca-e1495042e6c4 req-5d623c26-fbbc-4ba9-8f1b-be3fb785dc36 None None] Starting request: 10.222.0.61 "GET /placement/allocation_candidates?limit=1000&resources=DISK_GB%3A1%2CMEMORY_MB%3A512%2CVCPU%3A1&root_required=%21COMPUTE_STATUS_DISABLED" {{(pid=94986) __call__ /opt/stack/placement/placement/requestlog.py:55}}
Aug 12 09:46:21.277401 n-d-804232-4 devstack@placement-api.service[94986]: DEBUG placement.objects.research_context [req-a34ed9a0-910e-44ed-b6ca-e1495042e6c4 req-5d623c26-fbbc-4ba9-8f1b-be3fb785dc36 service placement] getting providers with 1 DISK_GB {{(pid=94986) __init__ /opt/stack/placement/placement/objects/research_context.py:126}}
