Aug 11 13:20:56.234744 n-d-804232-1 devstack@n-api.service[110250]: DEBUG oslo_concurrency.lockutils [None req-4ceecb43-4305-4c24-8ef5-ecfe9cfe896a tempest-DeleteServersAdminTestJSON-140178726 tempest-DeleteServersAdminTestJSON-140178726-project] Lock "94b78549-fedf-46fc-a3ac-c5baf51016c6" acquired by "nova.context.set_target_cell..get_or_set_cached_cell_and_set_connections" :: waited 0.000s {{(pid=110250) inner /usr/local/lib/python3.8/dist-packages/oslo_concurrency/lockutils.py:355}}
Aug 11 13:20:56.239639 n-d-804232-1 devstack@n-api.service[110250]: DEBUG oslo_concurrency.lockutils [None req-4ceecb43-4305-4c24-8ef5-ecfe9cfe896a tempest-DeleteServersAdminTestJSON-140178726 tempest-DeleteServersAdminTestJSON-140178726-project] Lock "94b78549-fedf-46fc-a3ac-c5baf51016c6" released by "nova.context.set_target_cell..get_or_set_cached_cell_and_set_connections" :: held 0.005s {{(pid=110250) inner /usr/local/lib/python3.8/dist-packages/oslo_concurrency/lockutils.py:367}}
Aug 11 13:20:56.262936 n-d-804232-1 devstack@n-api.service[110251]: DEBUG nova.policy [None req-0a1f89d5-da53-47a5-827f-aaafc11b2f49 tempest-AggregatesAdminTestJSON-1973393572 tempest-AggregatesAdminTestJSON-1973393572-project] Policy check for os_compute_api:os-extended-server-attributes failed with credentials {'is_admin': False, 'user_id': '564b3f1d716e488ba623b78a50ec5c47', 'user_domain_id': 'default', 'system_scope': None, 'domain_id': None, 'project_id': '40f3b40143bd40a28e3b31b6cad1d2bb', 'project_domain_id': 'default', 'roles': ['member', 'reader'], 'is_admin_project': True, 'service_user_id': None, 'service_user_domain_id': None, 'service_project_id': None, 'service_project_domain_id': None, 'service_roles': []} {{(pid=110251) authorize /opt/stack/nova/nova/policy.py:199}}
Aug 11 13:20:56.272122 n-d-804232-1 devstack@n-api.service[110251]: INFO nova.api.openstack.requestlog [None req-0a1f89d5-da53-47a5-827f-aaafc11b2f49 tempest-AggregatesAdminTestJSON-1973393572 tempest-AggregatesAdminTestJSON-1973393572-project] 10.222.0.45 "GET /compute/v2.1/servers/0e05a85c-c703-4fec-b08f-f613777f803c" status: 200 len: 1298 microversion: 2.1 time: 0.226141
Aug 11 13:20:56.278110 n-d-804232-1 devstack@n-api.service[110251]: [pid: 110251|app: 0|req: 27/58] 10.222.0.45 () {58 vars in 1236 bytes} [Wed Aug 11 13:20:56 2021] GET /compute/v2.1/servers/0e05a85c-c703-4fec-b08f-f613777f803c => generated 1298 bytes in 233 msecs (HTTP/1.1 200) 9 headers in 358 bytes (1 switches on core 0)
Aug 11 13:20:57.343468 n-d-804232-1 devstack@n-api.service[110251]: DEBUG nova.api.openstack.wsgi [None req-740913c5-7ab9-4609-8510-fe192b4073b3 tempest-HypervisorAdminNegativeTestJSON-109121412 tempest-HypervisorAdminNegativeTestJSON-109121412-project] Calling method '.version_select at 0x7f8a44299d30>' {{(pid=110251) _process_stack /opt/stack/nova/nova/api/openstack/wsgi.py:513}}
Aug 11 13:20:57.345711 n-d-804232-1 devstack@n-api.service[110251]: /usr/local/lib/python3.8/dist-packages/oslo_policy/policy.py:1064: UserWarning: Policy os_compute_api:os-hypervisors:list-detail failed scope check. The token used to make the request was project scoped but the policy requires ['system'] scope. This behavior may change in the future where using the intended scope is required
Aug 11 13:20:57.345711 n-d-804232-1 devstack@n-api.service[110251]: warnings.warn(msg)
Aug 11 13:20:57.347540 n-d-804232-1 devstack@n-api.service[110251]: DEBUG nova.policy [None req-740913c5-7ab9-4609-8510-fe192b4073b3 tempest-HypervisorAdminNegativeTestJSON-109121412 tempest-HypervisorAdminNegativeTestJSON-109121412-project] Policy check for os_compute_api:os-hypervisors:list-detail failed with credentials {'is_admin': False, 'user_id': 'a13cb5f3f571492ca2a857f40b077f3d', 'user_domain_id': 'default', 'system_scope': None, 'domain_id': None, 'project_id': 'fc9259b6a38548078f0d31b08aff3a13', 'project_domain_id': 'default', 'roles': ['member', 'reader'], 'is_admin_project': True, 'service_user_id': None, 'service_user_domain_id': None, 'service_project_id': None, 'service_project_domain_id': None, 'service_roles': []} {{(pid=110251) authorize /opt/stack/nova/nova/policy.py:199}}
Aug 11 13:20:57.348429 n-d-804232-1 devstack@n-api.service[110251]: DEBUG nova.api.openstack.wsgi [None req-740913c5-7ab9-4609-8510-fe192b4073b3 tempest-HypervisorAdminNegativeTestJSON-109121412 tempest-HypervisorAdminNegativeTestJSON-109121412-project] Returning 403 to user: Policy doesn't allow os_compute_api:os-hypervisors:list-detail to be performed. {{(pid=110251) __call__ /opt/stack/nova/nova/api/openstack/wsgi.py:927}}
Aug 11 13:20:57.349561 n-d-804232-1 devstack@n-api.service[110251]: INFO nova.api.openstack.requestlog [None req-740913c5-7ab9-4609-8510-fe192b4073b3 tempest-HypervisorAdminNegativeTestJSON-109121412 tempest-HypervisorAdminNegativeTestJSON-109121412-project] 10.222.0.45 "GET /compute/v2.1/os-hypervisors/detail" status: 403 len: 122 microversion: 2.1 time: 0.812155
Aug 11 13:20:57.364711 n-d-804232-1 devstack@n-api.service[110251]: [pid: 110251|app: 0|req: 28/59] 10.222.0.45 () {58 vars in 1167 bytes} [Wed Aug 11 13:20:56 2021] GET /compute/v2.1/os-hypervisors/detail => generated 122 bytes in 823 msecs (HTTP/1.1 403) 9 headers in 379 bytes (1 switches on core 0)
Aug 11 13:20:57.367783 n-d-804232-1 devstack@n-api.service[110251]: DEBUG nova.api.openstack.wsgi [None req-fc3b5cb5-46cd-4887-b66f-2c7afb1d1f13 tempest-AggregatesAdminTestJSON-1973393572 tempest-AggregatesAdminTestJSON-1973393572-project] Calling method '>' {{(pid=110251) _process_stack /opt/stack/nova/nova/api/openstack/wsgi.py:513}}
Aug 11 13:20:57.368644 n-d-804232-1 devstack@n-api.service[110251]: DEBUG nova.compute.api [None req-fc3b5cb5-46cd-4887-b66f-2c7afb1d1f13 tempest-AggregatesAdminTestJSON-1973393572 tempest-AggregatesAdminTestJSON-1973393572-project] [instance: 0e05a85c-c703-4fec-b08f-f613777f803c] Fetching instance by UUID {{(pid=110251) get /opt/stack/nova/nova/compute/api.py:2791}}
Aug 11 13:20:57.377210 n-d-804232-1 devstack@n-api.service[110251]: DEBUG oslo_concurrency.lockutils [None req-fc3b5cb5-46cd-4887-b66f-2c7afb1d1f13 tempest-AggregatesAdminTestJSON-1973393572 tempest-AggregatesAdminTestJSON-1973393572-project] Lock "94b78549-fedf-46fc-a3ac-c5baf51016c6" acquired by "nova.context.set_target_cell..get_or_set_cached_cell_and_set_connections" :: waited 0.000s {{(pid=110251) inner /usr/local/lib/python3.8/dist-packages/oslo_concurrency/lockutils.py:355}}
Aug 11 13:20:57.378205 n-d-804232-1 devstack@n-api.service[110251]: DEBUG oslo_concurrency.lockutils [None req-fc3b5cb5-46cd-4887-b66f-2c7afb1d1f13 tempest-AggregatesAdminTestJSON-1973393572 tempest-AggregatesAdminTestJSON-1973393572-project] Lock "94b78549-fedf-46fc-a3ac-c5baf51016c6" released by "nova.context.set_target_cell..get_or_set_cached_cell_and_set_connections" :: held 0.001s {{(pid=110251) inner /usr/local/lib/python3.8/dist-packages/oslo_concurrency/lockutils.py:367}}
Aug 11 13:20:57.379190 n-d-804232-1 devstack@n-api.service[110251]: DEBUG oslo_concurrency.lockutils [None req-fc3b5cb5-46cd-4887-b66f-2c7afb1d1f13 tempest-AggregatesAdminTestJSON-1973393572 tempest-AggregatesAdminTestJSON-1973393572-project] Lock "94b78549-fedf-46fc-a3ac-c5baf51016c6" acquired by "nova.context.set_target_cell..get_or_set_cached_cell_and_set_connections" :: waited 0.000s {{(pid=110251) inner /usr/local/lib/python3.8/dist-packages/oslo_concurrency/lockutils.py:355}}
Aug 11 13:20:57.379825 n-d-804232-1 devstack@n-api.service[110251]: DEBUG oslo_concurrency.lockutils [None req-fc3b5cb5-46cd-4887-b66f-2c7afb1d1f13 tempest-AggregatesAdminTestJSON-1973393572 tempest-AggregatesAdminTestJSON-1973393572-project] Lock "94b78549-fedf-46fc-a3ac-c5baf51016c6" released by "nova.context.set_target_cell..get_or_set_cached_cell_and_set_connections" :: held 0.001s {{(pid=110251) inner /usr/local/lib/python3.8/dist-packages/oslo_concurrency/lockutils.py:367}}
Aug 11 13:20:57.544480 n-d-804232-1 devstack@n-api.service[110250]: DEBUG nova.policy [None req-4ceecb43-4305-4c24-8ef5-ecfe9cfe896a tempest-DeleteServersAdminTestJSON-140178726 tempest-DeleteServersAdminTestJSON-140178726-project] Policy check for os_compute_api:os-extended-server-attributes failed with credentials {'is_admin': False, 'user_id': 'dfe13b872f2a4a28ba3e986d212c7873', 'user_domain_id': 'default', 'system_scope': None, 'domain_id': None, 'project_id': 'ab978c034d984c2c932ef7355bc0b742', 'project_domain_id': 'default', 'roles': ['member', 'reader'], 'is_admin_project': True, 'service_user_id': None, 'service_user_domain_id': None, 'service_project_id': None, 'service_project_domain_id': None, 'service_roles': []} {{(pid=110250) authorize /opt/stack/nova/nova/policy.py:199}}
Aug 11 13:20:57.571099 n-d-804232-1 devstack@n-api.service[110250]: INFO nova.api.openstack.requestlog [None req-4ceecb43-4305-4c24-8ef5-ecfe9cfe896a tempest-DeleteServersAdminTestJSON-140178726 tempest-DeleteServersAdminTestJSON-140178726-project] 10.222.0.45 "GET /compute/v2.1/servers/fac5cec6-9b23-40a1-a4be-17931c0a52ce" status: 200 len: 1319 microversion: 2.1 time: 1.366257
Aug 11 13:20:57.583248 n-d-804232-1 devstack@n-api.service[110251]: DEBUG nova.policy [None req-fc3b5cb5-46cd-4887-b66f-2c7afb1d1f13 tempest-AggregatesAdminTestJSON-1973393572 tempest-AggregatesAdminTestJSON-1973393572-project] Policy check for os_compute_api:os-extended-server-attributes failed with credentials {'is_admin': False, 'user_id': '564b3f1d716e488ba623b78a50ec5c47', 'user_domain_id': 'default', 'system_scope': None, 'domain_id': None, 'project_id': '40f3b40143bd40a28e3b31b6cad1d2bb', 'project_domain_id': 'default', 'roles': ['member', 'reader'], 'is_admin_project': True, 'service_user_id': None, 'service_user_domain_id': None, 'service_project_id': None, 'service_project_domain_id': None, 'service_roles': []} {{(pid=110251) authorize /opt/stack/nova/nova/policy.py:199}}
Aug 11 13:20:57.583369 n-d-804232-1 devstack@n-api.service[110250]: [pid: 110250|app: 0|req: 32/60] 10.222.0.45 () {58 vars in 1236 bytes} [Wed Aug 11 13:20:56 2021] GET /compute/v2.1/servers/fac5cec6-9b23-40a1-a4be-17931c0a52ce => generated 1319 bytes in 1375 msecs (HTTP/1.1 200) 9 headers in 358 bytes (2 switches on core 0)
Aug 11 13:20:57.593197 n-d-804232-1 devstack@n-api.service[110250]: DEBUG nova.api.openstack.wsgi [None req-899fcef7-2f06-4ca3-89da-7bd0f8e2bd6f tempest-HypervisorAdminNegativeTestJSON-109121412 tempest-HypervisorAdminNegativeTestJSON-109121412-project] Calling method '.version_select at 0x7f8a442dfee0>' {{(pid=110250) _process_stack /opt/stack/nova/nova/api/openstack/wsgi.py:513}}
Aug 11 13:20:57.594129 n-d-804232-1 devstack@n-api.service[110250]: /usr/local/lib/python3.8/dist-packages/oslo_policy/policy.py:1064: UserWarning: Policy os_compute_api:os-hypervisors:list failed scope check. The token used to make the request was project scoped but the policy requires ['system'] scope. This behavior may change in the future where using the intended scope is required
Aug 11 13:20:57.594129 n-d-804232-1 devstack@n-api.service[110250]: warnings.warn(msg)
Aug 11 13:20:57.596768 n-d-804232-1 devstack@n-api.service[110251]: INFO nova.api.openstack.requestlog [None req-fc3b5cb5-46cd-4887-b66f-2c7afb1d1f13 tempest-AggregatesAdminTestJSON-1973393572 tempest-AggregatesAdminTestJSON-1973393572-project] 10.222.0.45 "GET /compute/v2.1/servers/0e05a85c-c703-4fec-b08f-f613777f803c" status: 200 len: 1296 microversion: 2.1 time: 0.235393
Aug 11 13:20:57.606598 n-d-804232-1 devstack@n-api.service[110251]: [pid: 110251|app: 0|req: 29/61] 10.222.0.45 () {58 vars in 1236 bytes} [Wed Aug 11 13:20:57 2021] GET /compute/v2.1/servers/0e05a85c-c703-4fec-b08f-f613777f803c => generated 1296 bytes in 237 msecs (HTTP/1.1 200) 9 headers in 358 bytes (1 switches on core 0)
Aug 11 13:20:57.609106 n-d-804232-1 devstack@n-api.service[110250]: DEBUG nova.policy [None req-899fcef7-2f06-4ca3-89da-7bd0f8e2bd6f tempest-HypervisorAdminNegativeTestJSON-109121412 tempest-HypervisorAdminNegativeTestJSON-109121412-project] Policy check for os_compute_api:os-hypervisors:list failed with credentials {'is_admin': False, 'user_id': 'a13cb5f3f571492ca2a857f40b077f3d', 'user_domain_id': 'default', 'system_scope': None, 'domain_id': None, 'project_id': 'fc9259b6a38548078f0d31b08aff3a13', 'project_domain_id': 'default', 'roles': ['member', 'reader'], 'is_admin_project': True, 'service_user_id': None, 'service_user_domain_id': None, 'service_project_id': None, 'service_project_domain_id': None, 'service_roles': []} {{(pid=110250) authorize /opt/stack/nova/nova/policy.py:199}}
Aug 11 13:20:57.612808 n-d-804232-1 devstack@n-api.service[110250]: DEBUG nova.api.openstack.wsgi [None req-899fcef7-2f06-4ca3-89da-7bd0f8e2bd6f tempest-HypervisorAdminNegativeTestJSON-109121412 tempest-HypervisorAdminNegativeTestJSON-109121412-project] Returning 403 to user: Policy doesn't allow os_compute_api:os-hypervisors:list to be performed. {{(pid=110250) __call__ /opt/stack/nova/nova/api/openstack/wsgi.py:927}}
Aug 11 13:20:57.615139 n-d-804232-1 devstack@n-api.service[110250]: INFO nova.api.openstack.requestlog [None req-899fcef7-2f06-4ca3-89da-7bd0f8e2bd6f tempest-HypervisorAdminNegativeTestJSON-109121412 tempest-HypervisorAdminNegativeTestJSON-109121412-project] 10.222.0.45 "GET /compute/v2.1/os-hypervisors" status: 403 len: 115 microversion: 2.1 time: 0.031143
Aug 11 13:20:57.615939 n-d-804232-1 devstack@n-api.service[110250]: [pid: 110250|app: 0|req: 33/62] 10.222.0.45 () {58 vars in 1146 bytes} [Wed Aug 11 13:20:57 2021] GET /compute/v2.1/os-hypervisors => generated 115 bytes in 34 msecs (HTTP/1.1 403) 9 headers in 379 bytes (1 switches on core 0)
Aug 11 13:20:57.625249 n-d-804232-1 devstack@n-api.service[110251]: DEBUG nova.api.openstack.wsgi [None req-1fd1b149-c929-4f74-a14d-a1b46a92db60 tempest-HypervisorAdminNegativeTestJSON-109121412 tempest-HypervisorAdminNegativeTestJSON-109121412-project] Calling method '.version_select at 0x7f8a4435ba60>' {{(pid=110251) _process_stack /opt/stack/nova/nova/api/openstack/wsgi.py:513}}
Aug 11 13:20:57.626813 n-d-804232-1 devstack@n-api.service[110251]: /usr/local/lib/python3.8/dist-packages/oslo_policy/policy.py:1064: UserWarning: Policy os_compute_api:os-hypervisors:statistics failed scope check. The token used to make the request was project scoped but the policy requires ['system'] scope. This behavior may change in the future where using the intended scope is required
Aug 11 13:20:57.626813 n-d-804232-1 devstack@n-api.service[110251]: warnings.warn(msg)
Aug 11 13:20:57.629667 n-d-804232-1 devstack@n-api.service[110251]: DEBUG nova.policy [None req-1fd1b149-c929-4f74-a14d-a1b46a92db60 tempest-HypervisorAdminNegativeTestJSON-109121412 tempest-HypervisorAdminNegativeTestJSON-109121412-project] Policy check for os_compute_api:os-hypervisors:statistics failed with credentials {'is_admin': False, 'user_id': 'a13cb5f3f571492ca2a857f40b077f3d', 'user_domain_id': 'default', 'system_scope': None, 'domain_id': None, 'project_id': 'fc9259b6a38548078f0d31b08aff3a13', 'project_domain_id': 'default', 'roles': ['member', 'reader'], 'is_admin_project': True, 'service_user_id': None, 'service_user_domain_id': None, 'service_project_id': None, 'service_project_domain_id': None, 'service_roles': []} {{(pid=110251) authorize /opt/stack/nova/nova/policy.py:199}}
Aug 11 13:20:57.633675 n-d-804232-1 devstack@n-api.service[110251]: DEBUG nova.api.openstack.wsgi [None req-1fd1b149-c929-4f74-a14d-a1b46a92db60 tempest-HypervisorAdminNegativeTestJSON-109121412 tempest-HypervisorAdminNegativeTestJSON-109121412-project] Returning 403 to user: Policy doesn't allow os_compute_api:os-hypervisors:statistics to be performed. {{(pid=110251) __call__ /opt/stack/nova/nova/api/openstack/wsgi.py:927}}
Aug 11 13:20:57.635411 n-d-804232-1 devstack@n-api.service[110251]: INFO nova.api.openstack.requestlog [None req-1fd1b149-c929-4f74-a14d-a1b46a92db60 tempest-HypervisorAdminNegativeTestJSON-109121412 tempest-HypervisorAdminNegativeTestJSON-109121412-project] 10.222.0.45 "GET /compute/v2.1/os-hypervisors/statistics" status: 403 len: 121 microversion: 2.1 time: 0.013942
Aug 11 13:20:57.636664 n-d-804232-1 devstack@n-api.service[110251]: [pid: 110251|app: 0|req: 30/63] 10.222.0.45 () {58 vars in 1179 bytes} [Wed Aug 11 13:20:57 2021] GET /compute/v2.1/os-hypervisors/statistics => generated 121 bytes in 16 msecs (HTTP/1.1 403) 9 headers in 379 bytes (1 switches on core 0)
Aug 11 13:20:58.104202 n-d-804232-1 devstack@n-api.service[110250]: DEBUG nova.api.openstack.wsgi [None req-92ae4a4c-b003-47ee-931e-99c1474f1176 tempest-HypervisorAdminNegativeTestJSON-1666921734 tempest-HypervisorAdminNegativeTestJSON-1666921734-project-admin] Calling method '.version_select at 0x7f8a442d5670>' {{(pid=110250) _process_stack /opt/stack/nova/nova/api/openstack/wsgi.py:513}}
Aug 11 13:20:58.125103 n-d-804232-1 devstack@n-api.service[110250]: DEBUG oslo_concurrency.lockutils [None req-92ae4a4c-b003-47ee-931e-99c1474f1176 tempest-HypervisorAdminNegativeTestJSON-1666921734 tempest-HypervisorAdminNegativeTestJSON-1666921734-project-admin] Lock "94b78549-fedf-46fc-a3ac-c5baf51016c6" acquired by "nova.context.set_target_cell..get_or_set_cached_cell_and_set_connections" :: waited 0.001s {{(pid=110250) inner /usr/local/lib/python3.8/dist-packages/oslo_concurrency/lockutils.py:355}}
Aug 11 13:20:58.129025 n-d-804232-1 devstack@n-api.service[110250]: DEBUG oslo_concurrency.lockutils [None req-92ae4a4c-b003-47ee-931e-99c1474f1176 tempest-HypervisorAdminNegativeTestJSON-1666921734 tempest-HypervisorAdminNegativeTestJSON-1666921734-project-admin] Lock "94b78549-fedf-46fc-a3ac-c5baf51016c6" released by "nova.context.set_target_cell..get_or_set_cached_cell_and_set_connections" :: held 0.006s {{(pid=110250) inner /usr/local/lib/python3.8/dist-packages/oslo_concurrency/lockutils.py:367}}
Aug 11 13:20:58.227009 n-d-804232-1 devstack@n-api.service[110250]: DEBUG oslo_concurrency.lockutils [None req-92ae4a4c-b003-47ee-931e-99c1474f1176 tempest-HypervisorAdminNegativeTestJSON-1666921734 tempest-HypervisorAdminNegativeTestJSON-1666921734-project-admin] Lock "94b78549-fedf-46fc-a3ac-c5baf51016c6" acquired by "nova.context.set_target_cell..get_or_set_cached_cell_and_set_connections" :: waited 0.000s {{(pid=110250) inner /usr/local/lib/python3.8/dist-packages/oslo_concurrency/lockutils.py:355}}
Aug 11 13:20:58.230469 n-d-804232-1 devstack@n-api.service[110250]: DEBUG oslo_concurrency.lockutils [None req-92ae4a4c-b003-47ee-931e-99c1474f1176 tempest-HypervisorAdminNegativeTestJSON-1666921734 tempest-HypervisorAdminNegativeTestJSON-1666921734-project-admin] Lock "94b78549-fedf-46fc-a3ac-c5baf51016c6" released by "nova.context.set_target_cell..get_or_set_cached_cell_and_set_connections" :: held 0.006s {{(pid=110250) inner /usr/local/lib/python3.8/dist-packages/oslo_concurrency/lockutils.py:367}}
Aug 11 13:20:58.283337 n-d-804232-1 devstack@n-api.service[110251]: DEBUG nova.api.openstack.wsgi [req-2b28d386-6b85-4d92-9aa2-246e76f689a1 req-2002ee26-367e-42de-bb9c-257a544d9a22 service nova] Action: 'create', calling method: >, body: {"events": [{"name": "network-changed", "server_uuid": "fac5cec6-9b23-40a1-a4be-17931c0a52ce", "tag": "6f6bec9a-58b0-4ea2-8db7-a54f93bbed43"}]} {{(pid=110251) _process_stack /opt/stack/nova/nova/api/openstack/wsgi.py:511}}
Aug 11 13:20:58.284988 n-d-804232-1 devstack@n-api.service[110251]: /usr/local/lib/python3.8/dist-packages/oslo_policy/policy.py:1064: UserWarning: Policy os_compute_api:os-server-external-events:create failed scope check. The token used to make the request was project scoped but the policy requires ['system'] scope. This behavior may change in the future where using the intended scope is required
Aug 11 13:20:58.284988 n-d-804232-1 devstack@n-api.service[110251]: warnings.warn(msg)
Aug 11 13:20:58.303919 n-d-804232-1 devstack@n-api.service[110250]: DEBUG oslo_concurrency.lockutils [None req-92ae4a4c-b003-47ee-931e-99c1474f1176 tempest-HypervisorAdminNegativeTestJSON-1666921734 tempest-HypervisorAdminNegativeTestJSON-1666921734-project-admin] Lock "94b78549-fedf-46fc-a3ac-c5baf51016c6" acquired by "nova.context.set_target_cell..get_or_set_cached_cell_and_set_connections" :: waited 0.000s {{(pid=110250) inner /usr/local/lib/python3.8/dist-packages/oslo_concurrency/lockutils.py:355}}
Aug 11 13:20:58.309832 n-d-804232-1 devstack@n-api.service[110250]: DEBUG oslo_concurrency.lockutils [None req-92ae4a4c-b003-47ee-931e-99c1474f1176 tempest-HypervisorAdminNegativeTestJSON-1666921734 tempest-HypervisorAdminNegativeTestJSON-1666921734-project-admin] Lock "94b78549-fedf-46fc-a3ac-c5baf51016c6" released by "nova.context.set_target_cell..get_or_set_cached_cell_and_set_connections" :: held 0.001s {{(pid=110250) inner /usr/local/lib/python3.8/dist-packages/oslo_concurrency/lockutils.py:367}}
Aug 11 13:20:58.313613 n-d-804232-1 devstack@n-api.service[110251]: DEBUG oslo_concurrency.lockutils [req-2b28d386-6b85-4d92-9aa2-246e76f689a1 req-2002ee26-367e-42de-bb9c-257a544d9a22 service nova] Lock "94b78549-fedf-46fc-a3ac-c5baf51016c6" acquired by "nova.context.set_target_cell..get_or_set_cached_cell_and_set_connections" :: waited 0.000s {{(pid=110251) inner /usr/local/lib/python3.8/dist-packages/oslo_concurrency/lockutils.py:355}}
Aug 11 13:20:58.314970 n-d-804232-1 devstack@n-api.service[110251]: DEBUG oslo_concurrency.lockutils [req-2b28d386-6b85-4d92-9aa2-246e76f689a1 req-2002ee26-367e-42de-bb9c-257a544d9a22 service nova] Lock "94b78549-fedf-46fc-a3ac-c5baf51016c6" released by "nova.context.set_target_cell..get_or_set_cached_cell_and_set_connections" :: held 0.001s {{(pid=110251) inner /usr/local/lib/python3.8/dist-packages/oslo_concurrency/lockutils.py:367}}
Aug 11 13:20:58.333783 n-d-804232-1 devstack@n-api.service[110250]: INFO nova.api.openstack.requestlog [None req-92ae4a4c-b003-47ee-931e-99c1474f1176 tempest-HypervisorAdminNegativeTestJSON-1666921734 tempest-HypervisorAdminNegativeTestJSON-1666921734-project-admin] 10.222.0.45 "GET /compute/v2.1/os-hypervisors" status: 200 len: 191 microversion: 2.1 time: 0.688916
Aug 11 13:20:58.339607 n-d-804232-1 devstack@n-api.service[110250]: [pid: 110250|app: 0|req: 34/64] 10.222.0.45 () {58 vars in 1146 bytes} [Wed Aug 11 13:20:57 2021] GET /compute/v2.1/os-hypervisors => generated 191 bytes in 698 msecs (HTTP/1.1 200) 9 headers in 357 bytes (1 switches on core 0)
Aug 11 13:20:58.357756 n-d-804232-1 devstack@n-api.service[110251]: INFO nova.api.openstack.compute.server_external_events [req-2b28d386-6b85-4d92-9aa2-246e76f689a1 req-2002ee26-367e-42de-bb9c-257a544d9a22 service nova] Creating event network-changed:6f6bec9a-58b0-4ea2-8db7-a54f93bbed43 for instance fac5cec6-9b23-40a1-a4be-17931c0a52ce on n-h1-804232-1
Aug 11 13:20:58.358884 n-d-804232-1 devstack@n-api.service[110251]: DEBUG oslo_concurrency.lockutils [req-2b28d386-6b85-4d92-9aa2-246e76f689a1 req-2002ee26-367e-42de-bb9c-257a544d9a22 service nova] Acquired lock "compute-rpcapi-router" {{(pid=110251) lock /usr/local/lib/python3.8/dist-packages/oslo_concurrency/lockutils.py:266}}
Aug 11 13:20:58.360170 n-d-804232-1 devstack@n-api.service[110251]: DEBUG oslo_concurrency.lockutils [None req-826e833c-d8e0-4516-b00c-3ae4c03f6856 None None] Lock "00000000-0000-0000-0000-000000000000" acquired by "nova.context.set_target_cell..get_or_set_cached_cell_and_set_connections" :: waited 0.000s {{(pid=110251) inner /usr/local/lib/python3.8/dist-packages/oslo_concurrency/lockutils.py:355}}
Aug 11 13:20:58.361448 n-d-804232-1 devstack@n-api.service[110251]: DEBUG oslo_concurrency.lockutils [None req-826e833c-d8e0-4516-b00c-3ae4c03f6856 None None] Lock "00000000-0000-0000-0000-000000000000" released by "nova.context.set_target_cell..get_or_set_cached_cell_and_set_connections" :: held 0.001s {{(pid=110251) inner /usr/local/lib/python3.8/dist-packages/oslo_concurrency/lockutils.py:367}}
Aug 11 13:20:58.361909 n-d-804232-1 devstack@n-api.service[110250]: DEBUG nova.api.openstack.wsgi [None req-15deae6b-ca6e-475e-92a6-59ff4dc42714 tempest-HypervisorAdminNegativeTestJSON-109121412 tempest-HypervisorAdminNegativeTestJSON-109121412-project] Calling method '.version_select at 0x7f8a442d5f70>' {{(pid=110250) _process_stack /opt/stack/nova/nova/api/openstack/wsgi.py:513}}
Aug 11 13:20:58.362826 n-d-804232-1 devstack@n-api.service[110250]: /usr/local/lib/python3.8/dist-packages/oslo_policy/policy.py:1064: UserWarning: Policy os_compute_api:os-hypervisors:uptime failed scope check. The token used to make the request was project scoped but the policy requires ['system'] scope. This behavior may change in the future where using the intended scope is required
Aug 11 13:20:58.362826 n-d-804232-1 devstack@n-api.service[110250]: warnings.warn(msg)
Aug 11 13:20:58.363039 n-d-804232-1 devstack@n-api.service[110251]: DEBUG oslo_concurrency.lockutils [None req-826e833c-d8e0-4516-b00c-3ae4c03f6856 None None] Lock "94b78549-fedf-46fc-a3ac-c5baf51016c6" acquired by "nova.context.set_target_cell..get_or_set_cached_cell_and_set_connections" :: waited 0.000s {{(pid=110251) inner /usr/local/lib/python3.8/dist-packages/oslo_concurrency/lockutils.py:355}}
Aug 11 13:20:58.364180 n-d-804232-1 devstack@n-api.service[110251]: DEBUG oslo_concurrency.lockutils [None req-826e833c-d8e0-4516-b00c-3ae4c03f6856 None None] Lock "94b78549-fedf-46fc-a3ac-c5baf51016c6" released by "nova.context.set_target_cell..get_or_set_cached_cell_and_set_connections" :: held 0.001s {{(pid=110251) inner /usr/local/lib/python3.8/dist-packages/oslo_concurrency/lockutils.py:367}}
Aug 11 13:20:58.364296 n-d-804232-1 devstack@n-api.service[110250]: DEBUG nova.policy [None req-15deae6b-ca6e-475e-92a6-59ff4dc42714 tempest-HypervisorAdminNegativeTestJSON-109121412 tempest-HypervisorAdminNegativeTestJSON-109121412-project] Policy check for os_compute_api:os-hypervisors:uptime failed with credentials {'is_admin': False, 'user_id': 'a13cb5f3f571492ca2a857f40b077f3d', 'user_domain_id': 'default', 'system_scope': None, 'domain_id': None, 'project_id': 'fc9259b6a38548078f0d31b08aff3a13', 'project_domain_id': 'default', 'roles': ['member', 'reader'], 'is_admin_project': True, 'service_user_id': None, 'service_user_domain_id': None, 'service_project_id': None, 'service_project_domain_id': None, 'service_roles': []} {{(pid=110250) authorize /opt/stack/nova/nova/policy.py:199}}
Aug 11 13:20:58.364973 n-d-804232-1 devstack@n-api.service[110250]: DEBUG nova.api.openstack.wsgi [None req-15deae6b-ca6e-475e-92a6-59ff4dc42714 tempest-HypervisorAdminNegativeTestJSON-109121412 tempest-HypervisorAdminNegativeTestJSON-109121412-project] Returning 403 to user: Policy doesn't allow os_compute_api:os-hypervisors:uptime to be performed. {{(pid=110250) __call__ /opt/stack/nova/nova/api/openstack/wsgi.py:927}}
Aug 11 13:20:58.366046 n-d-804232-1 devstack@n-api.service[110250]: INFO nova.api.openstack.requestlog [None req-15deae6b-ca6e-475e-92a6-59ff4dc42714 tempest-HypervisorAdminNegativeTestJSON-109121412 tempest-HypervisorAdminNegativeTestJSON-109121412-project] 10.222.0.45 "GET /compute/v2.1/os-hypervisors/1/uptime" status: 403 len: 117 microversion: 2.1 time: 0.019333
Aug 11 13:20:58.366567 n-d-804232-1 devstack@n-api.service[110250]: [pid: 110250|app: 0|req: 35/65] 10.222.0.45 () {58 vars in 1173 bytes} [Wed Aug 11 13:20:58 2021] GET /compute/v2.1/os-hypervisors/1/uptime => generated 117 bytes in 21 msecs (HTTP/1.1 403) 9 headers in 379 bytes (1 switches on core 0)
Aug 11 13:20:58.383746 n-d-804232-1 devstack@n-api.service[110251]: INFO nova.compute.rpcapi [None req-826e833c-d8e0-4516-b00c-3ae4c03f6856 None None] Automatically selected compute RPC version 6.0 from minimum service version 56
Aug 11 13:20:58.385202 n-d-804232-1 devstack@n-api.service[110251]: DEBUG oslo_concurrency.lockutils [None req-826e833c-d8e0-4516-b00c-3ae4c03f6856 None None] Releasing lock "compute-rpcapi-router" {{(pid=110251) lock /usr/local/lib/python3.8/dist-packages/oslo_concurrency/lockutils.py:282}}
Aug 11 13:20:58.391589 n-d-804232-1 devstack@n-api.service[110250]: DEBUG nova.api.openstack.wsgi [None req-9c219f8e-5c1d-400e-b127-556d828ecdfd tempest-HypervisorAdminNegativeTestJSON-1666921734 tempest-HypervisorAdminNegativeTestJSON-1666921734-project-admin] Calling method '.version_select at 0x7f8a442dfe50>' {{(pid=110250) _process_stack /opt/stack/nova/nova/api/openstack/wsgi.py:513}}
Aug 11 13:20:58.397207 n-d-804232-1 devstack@n-api.service[110250]: INFO nova.api.openstack.wsgi [None req-9c219f8e-5c1d-400e-b127-556d828ecdfd tempest-HypervisorAdminNegativeTestJSON-1666921734 tempest-HypervisorAdminNegativeTestJSON-1666921734-project-admin] HTTP exception thrown: Hypervisor with ID 'd6f9d8aa-0c07-4980-a7c0-5adc751d8c8e' could not be found.
Aug 11 13:20:58.408727 n-d-804232-1 devstack@n-api.service[110250]: DEBUG nova.api.openstack.wsgi [None req-9c219f8e-5c1d-400e-b127-556d828ecdfd tempest-HypervisorAdminNegativeTestJSON-1666921734 tempest-HypervisorAdminNegativeTestJSON-1666921734-project-admin] Returning 404 to user: Hypervisor with ID 'd6f9d8aa-0c07-4980-a7c0-5adc751d8c8e' could not be found. {{(pid=110250) __call__ /opt/stack/nova/nova/api/openstack/wsgi.py:927}}
Aug 11 13:20:58.410315 n-d-804232-1 devstack@n-api.service[110250]: INFO nova.api.openstack.requestlog [None req-9c219f8e-5c1d-400e-b127-556d828ecdfd tempest-HypervisorAdminNegativeTestJSON-1666921734 tempest-HypervisorAdminNegativeTestJSON-1666921734-project-admin] 10.222.0.45 "GET /compute/v2.1/os-hypervisors/d6f9d8aa-0c07-4980-a7c0-5adc751d8c8e/uptime" status: 404 len: 123 microversion: 2.1 time: 0.029209
Aug 11 13:20:58.416002 n-d-804232-1 devstack@n-api.service[110250]: [pid: 110250|app: 0|req: 36/66] 10.222.0.45 () {58 vars in 1278 bytes} [Wed Aug 11 13:20:58 2021] GET /compute/v2.1/os-hypervisors/d6f9d8aa-0c07-4980-a7c0-5adc751d8c8e/uptime => generated 123 bytes in 35 msecs (HTTP/1.1 404) 9 headers in 379 bytes (1 switches on core 0)
Aug 11 13:20:58.424739 n-d-804232-1 devstack@n-api.service[110251]: INFO nova.api.openstack.requestlog [None req-826e833c-d8e0-4516-b00c-3ae4c03f6856 None None] 10.222.0.45 "POST /compute/v2.1/os-server-external-events" status: 200 len: 179 microversion: 2.1 time: 0.651572
Aug 11 13:20:58.425941 n-d-804232-1 devstack@n-api.service[110251]: [pid: 110251|app: 0|req: 31/67] 10.222.0.45 () {64 vars in 1318 bytes} [Wed Aug 11 13:20:57 2021] POST /compute/v2.1/os-server-external-events => generated 179 bytes in 654 msecs (HTTP/1.1 200) 9 headers in 357 bytes (2 switches on core 0)
Aug 11 13:20:58.427413 n-d-804232-1 devstack@n-api.service[110250]: DEBUG nova.api.openstack.wsgi [None req-f433234b-782a-4a5f-861f-5c0145db3172 tempest-HypervisorAdminNegativeTestJSON-1666921734 tempest-HypervisorAdminNegativeTestJSON-1666921734-project-admin] Calling method '.version_select at 0x7f8a4430c700>' {{(pid=110250) _process_stack /opt/stack/nova/nova/api/openstack/wsgi.py:513}}
Aug 11 13:20:58.429965 n-d-804232-1 devstack@n-api.service[110250]: /usr/local/lib/python3.8/dist-packages/oslo_policy/policy.py:1064: UserWarning: Policy os_compute_api:os-hypervisors:list failed scope check. The token used to make the request was project scoped but the policy requires ['system'] scope. This behavior may change in the future where using the intended scope is required
Aug 11 13:20:58.429965 n-d-804232-1 devstack@n-api.service[110250]: warnings.warn(msg)
Aug 11 13:20:58.433630 n-d-804232-1 devstack@n-api.service[110250]: DEBUG oslo_concurrency.lockutils [None req-f433234b-782a-4a5f-861f-5c0145db3172 tempest-HypervisorAdminNegativeTestJSON-1666921734 tempest-HypervisorAdminNegativeTestJSON-1666921734-project-admin] Lock "94b78549-fedf-46fc-a3ac-c5baf51016c6" acquired by "nova.context.set_target_cell..get_or_set_cached_cell_and_set_connections" :: waited 0.000s {{(pid=110250) inner /usr/local/lib/python3.8/dist-packages/oslo_concurrency/lockutils.py:355}}
Aug 11 13:20:58.438555 n-d-804232-1 devstack@n-api.service[110250]: DEBUG oslo_concurrency.lockutils [None req-f433234b-782a-4a5f-861f-5c0145db3172 tempest-HypervisorAdminNegativeTestJSON-1666921734 tempest-HypervisorAdminNegativeTestJSON-1666921734-project-admin] Lock "94b78549-fedf-46fc-a3ac-c5baf51016c6" released by "nova.context.set_target_cell..get_or_set_cached_cell_and_set_connections" :: held 0.005s {{(pid=110250) inner /usr/local/lib/python3.8/dist-packages/oslo_concurrency/lockutils.py:367}}
Aug 11 13:20:58.474580 n-d-804232-1 devstack@n-api.service[110250]: DEBUG oslo_concurrency.lockutils [None req-f433234b-782a-4a5f-861f-5c0145db3172 tempest-HypervisorAdminNegativeTestJSON-1666921734 tempest-HypervisorAdminNegativeTestJSON-1666921734-project-admin] Lock "94b78549-fedf-46fc-a3ac-c5baf51016c6" acquired by "nova.context.set_target_cell..get_or_set_cached_cell_and_set_connections" :: waited 0.000s {{(pid=110250) inner /usr/local/lib/python3.8/dist-packages/oslo_concurrency/lockutils.py:355}}
Aug 11 13:20:58.480677 n-d-804232-1 devstack@n-api.service[110250]: DEBUG oslo_concurrency.lockutils [None req-f433234b-782a-4a5f-861f-5c0145db3172 tempest-HypervisorAdminNegativeTestJSON-1666921734 tempest-HypervisorAdminNegativeTestJSON-1666921734-project-admin] Lock "94b78549-fedf-46fc-a3ac-c5baf51016c6" released by "nova.context.set_target_cell..get_or_set_cached_cell_and_set_connections" :: held 0.006s {{(pid=110250) inner /usr/local/lib/python3.8/dist-packages/oslo_concurrency/lockutils.py:367}}
Aug 11 13:20:58.541026 n-d-804232-1 devstack@n-api.service[110250]: DEBUG oslo_concurrency.lockutils [None req-f433234b-782a-4a5f-861f-5c0145db3172 tempest-HypervisorAdminNegativeTestJSON-1666921734 tempest-HypervisorAdminNegativeTestJSON-1666921734-project-admin] Lock "94b78549-fedf-46fc-a3ac-c5baf51016c6" acquired by "nova.context.set_target_cell..get_or_set_cached_cell_and_set_connections" :: waited 0.001s {{(pid=110250) inner /usr/local/lib/python3.8/dist-packages/oslo_concurrency/lockutils.py:355}}
Aug 11 13:20:58.542424 n-d-804232-1 devstack@n-api.service[110250]: DEBUG oslo_concurrency.lockutils [None req-f433234b-782a-4a5f-861f-5c0145db3172 tempest-HypervisorAdminNegativeTestJSON-1666921734 tempest-HypervisorAdminNegativeTestJSON-1666921734-project-admin] Lock "94b78549-fedf-46fc-a3ac-c5baf51016c6" released by "nova.context.set_target_cell..get_or_set_cached_cell_and_set_connections" :: held 0.003s {{(pid=110250) inner /usr/local/lib/python3.8/dist-packages/oslo_concurrency/lockutils.py:367}}
Aug 11 13:20:58.566690 n-d-804232-1 devstack@n-api.service[110250]: INFO nova.api.openstack.requestlog [None req-f433234b-782a-4a5f-861f-5c0145db3172 tempest-HypervisorAdminNegativeTestJSON-1666921734 tempest-HypervisorAdminNegativeTestJSON-1666921734-project-admin] 10.222.0.45 "GET /compute/v2.1/os-hypervisors" status: 200 len: 191 microversion: 2.1 time: 0.142145
Aug 11 13:20:58.586265 n-d-804232-1 devstack@n-api.service[110251]: DEBUG nova.api.openstack.wsgi [None req-fa8b798f-b199-4a7f-bae8-74f907c705b2 tempest-HypervisorAdminNegativeTestJSON-109121412 tempest-HypervisorAdminNegativeTestJSON-109121412-project] Calling method '.version_select at 0x7f8a44274430>' {{(pid=110251) _process_stack /opt/stack/nova/nova/api/openstack/wsgi.py:513}}
Aug 11 13:20:58.587502 n-d-804232-1 devstack@n-api.service[110251]: /usr/local/lib/python3.8/dist-packages/oslo_policy/policy.py:1064: UserWarning: Policy os_compute_api:os-hypervisors:show failed scope check. The token used to make the request was project scoped but the policy requires ['system'] scope. This behavior may change in the future where using the intended scope is required
Aug 11 13:20:58.587502 n-d-804232-1 devstack@n-api.service[110251]: warnings.warn(msg)
Aug 11 13:20:58.590155 n-d-804232-1 devstack@n-api.service[110251]: DEBUG nova.policy [None req-fa8b798f-b199-4a7f-bae8-74f907c705b2 tempest-HypervisorAdminNegativeTestJSON-109121412 tempest-HypervisorAdminNegativeTestJSON-109121412-project] Policy check for os_compute_api:os-hypervisors:show failed with credentials {'is_admin': False, 'user_id': 'a13cb5f3f571492ca2a857f40b077f3d', 'user_domain_id': 'default', 'system_scope': None, 'domain_id': None, 'project_id': 'fc9259b6a38548078f0d31b08aff3a13', 'project_domain_id': 'default', 'roles': ['member', 'reader'], 'is_admin_project': True, 'service_user_id': None, 'service_user_domain_id': None, 'service_project_id': None, 'service_project_domain_id': None, 'service_roles': []} {{(pid=110251) authorize /opt/stack/nova/nova/policy.py:199}}
Aug 11 13:20:58.591736 n-d-804232-1 devstack@n-api.service[110250]: [pid: 110250|app: 0|req: 37/68] 10.222.0.45 () {58 vars in 1146 bytes} [Wed Aug 11 13:20:58 2021] GET /compute/v2.1/os-hypervisors => generated 191 bytes in 170 msecs (HTTP/1.1 200) 9 headers in 357 bytes (2 switches on core 0)
Aug 11 13:20:58.592875 n-d-804232-1 devstack@n-api.service[110251]: DEBUG nova.api.openstack.wsgi [None req-fa8b798f-b199-4a7f-bae8-74f907c705b2 tempest-HypervisorAdminNegativeTestJSON-109121412 tempest-HypervisorAdminNegativeTestJSON-109121412-project] Returning 403 to user: Policy doesn't allow os_compute_api:os-hypervisors:show to be performed. {{(pid=110251) __call__ /opt/stack/nova/nova/api/openstack/wsgi.py:927}}
Aug 11 13:20:58.598133 n-d-804232-1 devstack@n-api.service[110251]: INFO nova.api.openstack.requestlog [None req-fa8b798f-b199-4a7f-bae8-74f907c705b2 tempest-HypervisorAdminNegativeTestJSON-109121412 tempest-HypervisorAdminNegativeTestJSON-109121412-project] 10.222.0.45 "GET /compute/v2.1/os-hypervisors/1" status: 403 len: 115 microversion: 2.1 time: 0.013970
Aug 11 13:20:58.625084 n-d-804232-1 devstack@n-api.service[110251]: [pid: 110251|app: 0|req: 32/69] 10.222.0.45 () {58 vars in 1152 bytes} [Wed Aug 11 13:20:58 2021] GET /compute/v2.1/os-hypervisors/1 => generated 115 bytes in 46 msecs (HTTP/1.1 403) 9 headers in 379 bytes (1 switches on core 0)
Aug 11 13:20:58.628691 n-d-804232-1 devstack@n-api.service[110250]: DEBUG nova.api.openstack.wsgi [None req-46f4bd09-0fb4-4e6d-b753-a4728df368d6 tempest-DeleteServersAdminTestJSON-140178726 tempest-DeleteServersAdminTestJSON-140178726-project] Calling method '>' {{(pid=110250) _process_stack /opt/stack/nova/nova/api/openstack/wsgi.py:513}}
Aug 11 13:20:58.632665 n-d-804232-1 devstack@n-api.service[110250]: DEBUG nova.compute.api [None req-46f4bd09-0fb4-4e6d-b753-a4728df368d6 tempest-DeleteServersAdminTestJSON-140178726 tempest-DeleteServersAdminTestJSON-140178726-project] [instance: fac5cec6-9b23-40a1-a4be-17931c0a52ce] Fetching instance by UUID {{(pid=110250) get /opt/stack/nova/nova/compute/api.py:2791}}
Aug 11 13:20:58.640370 n-d-804232-1 devstack@n-api.service[110251]: DEBUG nova.api.openstack.wsgi [None req-6fa4a898-2424-457f-ba28-b4ca7a2bee51 tempest-AggregatesAdminTestJSON-1973393572 tempest-AggregatesAdminTestJSON-1973393572-project] Calling method '>' {{(pid=110251) _process_stack /opt/stack/nova/nova/api/openstack/wsgi.py:513}}
Aug 11 13:20:58.641772 n-d-804232-1 devstack@n-api.service[110251]: DEBUG nova.compute.api [None req-6fa4a898-2424-457f-ba28-b4ca7a2bee51 tempest-AggregatesAdminTestJSON-1973393572 tempest-AggregatesAdminTestJSON-1973393572-project] [instance: 0e05a85c-c703-4fec-b08f-f613777f803c] Fetching instance by UUID {{(pid=110251) get /opt/stack/nova/nova/compute/api.py:2791}}
Aug 11 13:20:58.663630 n-d-804232-1 devstack@n-api.service[110250]: DEBUG oslo_concurrency.lockutils [None req-46f4bd09-0fb4-4e6d-b753-a4728df368d6 tempest-DeleteServersAdminTestJSON-140178726 tempest-DeleteServersAdminTestJSON-140178726-project] Lock "94b78549-fedf-46fc-a3ac-c5baf51016c6" acquired by "nova.context.set_target_cell..get_or_set_cached_cell_and_set_connections" :: waited 0.000s {{(pid=110250) inner /usr/local/lib/python3.8/dist-packages/oslo_concurrency/lockutils.py:355}}
Aug 11 13:20:58.666890 n-d-804232-1 devstack@n-api.service[110250]: DEBUG oslo_concurrency.lockutils [None req-46f4bd09-0fb4-4e6d-b753-a4728df368d6 tempest-DeleteServersAdminTestJSON-140178726 tempest-DeleteServersAdminTestJSON-140178726-project] Lock "94b78549-fedf-46fc-a3ac-c5baf51016c6" released by "nova.context.set_target_cell..get_or_set_cached_cell_and_set_connections" :: held 0.002s {{(pid=110250) inner /usr/local/lib/python3.8/dist-packages/oslo_concurrency/lockutils.py:367}}
Aug 11 13:20:58.668842 n-d-804232-1 devstack@n-api.service[110251]: DEBUG oslo_concurrency.lockutils [None req-6fa4a898-2424-457f-ba28-b4ca7a2bee51 tempest-AggregatesAdminTestJSON-1973393572 tempest-AggregatesAdminTestJSON-1973393572-project] Lock "94b78549-fedf-46fc-a3ac-c5baf51016c6" acquired by "nova.context.set_target_cell..get_or_set_cached_cell_and_set_connections" :: waited 0.000s {{(pid=110251) inner /usr/local/lib/python3.8/dist-packages/oslo_concurrency/lockutils.py:355}}
Aug 11 13:20:58.672609 n-d-804232-1 devstack@n-api.service[110250]: DEBUG oslo_concurrency.lockutils [None req-46f4bd09-0fb4-4e6d-b753-a4728df368d6 tempest-DeleteServersAdminTestJSON-140178726 tempest-DeleteServersAdminTestJSON-140178726-project] Lock "94b78549-fedf-46fc-a3ac-c5baf51016c6" acquired by "nova.context.set_target_cell..get_or_set_cached_cell_and_set_connections" :: waited 0.000s {{(pid=110250) inner /usr/local/lib/python3.8/dist-packages/oslo_concurrency/lockutils.py:355}}
Aug 11 13:20:58.674557 n-d-804232-1 devstack@n-api.service[110251]: DEBUG oslo_concurrency.lockutils [None req-6fa4a898-2424-457f-ba28-b4ca7a2bee51 tempest-AggregatesAdminTestJSON-1973393572 tempest-AggregatesAdminTestJSON-1973393572-project] Lock "94b78549-fedf-46fc-a3ac-c5baf51016c6" released by "nova.context.set_target_cell..get_or_set_cached_cell_and_set_connections" :: held 0.006s {{(pid=110251) inner /usr/local/lib/python3.8/dist-packages/oslo_concurrency/lockutils.py:367}}
Aug 11 13:20:58.677088 n-d-804232-1 devstack@n-api.service[110251]: DEBUG oslo_concurrency.lockutils [None req-6fa4a898-2424-457f-ba28-b4ca7a2bee51 tempest-AggregatesAdminTestJSON-1973393572 tempest-AggregatesAdminTestJSON-1973393572-project] Lock "94b78549-fedf-46fc-a3ac-c5baf51016c6" acquired by "nova.context.set_target_cell..get_or_set_cached_cell_and_set_connections" :: waited 0.000s {{(pid=110251) inner /usr/local/lib/python3.8/dist-packages/oslo_concurrency/lockutils.py:355}}
Aug 11 13:20:58.679154 n-d-804232-1 devstack@n-api.service[110250]: DEBUG oslo_concurrency.lockutils [None req-46f4bd09-0fb4-4e6d-b753-a4728df368d6 tempest-DeleteServersAdminTestJSON-140178726 tempest-DeleteServersAdminTestJSON-140178726-project] Lock "94b78549-fedf-46fc-a3ac-c5baf51016c6" released by "nova.context.set_target_cell..get_or_set_cached_cell_and_set_connections" :: held 0.003s {{(pid=110250) inner /usr/local/lib/python3.8/dist-packages/oslo_concurrency/lockutils.py:367}}
Aug 11 13:20:58.681557 n-d-804232-1 devstack@n-api.service[110251]: DEBUG oslo_concurrency.lockutils [None req-6fa4a898-2424-457f-ba28-b4ca7a2bee51 tempest-AggregatesAdminTestJSON-1973393572 tempest-AggregatesAdminTestJSON-1973393572-project] Lock "94b78549-fedf-46fc-a3ac-c5baf51016c6" released by "nova.context.set_target_cell..get_or_set_cached_cell_and_set_connections" :: held 0.004s {{(pid=110251) inner /usr/local/lib/python3.8/dist-packages/oslo_concurrency/lockutils.py:367}}
Aug 11 13:20:59.331202 n-d-804232-1 devstack@n-api.service[110251]: DEBUG nova.policy [None req-6fa4a898-2424-457f-ba28-b4ca7a2bee51 tempest-AggregatesAdminTestJSON-1973393572 tempest-AggregatesAdminTestJSON-1973393572-project] Policy check for os_compute_api:os-extended-server-attributes failed with credentials {'is_admin': False, 'user_id': '564b3f1d716e488ba623b78a50ec5c47', 'user_domain_id': 'default', 'system_scope': None, 'domain_id': None, 'project_id': '40f3b40143bd40a28e3b31b6cad1d2bb', 'project_domain_id': 'default', 'roles': ['member', 'reader'], 'is_admin_project': True, 'service_user_id': None, 'service_user_domain_id': None, 'service_project_id': None, 'service_project_domain_id': None, 'service_roles': []} {{(pid=110251) authorize /opt/stack/nova/nova/policy.py:199}}
Aug 11 13:20:59.342935 n-d-804232-1 devstack@n-api.service[110251]: INFO nova.api.openstack.requestlog [None req-6fa4a898-2424-457f-ba28-b4ca7a2bee51 tempest-AggregatesAdminTestJSON-1973393572 tempest-AggregatesAdminTestJSON-1973393572-project] 10.222.0.45 "GET /compute/v2.1/servers/0e05a85c-c703-4fec-b08f-f613777f803c" status: 200 len: 1296 microversion: 2.1 time: 0.716303
Aug 11 13:20:59.344289 n-d-804232-1 devstack@n-api.service[110251]: [pid: 110251|app: 0|req: 33/70] 10.222.0.45 () {58 vars in 1236 bytes} [Wed Aug 11 13:20:58 2021] GET /compute/v2.1/servers/0e05a85c-c703-4fec-b08f-f613777f803c => generated 1296 bytes in 718 msecs (HTTP/1.1 200) 9 headers in 358 bytes (1 switches on core 0)
Aug 11 13:20:59.356983 n-d-804232-1 devstack@n-api.service[110251]: DEBUG nova.api.openstack.wsgi [None req-796567fd-87ee-42cf-89d2-1076fab629be tempest-HypervisorAdminNegativeTestJSON-1666921734 tempest-HypervisorAdminNegativeTestJSON-1666921734-project-admin] Calling method '.version_select at 0x7f8a442864c0>' {{(pid=110251) _process_stack /opt/stack/nova/nova/api/openstack/wsgi.py:513}}
Aug 11 13:20:59.357822 n-d-804232-1 devstack@n-api.service[110251]: /usr/local/lib/python3.8/dist-packages/oslo_policy/policy.py:1064: UserWarning: Policy os_compute_api:os-hypervisors:show failed scope check. The token used to make the request was project scoped but the policy requires ['system'] scope. This behavior may change in the future where using the intended scope is required
Aug 11 13:20:59.357822 n-d-804232-1 devstack@n-api.service[110251]: warnings.warn(msg)
Aug 11 13:20:59.359312 n-d-804232-1 devstack@n-api.service[110251]: INFO nova.api.openstack.wsgi [None req-796567fd-87ee-42cf-89d2-1076fab629be tempest-HypervisorAdminNegativeTestJSON-1666921734 tempest-HypervisorAdminNegativeTestJSON-1666921734-project-admin] HTTP exception thrown: Hypervisor with ID 'fe0a5295-428e-456a-a686-df13fce380fe' could not be found.
Aug 11 13:20:59.359906 n-d-804232-1 devstack@n-api.service[110251]: DEBUG nova.api.openstack.wsgi [None req-796567fd-87ee-42cf-89d2-1076fab629be tempest-HypervisorAdminNegativeTestJSON-1666921734 tempest-HypervisorAdminNegativeTestJSON-1666921734-project-admin] Returning 404 to user: Hypervisor with ID 'fe0a5295-428e-456a-a686-df13fce380fe' could not be found. {{(pid=110251) __call__ /opt/stack/nova/nova/api/openstack/wsgi.py:927}}
Aug 11 13:20:59.366243 n-d-804232-1 devstack@n-api.service[110251]: INFO nova.api.openstack.requestlog [None req-796567fd-87ee-42cf-89d2-1076fab629be tempest-HypervisorAdminNegativeTestJSON-1666921734 tempest-HypervisorAdminNegativeTestJSON-1666921734-project-admin] 10.222.0.45 "GET /compute/v2.1/os-hypervisors/fe0a5295-428e-456a-a686-df13fce380fe" status: 404 len: 123 microversion: 2.1 time: 0.009491
Aug 11 13:20:59.367079 n-d-804232-1 devstack@n-api.service[110251]: [pid: 110251|app: 0|req: 34/71] 10.222.0.45 () {58 vars in 1257 bytes} [Wed Aug 11 13:20:59 2021] GET /compute/v2.1/os-hypervisors/fe0a5295-428e-456a-a686-df13fce380fe => generated 123 bytes in 22 msecs (HTTP/1.1 404) 9 headers in 379 bytes (1 switches on core 0)
Aug 11 13:20:59.599997 n-d-804232-1 devstack@n-api.service[110250]: DEBUG nova.policy [None req-46f4bd09-0fb4-4e6d-b753-a4728df368d6 tempest-DeleteServersAdminTestJSON-140178726 tempest-DeleteServersAdminTestJSON-140178726-project] Policy check for os_compute_api:os-extended-server-attributes failed with credentials {'is_admin': False, 'user_id': 'dfe13b872f2a4a28ba3e986d212c7873', 'user_domain_id': 'default', 'system_scope': None, 'domain_id': None, 'project_id': 'ab978c034d984c2c932ef7355bc0b742', 'project_domain_id': 'default', 'roles': ['member', 'reader'], 'is_admin_project': True, 'service_user_id': None, 'service_user_domain_id': None, 'service_project_id': None, 'service_project_domain_id': None, 'service_roles': []} {{(pid=110250) authorize /opt/stack/nova/nova/policy.py:199}}
Aug 11 13:20:59.613086 n-d-804232-1 devstack@n-api.service[110250]: INFO nova.api.openstack.requestlog [None req-46f4bd09-0fb4-4e6d-b753-a4728df368d6 tempest-DeleteServersAdminTestJSON-140178726 tempest-DeleteServersAdminTestJSON-140178726-project] 10.222.0.45 "GET /compute/v2.1/servers/fac5cec6-9b23-40a1-a4be-17931c0a52ce" status: 200 len: 1319 microversion: 2.1 time: 1.018187
Aug 11 13:20:59.634730 n-d-804232-1 devstack@n-api.service[110250]: [pid: 110250|app: 0|req: 38/72] 10.222.0.45 () {58 vars in 1236 bytes} [Wed Aug 11 13:20:58 2021] GET /compute/v2.1/servers/fac5cec6-9b23-40a1-a4be-17931c0a52ce => generated 1319 bytes in 1042 msecs (HTTP/1.1 200) 9 headers in 358 bytes (1 switches on core 0)
Aug 11 13:21:00.361809 n-d-804232-1 devstack@n-api.service[110251]: DEBUG nova.api.openstack.wsgi [None req-6d16538a-c03f-4635-adb8-2e136b422ffe tempest-AggregatesAdminTestJSON-1973393572 tempest-AggregatesAdminTestJSON-1973393572-project] Calling method '>' {{(pid=110251) _process_stack /opt/stack/nova/nova/api/openstack/wsgi.py:513}}
Aug 11 13:21:00.363713 n-d-804232-1 devstack@n-api.service[110251]: DEBUG nova.compute.api [None req-6d16538a-c03f-4635-adb8-2e136b422ffe tempest-AggregatesAdminTestJSON-1973393572 tempest-AggregatesAdminTestJSON-1973393572-project] [instance: 0e05a85c-c703-4fec-b08f-f613777f803c] Fetching instance by UUID {{(pid=110251) get /opt/stack/nova/nova/compute/api.py:2791}}
Aug 11 13:21:00.378643 n-d-804232-1 devstack@n-api.service[110251]: DEBUG oslo_concurrency.lockutils [None req-6d16538a-c03f-4635-adb8-2e136b422ffe tempest-AggregatesAdminTestJSON-1973393572 tempest-AggregatesAdminTestJSON-1973393572-project] Lock "94b78549-fedf-46fc-a3ac-c5baf51016c6" acquired by "nova.context.set_target_cell..get_or_set_cached_cell_and_set_connections" :: waited 0.000s {{(pid=110251) inner /usr/local/lib/python3.8/dist-packages/oslo_concurrency/lockutils.py:355}}
