Aug 11 13:21:09.686815 n-d-804232-1 devstack@n-api.service[110250]: DEBUG nova.quota [None req-6c364458-4059-49aa-979d-bbe87216312c tempest-ServersWithSpecificFlavorTestJSON-258811583 tempest-ServersWithSpecificFlavorTestJSON-258811583-project] Getting quotas for project 7f537fb22ecd448ba70e635021f51c80. Resources: {'key_pairs'} {{(pid=110250) _get_quotas /opt/stack/nova/nova/quota.py:384}}
Aug 11 13:21:09.704826 n-d-804232-1 devstack@n-api.service[110250]: DEBUG nova.quota [None req-6c364458-4059-49aa-979d-bbe87216312c tempest-ServersWithSpecificFlavorTestJSON-258811583 tempest-ServersWithSpecificFlavorTestJSON-258811583-project] Getting quotas for user e7ccfef3127e42daa15eba07697e3e16 and project 7f537fb22ecd448ba70e635021f51c80. Resources: {'key_pairs'} {{(pid=110250) _get_quotas /opt/stack/nova/nova/quota.py:374}}
Aug 11 13:21:10.114447 n-d-804232-1 devstack@n-api.service[110251]: INFO nova.api.openstack.requestlog [None req-9087c389-c80e-4411-8565-e27431c825d2 tempest-NetworksTest-213954375 tempest-NetworksTest-213954375-project-admin] 10.222.0.45 "GET /compute/v2.1/os-networks" status: 200 len: 3325 microversion: 2.1 time: 0.601610
Aug 11 13:21:10.114447 n-d-804232-1 devstack@n-api.service[110251]: [pid: 110251|app: 0|req: 46/104] 10.222.0.45 () {58 vars in 1137 bytes} [Wed Aug 11 13:21:09 2021] GET /compute/v2.1/os-networks => generated 3325 bytes in 603 msecs (HTTP/1.1 200) 9 headers in 358 bytes (2 switches on core 0)
Aug 11 13:21:11.294203 n-d-804232-1 devstack@n-api.service[110250]: DEBUG nova.quota [None req-6c364458-4059-49aa-979d-bbe87216312c tempest-ServersWithSpecificFlavorTestJSON-258811583 tempest-ServersWithSpecificFlavorTestJSON-258811583-project] Getting quotas for project 7f537fb22ecd448ba70e635021f51c80. Resources: {'key_pairs'} {{(pid=110250) _get_quotas /opt/stack/nova/nova/quota.py:384}}
Aug 11 13:21:11.299890 n-d-804232-1 devstack@n-api.service[110250]: DEBUG nova.quota [None req-6c364458-4059-49aa-979d-bbe87216312c tempest-ServersWithSpecificFlavorTestJSON-258811583 tempest-ServersWithSpecificFlavorTestJSON-258811583-project] Getting quotas for user e7ccfef3127e42daa15eba07697e3e16 and project 7f537fb22ecd448ba70e635021f51c80. Resources: {'key_pairs'} {{(pid=110250) _get_quotas /opt/stack/nova/nova/quota.py:374}}
Aug 11 13:21:11.323344 n-d-804232-1 devstack@n-api.service[110250]: INFO nova.api.openstack.requestlog [None req-6c364458-4059-49aa-979d-bbe87216312c tempest-ServersWithSpecificFlavorTestJSON-258811583 tempest-ServersWithSpecificFlavorTestJSON-258811583-project] 10.222.0.45 "POST /compute/v2.1/os-keypairs" status: 200 len: 2301 microversion: 2.1 time: 1.728312
Aug 11 13:21:11.325185 n-d-804232-1 devstack@n-api.service[110250]: [pid: 110250|app: 0|req: 59/105] 10.222.0.45 () {60 vars in 1158 bytes} [Wed Aug 11 13:21:09 2021] POST /compute/v2.1/os-keypairs => generated 2301 bytes in 1731 msecs (HTTP/1.1 200) 9 headers in 358 bytes (2 switches on core 0)
Aug 11 13:21:11.331154 n-d-804232-1 devstack@n-api.service[110250]: DEBUG nova.api.openstack.wsgi [None req-aeb83348-aed7-43f3-831f-e39f93048bfc tempest-DeleteServersAdminTestJSON-140178726 tempest-DeleteServersAdminTestJSON-140178726-project] Calling method '>' {{(pid=110250) _process_stack /opt/stack/nova/nova/api/openstack/wsgi.py:513}}
Aug 11 13:21:11.332145 n-d-804232-1 devstack@n-api.service[110250]: DEBUG nova.compute.api [None req-aeb83348-aed7-43f3-831f-e39f93048bfc tempest-DeleteServersAdminTestJSON-140178726 tempest-DeleteServersAdminTestJSON-140178726-project] [instance: fac5cec6-9b23-40a1-a4be-17931c0a52ce] Fetching instance by UUID {{(pid=110250) get /opt/stack/nova/nova/compute/api.py:2791}}
Aug 11 13:21:11.346167 n-d-804232-1 devstack@n-api.service[110250]: DEBUG oslo_concurrency.lockutils [None req-aeb83348-aed7-43f3-831f-e39f93048bfc tempest-DeleteServersAdminTestJSON-140178726 tempest-DeleteServersAdminTestJSON-140178726-project] Lock "94b78549-fedf-46fc-a3ac-c5baf51016c6" acquired by "nova.context.set_target_cell..get_or_set_cached_cell_and_set_connections" :: waited 0.000s {{(pid=110250) inner /usr/local/lib/python3.8/dist-packages/oslo_concurrency/lockutils.py:355}}
Aug 11 13:21:11.350186 n-d-804232-1 devstack@n-api.service[110250]: DEBUG oslo_concurrency.lockutils [None req-aeb83348-aed7-43f3-831f-e39f93048bfc tempest-DeleteServersAdminTestJSON-140178726 tempest-DeleteServersAdminTestJSON-140178726-project] Lock "94b78549-fedf-46fc-a3ac-c5baf51016c6" released by "nova.context.set_target_cell..get_or_set_cached_cell_and_set_connections" :: held 0.003s {{(pid=110250) inner /usr/local/lib/python3.8/dist-packages/oslo_concurrency/lockutils.py:367}}
Aug 11 13:21:11.350186 n-d-804232-1 devstack@n-api.service[110250]: DEBUG oslo_concurrency.lockutils [None req-aeb83348-aed7-43f3-831f-e39f93048bfc tempest-DeleteServersAdminTestJSON-140178726 tempest-DeleteServersAdminTestJSON-140178726-project] Lock "94b78549-fedf-46fc-a3ac-c5baf51016c6" acquired by "nova.context.set_target_cell..get_or_set_cached_cell_and_set_connections" :: waited 0.000s {{(pid=110250) inner /usr/local/lib/python3.8/dist-packages/oslo_concurrency/lockutils.py:355}}
Aug 11 13:21:11.350186 n-d-804232-1 devstack@n-api.service[110250]: DEBUG oslo_concurrency.lockutils [None req-aeb83348-aed7-43f3-831f-e39f93048bfc tempest-DeleteServersAdminTestJSON-140178726 tempest-DeleteServersAdminTestJSON-140178726-project] Lock "94b78549-fedf-46fc-a3ac-c5baf51016c6" released by "nova.context.set_target_cell..get_or_set_cached_cell_and_set_connections" :: held 0.001s {{(pid=110250) inner /usr/local/lib/python3.8/dist-packages/oslo_concurrency/lockutils.py:367}}
Aug 11 13:21:11.447908 n-d-804232-1 devstack@n-api.service[110251]: DEBUG nova.api.openstack.wsgi [None req-1f56fac1-9aeb-49a9-8d27-3fc1a249326c tempest-FlavorsV2NegativeTest-433724708 tempest-FlavorsV2NegativeTest-433724708-project] Calling method '>' {{(pid=110251) _process_stack /opt/stack/nova/nova/api/openstack/wsgi.py:513}}
Aug 11 13:21:11.459143 n-d-804232-1 devstack@n-api.service[110251]: INFO nova.api.openstack.requestlog [None req-1f56fac1-9aeb-49a9-8d27-3fc1a249326c tempest-FlavorsV2NegativeTest-433724708 tempest-FlavorsV2NegativeTest-433724708-project] 10.222.0.45 "GET /compute/v2.1/flavors/452" status: 200 len: 370 microversion: 2.1 time: 1.364029
Aug 11 13:21:11.460008 n-d-804232-1 devstack@n-api.service[110251]: [pid: 110251|app: 0|req: 47/106] 10.222.0.45 () {58 vars in 1137 bytes} [Wed Aug 11 13:21:10 2021] GET /compute/v2.1/flavors/452 => generated 370 bytes in 1366 msecs (HTTP/1.1 200) 9 headers in 357 bytes (1 switches on core 0)
Aug 11 13:21:11.466351 n-d-804232-1 devstack@n-api.service[110251]: DEBUG nova.api.openstack.wsgi [None req-45d279ad-7434-4493-a080-e993eb544578 tempest-AggregatesAdminTestJSON-1973393572 tempest-AggregatesAdminTestJSON-1973393572-project] Calling method '>' {{(pid=110251) _process_stack /opt/stack/nova/nova/api/openstack/wsgi.py:513}}
Aug 11 13:21:11.467337 n-d-804232-1 devstack@n-api.service[110251]: DEBUG nova.compute.api [None req-45d279ad-7434-4493-a080-e993eb544578 tempest-AggregatesAdminTestJSON-1973393572 tempest-AggregatesAdminTestJSON-1973393572-project] [instance: 0e05a85c-c703-4fec-b08f-f613777f803c] Fetching instance by UUID {{(pid=110251) get /opt/stack/nova/nova/compute/api.py:2791}}
Aug 11 13:21:11.485739 n-d-804232-1 devstack@n-api.service[110251]: DEBUG oslo_concurrency.lockutils [None req-45d279ad-7434-4493-a080-e993eb544578 tempest-AggregatesAdminTestJSON-1973393572 tempest-AggregatesAdminTestJSON-1973393572-project] Lock "94b78549-fedf-46fc-a3ac-c5baf51016c6" acquired by "nova.context.set_target_cell..get_or_set_cached_cell_and_set_connections" :: waited 0.000s {{(pid=110251) inner /usr/local/lib/python3.8/dist-packages/oslo_concurrency/lockutils.py:355}}
Aug 11 13:21:11.485739 n-d-804232-1 devstack@n-api.service[110251]: DEBUG oslo_concurrency.lockutils [None req-45d279ad-7434-4493-a080-e993eb544578 tempest-AggregatesAdminTestJSON-1973393572 tempest-AggregatesAdminTestJSON-1973393572-project] Lock "94b78549-fedf-46fc-a3ac-c5baf51016c6" released by "nova.context.set_target_cell..get_or_set_cached_cell_and_set_connections" :: held 0.001s {{(pid=110251) inner /usr/local/lib/python3.8/dist-packages/oslo_concurrency/lockutils.py:367}}
Aug 11 13:21:11.485739 n-d-804232-1 devstack@n-api.service[110251]: DEBUG oslo_concurrency.lockutils [None req-45d279ad-7434-4493-a080-e993eb544578 tempest-AggregatesAdminTestJSON-1973393572 tempest-AggregatesAdminTestJSON-1973393572-project] Lock "94b78549-fedf-46fc-a3ac-c5baf51016c6" acquired by "nova.context.set_target_cell..get_or_set_cached_cell_and_set_connections" :: waited 0.000s {{(pid=110251) inner /usr/local/lib/python3.8/dist-packages/oslo_concurrency/lockutils.py:355}}
Aug 11 13:21:11.485739 n-d-804232-1 devstack@n-api.service[110251]: DEBUG oslo_concurrency.lockutils [None req-45d279ad-7434-4493-a080-e993eb544578 tempest-AggregatesAdminTestJSON-1973393572 tempest-AggregatesAdminTestJSON-1973393572-project] Lock "94b78549-fedf-46fc-a3ac-c5baf51016c6" released by "nova.context.set_target_cell..get_or_set_cached_cell_and_set_connections" :: held 0.000s {{(pid=110251) inner /usr/local/lib/python3.8/dist-packages/oslo_concurrency/lockutils.py:367}}
Aug 11 13:21:11.532997 n-d-804232-1 devstack@n-api.service[110250]: DEBUG nova.policy [None req-aeb83348-aed7-43f3-831f-e39f93048bfc tempest-DeleteServersAdminTestJSON-140178726 tempest-DeleteServersAdminTestJSON-140178726-project] Policy check for os_compute_api:os-extended-server-attributes failed with credentials {'is_admin': False, 'user_id': 'dfe13b872f2a4a28ba3e986d212c7873', 'user_domain_id': 'default', 'system_scope': None, 'domain_id': None, 'project_id': 'ab978c034d984c2c932ef7355bc0b742', 'project_domain_id': 'default', 'roles': ['member', 'reader'], 'is_admin_project': True, 'service_user_id': None, 'service_user_domain_id': None, 'service_project_id': None, 'service_project_domain_id': None, 'service_roles': []} {{(pid=110250) authorize /opt/stack/nova/nova/policy.py:199}}
Aug 11 13:21:11.542350 n-d-804232-1 devstack@n-api.service[110250]: INFO nova.api.openstack.requestlog [None req-aeb83348-aed7-43f3-831f-e39f93048bfc tempest-DeleteServersAdminTestJSON-140178726 tempest-DeleteServersAdminTestJSON-140178726-project] 10.222.0.45 "GET /compute/v2.1/servers/fac5cec6-9b23-40a1-a4be-17931c0a52ce" status: 200 len: 1319 microversion: 2.1 time: 0.215547
Aug 11 13:21:11.551971 n-d-804232-1 devstack@n-api.service[110250]: [pid: 110250|app: 0|req: 60/107] 10.222.0.45 () {58 vars in 1236 bytes} [Wed Aug 11 13:21:11 2021] GET /compute/v2.1/servers/fac5cec6-9b23-40a1-a4be-17931c0a52ce => generated 1319 bytes in 224 msecs (HTTP/1.1 200) 9 headers in 358 bytes (1 switches on core 0)
Aug 11 13:21:11.659842 n-d-804232-1 devstack@n-api.service[110251]: DEBUG nova.policy [None req-45d279ad-7434-4493-a080-e993eb544578 tempest-AggregatesAdminTestJSON-1973393572 tempest-AggregatesAdminTestJSON-1973393572-project] Policy check for os_compute_api:os-extended-server-attributes failed with credentials {'is_admin': False, 'user_id': '564b3f1d716e488ba623b78a50ec5c47', 'user_domain_id': 'default', 'system_scope': None, 'domain_id': None, 'project_id': '40f3b40143bd40a28e3b31b6cad1d2bb', 'project_domain_id': 'default', 'roles': ['member', 'reader'], 'is_admin_project': True, 'service_user_id': None, 'service_user_domain_id': None, 'service_project_id': None, 'service_project_domain_id': None, 'service_roles': []} {{(pid=110251) authorize /opt/stack/nova/nova/policy.py:199}}
Aug 11 13:21:11.670401 n-d-804232-1 devstack@n-api.service[110251]: INFO nova.api.openstack.requestlog [None req-45d279ad-7434-4493-a080-e993eb544578 tempest-AggregatesAdminTestJSON-1973393572 tempest-AggregatesAdminTestJSON-1973393572-project] 10.222.0.45 "GET /compute/v2.1/servers/0e05a85c-c703-4fec-b08f-f613777f803c" status: 200 len: 1338 microversion: 2.1 time: 0.209091
Aug 11 13:21:11.672370 n-d-804232-1 devstack@n-api.service[110251]: [pid: 110251|app: 0|req: 48/108] 10.222.0.45 () {58 vars in 1236 bytes} [Wed Aug 11 13:21:11 2021] GET /compute/v2.1/servers/0e05a85c-c703-4fec-b08f-f613777f803c => generated 1338 bytes in 211 msecs (HTTP/1.1 200) 9 headers in 358 bytes (1 switches on core 0)
Aug 11 13:21:12.405173 n-d-804232-1 devstack@n-api.service[110250]: DEBUG nova.api.openstack.wsgi [None req-13fd7a8c-b0a4-4120-a050-e589d1c210b8 tempest-FlavorsExtraSpecsTestJSON-233879234 tempest-FlavorsExtraSpecsTestJSON-233879234-project-admin] Action: 'create', calling method: >, body: {"flavor": {"name": "tempest-test_flavor-1090093314", "ram": 512, "vcpus": 1, "disk": 10, "id": 307214112, "swap": 1024, "rxtx_factor": 1, "OS-FLV-EXT-DATA:ephemeral": 10}} {{(pid=110250) _process_stack /opt/stack/nova/nova/api/openstack/wsgi.py:511}}
Aug 11 13:21:12.407575 n-d-804232-1 devstack@n-api.service[110250]: /usr/local/lib/python3.8/dist-packages/oslo_policy/policy.py:1064: UserWarning: Policy os_compute_api:os-flavor-manage:create failed scope check. The token used to make the request was project scoped but the policy requires ['system'] scope. This behavior may change in the future where using the intended scope is required
Aug 11 13:21:12.407575 n-d-804232-1 devstack@n-api.service[110250]: warnings.warn(msg)
Aug 11 13:21:12.506173 n-d-804232-1 devstack@n-api.service[110250]: INFO nova.api.openstack.requestlog [None req-13fd7a8c-b0a4-4120-a050-e589d1c210b8 tempest-FlavorsExtraSpecsTestJSON-233879234 tempest-FlavorsExtraSpecsTestJSON-233879234-project-admin] 10.222.0.45 "POST /compute/v2.1/flavors" status: 200 len: 413 microversion: 2.1 time: 0.227881
Aug 11 13:21:12.507173 n-d-804232-1 devstack@n-api.service[110250]: [pid: 110250|app: 0|req: 61/109] 10.222.0.45 () {60 vars in 1147 bytes} [Wed Aug 11 13:21:12 2021] POST /compute/v2.1/flavors => generated 413 bytes in 230 msecs (HTTP/1.1 200) 9 headers in 357 bytes (2 switches on core 0)
Aug 11 13:21:12.519678 n-d-804232-1 devstack@n-api.service[110251]: DEBUG nova.api.openstack.wsgi [None req-728842d0-0920-45f6-9f92-d03e23de28b9 tempest-FlavorsExtraSpecsTestJSON-233879234 tempest-FlavorsExtraSpecsTestJSON-233879234-project-admin] Action: 'create', calling method: >, body: {"extra_specs": {"hw:numa_nodes": "1", "hw:cpu_policy": "shared"}} {{(pid=110251) _process_stack /opt/stack/nova/nova/api/openstack/wsgi.py:511}}
Aug 11 13:21:12.521613 n-d-804232-1 devstack@n-api.service[110251]: /usr/local/lib/python3.8/dist-packages/oslo_policy/policy.py:1064: UserWarning: Policy os_compute_api:os-flavor-extra-specs:create failed scope check. The token used to make the request was project scoped but the policy requires ['system'] scope. This behavior may change in the future where using the intended scope is required
Aug 11 13:21:12.521613 n-d-804232-1 devstack@n-api.service[110251]: warnings.warn(msg)
Aug 11 13:21:12.559378 n-d-804232-1 devstack@n-api.service[110250]: DEBUG nova.api.openstack.wsgi [None req-6c7818a3-9f32-42a4-bdc7-8489ffe4c8ef tempest-DeleteServersAdminTestJSON-140178726 tempest-DeleteServersAdminTestJSON-140178726-project] Calling method '>' {{(pid=110250) _process_stack /opt/stack/nova/nova/api/openstack/wsgi.py:513}}
Aug 11 13:21:12.559984 n-d-804232-1 devstack@n-api.service[110250]: DEBUG nova.compute.api [None req-6c7818a3-9f32-42a4-bdc7-8489ffe4c8ef tempest-DeleteServersAdminTestJSON-140178726 tempest-DeleteServersAdminTestJSON-140178726-project] [instance: fac5cec6-9b23-40a1-a4be-17931c0a52ce] Fetching instance by UUID {{(pid=110250) get /opt/stack/nova/nova/compute/api.py:2791}}
Aug 11 13:21:12.566315 n-d-804232-1 devstack@n-api.service[110250]: DEBUG oslo_concurrency.lockutils [None req-6c7818a3-9f32-42a4-bdc7-8489ffe4c8ef tempest-DeleteServersAdminTestJSON-140178726 tempest-DeleteServersAdminTestJSON-140178726-project] Lock "94b78549-fedf-46fc-a3ac-c5baf51016c6" acquired by "nova.context.set_target_cell..get_or_set_cached_cell_and_set_connections" :: waited 0.000s {{(pid=110250) inner /usr/local/lib/python3.8/dist-packages/oslo_concurrency/lockutils.py:355}}
Aug 11 13:21:12.566824 n-d-804232-1 devstack@n-api.service[110250]: DEBUG oslo_concurrency.lockutils [None req-6c7818a3-9f32-42a4-bdc7-8489ffe4c8ef tempest-DeleteServersAdminTestJSON-140178726 tempest-DeleteServersAdminTestJSON-140178726-project] Lock "94b78549-fedf-46fc-a3ac-c5baf51016c6" released by "nova.context.set_target_cell..get_or_set_cached_cell_and_set_connections" :: held 0.001s {{(pid=110250) inner /usr/local/lib/python3.8/dist-packages/oslo_concurrency/lockutils.py:367}}
Aug 11 13:21:12.567594 n-d-804232-1 devstack@n-api.service[110250]: DEBUG oslo_concurrency.lockutils [None req-6c7818a3-9f32-42a4-bdc7-8489ffe4c8ef tempest-DeleteServersAdminTestJSON-140178726 tempest-DeleteServersAdminTestJSON-140178726-project] Lock "94b78549-fedf-46fc-a3ac-c5baf51016c6" acquired by "nova.context.set_target_cell..get_or_set_cached_cell_and_set_connections" :: waited 0.000s {{(pid=110250) inner /usr/local/lib/python3.8/dist-packages/oslo_concurrency/lockutils.py:355}}
Aug 11 13:21:12.568017 n-d-804232-1 devstack@n-api.service[110250]: DEBUG oslo_concurrency.lockutils [None req-6c7818a3-9f32-42a4-bdc7-8489ffe4c8ef tempest-DeleteServersAdminTestJSON-140178726 tempest-DeleteServersAdminTestJSON-140178726-project] Lock "94b78549-fedf-46fc-a3ac-c5baf51016c6" released by "nova.context.set_target_cell..get_or_set_cached_cell_and_set_connections" :: held 0.000s {{(pid=110250) inner /usr/local/lib/python3.8/dist-packages/oslo_concurrency/lockutils.py:367}}
Aug 11 13:21:12.639278 n-d-804232-1 devstack@n-api.service[110251]: INFO nova.api.openstack.requestlog [None req-728842d0-0920-45f6-9f92-d03e23de28b9 tempest-FlavorsExtraSpecsTestJSON-233879234 tempest-FlavorsExtraSpecsTestJSON-233879234-project-admin] 10.222.0.45 "POST /compute/v2.1/flavors/307214112/os-extra_specs" status: 200 len: 66 microversion: 2.1 time: 0.124357
Aug 11 13:21:12.639876 n-d-804232-1 devstack@n-api.service[110251]: [pid: 110251|app: 0|req: 49/110] 10.222.0.45 () {60 vars in 1221 bytes} [Wed Aug 11 13:21:12 2021] POST /compute/v2.1/flavors/307214112/os-extra_specs => generated 66 bytes in 126 msecs (HTTP/1.1 200) 9 headers in 356 bytes (1 switches on core 0)
Aug 11 13:21:12.740413 n-d-804232-1 devstack@n-api.service[110250]: DEBUG nova.policy [None req-6c7818a3-9f32-42a4-bdc7-8489ffe4c8ef tempest-DeleteServersAdminTestJSON-140178726 tempest-DeleteServersAdminTestJSON-140178726-project] Policy check for os_compute_api:os-extended-server-attributes failed with credentials {'is_admin': False, 'user_id': 'dfe13b872f2a4a28ba3e986d212c7873', 'user_domain_id': 'default', 'system_scope': None, 'domain_id': None, 'project_id': 'ab978c034d984c2c932ef7355bc0b742', 'project_domain_id': 'default', 'roles': ['member', 'reader'], 'is_admin_project': True, 'service_user_id': None, 'service_user_domain_id': None, 'service_project_id': None, 'service_project_domain_id': None, 'service_roles': []} {{(pid=110250) authorize /opt/stack/nova/nova/policy.py:199}}
Aug 11 13:21:12.752198 n-d-804232-1 devstack@n-api.service[110250]: INFO nova.api.openstack.requestlog [None req-6c7818a3-9f32-42a4-bdc7-8489ffe4c8ef tempest-DeleteServersAdminTestJSON-140178726 tempest-DeleteServersAdminTestJSON-140178726-project] 10.222.0.45 "GET /compute/v2.1/servers/fac5cec6-9b23-40a1-a4be-17931c0a52ce" status: 200 len: 1319 microversion: 2.1 time: 0.196301
Aug 11 13:21:12.762029 n-d-804232-1 devstack@n-api.service[110250]: [pid: 110250|app: 0|req: 62/111] 10.222.0.45 () {58 vars in 1236 bytes} [Wed Aug 11 13:21:12 2021] GET /compute/v2.1/servers/fac5cec6-9b23-40a1-a4be-17931c0a52ce => generated 1319 bytes in 207 msecs (HTTP/1.1 200) 9 headers in 358 bytes (2 switches on core 0)
Aug 11 13:21:12.767262 n-d-804232-1 devstack@n-api.service[110250]: DEBUG nova.api.openstack.wsgi [None req-787dd98b-b689-46b2-b566-e665a3f6a4d5 tempest-AggregatesAdminTestJSON-1973393572 tempest-AggregatesAdminTestJSON-1973393572-project] Calling method '>' {{(pid=110250) _process_stack /opt/stack/nova/nova/api/openstack/wsgi.py:513}}
Aug 11 13:21:12.767960 n-d-804232-1 devstack@n-api.service[110250]: DEBUG nova.compute.api [None req-787dd98b-b689-46b2-b566-e665a3f6a4d5 tempest-AggregatesAdminTestJSON-1973393572 tempest-AggregatesAdminTestJSON-1973393572-project] [instance: 0e05a85c-c703-4fec-b08f-f613777f803c] Fetching instance by UUID {{(pid=110250) get /opt/stack/nova/nova/compute/api.py:2791}}
Aug 11 13:21:12.773900 n-d-804232-1 devstack@n-api.service[110250]: DEBUG oslo_concurrency.lockutils [None req-787dd98b-b689-46b2-b566-e665a3f6a4d5 tempest-AggregatesAdminTestJSON-1973393572 tempest-AggregatesAdminTestJSON-1973393572-project] Lock "94b78549-fedf-46fc-a3ac-c5baf51016c6" acquired by "nova.context.set_target_cell..get_or_set_cached_cell_and_set_connections" :: waited 0.000s {{(pid=110250) inner /usr/local/lib/python3.8/dist-packages/oslo_concurrency/lockutils.py:355}}
Aug 11 13:21:12.774420 n-d-804232-1 devstack@n-api.service[110250]: DEBUG oslo_concurrency.lockutils [None req-787dd98b-b689-46b2-b566-e665a3f6a4d5 tempest-AggregatesAdminTestJSON-1973393572 tempest-AggregatesAdminTestJSON-1973393572-project] Lock "94b78549-fedf-46fc-a3ac-c5baf51016c6" released by "nova.context.set_target_cell..get_or_set_cached_cell_and_set_connections" :: held 0.001s {{(pid=110250) inner /usr/local/lib/python3.8/dist-packages/oslo_concurrency/lockutils.py:367}}
Aug 11 13:21:12.775263 n-d-804232-1 devstack@n-api.service[110250]: DEBUG oslo_concurrency.lockutils [None req-787dd98b-b689-46b2-b566-e665a3f6a4d5 tempest-AggregatesAdminTestJSON-1973393572 tempest-AggregatesAdminTestJSON-1973393572-project] Lock "94b78549-fedf-46fc-a3ac-c5baf51016c6" acquired by "nova.context.set_target_cell..get_or_set_cached_cell_and_set_connections" :: waited 0.000s {{(pid=110250) inner /usr/local/lib/python3.8/dist-packages/oslo_concurrency/lockutils.py:355}}
Aug 11 13:21:12.775754 n-d-804232-1 devstack@n-api.service[110250]: DEBUG oslo_concurrency.lockutils [None req-787dd98b-b689-46b2-b566-e665a3f6a4d5 tempest-AggregatesAdminTestJSON-1973393572 tempest-AggregatesAdminTestJSON-1973393572-project] Lock "94b78549-fedf-46fc-a3ac-c5baf51016c6" released by "nova.context.set_target_cell..get_or_set_cached_cell_and_set_connections" :: held 0.000s {{(pid=110250) inner /usr/local/lib/python3.8/dist-packages/oslo_concurrency/lockutils.py:367}}
Aug 11 13:21:12.907374 n-d-804232-1 devstack@n-api.service[110250]: DEBUG nova.policy [None req-787dd98b-b689-46b2-b566-e665a3f6a4d5 tempest-AggregatesAdminTestJSON-1973393572 tempest-AggregatesAdminTestJSON-1973393572-project] Policy check for os_compute_api:os-extended-server-attributes failed with credentials {'is_admin': False, 'user_id': '564b3f1d716e488ba623b78a50ec5c47', 'user_domain_id': 'default', 'system_scope': None, 'domain_id': None, 'project_id': '40f3b40143bd40a28e3b31b6cad1d2bb', 'project_domain_id': 'default', 'roles': ['member', 'reader'], 'is_admin_project': True, 'service_user_id': None, 'service_user_domain_id': None, 'service_project_id': None, 'service_project_domain_id': None, 'service_roles': []} {{(pid=110250) authorize /opt/stack/nova/nova/policy.py:199}}
Aug 11 13:21:12.914767 n-d-804232-1 devstack@n-api.service[110250]: INFO nova.api.openstack.requestlog [None req-787dd98b-b689-46b2-b566-e665a3f6a4d5 tempest-AggregatesAdminTestJSON-1973393572 tempest-AggregatesAdminTestJSON-1973393572-project] 10.222.0.45 "GET /compute/v2.1/servers/0e05a85c-c703-4fec-b08f-f613777f803c" status: 200 len: 1338 microversion: 2.1 time: 0.151723
Aug 11 13:21:12.915319 n-d-804232-1 devstack@n-api.service[110250]: [pid: 110250|app: 0|req: 63/112] 10.222.0.45 () {58 vars in 1236 bytes} [Wed Aug 11 13:21:12 2021] GET /compute/v2.1/servers/0e05a85c-c703-4fec-b08f-f613777f803c => generated 1338 bytes in 153 msecs (HTTP/1.1 200) 9 headers in 358 bytes (1 switches on core 0)
Aug 11 13:21:12.927812 n-d-804232-1 devstack@n-api.service[110250]: DEBUG nova.api.openstack.wsgi [None req-4deb32bd-58a9-4376-9a78-c98ac7f187a6 tempest-FlavorsV2NegativeTest-433724708 tempest-FlavorsV2NegativeTest-433724708-project] Action: 'create', calling method: >, body: {"server": {"name": "tempest-FlavorsV2NegativeTest-server-642194476", "imageRef": "b6b22f2d-3611-4963-b0a5-79e5bc85e5ab", "flavorRef": "452"}} {{(pid=110250) _process_stack /opt/stack/nova/nova/api/openstack/wsgi.py:511}}
Aug 11 13:21:12.963159 n-d-804232-1 devstack@n-api.service[110251]: DEBUG nova.api.openstack.wsgi [None req-9698669a-395e-4f27-9974-6ddf93835e22 tempest-FlavorsExtraSpecsTestJSON-967986411 tempest-FlavorsExtraSpecsTestJSON-967986411-project] Calling method '>' {{(pid=110251) _process_stack /opt/stack/nova/nova/api/openstack/wsgi.py:513}}
Aug 11 13:21:12.975547 n-d-804232-1 devstack@n-api.service[110251]: INFO nova.api.openstack.requestlog [None req-9698669a-395e-4f27-9974-6ddf93835e22 tempest-FlavorsExtraSpecsTestJSON-967986411 tempest-FlavorsExtraSpecsTestJSON-967986411-project] 10.222.0.45 "GET /compute/v2.1/flavors/307214112/os-extra_specs" status: 200 len: 66 microversion: 2.1 time: 0.323696
Aug 11 13:21:12.976439 n-d-804232-1 devstack@n-api.service[110251]: [pid: 110251|app: 0|req: 50/113] 10.222.0.45 () {58 vars in 1200 bytes} [Wed Aug 11 13:21:12 2021] GET /compute/v2.1/flavors/307214112/os-extra_specs => generated 66 bytes in 325 msecs (HTTP/1.1 200) 9 headers in 356 bytes (1 switches on core 0)
Aug 11 13:21:12.987162 n-d-804232-1 devstack@n-api.service[110251]: DEBUG nova.api.openstack.wsgi [None req-72a4cd52-ff88-43bd-9416-b15398f67d18 tempest-FlavorsExtraSpecsTestJSON-233879234 tempest-FlavorsExtraSpecsTestJSON-233879234-project-admin] Action: 'create', calling method: >, body: {"extra_specs": {"hw:numa_nodes": "1", "hw:cpu_policy": "shared"}} {{(pid=110251) _process_stack /opt/stack/nova/nova/api/openstack/wsgi.py:511}}
Aug 11 13:21:12.996235 n-d-804232-1 devstack@n-api.service[110250]: DEBUG nova.network.neutron [None req-4deb32bd-58a9-4376-9a78-c98ac7f187a6 tempest-FlavorsV2NegativeTest-433724708 tempest-FlavorsV2NegativeTest-433724708-project] validate_networks() for None {{(pid=110250) validate_networks /opt/stack/nova/nova/network/neutron.py:2255}}
Aug 11 13:21:13.010043 n-d-804232-1 devstack@n-api.service[110251]: INFO nova.api.openstack.requestlog [None req-72a4cd52-ff88-43bd-9416-b15398f67d18 tempest-FlavorsExtraSpecsTestJSON-233879234 tempest-FlavorsExtraSpecsTestJSON-233879234-project-admin] 10.222.0.45 "POST /compute/v2.1/flavors/307214112/os-extra_specs" status: 200 len: 66 microversion: 2.1 time: 0.027395
Aug 11 13:21:13.010548 n-d-804232-1 devstack@n-api.service[110251]: [pid: 110251|app: 0|req: 51/114] 10.222.0.45 () {60 vars in 1221 bytes} [Wed Aug 11 13:21:12 2021] POST /compute/v2.1/flavors/307214112/os-extra_specs => generated 66 bytes in 29 msecs (HTTP/1.1 200) 9 headers in 356 bytes (2 switches on core 0)
Aug 11 13:21:13.019489 n-d-804232-1 devstack@n-api.service[110251]: DEBUG nova.api.openstack.wsgi [None req-588fa9dc-a320-4459-a3b3-ade2bfc3045a tempest-FlavorsExtraSpecsTestJSON-967986411 tempest-FlavorsExtraSpecsTestJSON-967986411-project] Calling method '>' {{(pid=110251) _process_stack /opt/stack/nova/nova/api/openstack/wsgi.py:513}}
Aug 11 13:21:13.029431 n-d-804232-1 devstack@n-api.service[110251]: INFO nova.api.openstack.requestlog [None req-588fa9dc-a320-4459-a3b3-ade2bfc3045a tempest-FlavorsExtraSpecsTestJSON-967986411 tempest-FlavorsExtraSpecsTestJSON-967986411-project] 10.222.0.45 "GET /compute/v2.1/flavors/307214112/os-extra_specs/hw:numa_nodes" status: 200 len: 22 microversion: 2.1 time: 0.013717
Aug 11 13:21:13.035104 n-d-804232-1 devstack@n-api.service[110251]: [pid: 110251|app: 0|req: 52/115] 10.222.0.45 () {58 vars in 1242 bytes} [Wed Aug 11 13:21:13 2021] GET /compute/v2.1/flavors/307214112/os-extra_specs/hw:numa_nodes => generated 22 bytes in 20 msecs (HTTP/1.1 200) 9 headers in 356 bytes (1 switches on core 0)
Aug 11 13:21:13.039939 n-d-804232-1 devstack@n-api.service[110251]: DEBUG nova.api.openstack.wsgi [None req-f7229bf7-1d70-4721-86f0-3fbe93e92678 tempest-FlavorsExtraSpecsTestJSON-233879234 tempest-FlavorsExtraSpecsTestJSON-233879234-project-admin] Action: 'create', calling method: >, body: {"extra_specs": {"hw:numa_nodes": "1", "hw:cpu_policy": "shared"}} {{(pid=110251) _process_stack /opt/stack/nova/nova/api/openstack/wsgi.py:511}}
Aug 11 13:21:13.061097 n-d-804232-1 devstack@n-api.service[110251]: INFO nova.api.openstack.requestlog [None req-f7229bf7-1d70-4721-86f0-3fbe93e92678 tempest-FlavorsExtraSpecsTestJSON-233879234 tempest-FlavorsExtraSpecsTestJSON-233879234-project-admin] 10.222.0.45 "POST /compute/v2.1/flavors/307214112/os-extra_specs" status: 200 len: 66 microversion: 2.1 time: 0.024767
Aug 11 13:21:13.061685 n-d-804232-1 devstack@n-api.service[110251]: [pid: 110251|app: 0|req: 53/116] 10.222.0.45 () {60 vars in 1221 bytes} [Wed Aug 11 13:21:13 2021] POST /compute/v2.1/flavors/307214112/os-extra_specs => generated 66 bytes in 26 msecs (HTTP/1.1 200) 9 headers in 356 bytes (1 switches on core 0)
Aug 11 13:21:13.070625 n-d-804232-1 devstack@n-api.service[110251]: DEBUG nova.api.openstack.wsgi [None req-f07f1920-ae9b-49b0-be1f-22599e57f48d tempest-FlavorsExtraSpecsTestJSON-233879234 tempest-FlavorsExtraSpecsTestJSON-233879234-project-admin] Calling method '>' {{(pid=110251) _process_stack /opt/stack/nova/nova/api/openstack/wsgi.py:513}}
Aug 11 13:21:13.078572 n-d-804232-1 devstack@n-api.service[110251]: INFO nova.api.openstack.requestlog [None req-f07f1920-ae9b-49b0-be1f-22599e57f48d tempest-FlavorsExtraSpecsTestJSON-233879234 tempest-FlavorsExtraSpecsTestJSON-233879234-project-admin] 10.222.0.45 "GET /compute/v2.1/flavors/307214112/os-extra_specs" status: 200 len: 66 microversion: 2.1 time: 0.011235
Aug 11 13:21:13.079195 n-d-804232-1 devstack@n-api.service[110251]: [pid: 110251|app: 0|req: 54/117] 10.222.0.45 () {58 vars in 1200 bytes} [Wed Aug 11 13:21:13 2021] GET /compute/v2.1/flavors/307214112/os-extra_specs => generated 66 bytes in 12 msecs (HTTP/1.1 200) 9 headers in 356 bytes (2 switches on core 0)
Aug 11 13:21:13.087375 n-d-804232-1 devstack@n-api.service[110251]: DEBUG nova.api.openstack.wsgi [None req-bf61c134-1883-44d1-a891-25880b47f48e tempest-FlavorsExtraSpecsTestJSON-233879234 tempest-FlavorsExtraSpecsTestJSON-233879234-project-admin] Action: 'update', calling method: >, body: {"hw:numa_nodes": "2"} {{(pid=110251) _process_stack /opt/stack/nova/nova/api/openstack/wsgi.py:511}}
Aug 11 13:21:13.088515 n-d-804232-1 devstack@n-api.service[110251]: /usr/local/lib/python3.8/dist-packages/oslo_policy/policy.py:1064: UserWarning: Policy os_compute_api:os-flavor-extra-specs:update failed scope check. The token used to make the request was project scoped but the policy requires ['system'] scope. This behavior may change in the future where using the intended scope is required
Aug 11 13:21:13.088515 n-d-804232-1 devstack@n-api.service[110251]: warnings.warn(msg)
Aug 11 13:21:13.191025 n-d-804232-1 devstack@n-api.service[110251]: INFO nova.api.openstack.requestlog [None req-bf61c134-1883-44d1-a891-25880b47f48e tempest-FlavorsExtraSpecsTestJSON-233879234 tempest-FlavorsExtraSpecsTestJSON-233879234-project-admin] 10.222.0.45 "PUT /compute/v2.1/flavors/307214112/os-extra_specs/hw:numa_nodes" status: 200 len: 22 microversion: 2.1 time: 0.106960
Aug 11 13:21:13.194765 n-d-804232-1 devstack@n-api.service[110251]: [pid: 110251|app: 0|req: 55/118] 10.222.0.45 () {60 vars in 1262 bytes} [Wed Aug 11 13:21:13 2021] PUT /compute/v2.1/flavors/307214112/os-extra_specs/hw:numa_nodes => generated 22 bytes in 108 msecs (HTTP/1.1 200) 9 headers in 356 bytes (2 switches on core 0)
Aug 11 13:21:13.199836 n-d-804232-1 devstack@n-api.service[110251]: DEBUG nova.api.openstack.wsgi [None req-f57b0713-2516-4f76-873f-af6b3adf0564 tempest-FlavorsExtraSpecsTestJSON-233879234 tempest-FlavorsExtraSpecsTestJSON-233879234-project-admin] Calling method '>' {{(pid=110251) _process_stack /opt/stack/nova/nova/api/openstack/wsgi.py:513}}
Aug 11 13:21:13.205674 n-d-804232-1 devstack@n-api.service[110250]: INFO nova.api.openstack.wsgi [None req-4deb32bd-58a9-4376-9a78-c98ac7f187a6 tempest-FlavorsV2NegativeTest-433724708 tempest-FlavorsV2NegativeTest-433724708-project] HTTP exception thrown: Flavor's memory is too small for requested image.
Aug 11 13:21:13.206547 n-d-804232-1 devstack@n-api.service[110250]: DEBUG nova.api.openstack.wsgi [None req-4deb32bd-58a9-4376-9a78-c98ac7f187a6 tempest-FlavorsV2NegativeTest-433724708 tempest-FlavorsV2NegativeTest-433724708-project] Returning 400 to user: Flavor's memory is too small for requested image. {{(pid=110250) __call__ /opt/stack/nova/nova/api/openstack/wsgi.py:927}}
Aug 11 13:21:13.207469 n-d-804232-1 devstack@n-api.service[110250]: INFO nova.api.openstack.requestlog [None req-4deb32bd-58a9-4376-9a78-c98ac7f187a6 tempest-FlavorsV2NegativeTest-433724708 tempest-FlavorsV2NegativeTest-433724708-project] 10.222.0.45 "POST /compute/v2.1/servers" status: 400 len: 93 microversion: 2.1 time: 0.291082
Aug 11 13:21:13.208115 n-d-804232-1 devstack@n-api.service[110250]: [pid: 110250|app: 0|req: 64/119] 10.222.0.45 () {60 vars in 1147 bytes} [Wed Aug 11 13:21:12 2021] POST /compute/v2.1/servers => generated 93 bytes in 292 msecs (HTTP/1.1 400) 9 headers in 380 bytes (1 switches on core 0)
Aug 11 13:21:13.208526 n-d-804232-1 devstack@n-api.service[110251]: INFO nova.api.openstack.requestlog [None req-f57b0713-2516-4f76-873f-af6b3adf0564 tempest-FlavorsExtraSpecsTestJSON-233879234 tempest-FlavorsExtraSpecsTestJSON-233879234-project-admin] 10.222.0.45 "GET /compute/v2.1/flavors/307214112/os-extra_specs" status: 200 len: 66 microversion: 2.1 time: 0.012039
Aug 11 13:21:13.209402 n-d-804232-1 devstack@n-api.service[110251]: [pid: 110251|app: 0|req: 56/120] 10.222.0.45 () {58 vars in 1200 bytes} [Wed Aug 11 13:21:13 2021] GET /compute/v2.1/flavors/307214112/os-extra_specs => generated 66 bytes in 13 msecs (HTTP/1.1 200) 9 headers in 356 bytes (2 switches on core 0)
Aug 11 13:21:13.225683 n-d-804232-1 devstack@n-api.service[110250]: DEBUG nova.api.openstack.wsgi [None req-a9497bf5-b492-4193-ad8c-01d40d526337 tempest-FlavorsExtraSpecsTestJSON-233879234 tempest-FlavorsExtraSpecsTestJSON-233879234-project-admin] Calling method '>' {{(pid=110250) _process_stack /opt/stack/nova/nova/api/openstack/wsgi.py:513}}
Aug 11 13:21:13.226625 n-d-804232-1 devstack@n-api.service[110250]: /usr/local/lib/python3.8/dist-packages/oslo_policy/policy.py:1064: UserWarning: Policy os_compute_api:os-flavor-extra-specs:delete failed scope check. The token used to make the request was project scoped but the policy requires ['system'] scope. This behavior may change in the future where using the intended scope is required
Aug 11 13:21:13.226625 n-d-804232-1 devstack@n-api.service[110250]: warnings.warn(msg)
Aug 11 13:21:13.326903 n-d-804232-1 devstack@n-api.service[110250]: INFO nova.api.openstack.requestlog [None req-a9497bf5-b492-4193-ad8c-01d40d526337 tempest-FlavorsExtraSpecsTestJSON-233879234 tempest-FlavorsExtraSpecsTestJSON-233879234-project-admin] 10.222.0.45 "DELETE /compute/v2.1/flavors/307214112/os-extra_specs/hw:numa_nodes" status: 200 len: 0 microversion: 2.1 time: 0.104831
Aug 11 13:21:13.327458 n-d-804232-1 devstack@n-api.service[110250]: [pid: 110250|app: 0|req: 65/121] 10.222.0.45 () {58 vars in 1245 bytes} [Wed Aug 11 13:21:13 2021] DELETE /compute/v2.1/flavors/307214112/os-extra_specs/hw:numa_nodes => generated 0 bytes in 106 msecs (HTTP/1.1 200) 9 headers in 355 bytes (1 switches on core 0)
Aug 11 13:21:13.336987 n-d-804232-1 devstack@n-api.service[110251]: DEBUG nova.api.openstack.wsgi [None req-f0902bc6-5fdd-4172-a0c4-7f8d996d6875 tempest-FlavorsExtraSpecsTestJSON-233879234 tempest-FlavorsExtraSpecsTestJSON-233879234-project-admin] Calling method '>' {{(pid=110251) _process_stack /opt/stack/nova/nova/api/openstack/wsgi.py:513}}
Aug 11 13:21:13.337754 n-d-804232-1 devstack@n-api.service[110251]: /usr/local/lib/python3.8/dist-packages/oslo_policy/policy.py:1064: UserWarning: Policy os_compute_api:os-flavor-extra-specs:delete failed scope check. The token used to make the request was project scoped but the policy requires ['system'] scope. This behavior may change in the future where using the intended scope is required
Aug 11 13:21:13.337754 n-d-804232-1 devstack@n-api.service[110251]: warnings.warn(msg)
Aug 11 13:21:13.401660 n-d-804232-1 devstack@n-api.service[110251]: INFO nova.api.openstack.requestlog [None req-f0902bc6-5fdd-4172-a0c4-7f8d996d6875 tempest-FlavorsExtraSpecsTestJSON-233879234 tempest-FlavorsExtraSpecsTestJSON-233879234-project-admin] 10.222.0.45 "DELETE /compute/v2.1/flavors/307214112/os-extra_specs/hw:cpu_policy" status: 200 len: 0 microversion: 2.1 time: 0.069884
Aug 11 13:21:13.402817 n-d-804232-1 devstack@n-api.service[110251]: [pid: 110251|app: 0|req: 57/122] 10.222.0.45 () {58 vars in 1245 bytes} [Wed Aug 11 13:21:13 2021] DELETE /compute/v2.1/flavors/307214112/os-extra_specs/hw:cpu_policy => generated 0 bytes in 72 msecs (HTTP/1.1 200) 9 headers in 355 bytes (1 switches on core 0)
Aug 11 13:21:13.411095 n-d-804232-1 devstack@n-api.service[110250]: DEBUG nova.api.openstack.wsgi [None req-bf1c8f51-cce5-4426-af57-76ac7c943a69 tempest-FlavorsExtraSpecsTestJSON-233879234 tempest-FlavorsExtraSpecsTestJSON-233879234-project-admin] Calling method '>' {{(pid=110250) _process_stack /opt/stack/nova/nova/api/openstack/wsgi.py:513}}
Aug 11 13:21:13.421315 n-d-804232-1 devstack@n-api.service[110250]: INFO nova.api.openstack.requestlog [None req-bf1c8f51-cce5-4426-af57-76ac7c943a69 tempest-FlavorsExtraSpecsTestJSON-233879234 tempest-FlavorsExtraSpecsTestJSON-233879234-project-admin] 10.222.0.45 "GET /compute/v2.1/flavors/307214112/os-extra_specs" status: 200 len: 19 microversion: 2.1 time: 0.014353
Aug 11 13:21:13.422123 n-d-804232-1 devstack@n-api.service[110250]: [pid: 110250|app: 0|req: 66/123] 10.222.0.45 () {58 vars in 1200 bytes} [Wed Aug 11 13:21:13 2021] GET /compute/v2.1/flavors/307214112/os-extra_specs => generated 19 bytes in 16 msecs (HTTP/1.1 200) 9 headers in 356 bytes (1 switches on core 0)
Aug 11 13:21:13.438534 n-d-804232-1 devstack@n-api.service[110251]: DEBUG nova.api.openstack.wsgi [None req-61e541c8-a823-453b-9452-723e298a5984 tempest-FlavorsExtraSpecsTestJSON-233879234 tempest-FlavorsExtraSpecsTestJSON-233879234-project-admin] Calling method '>' {{(pid=110251) _process_stack /opt/stack/nova/nova/api/openstack/wsgi.py:513}}
Aug 11 13:21:13.441963 n-d-804232-1 devstack@n-api.service[110251]: /usr/local/lib/python3.8/dist-packages/oslo_policy/policy.py:1064: UserWarning: Policy os_compute_api:os-flavor-manage:delete failed scope check. The token used to make the request was project scoped but the policy requires ['system'] scope. This behavior may change in the future where using the intended scope is required
Aug 11 13:21:13.441963 n-d-804232-1 devstack@n-api.service[110251]: warnings.warn(msg)
Aug 11 13:21:13.543829 n-d-804232-1 devstack@n-api.service[110251]: INFO nova.api.openstack.requestlog [None req-61e541c8-a823-453b-9452-723e298a5984 tempest-FlavorsExtraSpecsTestJSON-233879234 tempest-FlavorsExtraSpecsTestJSON-233879234-project-admin] 10.222.0.45 "DELETE /compute/v2.1/flavors/307214112" status: 202 len: 0 microversion: 2.1 time: 0.109361
Aug 11 13:21:13.543829 n-d-804232-1 devstack@n-api.service[110251]: [pid: 110251|app: 0|req: 58/124] 10.222.0.45 () {58 vars in 1158 bytes} [Wed Aug 11 13:21:13 2021] DELETE /compute/v2.1/flavors/307214112 => generated 0 bytes in 111 msecs (HTTP/1.1 202) 9 headers in 361 bytes (1 switches on core 0)
Aug 11 13:21:13.550020 n-d-804232-1 devstack@n-api.service[110250]: DEBUG nova.api.openstack.wsgi [None req-bf8af483-7c1d-4ef0-a305-6c3d6c04147e tempest-FlavorsExtraSpecsTestJSON-233879234 tempest-FlavorsExtraSpecsTestJSON-233879234-project-admin] Calling method '>' {{(pid=110250) _process_stack /opt/stack/nova/nova/api/openstack/wsgi.py:513}}
Aug 11 13:21:13.579353 n-d-804232-1 devstack@n-api.service[110250]: INFO nova.api.openstack.requestlog [None req-bf8af483-7c1d-4ef0-a305-6c3d6c04147e tempest-FlavorsExtraSpecsTestJSON-233879234 tempest-FlavorsExtraSpecsTestJSON-233879234-project-admin] 10.222.0.45 "GET /compute/v2.1/flavors/detail" status: 200 len: 5809 microversion: 2.1 time: 0.031326
Aug 11 13:21:13.579353 n-d-804232-1 devstack@n-api.service[110250]: [pid: 110250|app: 0|req: 67/125] 10.222.0.45 () {58 vars in 1146 bytes} [Wed Aug 11 13:21:13 2021] GET /compute/v2.1/flavors/detail => generated 5809 bytes in 33 msecs (HTTP/1.1 200) 9 headers in 358 bytes (1 switches on core 0)
Aug 11 13:21:13.772152 n-d-804232-1 devstack@n-api.service[110251]: DEBUG nova.api.openstack.wsgi [None req-fab5e182-ec9d-49ca-95de-9864854632c0 tempest-DeleteServersAdminTestJSON-140178726 tempest-DeleteServersAdminTestJSON-140178726-project] Calling method '>' {{(pid=110251) _process_stack /opt/stack/nova/nova/api/openstack/wsgi.py:513}}
Aug 11 13:21:13.773165 n-d-804232-1 devstack@n-api.service[110251]: DEBUG nova.compute.api [None req-fab5e182-ec9d-49ca-95de-9864854632c0 tempest-DeleteServersAdminTestJSON-140178726 tempest-DeleteServersAdminTestJSON-140178726-project] [instance: fac5cec6-9b23-40a1-a4be-17931c0a52ce] Fetching instance by UUID {{(pid=110251) get /opt/stack/nova/nova/compute/api.py:2791}}
Aug 11 13:21:13.783556 n-d-804232-1 devstack@n-api.service[110251]: DEBUG oslo_concurrency.lockutils [None req-fab5e182-ec9d-49ca-95de-9864854632c0 tempest-DeleteServersAdminTestJSON-140178726 tempest-DeleteServersAdminTestJSON-140178726-project] Lock "94b78549-fedf-46fc-a3ac-c5baf51016c6" acquired by "nova.context.set_target_cell..get_or_set_cached_cell_and_set_connections" :: waited 0.000s {{(pid=110251) inner /usr/local/lib/python3.8/dist-packages/oslo_concurrency/lockutils.py:355}}
Aug 11 13:21:13.784635 n-d-804232-1 devstack@n-api.service[110251]: DEBUG oslo_concurrency.lockutils [None req-fab5e182-ec9d-49ca-95de-9864854632c0 tempest-DeleteServersAdminTestJSON-140178726 tempest-DeleteServersAdminTestJSON-140178726-project] Lock "94b78549-fedf-46fc-a3ac-c5baf51016c6" released by "nova.context.set_target_cell..get_or_set_cached_cell_and_set_connections" :: held 0.001s {{(pid=110251) inner /usr/local/lib/python3.8/dist-packages/oslo_concurrency/lockutils.py:367}}
Aug 11 13:21:13.785978 n-d-804232-1 devstack@n-api.service[110251]: DEBUG oslo_concurrency.lockutils [None req-fab5e182-ec9d-49ca-95de-9864854632c0 tempest-DeleteServersAdminTestJSON-140178726 tempest-DeleteServersAdminTestJSON-140178726-project] Lock "94b78549-fedf-46fc-a3ac-c5baf51016c6" acquired by "nova.context.set_target_cell..get_or_set_cached_cell_and_set_connections" :: waited 0.000s {{(pid=110251) inner /usr/local/lib/python3.8/dist-packages/oslo_concurrency/lockutils.py:355}}
Aug 11 13:21:13.786606 n-d-804232-1 devstack@n-api.service[110251]: DEBUG oslo_concurrency.lockutils [None req-fab5e182-ec9d-49ca-95de-9864854632c0 tempest-DeleteServersAdminTestJSON-140178726 tempest-DeleteServersAdminTestJSON-140178726-project] Lock "94b78549-fedf-46fc-a3ac-c5baf51016c6" released by "nova.context.set_target_cell..get_or_set_cached_cell_and_set_connections" :: held 0.001s {{(pid=110251) inner /usr/local/lib/python3.8/dist-packages/oslo_concurrency/lockutils.py:367}}
Aug 11 13:21:13.933870 n-d-804232-1 devstack@n-api.service[110250]: DEBUG nova.api.openstack.wsgi [None req-a3c900b6-96e5-4427-a338-5cf867c8d5fb tempest-AggregatesAdminTestJSON-1973393572 tempest-AggregatesAdminTestJSON-1973393572-project] Calling method '>' {{(pid=110250) _process_stack /opt/stack/nova/nova/api/openstack/wsgi.py:513}}
Aug 11 13:21:13.935031 n-d-804232-1 devstack@n-api.service[110250]: DEBUG nova.compute.api [None req-a3c900b6-96e5-4427-a338-5cf867c8d5fb tempest-AggregatesAdminTestJSON-1973393572 tempest-AggregatesAdminTestJSON-1973393572-project] [instance: 0e05a85c-c703-4fec-b08f-f613777f803c] Fetching instance by UUID {{(pid=110250) get /opt/stack/nova/nova/compute/api.py:2791}}
Aug 11 13:21:13.946627 n-d-804232-1 devstack@n-api.service[110250]: DEBUG oslo_concurrency.lockutils [None req-a3c900b6-96e5-4427-a338-5cf867c8d5fb tempest-AggregatesAdminTestJSON-1973393572 tempest-AggregatesAdminTestJSON-1973393572-project] Lock "94b78549-fedf-46fc-a3ac-c5baf51016c6" acquired by "nova.context.set_target_cell..get_or_set_cached_cell_and_set_connections" :: waited 0.000s {{(pid=110250) inner /usr/local/lib/python3.8/dist-packages/oslo_concurrency/lockutils.py:355}}
Aug 11 13:21:13.949433 n-d-804232-1 devstack@n-api.service[110250]: DEBUG oslo_concurrency.lockutils [None req-a3c900b6-96e5-4427-a338-5cf867c8d5fb tempest-AggregatesAdminTestJSON-1973393572 tempest-AggregatesAdminTestJSON-1973393572-project] Lock "94b78549-fedf-46fc-a3ac-c5baf51016c6" released by "nova.context.set_target_cell..get_or_set_cached_cell_and_set_connections" :: held 0.003s {{(pid=110250) inner /usr/local/lib/python3.8/dist-packages/oslo_concurrency/lockutils.py:367}}
Aug 11 13:21:13.950769 n-d-804232-1 devstack@n-api.service[110250]: DEBUG oslo_concurrency.lockutils [None req-a3c900b6-96e5-4427-a338-5cf867c8d5fb tempest-AggregatesAdminTestJSON-1973393572 tempest-AggregatesAdminTestJSON-1973393572-project] Lock "94b78549-fedf-46fc-a3ac-c5baf51016c6" acquired by "nova.context.set_target_cell..get_or_set_cached_cell_and_set_connections" :: waited 0.000s {{(pid=110250) inner /usr/local/lib/python3.8/dist-packages/oslo_concurrency/lockutils.py:355}}
Aug 11 13:21:13.951602 n-d-804232-1 devstack@n-api.service[110250]: DEBUG oslo_concurrency.lockutils [None req-a3c900b6-96e5-4427-a338-5cf867c8d5fb tempest-AggregatesAdminTestJSON-1973393572 tempest-AggregatesAdminTestJSON-1973393572-project] Lock "94b78549-fedf-46fc-a3ac-c5baf51016c6" released by "nova.context.set_target_cell..get_or_set_cached_cell_and_set_connections" :: held 0.001s {{(pid=110250) inner /usr/local/lib/python3.8/dist-packages/oslo_concurrency/lockutils.py:367}}
Aug 11 13:21:14.098953 n-d-804232-1 devstack@n-api.service[110251]: DEBUG nova.policy [None req-fab5e182-ec9d-49ca-95de-9864854632c0 tempest-DeleteServersAdminTestJSON-140178726 tempest-DeleteServersAdminTestJSON-140178726-project] Policy check for os_compute_api:os-extended-server-attributes failed with credentials {'is_admin': False, 'user_id': 'dfe13b872f2a4a28ba3e986d212c7873', 'user_domain_id': 'default', 'system_scope': None, 'domain_id': None, 'project_id': 'ab978c034d984c2c932ef7355bc0b742', 'project_domain_id': 'default', 'roles': ['member', 'reader'], 'is_admin_project': True, 'service_user_id': None, 'service_user_domain_id': None, 'service_project_id': None, 'service_project_domain_id': None, 'service_roles': []} {{(pid=110251) authorize /opt/stack/nova/nova/policy.py:199}}
Aug 11 13:21:14.109107 n-d-804232-1 devstack@n-api.service[110251]: INFO nova.api.openstack.requestlog [None req-fab5e182-ec9d-49ca-95de-9864854632c0 tempest-DeleteServersAdminTestJSON-140178726 tempest-DeleteServersAdminTestJSON-140178726-project] 10.222.0.45 "GET /compute/v2.1/servers/fac5cec6-9b23-40a1-a4be-17931c0a52ce" status: 200 len: 1319 microversion: 2.1 time: 0.341658
Aug 11 13:21:14.109107 n-d-804232-1 devstack@n-api.service[110251]: [pid: 110251|app: 0|req: 59/126] 10.222.0.45 () {58 vars in 1236 bytes} [Wed Aug 11 13:21:13 2021] GET /compute/v2.1/servers/fac5cec6-9b23-40a1-a4be-17931c0a52ce => generated 1319 bytes in 343 msecs (HTTP/1.1 200) 9 headers in 358 bytes (1 switches on core 0)
Aug 11 13:21:14.153651 n-d-804232-1 devstack@n-api.service[110250]: DEBUG nova.policy [None req-a3c900b6-96e5-4427-a338-5cf867c8d5fb tempest-AggregatesAdminTestJSON-1973393572 tempest-AggregatesAdminTestJSON-1973393572-project] Policy check for os_compute_api:os-extended-server-attributes failed with credentials {'is_admin': False, 'user_id': '564b3f1d716e488ba623b78a50ec5c47', 'user_domain_id': 'default', 'system_scope': None, 'domain_id': None, 'project_id': '40f3b40143bd40a28e3b31b6cad1d2bb', 'project_domain_id': 'default', 'roles': ['member', 'reader'], 'is_admin_project': True, 'service_user_id': None, 'service_user_domain_id': None, 'service_project_id': None, 'service_project_domain_id': None, 'service_roles': []} {{(pid=110250) authorize /opt/stack/nova/nova/policy.py:199}}
Aug 11 13:21:14.166314 n-d-804232-1 devstack@n-api.service[110250]: INFO nova.api.openstack.requestlog [None req-a3c900b6-96e5-4427-a338-5cf867c8d5fb tempest-AggregatesAdminTestJSON-1973393572 tempest-AggregatesAdminTestJSON-1973393572-project] 10.222.0.45 "GET /compute/v2.1/servers/0e05a85c-c703-4fec-b08f-f613777f803c" status: 200 len: 1338 microversion: 2.1 time: 0.237643
Aug 11 13:21:14.167379 n-d-804232-1 devstack@n-api.service[110250]: [pid: 110250|app: 0|req: 68/127] 10.222.0.45 () {58 vars in 1236 bytes} [Wed Aug 11 13:21:13 2021] GET /compute/v2.1/servers/0e05a85c-c703-4fec-b08f-f613777f803c => generated 1338 bytes in 241 msecs (HTTP/1.1 200) 9 headers in 358 bytes (2 switches on core 0)
Aug 11 13:21:15.004148 n-d-804232-1 devstack@n-api.service[110251]: DEBUG nova.api.openstack.wsgi [None req-0c855649-b74f-4bfc-847d-ae713bd9a363 tempest-ServersWithSpecificFlavorTestJSON-258811583 tempest-ServersWithSpecificFlavorTestJSON-258811583-project] Action: 'create', calling method: >, body: {"server": {"name": "tempest-ServersWithSpecificFlavorTestJSON-server-981849514", "imageRef": "39cd3849-b76e-4ce0-af32-97fda93ba44b", "flavorRef": "62799264", "adminPass": "***", "networks": [{"uuid": "efa4d918-5acf-4616-b82d-a37c9ab40729"}], "security_groups": [{"name": "tempest-securitygroup--1695349383"}], "key_name": "tempest-keypair-1382522037", "user_data": "IyEvYmluL3NoCmVjaG8gIlByaW50aW5nIHVidW50dSB1c2VyIGF1dGhvcml6ZWQga2V5cyIKY2F0IH51YnVudHUvLnNzaC9hdXRob3JpemVkX2tleXMgfHwgdHJ1ZQo="}} {{(pid=110251) _process_stack /opt/stack/nova/nova/api/openstack/wsgi.py:511}}
