Aug 20 11:11:26.061850 n-d-804230-3 neutron-server[95587]: DEBUG neutron.pecan_wsgi.hooks.policy_enforcement [req-e975d330-80cf-43cf-aba6-f386406e6c4e req-ed1de725-5193-44c7-ad52-da7f778e4401 tempest-DeleteServersAdminTestJSON-897924823 tempest-DeleteServersAdminTestJSON-897924823-project] Attributes excluded by policy engine: ['standard_attr_id', 'binding:profile', 'binding:host_id', 'binding:vif_type', 'binding:vif_details'] {{(pid=95587) _exclude_attributes_by_policy /opt/stack/neutron/neutron/pecan_wsgi/hooks/policy_enforcement.py:255}}
Aug 20 11:11:26.071252 n-d-804230-3 neutron-server[95587]: INFO neutron.wsgi [req-e975d330-80cf-43cf-aba6-f386406e6c4e req-ed1de725-5193-44c7-ad52-da7f778e4401 tempest-DeleteServersAdminTestJSON-897924823 tempest-DeleteServersAdminTestJSON-897924823-project] 10.222.0.10 "GET /v2.0/ports?device_id=6653b77f-85f3-4ff4-8e6a-58d5edfe578a HTTP/1.1" status: 200 len: 948 time: 0.0776231
Aug 20 11:11:26.145789 n-d-804230-3 neutron-server[95587]: INFO neutron.wsgi [req-e975d330-80cf-43cf-aba6-f386406e6c4e req-a4e7865f-aab0-48b9-9f92-cb18a826c7e5 tempest-DeleteServersAdminTestJSON-897924823 tempest-DeleteServersAdminTestJSON-897924823-project] 10.222.0.10 "GET /v2.0/security-groups?id=04871fd7-060e-43c6-b010-1b3328a66d73&fields=id&fields=name HTTP/1.1" status: 200 len: 286 time: 0.0728981
Aug 20 11:11:26.178346 n-d-804230-3 neutron-server[95588]: DEBUG neutron_lib.callbacks.manager [None req-3220d502-3e95-4c11-8762-e980a7c58851 admin admin] Notify callbacks [] for security_group, precommit_create {{(pid=95588) _notify_loop /usr/local/lib/python3.8/dist-packages/neutron_lib/callbacks/manager.py:192}}
Aug 20 11:11:26.253650 n-d-804230-3 neutron-server[95588]: DEBUG neutron_lib.callbacks.manager [None req-3220d502-3e95-4c11-8762-e980a7c58851 admin admin] Notify callbacks ['neutron.plugins.ml2.ovo_rpc._ObjectChangeHandler.handle_event-581187'] for security_group, after_create {{(pid=95588) _notify_loop /usr/local/lib/python3.8/dist-packages/neutron_lib/callbacks/manager.py:192}}
Aug 20 11:11:26.294027 n-d-804230-3 neutron-server[95588]: DEBUG neutron.api.rpc.handlers.resources_rpc [None req-3220d502-3e95-4c11-8762-e980a7c58851 admin admin] Pushing event updated for resources: {'SecurityGroup': ['ID=e21d535a-ab33-432a-a303-0ef2cea688b7,revision_number=1']} {{(pid=95588) push /opt/stack/neutron/neutron/api/rpc/handlers/resources_rpc.py:237}}
Aug 20 11:11:26.310331 n-d-804230-3 neutron-server[95588]: INFO neutron.wsgi [None req-3220d502-3e95-4c11-8762-e980a7c58851 admin admin] 10.222.0.10 "GET /v2.0/security-groups?tenant_id=7741462bb93b4939a7cf0113fbe18800&name=default HTTP/1.1" status: 200 len: 2979 time: 0.6533875
Aug 20 11:11:26.312911 n-d-804230-3 neutron-server[95588]: DEBUG neutron.wsgi [-] (95588) accepted ('10.222.0.10', 38074) {{(pid=95588) server /usr/local/lib/python3.8/dist-packages/eventlet/wsgi.py:982}}
Aug 20 11:11:26.315077 n-d-804230-3 neutron-server[95587]: DEBUG neutron_lib.callbacks.manager [None req-c07594fe-a3f6-466b-a32e-fcc2b01dff42 admin admin] Notify callbacks [] for security_group, before_create {{(pid=95587) _notify_loop /usr/local/lib/python3.8/dist-packages/neutron_lib/callbacks/manager.py:192}}
Aug 20 11:11:26.406148 n-d-804230-3 neutron-server[95588]: DEBUG neutron_lib.callbacks.manager [None req-70cbe8c9-7714-4c44-896f-a19234cea193 admin admin] Notify callbacks [] for security_group, before_delete {{(pid=95588) _notify_loop /usr/local/lib/python3.8/dist-packages/neutron_lib/callbacks/manager.py:192}}
Aug 20 11:11:26.436782 n-d-804230-3 neutron-server[95588]: DEBUG neutron_lib.callbacks.manager [None req-70cbe8c9-7714-4c44-896f-a19234cea193 admin admin] Notify callbacks [] for security_group, precommit_delete {{(pid=95588) _notify_loop /usr/local/lib/python3.8/dist-packages/neutron_lib/callbacks/manager.py:192}}
Aug 20 11:11:26.457807 n-d-804230-3 neutron-server[95587]: DEBUG neutron_lib.callbacks.manager [None req-c07594fe-a3f6-466b-a32e-fcc2b01dff42 admin admin] Notify callbacks [] for security_group, precommit_create {{(pid=95587) _notify_loop /usr/local/lib/python3.8/dist-packages/neutron_lib/callbacks/manager.py:192}}
Aug 20 11:11:26.512314 n-d-804230-3 neutron-server[95587]: INFO neutron.wsgi [req-3a349d78-2190-4584-a47d-17001b19b4ba req-051f9a01-2c7f-4048-984b-4bc1988c6060 tempest-ServersAdminNegativeTestJSON-1303319665 tempest-ServersAdminNegativeTestJSON-1303319665-project] 10.222.0.10 "GET /v2.0/ports?device_id=65a9a5d6-b5bc-4474-83e7-5713b18c379d HTTP/1.1" status: 200 len: 210 time: 0.0307519
Aug 20 11:11:26.534254 n-d-804230-3 neutron-server[95588]: DEBUG neutron.pecan_wsgi.hooks.policy_enforcement [req-4db994a4-9086-4c13-b24d-aa1b9c1e95a1 req-cd7e75a5-ed99-4c98-90da-4be4348b4c6d tempest-AggregatesAdminTestJSON-1399404647 tempest-AggregatesAdminTestJSON-1399404647-project] Attributes excluded by policy engine: ['standard_attr_id', 'binding:profile', 'binding:host_id', 'binding:vif_type', 'binding:vif_details'] {{(pid=95588) _exclude_attributes_by_policy /opt/stack/neutron/neutron/pecan_wsgi/hooks/policy_enforcement.py:255}}
Aug 20 11:11:26.535914 n-d-804230-3 neutron-server[95588]: INFO neutron.wsgi [req-4db994a4-9086-4c13-b24d-aa1b9c1e95a1 req-cd7e75a5-ed99-4c98-90da-4be4348b4c6d tempest-AggregatesAdminTestJSON-1399404647 tempest-AggregatesAdminTestJSON-1399404647-project] 10.222.0.10 "GET /v2.0/ports?device_id=8fd88de3-3298-4835-bab3-744aa57dc312 HTTP/1.1" status: 200 len: 971 time: 0.0785751
Aug 20 11:11:26.576969 n-d-804230-3 neutron-server[95588]: INFO neutron.wsgi [req-4db994a4-9086-4c13-b24d-aa1b9c1e95a1 req-0114be1e-2832-492d-ae31-d8d212799065 tempest-AggregatesAdminTestJSON-1399404647 tempest-AggregatesAdminTestJSON-1399404647-project] 10.222.0.10 "GET /v2.0/security-groups?id=575894c1-2731-4e4d-ad6e-e7a1d092f5b6&fields=id&fields=name HTTP/1.1" status: 200 len: 286 time: 0.0338533
Aug 20 11:11:26.609158 n-d-804230-3 neutron-server[95587]: DEBUG neutron_lib.callbacks.manager [None req-c07594fe-a3f6-466b-a32e-fcc2b01dff42 admin admin] Notify callbacks ['neutron.plugins.ml2.ovo_rpc._ObjectChangeHandler.handle_event-581187'] for security_group, after_create {{(pid=95587) _notify_loop /usr/local/lib/python3.8/dist-packages/neutron_lib/callbacks/manager.py:192}}
Aug 20 11:11:26.638000 n-d-804230-3 neutron-server[95588]: DEBUG neutron_lib.callbacks.manager [None req-70cbe8c9-7714-4c44-896f-a19234cea193 admin admin] Notify callbacks ['neutron.plugins.ml2.ovo_rpc._ObjectChangeHandler.handle_event-581187'] for security_group, after_delete {{(pid=95588) _notify_loop /usr/local/lib/python3.8/dist-packages/neutron_lib/callbacks/manager.py:192}}
Aug 20 11:11:26.641158 n-d-804230-3 neutron-server[95588]: DEBUG neutron_lib.callbacks.manager [None req-70cbe8c9-7714-4c44-896f-a19234cea193 admin admin] Notify callbacks [] for security_group, before_response {{(pid=95588) _notify_loop /usr/local/lib/python3.8/dist-packages/neutron_lib/callbacks/manager.py:192}}
Aug 20 11:11:26.642361 n-d-804230-3 neutron-server[95588]: INFO neutron.wsgi [None req-70cbe8c9-7714-4c44-896f-a19234cea193 admin admin] 10.222.0.10 "DELETE /v2.0/security-groups/e21d535a-ab33-432a-a303-0ef2cea688b7 HTTP/1.1" status: 204 len: 168 time: 0.3282092
Aug 20 11:11:26.653268 n-d-804230-3 neutron-server[95588]: DEBUG neutron.api.rpc.handlers.resources_rpc [None req-70cbe8c9-7714-4c44-896f-a19234cea193 admin admin] Pushing event deleted for resources: {'SecurityGroup': ['ID=e21d535a-ab33-432a-a303-0ef2cea688b7,revision_number=None']} {{(pid=95588) push /opt/stack/neutron/neutron/api/rpc/handlers/resources_rpc.py:237}}
Aug 20 11:11:26.662649 n-d-804230-3 neutron-server[95587]: INFO neutron.wsgi [None req-c07594fe-a3f6-466b-a32e-fcc2b01dff42 admin admin] 10.222.0.10 "GET /v2.0/security-groups?tenant_id=1fc5463a2caf433f830bd0fca5066448&name=default HTTP/1.1" status: 200 len: 2979 time: 0.6911790
Aug 20 11:11:26.663386 n-d-804230-3 neutron-server[95587]: DEBUG neutron.api.rpc.handlers.resources_rpc [None req-c07594fe-a3f6-466b-a32e-fcc2b01dff42 admin admin] Pushing event updated for resources: {'SecurityGroup': ['ID=14b4f2ee-285c-4b6a-a654-348b90c368e3,revision_number=1']} {{(pid=95587) push /opt/stack/neutron/neutron/api/rpc/handlers/resources_rpc.py:237}}
Aug 20 11:11:26.665735 n-d-804230-3 neutron-server[95588]: DEBUG neutron.wsgi [-] (95588) accepted ('10.222.0.10', 38092) {{(pid=95588) server /usr/local/lib/python3.8/dist-packages/eventlet/wsgi.py:982}}
Aug 20 11:11:26.738420 n-d-804230-3 neutron-server[95588]: DEBUG neutron_lib.callbacks.manager [None req-b14c95df-70d2-4ea3-acb6-ce3e51cbb1da admin admin] Notify callbacks [] for security_group, before_delete {{(pid=95588) _notify_loop /usr/local/lib/python3.8/dist-packages/neutron_lib/callbacks/manager.py:192}}
Aug 20 11:11:26.772683 n-d-804230-3 neutron-server[95588]: DEBUG neutron_lib.callbacks.manager [None req-b14c95df-70d2-4ea3-acb6-ce3e51cbb1da admin admin] Notify callbacks [] for security_group, precommit_delete {{(pid=95588) _notify_loop /usr/local/lib/python3.8/dist-packages/neutron_lib/callbacks/manager.py:192}}
Aug 20 11:11:26.837117 n-d-804230-3 neutron-server[95588]: DEBUG neutron.pecan_wsgi.hooks.policy_enforcement [req-17574d10-108b-4c18-a003-566f47fe4275 req-3dad559e-6fea-46fa-a71c-1f3bdc147cef tempest-AggregatesAdminTestJSON-1399404647 tempest-AggregatesAdminTestJSON-1399404647-project] Attributes excluded by policy engine: ['standard_attr_id', 'binding:profile', 'binding:host_id', 'binding:vif_type', 'binding:vif_details'] {{(pid=95588) _exclude_attributes_by_policy /opt/stack/neutron/neutron/pecan_wsgi/hooks/policy_enforcement.py:255}}
Aug 20 11:11:26.838715 n-d-804230-3 neutron-server[95588]: INFO neutron.wsgi [req-17574d10-108b-4c18-a003-566f47fe4275 req-3dad559e-6fea-46fa-a71c-1f3bdc147cef tempest-AggregatesAdminTestJSON-1399404647 tempest-AggregatesAdminTestJSON-1399404647-project] 10.222.0.57 "GET /v2.0/ports?device_id=8fd88de3-3298-4835-bab3-744aa57dc312 HTTP/1.1" status: 200 len: 971 time: 0.0839987
Aug 20 11:11:27.011504 n-d-804230-3 neutron-server[95588]: DEBUG neutron.plugins.ml2.plugin [req-17574d10-108b-4c18-a003-566f47fe4275 req-a30c4f2f-b9a1-483f-8b4c-812be8ba4a14 tempest-AggregatesAdminTestJSON-1399404647 tempest-AggregatesAdminTestJSON-1399404647-project] Deleting port b63c1243-e188-4f1b-8ff6-8370b1f75a82 {{(pid=95588) _pre_delete_port /opt/stack/neutron/neutron/plugins/ml2/plugin.py:1917}}
Aug 20 11:11:27.011943 n-d-804230-3 neutron-server[95588]: DEBUG neutron_lib.callbacks.manager [req-17574d10-108b-4c18-a003-566f47fe4275 req-a30c4f2f-b9a1-483f-8b4c-812be8ba4a14 tempest-AggregatesAdminTestJSON-1399404647 tempest-AggregatesAdminTestJSON-1399404647-project] Notify callbacks ['neutron.db.l3_db.L3_NAT_dbonly_mixin._prevent_l3_port_delete_callback-8754706211063'] for port, before_delete {{(pid=95588) _notify_loop /usr/local/lib/python3.8/dist-packages/neutron_lib/callbacks/manager.py:192}}
Aug 20 11:11:27.026317 n-d-804230-3 neutron-server[95588]: DEBUG neutron_lib.callbacks.manager [None req-b14c95df-70d2-4ea3-acb6-ce3e51cbb1da admin admin] Notify callbacks ['neutron.plugins.ml2.ovo_rpc._ObjectChangeHandler.handle_event-581187'] for security_group, after_delete {{(pid=95588) _notify_loop /usr/local/lib/python3.8/dist-packages/neutron_lib/callbacks/manager.py:192}}
Aug 20 11:11:27.028901 n-d-804230-3 neutron-server[95588]: DEBUG neutron_lib.callbacks.manager [None req-b14c95df-70d2-4ea3-acb6-ce3e51cbb1da admin admin] Notify callbacks [] for security_group, before_response {{(pid=95588) _notify_loop /usr/local/lib/python3.8/dist-packages/neutron_lib/callbacks/manager.py:192}}
Aug 20 11:11:27.032578 n-d-804230-3 neutron-server[95588]: INFO neutron.wsgi [None req-b14c95df-70d2-4ea3-acb6-ce3e51cbb1da admin admin] 10.222.0.10 "DELETE /v2.0/security-groups/14b4f2ee-285c-4b6a-a654-348b90c368e3 HTTP/1.1" status: 204 len: 168 time: 0.3622124
Aug 20 11:11:27.074066 n-d-804230-3 neutron-server[95588]: DEBUG neutron.api.rpc.handlers.resources_rpc [None req-b14c95df-70d2-4ea3-acb6-ce3e51cbb1da admin admin] Pushing event deleted for resources: {'SecurityGroup': ['ID=14b4f2ee-285c-4b6a-a654-348b90c368e3,revision_number=None']} {{(pid=95588) push /opt/stack/neutron/neutron/api/rpc/handlers/resources_rpc.py:237}}
Aug 20 11:11:27.112204 n-d-804230-3 neutron-server[95587]: INFO neutron.wsgi [req-72b39450-fb8e-4c86-8b48-44fcb3b28fa1 req-699591ec-6233-42ee-88e6-b81f00a07d07 tempest-ServersAdminNegativeTestJSON-1303319665 tempest-ServersAdminNegativeTestJSON-1303319665-project] 10.222.0.38 "GET /v2.0/networks?tenant_id=4664405814514902a2349ac589a6a5e8&shared=False HTTP/1.1" status: 200 len: 213 time: 0.0435393
Aug 20 11:11:27.151315 n-d-804230-3 neutron-server[95588]: DEBUG neutron.plugins.ml2.db [req-17574d10-108b-4c18-a003-566f47fe4275 req-a30c4f2f-b9a1-483f-8b4c-812be8ba4a14 tempest-AggregatesAdminTestJSON-1399404647 tempest-AggregatesAdminTestJSON-1399404647-project] For port b63c1243-e188-4f1b-8ff6-8370b1f75a82, host n-h1-804230-3, got binding levels [PortBindingLevel(driver='hyperv',host='n-h1-804230-3',level=0,port_id=b63c1243-e188-4f1b-8ff6-8370b1f75a82,segment=NetworkSegment(834a213f-7f74-4017-b43f-4e6816d629bc),segment_id=834a213f-7f74-4017-b43f-4e6816d629bc)] {{(pid=95588) get_binding_level_objs /opt/stack/neutron/neutron/plugins/ml2/db.py:74}}
Aug 20 11:11:27.151732 n-d-804230-3 neutron-server[95588]: DEBUG neutron_lib.callbacks.manager [req-17574d10-108b-4c18-a003-566f47fe4275 req-a30c4f2f-b9a1-483f-8b4c-812be8ba4a14 tempest-AggregatesAdminTestJSON-1399404647 tempest-AggregatesAdminTestJSON-1399404647-project] Notify callbacks ['neutron.services.l3_router.l3_router_plugin.L3_NAT_dbonly_mixin._precommit_delete_port_callback-618041'] for port, precommit_delete {{(pid=95588) _notify_loop /usr/local/lib/python3.8/dist-packages/neutron_lib/callbacks/manager.py:192}}
Aug 20 11:11:27.188976 n-d-804230-3 neutron-server[95588]: DEBUG neutron.plugins.ml2.plugin [req-17574d10-108b-4c18-a003-566f47fe4275 req-a30c4f2f-b9a1-483f-8b4c-812be8ba4a14 tempest-AggregatesAdminTestJSON-1399404647 tempest-AggregatesAdminTestJSON-1399404647-project] Calling delete_port for b63c1243-e188-4f1b-8ff6-8370b1f75a82 owned by compute:tempest-test_az-1725553863 {{(pid=95588) delete_port /opt/stack/neutron/neutron/plugins/ml2/plugin.py:1995}}
Aug 20 11:11:27.342333 n-d-804230-3 neutron-server[95588]: DEBUG neutron.pecan_wsgi.hooks.policy_enforcement [req-60530953-b9f9-4acb-9441-10e817c33ff8 req-4ea0cc8f-2ca0-4b1b-8167-e4657007e3e0 tempest-DeleteServersAdminTestJSON-897924823 tempest-DeleteServersAdminTestJSON-897924823-project] Attributes excluded by policy engine: ['standard_attr_id', 'binding:profile', 'binding:host_id', 'binding:vif_type', 'binding:vif_details'] {{(pid=95588) _exclude_attributes_by_policy /opt/stack/neutron/neutron/pecan_wsgi/hooks/policy_enforcement.py:255}}
Aug 20 11:11:27.343984 n-d-804230-3 neutron-server[95588]: INFO neutron.wsgi [req-60530953-b9f9-4acb-9441-10e817c33ff8 req-4ea0cc8f-2ca0-4b1b-8167-e4657007e3e0 tempest-DeleteServersAdminTestJSON-897924823 tempest-DeleteServersAdminTestJSON-897924823-project] 10.222.0.10 "GET /v2.0/ports?device_id=6653b77f-85f3-4ff4-8e6a-58d5edfe578a HTTP/1.1" status: 200 len: 948 time: 0.0826137
Aug 20 11:11:27.388637 n-d-804230-3 neutron-server[95587]: DEBUG neutron.pecan_wsgi.hooks.policy_enforcement [req-72b39450-fb8e-4c86-8b48-44fcb3b28fa1 req-0be58b68-d81e-4b7b-be5a-4521a8935a2d tempest-ServersAdminNegativeTestJSON-1303319665 tempest-ServersAdminNegativeTestJSON-1303319665-project] Attributes excluded by policy engine: ['standard_attr_id', 'vlan_transparent', 'provider:network_type', 'provider:physical_network', 'provider:segmentation_id'] {{(pid=95587) _exclude_attributes_by_policy /opt/stack/neutron/neutron/pecan_wsgi/hooks/policy_enforcement.py:255}}
Aug 20 11:11:27.390538 n-d-804230-3 neutron-server[95587]: INFO neutron.wsgi [req-72b39450-fb8e-4c86-8b48-44fcb3b28fa1 req-0be58b68-d81e-4b7b-be5a-4521a8935a2d tempest-ServersAdminNegativeTestJSON-1303319665 tempest-ServersAdminNegativeTestJSON-1303319665-project] 10.222.0.38 "GET /v2.0/networks?shared=True HTTP/1.1" status: 200 len: 769 time: 0.2723198
Aug 20 11:11:27.407968 n-d-804230-3 neutron-server[95587]: DEBUG neutron.api.v2.base [req-72b39450-fb8e-4c86-8b48-44fcb3b28fa1 req-d8258ca6-f7c6-4e9a-b113-e6c284fe24b4 tempest-ServersAdminNegativeTestJSON-1303319665 tempest-ServersAdminNegativeTestJSON-1303319665-project] Request body: {'port': {'device_id': '65a9a5d6-b5bc-4474-83e7-5713b18c379d', 'network_id': '4f1d74f8-88ea-49cf-b4cd-242d17c36fa8', 'admin_state_up': True, 'tenant_id': '4664405814514902a2349ac589a6a5e8'}} {{(pid=95587) prepare_request_body /opt/stack/neutron/neutron/api/v2/base.py:730}}
Aug 20 11:11:27.427905 n-d-804230-3 neutron-server[95587]: DEBUG neutron.pecan_wsgi.hooks.policy_enforcement [req-1a2a6321-db2e-4dcc-8045-a12675652214 req-443e6245-5598-4aec-8e3d-fc302e3414d2 tempest-MigrationsAdminTest-1703184207 tempest-MigrationsAdminTest-1703184207-project] Attributes excluded by policy engine: ['standard_attr_id', 'binding:profile', 'binding:host_id', 'binding:vif_type', 'binding:vif_details'] {{(pid=95587) _exclude_attributes_by_policy /opt/stack/neutron/neutron/pecan_wsgi/hooks/policy_enforcement.py:255}}
Aug 20 11:11:27.432932 n-d-804230-3 neutron-server[95589]: DEBUG neutron.plugins.ml2.rpc [None req-a0c369f9-af7e-4e14-83c8-ab224b66501e None None] Device ff35ca2a-af02-4529-8750-c3a395c31bc5 details requested by agent hyperv_n-h1-804230-3 with host n-h1-804230-3 {{(pid=95589) get_device_details /opt/stack/neutron/neutron/plugins/ml2/rpc.py:102}}
Aug 20 11:11:27.436578 n-d-804230-3 neutron-server[95587]: INFO neutron.wsgi [req-1a2a6321-db2e-4dcc-8045-a12675652214 req-443e6245-5598-4aec-8e3d-fc302e3414d2 tempest-MigrationsAdminTest-1703184207 tempest-MigrationsAdminTest-1703184207-project] 10.222.0.10 "GET /v2.0/ports?device_id=23be1f64-a81a-400e-83e6-8ccce362189b HTTP/1.1" status: 200 len: 971 time: 0.1931179
Aug 20 11:11:27.486054 n-d-804230-3 neutron-server[95588]: INFO neutron.wsgi [req-60530953-b9f9-4acb-9441-10e817c33ff8 req-321108e4-b767-4180-ace7-e4a57af68b32 tempest-DeleteServersAdminTestJSON-897924823 tempest-DeleteServersAdminTestJSON-897924823-project] 10.222.0.10 "GET /v2.0/security-groups?id=04871fd7-060e-43c6-b010-1b3328a66d73&fields=id&fields=name HTTP/1.1" status: 200 len: 286 time: 0.1306019
Aug 20 11:11:27.532581 n-d-804230-3 neutron-server[95589]: DEBUG neutron.plugins.ml2.rpc [None req-a0c369f9-af7e-4e14-83c8-ab224b66501e None None] Device 1365fd03-1ebf-4e87-87d7-a3647f93fa7a up at agent hyperv_n-h1-804230-3 {{(pid=95589) update_device_up /opt/stack/neutron/neutron/plugins/ml2/rpc.py:296}}
Aug 20 11:11:27.551695 n-d-804230-3 neutron-server[95587]: INFO neutron.wsgi [req-1a2a6321-db2e-4dcc-8045-a12675652214 req-b5f05aa3-739d-44e0-97c5-fa5819955470 tempest-MigrationsAdminTest-1703184207 tempest-MigrationsAdminTest-1703184207-project] 10.222.0.10 "GET /v2.0/security-groups?id=f0bfe94e-4f02-41aa-950a-262ca73daddc&fields=id&fields=name HTTP/1.1" status: 200 len: 286 time: 0.1136656
Aug 20 11:11:27.621100 n-d-804230-3 neutron-server[95588]: DEBUG neutron_lib.callbacks.manager [req-17574d10-108b-4c18-a003-566f47fe4275 req-a30c4f2f-b9a1-483f-8b4c-812be8ba4a14 tempest-AggregatesAdminTestJSON-1399404647 tempest-AggregatesAdminTestJSON-1399404647-project] Notify callbacks ['neutron.plugins.ml2.plugin.SecurityGroupServerNotifierRpcMixin._notify_sg_on_port_change-1454992', 'neutron.plugins.ml2.ovo_rpc._ObjectChangeHandler.handle_event-979707', 'neutron.api.rpc.agentnotifiers.dhcp_rpc_agent_api.DhcpAgentNotifyAPI._native_event_send_dhcp_notification-770029', 'neutron.db.l3_db.L3RpcNotifierMixin._notify_routers_callback-8754706299823', 'neutron.db.l3_dvrscheduler_db._notify_port_delete-8754705797870', 'neutron.services.segments.plugin.NovaSegmentNotifier._notify_port_created_or_deleted-26646959'] for port, after_delete {{(pid=95588) _notify_loop /usr/local/lib/python3.8/dist-packages/neutron_lib/callbacks/manager.py:192}}
Aug 20 11:11:27.659373 n-d-804230-3 neutron-server[95589]: DEBUG neutron.plugins.ml2.db [None req-a0c369f9-af7e-4e14-83c8-ab224b66501e None None] get_ports_and_sgs() called for port_ids ['b63c1243-e188-4f1b-8ff6-8370b1f75a82'] {{(pid=95589) get_ports_and_sgs /opt/stack/neutron/neutron/plugins/ml2/db.py:156}}
Aug 20 11:11:27.689092 n-d-804230-3 neutron-server[95588]: DEBUG neutron.api.rpc.handlers.resources_rpc [None req-a30c4f2f-b9a1-483f-8b4c-812be8ba4a14 tempest-AggregatesAdminTestJSON-1399404647 tempest-AggregatesAdminTestJSON-1399404647-project] Pushing event deleted for resources: {'Port': ['ID=b63c1243-e188-4f1b-8ff6-8370b1f75a82,revision_number=None']} {{(pid=95588) push /opt/stack/neutron/neutron/api/rpc/handlers/resources_rpc.py:237}}
Aug 20 11:11:27.757466 n-d-804230-3 neutron-server[95587]: DEBUG neutron.pecan_wsgi.hooks.quota_enforcement [req-72b39450-fb8e-4c86-8b48-44fcb3b28fa1 req-d8258ca6-f7c6-4e9a-b113-e6c284fe24b4 tempest-ServersAdminNegativeTestJSON-1303319665 tempest-ServersAdminNegativeTestJSON-1303319665-project] Made reservation on behalf of 4664405814514902a2349ac589a6a5e8 for: {'port': 1} {{(pid=95587) before /opt/stack/neutron/neutron/pecan_wsgi/hooks/quota_enforcement.py:53}}
Aug 20 11:11:27.761549 n-d-804230-3 neutron-server[95587]: DEBUG neutron_lib.callbacks.manager [req-72b39450-fb8e-4c86-8b48-44fcb3b28fa1 req-d8258ca6-f7c6-4e9a-b113-e6c284fe24b4 tempest-ServersAdminNegativeTestJSON-1303319665 tempest-ServersAdminNegativeTestJSON-1303319665-project] Notify callbacks ['neutron.plugins.ml2.plugin.SecurityGroupDbMixin._ensure_default_security_group_handler-1457237'] for port, before_create {{(pid=95587) _notify_loop /usr/local/lib/python3.8/dist-packages/neutron_lib/callbacks/manager.py:192}}
Aug 20 11:11:27.860594 n-d-804230-3 neutron-server[95588]: DEBUG neutron.db.l3_dvrscheduler_db [req-17574d10-108b-4c18-a003-566f47fe4275 req-a30c4f2f-b9a1-483f-8b4c-812be8ba4a14 tempest-AggregatesAdminTestJSON-1399404647 tempest-AggregatesAdminTestJSON-1399404647-project] No DVR routers for this DVR port b63c1243-e188-4f1b-8ff6-8370b1f75a82 on host n-h1-804230-3 {{(pid=95588) get_dvr_routers_to_remove /opt/stack/neutron/neutron/db/l3_dvrscheduler_db.py:214}}
Aug 20 11:11:27.885781 n-d-804230-3 neutron-server[95588]: INFO neutron.wsgi [req-5768a985-0fd5-4eb8-9d45-d97e988a5b6f req-d25290f9-a0d5-4c90-84a0-6baa56ce0b0d tempest-ServersAdminNegativeTestJSON-1303319665 tempest-ServersAdminNegativeTestJSON-1303319665-project] 10.222.0.10 "GET /v2.0/ports?device_id=65a9a5d6-b5bc-4474-83e7-5713b18c379d HTTP/1.1" status: 200 len: 210 time: 0.1983371
Aug 20 11:11:27.893593 n-d-804230-3 neutron-server[95588]: DEBUG neutron_lib.callbacks.manager [req-17574d10-108b-4c18-a003-566f47fe4275 req-a30c4f2f-b9a1-483f-8b4c-812be8ba4a14 tempest-AggregatesAdminTestJSON-1399404647 tempest-AggregatesAdminTestJSON-1399404647-project] Notify callbacks ['neutron.notifiers.nova.Notifier._send_nova_notification-873706'] for port, before_response {{(pid=95588) _notify_loop /usr/local/lib/python3.8/dist-packages/neutron_lib/callbacks/manager.py:192}}
Aug 20 11:11:27.902500 n-d-804230-3 neutron-server[95588]: INFO neutron.wsgi [req-17574d10-108b-4c18-a003-566f47fe4275 req-a30c4f2f-b9a1-483f-8b4c-812be8ba4a14 tempest-AggregatesAdminTestJSON-1399404647 tempest-AggregatesAdminTestJSON-1399404647-project] 10.222.0.57 "DELETE /v2.0/ports/b63c1243-e188-4f1b-8ff6-8370b1f75a82 HTTP/1.1" status: 204 len: 173 time: 1.0529819
Aug 20 11:11:27.903733 n-d-804230-3 neutron-server[95588]: DEBUG neutron.notifiers.nova [-] Sending events: [{'server_uuid': '8fd88de3-3298-4835-bab3-744aa57dc312', 'name': 'network-vif-deleted', 'tag': 'b63c1243-e188-4f1b-8ff6-8370b1f75a82'}] {{(pid=95588) send_events /opt/stack/neutron/neutron/notifiers/nova.py:262}}
Aug 20 11:11:27.907457 n-d-804230-3 neutron-server[95588]: DEBUG novaclient.v2.client [-] REQ: curl -g -i --cacert "/opt/stack/data/ca-bundle.pem" -X POST http://10.222.0.10/compute/v2.1/os-server-external-events -H "Accept: application/json" -H "Content-Type: application/json" -H "User-Agent: python-novaclient" -H "X-Auth-Token: {SHA256}9195ddeb38c7179540ac4bd5e82ef1aab7cc11ba1b6f134cce005b33149f79fa" -H "X-OpenStack-Nova-API-Version: 2.1" -H "X-OpenStack-Request-ID: req-397cad74-0c5f-497b-8e7c-82e095ca5110" -d '{"events": [{"server_uuid": "8fd88de3-3298-4835-bab3-744aa57dc312", "name": "network-vif-deleted", "tag": "b63c1243-e188-4f1b-8ff6-8370b1f75a82"}]}' {{(pid=95588) _http_log_request /usr/local/lib/python3.8/dist-packages/keystoneauth1/session.py:519}}
Aug 20 11:11:27.936499 n-d-804230-3 neutron-server[95589]: DEBUG neutron.plugins.ml2.db [None req-a0c369f9-af7e-4e14-83c8-ab224b66501e None None] For port ff35ca2a-af02-4529-8750-c3a395c31bc5, host n-h1-804230-3, got binding levels [PortBindingLevel(driver='hyperv',host='n-h1-804230-3',level=0,port_id=ff35ca2a-af02-4529-8750-c3a395c31bc5,segment=NetworkSegment(834a213f-7f74-4017-b43f-4e6816d629bc),segment_id=834a213f-7f74-4017-b43f-4e6816d629bc)] {{(pid=95589) get_binding_level_objs /opt/stack/neutron/neutron/plugins/ml2/db.py:74}}
Aug 20 11:11:27.953043 n-d-804230-3 neutron-server[95589]: DEBUG neutron.plugins.ml2.rpc [None req-a0c369f9-af7e-4e14-83c8-ab224b66501e None None] Returning: {'device': 'ff35ca2a-af02-4529-8750-c3a395c31bc5', 'network_id': '4f1d74f8-88ea-49cf-b4cd-242d17c36fa8', 'port_id': 'ff35ca2a-af02-4529-8750-c3a395c31bc5', 'mac_address': 'fa:16:3e:81:d7:e4', 'admin_state_up': True, 'network_type': 'vlan', 'segmentation_id': 158, 'physical_network': 'physnet1', 'mtu': 1500, 'fixed_ips': [{'subnet_id': 'da5673f2-57b9-4d17-88af-5b646f7aa72d', 'ip_address': '192.168.233.153'}], 'device_owner': 'compute:nova', 'allowed_address_pairs': [], 'port_security_enabled': True, 'qos_policy_id': None, 'network_qos_policy_id': None, 'profile': {}, 'propagate_uplink_status': False} {{(pid=95589) _get_device_details /opt/stack/neutron/neutron/plugins/ml2/rpc.py:184}}
Aug 20 11:11:27.994651 n-d-804230-3 neutron-server[95588]: DEBUG novaclient.v2.client [-] RESP: [200] Connection: close Content-Length: 183 Content-Type: application/json Date: Fri, 20 Aug 2021 11:11:27 GMT OpenStack-API-Version: compute 2.1 Server: Apache/2.4.41 (Ubuntu) Vary: OpenStack-API-Version,X-OpenStack-Nova-API-Version X-OpenStack-Nova-API-Version: 2.1 x-compute-request-id: req-e90fc6e5-3c0f-459c-a9a7-b7bb01b2dcc0 x-openstack-request-id: req-e90fc6e5-3c0f-459c-a9a7-b7bb01b2dcc0 {{(pid=95588) _http_log_response /usr/local/lib/python3.8/dist-packages/keystoneauth1/session.py:550}}
Aug 20 11:11:27.994975 n-d-804230-3 neutron-server[95588]: DEBUG novaclient.v2.client [-] RESP BODY: {"events": [{"server_uuid": "8fd88de3-3298-4835-bab3-744aa57dc312", "name": "network-vif-deleted", "tag": "b63c1243-e188-4f1b-8ff6-8370b1f75a82", "status": "completed", "code": 200}]} {{(pid=95588) _http_log_response /usr/local/lib/python3.8/dist-packages/keystoneauth1/session.py:582}}
Aug 20 11:11:27.995234 n-d-804230-3 neutron-server[95588]: DEBUG novaclient.v2.client [-] POST call to compute for http://10.222.0.10/compute/v2.1/os-server-external-events used request id req-e90fc6e5-3c0f-459c-a9a7-b7bb01b2dcc0 {{(pid=95588) request /usr/local/lib/python3.8/dist-packages/keystoneauth1/session.py:954}}
Aug 20 11:11:27.996531 n-d-804230-3 neutron-server[95588]: INFO neutron.notifiers.nova [-] Nova event response: {'server_uuid': '8fd88de3-3298-4835-bab3-744aa57dc312', 'name': 'network-vif-deleted', 'tag': 'b63c1243-e188-4f1b-8ff6-8370b1f75a82', 'status': 'completed', 'code': 200}
Aug 20 11:11:28.040191 n-d-804230-3 neutron-server[95589]: DEBUG neutron_lib.callbacks.manager [None req-a0c369f9-af7e-4e14-83c8-ab224b66501e None None] Notify callbacks ['neutron.plugins.ml2.plugin.SecurityGroupDbMixin._ensure_default_security_group_handler-1457237'] for port, before_update {{(pid=95589) _notify_loop /usr/local/lib/python3.8/dist-packages/neutron_lib/callbacks/manager.py:192}}
Aug 20 11:11:28.044910 n-d-804230-3 neutron-server[95589]: DEBUG neutron.db.provisioning_blocks [None req-a0c369f9-af7e-4e14-83c8-ab224b66501e None None] Provisioning for port 1365fd03-1ebf-4e87-87d7-a3647f93fa7a completed by entity L2. {{(pid=95589) provisioning_complete /opt/stack/neutron/neutron/db/provisioning_blocks.py:133}}
Aug 20 11:11:28.047791 n-d-804230-3 neutron-server[95587]: DEBUG neutron.db.db_base_plugin_common [req-72b39450-fb8e-4c86-8b48-44fcb3b28fa1 req-d8258ca6-f7c6-4e9a-b113-e6c284fe24b4 tempest-ServersAdminNegativeTestJSON-1303319665 tempest-ServersAdminNegativeTestJSON-1303319665-project] Allocated IP 192.168.233.102 (4f1d74f8-88ea-49cf-b4cd-242d17c36fa8/da5673f2-57b9-4d17-88af-5b646f7aa72d/31037812-999f-49e3-93af-a6e48f96a95e) {{(pid=95587) _store_ip_allocation /opt/stack/neutron/neutron/db/db_base_plugin_common.py:131}}
Aug 20 11:11:28.051600 n-d-804230-3 neutron-server[95588]: DEBUG neutron.wsgi [-] (95588) accepted ('10.222.0.10', 38126) {{(pid=95588) server /usr/local/lib/python3.8/dist-packages/eventlet/wsgi.py:982}}
Aug 20 11:11:28.064259 n-d-804230-3 neutron-server[95589]: DEBUG neutron.db.provisioning_blocks [None req-a0c369f9-af7e-4e14-83c8-ab224b66501e None None] Provisioning complete for port 1365fd03-1ebf-4e87-87d7-a3647f93fa7a triggered by entity L2. {{(pid=95589) provisioning_complete /opt/stack/neutron/neutron/db/provisioning_blocks.py:139}}
Aug 20 11:11:28.064964 n-d-804230-3 neutron-server[95589]: DEBUG neutron_lib.callbacks.manager [None req-a0c369f9-af7e-4e14-83c8-ab224b66501e None None] Notify callbacks ['neutron.plugins.ml2.plugin.Ml2Plugin._port_provisioned-1498314'] for port, provisioning_complete {{(pid=95589) _notify_loop /usr/local/lib/python3.8/dist-packages/neutron_lib/callbacks/manager.py:192}}
Aug 20 11:11:28.083360 n-d-804230-3 neutron-server[95587]: INFO neutron.wsgi [req-0286f748-6482-4697-846f-29881af3198b req-9b462b1a-4aed-4e98-8e42-839539b23e68 tempest-AggregatesAdminTestJSON-1399404647 tempest-AggregatesAdminTestJSON-1399404647-project] 10.222.0.10 "GET /v2.0/ports?device_id=8fd88de3-3298-4835-bab3-744aa57dc312 HTTP/1.1" status: 200 len: 210 time: 0.0381038
Aug 20 11:11:28.101945 n-d-804230-3 neutron-server[95589]: DEBUG neutron.notifiers.nova [None req-a0c369f9-af7e-4e14-83c8-ab224b66501e None None] Ignoring state change previous_port_status: DOWN current_port_status: BUILD port_id ff35ca2a-af02-4529-8750-c3a395c31bc5 {{(pid=95589) record_port_status_changed /opt/stack/neutron/neutron/notifiers/nova.py:224}}
Aug 20 11:11:28.127660 n-d-804230-3 neutron-server[95589]: DEBUG neutron.plugins.ml2.db [None req-a0c369f9-af7e-4e14-83c8-ab224b66501e None None] For port ff35ca2a-af02-4529-8750-c3a395c31bc5, host n-h1-804230-3, got binding levels [PortBindingLevel(driver='hyperv',host='n-h1-804230-3',level=0,port_id=ff35ca2a-af02-4529-8750-c3a395c31bc5,segment=NetworkSegment(834a213f-7f74-4017-b43f-4e6816d629bc),segment_id=834a213f-7f74-4017-b43f-4e6816d629bc)] {{(pid=95589) get_binding_level_objs /opt/stack/neutron/neutron/plugins/ml2/db.py:74}}
Aug 20 11:11:28.208448 n-d-804230-3 neutron-server[95589]: DEBUG neutron_lib.callbacks.manager [None req-a0c369f9-af7e-4e14-83c8-ab224b66501e None None] Notify callbacks ['neutron.plugins.ml2.plugin.SecurityGroupDbMixin._ensure_default_security_group_handler-1457237'] for port, before_update {{(pid=95589) _notify_loop /usr/local/lib/python3.8/dist-packages/neutron_lib/callbacks/manager.py:192}}
Aug 20 11:11:28.236656 n-d-804230-3 neutron-server[95589]: DEBUG neutron.notifiers.nova [-] Sending events: [{'server_uuid': '23be1f64-a81a-400e-83e6-8ccce362189b', 'name': 'network-vif-plugged', 'status': 'completed', 'tag': '1365fd03-1ebf-4e87-87d7-a3647f93fa7a'}] {{(pid=95589) send_events /opt/stack/neutron/neutron/notifiers/nova.py:262}}
Aug 20 11:11:28.239067 n-d-804230-3 neutron-server[95589]: DEBUG novaclient.v2.client [-] REQ: curl -g -i --cacert "/opt/stack/data/ca-bundle.pem" -X POST http://10.222.0.10/compute/v2.1/os-server-external-events -H "Accept: application/json" -H "Content-Type: application/json" -H "User-Agent: python-novaclient" -H "X-Auth-Token: {SHA256}cdc106e3e6ec52dc587459401945c554a7788f394f4031fb581524050b48c1c6" -H "X-OpenStack-Nova-API-Version: 2.1" -H "X-OpenStack-Request-ID: req-e4214040-0fb9-4a7b-b0ef-98c6b7382ad2" -d '{"events": [{"server_uuid": "23be1f64-a81a-400e-83e6-8ccce362189b", "name": "network-vif-plugged", "status": "completed", "tag": "1365fd03-1ebf-4e87-87d7-a3647f93fa7a"}]}' {{(pid=95589) _http_log_request /usr/local/lib/python3.8/dist-packages/keystoneauth1/session.py:519}}
Aug 20 11:11:28.253216 n-d-804230-3 neutron-server[95589]: DEBUG neutron.plugins.ml2.db [None req-a0c369f9-af7e-4e14-83c8-ab224b66501e None None] For port 1365fd03-1ebf-4e87-87d7-a3647f93fa7a, host n-h1-804230-3, got binding levels [PortBindingLevel(driver='hyperv',host='n-h1-804230-3',level=0,port_id=1365fd03-1ebf-4e87-87d7-a3647f93fa7a,segment=NetworkSegment(834a213f-7f74-4017-b43f-4e6816d629bc),segment_id=834a213f-7f74-4017-b43f-4e6816d629bc)] {{(pid=95589) get_binding_level_objs /opt/stack/neutron/neutron/plugins/ml2/db.py:74}}
Aug 20 11:11:28.255113 n-d-804230-3 neutron-server[95587]: DEBUG neutron_lib.callbacks.manager [req-72b39450-fb8e-4c86-8b48-44fcb3b28fa1 req-d8258ca6-f7c6-4e9a-b113-e6c284fe24b4 tempest-ServersAdminNegativeTestJSON-1303319665 tempest-ServersAdminNegativeTestJSON-1303319665-project] Notify callbacks [] for port, precommit_create {{(pid=95587) _notify_loop /usr/local/lib/python3.8/dist-packages/neutron_lib/callbacks/manager.py:192}}
Aug 20 11:11:28.274318 n-d-804230-3 neutron-server[95589]: DEBUG neutron_lib.callbacks.manager [None req-a0c369f9-af7e-4e14-83c8-ab224b66501e None None] Notify callbacks ['neutron.plugins.ml2.plugin.SecurityGroupServerNotifierRpcMixin._notify_sg_on_port_change-1454992', 'neutron.plugins.ml2.ovo_rpc._ObjectChangeHandler.handle_event-979707', 'neutron.api.rpc.agentnotifiers.dhcp_rpc_agent_api.DhcpAgentNotifyAPI._native_event_send_dhcp_notification-770029', 'neutron.db.l3_db.L3RpcNotifierMixin._notify_gateway_port_ip_changed-8754706299733', 'neutron.db.l3_dvrscheduler_db._notify_l3_agent_port_update-8754705797879', 'neutron.db.l3_hascheduler_db._notify_l3_agent_ha_port_update-8754705795597'] for port, after_update {{(pid=95589) _notify_loop /usr/local/lib/python3.8/dist-packages/neutron_lib/callbacks/manager.py:192}}
Aug 20 11:11:28.274493 n-d-804230-3 neutron-server[95587]: DEBUG neutron.db.provisioning_blocks [req-72b39450-fb8e-4c86-8b48-44fcb3b28fa1 req-d8258ca6-f7c6-4e9a-b113-e6c284fe24b4 tempest-ServersAdminNegativeTestJSON-1303319665 tempest-ServersAdminNegativeTestJSON-1303319665-project] Transition to ACTIVE for port object 31037812-999f-49e3-93af-a6e48f96a95e will not be triggered until provisioned by entity DHCP. {{(pid=95587) add_provisioning_component /opt/stack/neutron/neutron/db/provisioning_blocks.py:73}}
Aug 20 11:11:28.279277 n-d-804230-3 neutron-server[95589]: DEBUG novaclient.v2.client [-] RESP: [200] Connection: close Content-Length: 183 Content-Type: application/json Date: Fri, 20 Aug 2021 11:11:28 GMT OpenStack-API-Version: compute 2.1 Server: Apache/2.4.41 (Ubuntu) Vary: OpenStack-API-Version,X-OpenStack-Nova-API-Version X-OpenStack-Nova-API-Version: 2.1 x-compute-request-id: req-5031a5e0-7041-4762-90e1-e27ad58f26cd x-openstack-request-id: req-5031a5e0-7041-4762-90e1-e27ad58f26cd {{(pid=95589) _http_log_response /usr/local/lib/python3.8/dist-packages/keystoneauth1/session.py:550}}
Aug 20 11:11:28.279592 n-d-804230-3 neutron-server[95589]: DEBUG novaclient.v2.client [-] RESP BODY: {"events": [{"server_uuid": "23be1f64-a81a-400e-83e6-8ccce362189b", "name": "network-vif-plugged", "status": "completed", "tag": "1365fd03-1ebf-4e87-87d7-a3647f93fa7a", "code": 200}]} {{(pid=95589) _http_log_response /usr/local/lib/python3.8/dist-packages/keystoneauth1/session.py:582}}
Aug 20 11:11:28.279836 n-d-804230-3 neutron-server[95589]: DEBUG novaclient.v2.client [-] POST call to compute for http://10.222.0.10/compute/v2.1/os-server-external-events used request id req-5031a5e0-7041-4762-90e1-e27ad58f26cd {{(pid=95589) request /usr/local/lib/python3.8/dist-packages/keystoneauth1/session.py:954}}
Aug 20 11:11:28.280230 n-d-804230-3 neutron-server[95589]: INFO neutron.notifiers.nova [-] Nova event response: {'server_uuid': '23be1f64-a81a-400e-83e6-8ccce362189b', 'name': 'network-vif-plugged', 'status': 'completed', 'tag': '1365fd03-1ebf-4e87-87d7-a3647f93fa7a', 'code': 200}
Aug 20 11:11:28.333985 n-d-804230-3 neutron-server[95589]: DEBUG neutron.api.rpc.handlers.resources_rpc [None req-a0c369f9-af7e-4e14-83c8-ab224b66501e None None] Pushing event updated for resources: {'Port': ['ID=ff35ca2a-af02-4529-8750-c3a395c31bc5,revision_number=4']} {{(pid=95589) push /opt/stack/neutron/neutron/api/rpc/handlers/resources_rpc.py:237}}
Aug 20 11:11:28.380081 n-d-804230-3 neutron-server[95588]: DEBUG neutron.pecan_wsgi.hooks.policy_enforcement [req-a918380c-52ac-4b88-8139-329fae5f1ba9 req-da87f74c-c586-42dc-93aa-0acc57e33ba0 service neutron] Attributes excluded by policy engine: ['standard_attr_id'] {{(pid=95588) _exclude_attributes_by_policy /opt/stack/neutron/neutron/pecan_wsgi/hooks/policy_enforcement.py:255}}
Aug 20 11:11:28.381628 n-d-804230-3 neutron-server[95588]: INFO neutron.wsgi [req-a918380c-52ac-4b88-8139-329fae5f1ba9 req-da87f74c-c586-42dc-93aa-0acc57e33ba0 service neutron] 10.222.0.57 "GET /v2.0/ports?device_id=23be1f64-a81a-400e-83e6-8ccce362189b HTTP/1.1" status: 200 len: 1122 time: 0.0401931
Aug 20 11:11:28.429764 n-d-804230-3 neutron-server[95588]: INFO neutron.wsgi [req-a918380c-52ac-4b88-8139-329fae5f1ba9 req-07776b2d-6493-4e9a-a649-023c0dade356 service neutron] 10.222.0.57 "GET /v2.0/security-groups?id=f0bfe94e-4f02-41aa-950a-262ca73daddc&fields=id&fields=name HTTP/1.1" status: 200 len: 286 time: 0.0406487
Aug 20 11:11:28.435120 n-d-804230-3 neutron-server[95588]: DEBUG neutron.wsgi [-] (95588) accepted ('10.222.0.10', 38132) {{(pid=95588) server /usr/local/lib/python3.8/dist-packages/eventlet/wsgi.py:982}}
Aug 20 11:11:28.448001 n-d-804230-3 neutron-server[95588]: DEBUG neutron_lib.callbacks.manager [None req-09b8ca95-7bdc-4e5f-90ea-f1d1badc129a admin admin] Notify callbacks [] for security_group, before_create {{(pid=95588) _notify_loop /usr/local/lib/python3.8/dist-packages/neutron_lib/callbacks/manager.py:192}}
Aug 20 11:11:28.460025 n-d-804230-3 neutron-server[95589]: DEBUG neutron_lib.callbacks.manager [None req-a0c369f9-af7e-4e14-83c8-ab224b66501e None None] Notify callbacks ['neutron.plugins.ml2.plugin.SecurityGroupServerNotifierRpcMixin._notify_sg_on_port_change-1454992', 'neutron.plugins.ml2.ovo_rpc._ObjectChangeHandler.handle_event-979707', 'neutron.api.rpc.agentnotifiers.dhcp_rpc_agent_api.DhcpAgentNotifyAPI._native_event_send_dhcp_notification-770029', 'neutron.db.l3_db.L3RpcNotifierMixin._notify_gateway_port_ip_changed-8754706299733', 'neutron.db.l3_dvrscheduler_db._notify_l3_agent_port_update-8754705797879', 'neutron.db.l3_hascheduler_db._notify_l3_agent_ha_port_update-8754705795597'] for port, after_update {{(pid=95589) _notify_loop /usr/local/lib/python3.8/dist-packages/neutron_lib/callbacks/manager.py:192}}
Aug 20 11:11:28.460941 n-d-804230-3 neutron-server[95587]: DEBUG neutron_lib.callbacks.manager [req-72b39450-fb8e-4c86-8b48-44fcb3b28fa1 req-d8258ca6-f7c6-4e9a-b113-e6c284fe24b4 tempest-ServersAdminNegativeTestJSON-1303319665 tempest-ServersAdminNegativeTestJSON-1303319665-project] Notify callbacks ['neutron.plugins.ml2.plugin.SecurityGroupServerNotifierRpcMixin._notify_sg_on_port_change-1454992', 'neutron.plugins.ml2.ovo_rpc._ObjectChangeHandler.handle_event-979707', 'neutron.api.rpc.agentnotifiers.dhcp_rpc_agent_api.DhcpAgentNotifyAPI._native_event_send_dhcp_notification-770029', 'neutron.db.l3_dvrscheduler_db._notify_l3_agent_new_port-8754705797861', 'neutron.services.segments.plugin.NovaSegmentNotifier._notify_port_created_or_deleted-27008343'] for port, after_create {{(pid=95587) _notify_loop /usr/local/lib/python3.8/dist-packages/neutron_lib/callbacks/manager.py:192}}
Aug 20 11:11:28.486887 n-d-804230-3 neutron-server[95589]: DEBUG neutron.plugins.ml2.db [None req-5d8a7ff0-44c1-45c7-9721-0a4f560e8bbf None None] get_ports_and_sgs() called for port_ids ['10364202-a77d-4d5b-a7a3-f1afa5d47822'] {{(pid=95589) get_ports_and_sgs /opt/stack/neutron/neutron/plugins/ml2/db.py:156}}
Aug 20 11:11:28.492234 n-d-804230-3 neutron-server[95589]: DEBUG neutron.plugins.ml2.db [None req-a0c369f9-af7e-4e14-83c8-ab224b66501e None None] get_ports_and_sgs() called for port_ids ['ff35ca2a-af02-4529-8750-c3a395c31bc5'] {{(pid=95589) get_ports_and_sgs /opt/stack/neutron/neutron/plugins/ml2/db.py:156}}
Aug 20 11:11:28.524375 n-d-804230-3 neutron-server[95587]: DEBUG neutron.scheduler.dhcp_agent_scheduler [req-72b39450-fb8e-4c86-8b48-44fcb3b28fa1 req-d8258ca6-f7c6-4e9a-b113-e6c284fe24b4 tempest-ServersAdminNegativeTestJSON-1303319665 tempest-ServersAdminNegativeTestJSON-1303319665-project] Network 4f1d74f8-88ea-49cf-b4cd-242d17c36fa8 is already hosted by enough agents. {{(pid=95587) _get_dhcp_agents_hosting_network /opt/stack/neutron/neutron/scheduler/dhcp_agent_scheduler.py:275}}
Aug 20 11:11:28.555401 n-d-804230-3 neutron-server[95587]: DEBUG neutron.api.rpc.handlers.resources_rpc [None req-d8258ca6-f7c6-4e9a-b113-e6c284fe24b4 tempest-ServersAdminNegativeTestJSON-1303319665 tempest-ServersAdminNegativeTestJSON-1303319665-project] Pushing event updated for resources: {'Port': ['ID=31037812-999f-49e3-93af-a6e48f96a95e,revision_number=1']} {{(pid=95587) push /opt/stack/neutron/neutron/api/rpc/handlers/resources_rpc.py:237}}
Aug 20 11:11:28.564095 n-d-804230-3 neutron-server[95587]: DEBUG neutron.scheduler.base_scheduler [req-72b39450-fb8e-4c86-8b48-44fcb3b28fa1 req-d8258ca6-f7c6-4e9a-b113-e6c284fe24b4 tempest-ServersAdminNegativeTestJSON-1303319665 tempest-ServersAdminNegativeTestJSON-1303319665-project] Resources bound (agent type, host, resource id): {{(pid=95587) schedule /opt/stack/neutron/neutron/scheduler/base_scheduler.py:57}}
Aug 20 11:11:28.567371 n-d-804230-3 neutron-server[95587]: DEBUG neutron.db.l3_dvrscheduler_db [req-72b39450-fb8e-4c86-8b48-44fcb3b28fa1 req-d8258ca6-f7c6-4e9a-b113-e6c284fe24b4 tempest-ServersAdminNegativeTestJSON-1303319665 tempest-ServersAdminNegativeTestJSON-1303319665-project] Received port after_create {{(pid=95587) _notify_l3_agent_new_port /opt/stack/neutron/neutron/db/l3_dvrscheduler_db.py:535}}
Aug 20 11:11:28.601397 n-d-804230-3 neutron-server[95589]: DEBUG neutron.api.rpc.handlers.resources_rpc [None req-a0c369f9-af7e-4e14-83c8-ab224b66501e None None] Pushing event updated for resources: {'Port': ['ID=1365fd03-1ebf-4e87-87d7-a3647f93fa7a,revision_number=5']} {{(pid=95589) push /opt/stack/neutron/neutron/api/rpc/handlers/resources_rpc.py:237}}
Aug 20 11:11:28.661569 n-d-804230-3 neutron-server[95588]: DEBUG neutron_lib.callbacks.manager [None req-09b8ca95-7bdc-4e5f-90ea-f1d1badc129a admin admin] Notify callbacks [] for security_group, precommit_create {{(pid=95588) _notify_loop /usr/local/lib/python3.8/dist-packages/neutron_lib/callbacks/manager.py:192}}
Aug 20 11:11:28.739921 n-d-804230-3 neutron-server[95587]: DEBUG neutron.wsgi [-] (95587) accepted ('10.222.0.10', 38140) {{(pid=95587) server /usr/local/lib/python3.8/dist-packages/eventlet/wsgi.py:982}}
Aug 20 11:11:28.760218 n-d-804230-3 neutron-server[95588]: DEBUG neutron_lib.callbacks.manager [None req-09b8ca95-7bdc-4e5f-90ea-f1d1badc129a admin admin] Notify callbacks ['neutron.plugins.ml2.ovo_rpc._ObjectChangeHandler.handle_event-581187'] for security_group, after_create {{(pid=95588) _notify_loop /usr/local/lib/python3.8/dist-packages/neutron_lib/callbacks/manager.py:192}}
Aug 20 11:11:28.794757 n-d-804230-3 neutron-server[95587]: DEBUG neutron.pecan_wsgi.hooks.policy_enforcement [req-0d74d34f-1dfc-4f98-b31b-26f5ae56c8e8 req-c7f87cc0-2a19-40ff-a757-5d717c1e7fb3 tempest-DeleteServersAdminTestJSON-897924823 tempest-DeleteServersAdminTestJSON-897924823-project] Attributes excluded by policy engine: ['standard_attr_id', 'binding:profile', 'binding:host_id', 'binding:vif_type', 'binding:vif_details'] {{(pid=95587) _exclude_attributes_by_policy /opt/stack/neutron/neutron/pecan_wsgi/hooks/policy_enforcement.py:255}}
Aug 20 11:11:28.796698 n-d-804230-3 neutron-server[95587]: INFO neutron.wsgi [req-0d74d34f-1dfc-4f98-b31b-26f5ae56c8e8 req-c7f87cc0-2a19-40ff-a757-5d717c1e7fb3 tempest-DeleteServersAdminTestJSON-897924823 tempest-DeleteServersAdminTestJSON-897924823-project] 10.222.0.10 "GET /v2.0/ports?device_id=6653b77f-85f3-4ff4-8e6a-58d5edfe578a HTTP/1.1" status: 200 len: 949 time: 0.1555424
Aug 20 11:11:28.813799 n-d-804230-3 neutron-server[95587]: DEBUG neutron.pecan_wsgi.hooks.policy_enforcement [req-72b39450-fb8e-4c86-8b48-44fcb3b28fa1 req-d8258ca6-f7c6-4e9a-b113-e6c284fe24b4 tempest-ServersAdminNegativeTestJSON-1303319665 tempest-ServersAdminNegativeTestJSON-1303319665-project] Attributes excluded by policy engine: ['standard_attr_id', 'binding:profile', 'binding:host_id', 'binding:vif_type', 'binding:vif_details', 'network'] {{(pid=95587) _exclude_attributes_by_policy /opt/stack/neutron/neutron/pecan_wsgi/hooks/policy_enforcement.py:255}}
Aug 20 11:11:28.815083 n-d-804230-3 neutron-server[95587]: DEBUG neutron_lib.callbacks.manager [req-72b39450-fb8e-4c86-8b48-44fcb3b28fa1 req-d8258ca6-f7c6-4e9a-b113-e6c284fe24b4 tempest-ServersAdminNegativeTestJSON-1303319665 tempest-ServersAdminNegativeTestJSON-1303319665-project] Notify callbacks ['neutron.notifiers.nova.Notifier._send_nova_notification-873706'] for port, before_response {{(pid=95587) _notify_loop /usr/local/lib/python3.8/dist-packages/neutron_lib/callbacks/manager.py:192}}
Aug 20 11:11:28.831031 n-d-804230-3 neutron-server[95587]: DEBUG neutron_lib.callbacks.manager [None req-ba7f24a3-275a-4d59-9277-4d1c8089aeca admin admin] Notify callbacks [] for security_group, before_create {{(pid=95587) _notify_loop /usr/local/lib/python3.8/dist-packages/neutron_lib/callbacks/manager.py:192}}
Aug 20 11:11:28.890143 n-d-804230-3 neutron-server[95587]: INFO neutron.wsgi [req-72b39450-fb8e-4c86-8b48-44fcb3b28fa1 req-d8258ca6-f7c6-4e9a-b113-e6c284fe24b4 tempest-ServersAdminNegativeTestJSON-1303319665 tempest-ServersAdminNegativeTestJSON-1303319665-project] 10.222.0.38 "POST /v2.0/ports HTTP/1.1" status: 201 len: 938 time: 1.4871151
Aug 20 11:11:28.895065 n-d-804230-3 neutron-server[95587]: INFO neutron.wsgi [req-0d74d34f-1dfc-4f98-b31b-26f5ae56c8e8 req-e009353e-8262-43bd-88bf-bd3444bddf09 tempest-DeleteServersAdminTestJSON-897924823 tempest-DeleteServersAdminTestJSON-897924823-project] 10.222.0.10 "GET /v2.0/security-groups?id=04871fd7-060e-43c6-b010-1b3328a66d73&fields=id&fields=name HTTP/1.1" status: 200 len: 286 time: 0.0656962
Aug 20 11:11:28.904930 n-d-804230-3 neutron-server[95587]: DEBUG neutron.api.v2.base [req-72b39450-fb8e-4c86-8b48-44fcb3b28fa1 req-fb8987fc-510b-47c8-9514-f0caf5156095 service neutron] Request body: {'port': {'device_id': '65a9a5d6-b5bc-4474-83e7-5713b18c379d', 'device_owner': 'compute:nova', 'binding:host_id': 'n-h2-804230-3'}} {{(pid=95587) prepare_request_body /opt/stack/neutron/neutron/api/v2/base.py:730}}
Aug 20 11:11:28.925418 n-d-804230-3 neutron-server[95588]: INFO neutron.wsgi [None req-09b8ca95-7bdc-4e5f-90ea-f1d1badc129a admin admin] 10.222.0.10 "GET /v2.0/security-groups?tenant_id=b49283b71b8a48b2a65f2af3a2afc4c0&name=default HTTP/1.1" status: 200 len: 2979 time: 0.4856374
Aug 20 11:11:28.928711 n-d-804230-3 neutron-server[95588]: DEBUG neutron.wsgi [-] (95588) accepted ('10.222.0.10', 38144) {{(pid=95588) server /usr/local/lib/python3.8/dist-packages/eventlet/wsgi.py:982}}
Aug 20 11:11:28.957895 n-d-804230-3 neutron-server[95588]: DEBUG neutron.api.rpc.handlers.resources_rpc [None req-09b8ca95-7bdc-4e5f-90ea-f1d1badc129a admin admin] Pushing event updated for resources: {'SecurityGroup': ['ID=e3646780-c117-4064-9f37-1acd23e64bfd,revision_number=1']} {{(pid=95588) push /opt/stack/neutron/neutron/api/rpc/handlers/resources_rpc.py:237}}
Aug 20 11:11:28.980155 n-d-804230-3 neutron-server[95588]: DEBUG neutron.pecan_wsgi.hooks.policy_enforcement [req-6d2821fb-ff2d-4d4d-8eef-015b7eacd2b0 req-43c47880-4b28-42c7-abb4-c21a7197aa29 tempest-MigrationsAdminTest-1703184207 tempest-MigrationsAdminTest-1703184207-project] Attributes excluded by policy engine: ['standard_attr_id', 'binding:profile', 'binding:host_id', 'binding:vif_type', 'binding:vif_details'] {{(pid=95588) _exclude_attributes_by_policy /opt/stack/neutron/neutron/pecan_wsgi/hooks/policy_enforcement.py:255}}
Aug 20 11:11:28.989997 n-d-804230-3 neutron-server[95588]: INFO neutron.wsgi [req-6d2821fb-ff2d-4d4d-8eef-015b7eacd2b0 req-43c47880-4b28-42c7-abb4-c21a7197aa29 tempest-MigrationsAdminTest-1703184207 tempest-MigrationsAdminTest-1703184207-project] 10.222.0.10 "GET /v2.0/ports?device_id=23be1f64-a81a-400e-83e6-8ccce362189b HTTP/1.1" status: 200 len: 972 time: 0.2863052
Aug 20 11:11:29.024156 n-d-804230-3 neutron-server[95587]: DEBUG neutron_lib.callbacks.manager [req-72b39450-fb8e-4c86-8b48-44fcb3b28fa1 req-fb8987fc-510b-47c8-9514-f0caf5156095 service neutron] Notify callbacks ['neutron.plugins.ml2.plugin.SecurityGroupDbMixin._ensure_default_security_group_handler-1457237'] for port, before_update {{(pid=95587) _notify_loop /usr/local/lib/python3.8/dist-packages/neutron_lib/callbacks/manager.py:192}}
Aug 20 11:11:29.061273 n-d-804230-3 neutron-server[95588]: INFO neutron.wsgi [None req-3d789a5d-6cb7-433b-8c06-eeef7d509b35 tempest-AutoAllocateNetworkTest-736609285 tempest-AutoAllocateNetworkTest-736609285-project] 10.222.0.10 "GET /v2.0/networks?tenant_id=ece07e100e164a389a6e83bc004f0c32&shared=False HTTP/1.1" status: 200 len: 208 time: 1.0080471
Aug 20 11:11:29.070909 n-d-804230-3 neutron-server[95588]: DEBUG neutron.wsgi [-] (95588) accepted ('10.222.0.10', 38148) {{(pid=95588) server /usr/local/lib/python3.8/dist-packages/eventlet/wsgi.py:982}}
