Aug 11 13:26:31.503184 n-d-804230-1 devstack@placement-api.service[94906]: [pid: 94906|app: 0|req: 469/941] 10.222.0.20 () {60 vars in 1381 bytes} [Wed Aug 11 13:26:31 2021] GET /placement/allocations/34fea54b-0d64-427d-bbe3-92af9b127b9d => generated 19 bytes in 62 msecs (HTTP/1.1 200) 8 headers in 295 bytes (1 switches on core 0)
Aug 11 13:26:31.512234 n-d-804230-1 devstack@placement-api.service[94905]: DEBUG placement.requestlog [req-eec7184e-bdf2-4678-9ca9-755753a081c1 req-d78f4692-08dc-469d-bc1f-683093398c1a None None] Starting request: 10.222.0.20 "PUT /placement/allocations/34fea54b-0d64-427d-bbe3-92af9b127b9d" {{(pid=94905) __call__ /opt/stack/placement/placement/requestlog.py:55}}
Aug 11 13:26:31.675003 n-d-804230-1 devstack@placement-api.service[94905]: DEBUG placement.handlers.allocation [req-eec7184e-bdf2-4678-9ca9-755753a081c1 req-d78f4692-08dc-469d-bc1f-683093398c1a service placement] Successfully wrote allocations [, , ] {{(pid=94905) _create_allocations /opt/stack/placement/placement/handlers/allocation.py:435}}
Aug 11 13:26:31.675656 n-d-804230-1 devstack@placement-api.service[94905]: INFO placement.requestlog [req-eec7184e-bdf2-4678-9ca9-755753a081c1 req-d78f4692-08dc-469d-bc1f-683093398c1a service placement] 10.222.0.20 "PUT /placement/allocations/34fea54b-0d64-427d-bbe3-92af9b127b9d" status: 204 len: 0 microversion: 1.35
Aug 11 13:26:31.676423 n-d-804230-1 devstack@placement-api.service[94905]: [pid: 94905|app: 0|req: 473/942] 10.222.0.20 () {64 vars in 1434 bytes} [Wed Aug 11 13:26:31 2021] PUT /placement/allocations/34fea54b-0d64-427d-bbe3-92af9b127b9d => generated 0 bytes in 164 msecs (HTTP/1.1 204) 5 headers in 199 bytes (1 switches on core 0)
Aug 11 13:26:32.582325 n-d-804230-1 devstack@placement-api.service[94906]: DEBUG placement.requestlog [req-eec7184e-bdf2-4678-9ca9-755753a081c1 req-58c92acf-87d4-4a7f-92bc-856f2c9adb10 None None] Starting request: 10.222.0.10 "GET /placement/allocations/34fea54b-0d64-427d-bbe3-92af9b127b9d" {{(pid=94906) __call__ /opt/stack/placement/placement/requestlog.py:55}}
Aug 11 13:26:32.635016 n-d-804230-1 devstack@placement-api.service[94906]: INFO placement.requestlog [req-eec7184e-bdf2-4678-9ca9-755753a081c1 req-58c92acf-87d4-4a7f-92bc-856f2c9adb10 service placement] 10.222.0.10 "GET /placement/allocations/34fea54b-0d64-427d-bbe3-92af9b127b9d" status: 200 len: 260 microversion: 1.28
Aug 11 13:26:32.635781 n-d-804230-1 devstack@placement-api.service[94906]: [pid: 94906|app: 0|req: 470/943] 10.222.0.10 () {60 vars in 1378 bytes} [Wed Aug 11 13:26:32 2021] GET /placement/allocations/34fea54b-0d64-427d-bbe3-92af9b127b9d => generated 260 bytes in 54 msecs (HTTP/1.1 200) 8 headers in 296 bytes (1 switches on core 0)
Aug 11 13:26:38.055589 n-d-804230-1 devstack@placement-api.service[94905]: DEBUG placement.requestlog [req-81806b1f-909d-4705-a6dc-74e0f1036a0f req-75e3f91e-2efd-4a8e-9e69-f77e60e475ca None None] Starting request: 10.222.0.20 "GET /placement/allocation_candidates?resources=DISK_GB%3A1%2CMEMORY_MB%3A1024%2CVCPU%3A1&root_required=%21COMPUTE_STATUS_DISABLED" {{(pid=94905) __call__ /opt/stack/placement/placement/requestlog.py:55}}
Aug 11 13:26:38.159143 n-d-804230-1 devstack@placement-api.service[94905]: DEBUG placement.objects.research_context [req-81806b1f-909d-4705-a6dc-74e0f1036a0f req-75e3f91e-2efd-4a8e-9e69-f77e60e475ca service placement] getting providers with 1 DISK_GB {{(pid=94905) __init__ /opt/stack/placement/placement/objects/research_context.py:126}}
Aug 11 13:26:38.176319 n-d-804230-1 devstack@placement-api.service[94905]: DEBUG placement.objects.research_context [req-81806b1f-909d-4705-a6dc-74e0f1036a0f req-75e3f91e-2efd-4a8e-9e69-f77e60e475ca service placement] getting providers with 1024 MEMORY_MB {{(pid=94905) __init__ /opt/stack/placement/placement/objects/research_context.py:126}}
Aug 11 13:26:38.192503 n-d-804230-1 devstack@placement-api.service[94905]: DEBUG placement.objects.research_context [req-81806b1f-909d-4705-a6dc-74e0f1036a0f req-75e3f91e-2efd-4a8e-9e69-f77e60e475ca service placement] getting providers with 1 VCPU {{(pid=94905) __init__ /opt/stack/placement/placement/objects/research_context.py:126}}
Aug 11 13:26:38.205761 n-d-804230-1 devstack@placement-api.service[94905]: DEBUG placement.objects.research_context [req-81806b1f-909d-4705-a6dc-74e0f1036a0f req-75e3f91e-2efd-4a8e-9e69-f77e60e475ca service placement] found 2 providers with available 1 DISK_GB {{(pid=94905) get_provider_ids_matching /opt/stack/placement/placement/objects/research_context.py:549}}
Aug 11 13:26:38.206485 n-d-804230-1 devstack@placement-api.service[94905]: DEBUG placement.objects.research_context [req-81806b1f-909d-4705-a6dc-74e0f1036a0f req-75e3f91e-2efd-4a8e-9e69-f77e60e475ca service placement] found 2 providers with available 1024 MEMORY_MB {{(pid=94905) get_provider_ids_matching /opt/stack/placement/placement/objects/research_context.py:549}}
Aug 11 13:26:38.208726 n-d-804230-1 devstack@placement-api.service[94905]: DEBUG placement.objects.research_context [req-81806b1f-909d-4705-a6dc-74e0f1036a0f req-75e3f91e-2efd-4a8e-9e69-f77e60e475ca service placement] found 2 providers after filtering by previous result {{(pid=94905) get_provider_ids_matching /opt/stack/placement/placement/objects/research_context.py:580}}
Aug 11 13:26:38.209781 n-d-804230-1 devstack@placement-api.service[94905]: DEBUG placement.objects.research_context [req-81806b1f-909d-4705-a6dc-74e0f1036a0f req-75e3f91e-2efd-4a8e-9e69-f77e60e475ca service placement] found 2 providers with available 1 VCPU {{(pid=94905) get_provider_ids_matching /opt/stack/placement/placement/objects/research_context.py:549}}
Aug 11 13:26:38.210227 n-d-804230-1 devstack@placement-api.service[94905]: DEBUG placement.objects.research_context [req-81806b1f-909d-4705-a6dc-74e0f1036a0f req-75e3f91e-2efd-4a8e-9e69-f77e60e475ca service placement] found 2 providers after filtering by previous result {{(pid=94905) get_provider_ids_matching /opt/stack/placement/placement/objects/research_context.py:580}}
Aug 11 13:26:38.230882 n-d-804230-1 devstack@placement-api.service[94905]: DEBUG placement.objects.allocation_candidate [req-81806b1f-909d-4705-a6dc-74e0f1036a0f req-75e3f91e-2efd-4a8e-9e69-f77e60e475ca service placement] RequestGroup(use_same_provider=False, resources={DISK_GB:1, MEMORY_MB:1024, VCPU:1}, traits=[], aggregates=[]) (suffix '') returned 2 matches {{(pid=94905) _get_by_requests /opt/stack/placement/placement/objects/allocation_candidate.py:145}}
Aug 11 13:26:38.231512 n-d-804230-1 devstack@placement-api.service[94905]: DEBUG placement.objects.allocation_candidate [req-81806b1f-909d-4705-a6dc-74e0f1036a0f req-75e3f91e-2efd-4a8e-9e69-f77e60e475ca service placement] Merging candidates yields 2 allocation requests and 2 provider summaries {{(pid=94905) _merge_candidates /opt/stack/placement/placement/objects/allocation_candidate.py:783}}
Aug 11 13:26:38.233550 n-d-804230-1 devstack@placement-api.service[94905]: INFO placement.requestlog [req-81806b1f-909d-4705-a6dc-74e0f1036a0f req-75e3f91e-2efd-4a8e-9e69-f77e60e475ca service placement] 10.222.0.20 "GET /placement/allocation_candidates?resources=DISK_GB%3A1%2CMEMORY_MB%3A1024%2CVCPU%3A1&root_required=%21COMPUTE_STATUS_DISABLED" status: 200 len: 1309 microversion: 1.35
Aug 11 13:26:38.238767 n-d-804230-1 devstack@placement-api.service[94905]: [pid: 94905|app: 0|req: 474/944] 10.222.0.20 () {60 vars in 1485 bytes} [Wed Aug 11 13:26:38 2021] GET /placement/allocation_candidates?resources=DISK_GB%3A1%2CMEMORY_MB%3A1024%2CVCPU%3A1&root_required=%21COMPUTE_STATUS_DISABLED => generated 1309 bytes in 183 msecs (HTTP/1.1 200) 8 headers in 297 bytes (1 switches on core 0)
Aug 11 13:26:38.402235 n-d-804230-1 devstack@placement-api.service[94906]: DEBUG placement.requestlog [req-81806b1f-909d-4705-a6dc-74e0f1036a0f req-cb4cef5b-6c3f-4526-b5b4-902d55b40a8d None None] Starting request: 10.222.0.20 "GET /placement/allocations/6436ebcc-ff47-430f-92db-c1575d0e4503" {{(pid=94906) __call__ /opt/stack/placement/placement/requestlog.py:55}}
Aug 11 13:26:38.417763 n-d-804230-1 devstack@placement-api.service[94906]: INFO placement.requestlog [req-81806b1f-909d-4705-a6dc-74e0f1036a0f req-cb4cef5b-6c3f-4526-b5b4-902d55b40a8d service placement] 10.222.0.20 "GET /placement/allocations/6436ebcc-ff47-430f-92db-c1575d0e4503" status: 200 len: 19 microversion: 1.28
Aug 11 13:26:38.418383 n-d-804230-1 devstack@placement-api.service[94906]: [pid: 94906|app: 0|req: 471/945] 10.222.0.20 () {60 vars in 1381 bytes} [Wed Aug 11 13:26:38 2021] GET /placement/allocations/6436ebcc-ff47-430f-92db-c1575d0e4503 => generated 19 bytes in 16 msecs (HTTP/1.1 200) 8 headers in 295 bytes (1 switches on core 0)
Aug 11 13:26:38.432236 n-d-804230-1 devstack@placement-api.service[94905]: DEBUG placement.requestlog [req-81806b1f-909d-4705-a6dc-74e0f1036a0f req-67572789-07e8-4fcc-a3ab-b371d5cf68be None None] Starting request: 10.222.0.20 "PUT /placement/allocations/6436ebcc-ff47-430f-92db-c1575d0e4503" {{(pid=94905) __call__ /opt/stack/placement/placement/requestlog.py:55}}
Aug 11 13:26:38.583911 n-d-804230-1 devstack@placement-api.service[94905]: DEBUG placement.handlers.allocation [req-81806b1f-909d-4705-a6dc-74e0f1036a0f req-67572789-07e8-4fcc-a3ab-b371d5cf68be service placement] Successfully wrote allocations [, , ] {{(pid=94905) _create_allocations /opt/stack/placement/placement/handlers/allocation.py:435}}
Aug 11 13:26:38.584666 n-d-804230-1 devstack@placement-api.service[94905]: INFO placement.requestlog [req-81806b1f-909d-4705-a6dc-74e0f1036a0f req-67572789-07e8-4fcc-a3ab-b371d5cf68be service placement] 10.222.0.20 "PUT /placement/allocations/6436ebcc-ff47-430f-92db-c1575d0e4503" status: 204 len: 0 microversion: 1.35
Aug 11 13:26:38.585416 n-d-804230-1 devstack@placement-api.service[94905]: [pid: 94905|app: 0|req: 475/946] 10.222.0.20 () {64 vars in 1434 bytes} [Wed Aug 11 13:26:38 2021] PUT /placement/allocations/6436ebcc-ff47-430f-92db-c1575d0e4503 => generated 0 bytes in 153 msecs (HTTP/1.1 204) 5 headers in 199 bytes (1 switches on core 0)
Aug 11 13:26:39.195800 n-d-804230-1 devstack@placement-api.service[94906]: DEBUG placement.requestlog [req-81806b1f-909d-4705-a6dc-74e0f1036a0f req-28144ed2-b7dd-4553-8fee-5fe90def6e5d None None] Starting request: 10.222.0.10 "GET /placement/allocations/6436ebcc-ff47-430f-92db-c1575d0e4503" {{(pid=94906) __call__ /opt/stack/placement/placement/requestlog.py:55}}
Aug 11 13:26:39.219339 n-d-804230-1 devstack@placement-api.service[94906]: INFO placement.requestlog [req-81806b1f-909d-4705-a6dc-74e0f1036a0f req-28144ed2-b7dd-4553-8fee-5fe90def6e5d service placement] 10.222.0.10 "GET /placement/allocations/6436ebcc-ff47-430f-92db-c1575d0e4503" status: 200 len: 260 microversion: 1.28
Aug 11 13:26:39.219966 n-d-804230-1 devstack@placement-api.service[94906]: [pid: 94906|app: 0|req: 472/947] 10.222.0.10 () {60 vars in 1378 bytes} [Wed Aug 11 13:26:39 2021] GET /placement/allocations/6436ebcc-ff47-430f-92db-c1575d0e4503 => generated 260 bytes in 24 msecs (HTTP/1.1 200) 8 headers in 296 bytes (2 switches on core 0)
Aug 11 13:26:44.170249 n-d-804230-1 devstack@placement-api.service[94905]: DEBUG placement.requestlog [req-6ddd5eba-0fb2-4652-9215-3050c5e1f190 req-8ebfc615-a366-4086-aac8-8ad83d9e8f23 None None] Starting request: 10.222.0.20 "GET /placement/allocation_candidates?limit=1000&resources=DISK_GB%3A1%2CMEMORY_MB%3A1024%2CVCPU%3A1&root_required=%21COMPUTE_STATUS_DISABLED" {{(pid=94905) __call__ /opt/stack/placement/placement/requestlog.py:55}}
Aug 11 13:26:44.281098 n-d-804230-1 devstack@placement-api.service[94905]: DEBUG placement.objects.research_context [req-6ddd5eba-0fb2-4652-9215-3050c5e1f190 req-8ebfc615-a366-4086-aac8-8ad83d9e8f23 service placement] getting providers with 1 DISK_GB {{(pid=94905) __init__ /opt/stack/placement/placement/objects/research_context.py:126}}
Aug 11 13:26:44.310055 n-d-804230-1 devstack@placement-api.service[94905]: DEBUG placement.objects.research_context [req-6ddd5eba-0fb2-4652-9215-3050c5e1f190 req-8ebfc615-a366-4086-aac8-8ad83d9e8f23 service placement] getting providers with 1024 MEMORY_MB {{(pid=94905) __init__ /opt/stack/placement/placement/objects/research_context.py:126}}
Aug 11 13:26:44.325178 n-d-804230-1 devstack@placement-api.service[94905]: DEBUG placement.objects.research_context [req-6ddd5eba-0fb2-4652-9215-3050c5e1f190 req-8ebfc615-a366-4086-aac8-8ad83d9e8f23 service placement] getting providers with 1 VCPU {{(pid=94905) __init__ /opt/stack/placement/placement/objects/research_context.py:126}}
Aug 11 13:26:44.355481 n-d-804230-1 devstack@placement-api.service[94905]: DEBUG placement.objects.research_context [req-6ddd5eba-0fb2-4652-9215-3050c5e1f190 req-8ebfc615-a366-4086-aac8-8ad83d9e8f23 service placement] found 2 providers with available 1 DISK_GB {{(pid=94905) get_provider_ids_matching /opt/stack/placement/placement/objects/research_context.py:549}}
Aug 11 13:26:44.356024 n-d-804230-1 devstack@placement-api.service[94905]: DEBUG placement.objects.research_context [req-6ddd5eba-0fb2-4652-9215-3050c5e1f190 req-8ebfc615-a366-4086-aac8-8ad83d9e8f23 service placement] found 2 providers with available 1024 MEMORY_MB {{(pid=94905) get_provider_ids_matching /opt/stack/placement/placement/objects/research_context.py:549}}
Aug 11 13:26:44.356532 n-d-804230-1 devstack@placement-api.service[94905]: DEBUG placement.objects.research_context [req-6ddd5eba-0fb2-4652-9215-3050c5e1f190 req-8ebfc615-a366-4086-aac8-8ad83d9e8f23 service placement] found 2 providers after filtering by previous result {{(pid=94905) get_provider_ids_matching /opt/stack/placement/placement/objects/research_context.py:580}}
Aug 11 13:26:44.357718 n-d-804230-1 devstack@placement-api.service[94905]: DEBUG placement.objects.research_context [req-6ddd5eba-0fb2-4652-9215-3050c5e1f190 req-8ebfc615-a366-4086-aac8-8ad83d9e8f23 service placement] found 2 providers with available 1 VCPU {{(pid=94905) get_provider_ids_matching /opt/stack/placement/placement/objects/research_context.py:549}}
Aug 11 13:26:44.358190 n-d-804230-1 devstack@placement-api.service[94905]: DEBUG placement.objects.research_context [req-6ddd5eba-0fb2-4652-9215-3050c5e1f190 req-8ebfc615-a366-4086-aac8-8ad83d9e8f23 service placement] found 2 providers after filtering by previous result {{(pid=94905) get_provider_ids_matching /opt/stack/placement/placement/objects/research_context.py:580}}
Aug 11 13:26:44.404060 n-d-804230-1 devstack@placement-api.service[94905]: DEBUG placement.objects.allocation_candidate [req-6ddd5eba-0fb2-4652-9215-3050c5e1f190 req-8ebfc615-a366-4086-aac8-8ad83d9e8f23 service placement] RequestGroup(use_same_provider=False, resources={DISK_GB:1, MEMORY_MB:1024, VCPU:1}, traits=[], aggregates=[]) (suffix '') returned 2 matches {{(pid=94905) _get_by_requests /opt/stack/placement/placement/objects/allocation_candidate.py:145}}
Aug 11 13:26:44.404689 n-d-804230-1 devstack@placement-api.service[94905]: DEBUG placement.objects.allocation_candidate [req-6ddd5eba-0fb2-4652-9215-3050c5e1f190 req-8ebfc615-a366-4086-aac8-8ad83d9e8f23 service placement] Merging candidates yields 2 allocation requests and 2 provider summaries {{(pid=94905) _merge_candidates /opt/stack/placement/placement/objects/allocation_candidate.py:783}}
Aug 11 13:26:44.418521 n-d-804230-1 devstack@placement-api.service[94905]: INFO placement.requestlog [req-6ddd5eba-0fb2-4652-9215-3050c5e1f190 req-8ebfc615-a366-4086-aac8-8ad83d9e8f23 service placement] 10.222.0.20 "GET /placement/allocation_candidates?limit=1000&resources=DISK_GB%3A1%2CMEMORY_MB%3A1024%2CVCPU%3A1&root_required=%21COMPUTE_STATUS_DISABLED" status: 200 len: 1309 microversion: 1.35
Aug 11 13:26:44.419229 n-d-804230-1 devstack@placement-api.service[94905]: [pid: 94905|app: 0|req: 476/948] 10.222.0.20 () {60 vars in 1507 bytes} [Wed Aug 11 13:26:44 2021] GET /placement/allocation_candidates?limit=1000&resources=DISK_GB%3A1%2CMEMORY_MB%3A1024%2CVCPU%3A1&root_required=%21COMPUTE_STATUS_DISABLED => generated 1309 bytes in 250 msecs (HTTP/1.1 200) 8 headers in 297 bytes (2 switches on core 0)
Aug 11 13:26:44.541969 n-d-804230-1 devstack@placement-api.service[94906]: DEBUG placement.requestlog [req-6ddd5eba-0fb2-4652-9215-3050c5e1f190 req-78610821-afb6-496c-823d-6b5c36367320 None None] Starting request: 10.222.0.20 "GET /placement/allocations/4b29b287-065b-4625-9ba3-c1fdfff0c94c" {{(pid=94906) __call__ /opt/stack/placement/placement/requestlog.py:55}}
Aug 11 13:26:44.570730 n-d-804230-1 devstack@placement-api.service[94906]: INFO placement.requestlog [req-6ddd5eba-0fb2-4652-9215-3050c5e1f190 req-78610821-afb6-496c-823d-6b5c36367320 service placement] 10.222.0.20 "GET /placement/allocations/4b29b287-065b-4625-9ba3-c1fdfff0c94c" status: 200 len: 19 microversion: 1.28
Aug 11 13:26:44.578868 n-d-804230-1 devstack@placement-api.service[94906]: [pid: 94906|app: 0|req: 473/949] 10.222.0.20 () {60 vars in 1381 bytes} [Wed Aug 11 13:26:44 2021] GET /placement/allocations/4b29b287-065b-4625-9ba3-c1fdfff0c94c => generated 19 bytes in 37 msecs (HTTP/1.1 200) 8 headers in 295 bytes (2 switches on core 0)
Aug 11 13:26:44.583342 n-d-804230-1 devstack@placement-api.service[94905]: DEBUG placement.requestlog [req-6ddd5eba-0fb2-4652-9215-3050c5e1f190 req-844732e7-e33e-433b-84a6-9eeb2c02ccdb None None] Starting request: 10.222.0.20 "PUT /placement/allocations/4b29b287-065b-4625-9ba3-c1fdfff0c94c" {{(pid=94905) __call__ /opt/stack/placement/placement/requestlog.py:55}}
Aug 11 13:26:44.802776 n-d-804230-1 devstack@placement-api.service[94905]: DEBUG placement.handlers.allocation [req-6ddd5eba-0fb2-4652-9215-3050c5e1f190 req-844732e7-e33e-433b-84a6-9eeb2c02ccdb service placement] Successfully wrote allocations [, , ] {{(pid=94905) _create_allocations /opt/stack/placement/placement/handlers/allocation.py:435}}
Aug 11 13:26:44.804298 n-d-804230-1 devstack@placement-api.service[94905]: INFO placement.requestlog [req-6ddd5eba-0fb2-4652-9215-3050c5e1f190 req-844732e7-e33e-433b-84a6-9eeb2c02ccdb service placement] 10.222.0.20 "PUT /placement/allocations/4b29b287-065b-4625-9ba3-c1fdfff0c94c" status: 204 len: 0 microversion: 1.35
Aug 11 13:26:44.814291 n-d-804230-1 devstack@placement-api.service[94905]: [pid: 94905|app: 0|req: 477/950] 10.222.0.20 () {64 vars in 1434 bytes} [Wed Aug 11 13:26:44 2021] PUT /placement/allocations/4b29b287-065b-4625-9ba3-c1fdfff0c94c => generated 0 bytes in 222 msecs (HTTP/1.1 204) 5 headers in 199 bytes (2 switches on core 0)
Aug 11 13:26:45.424598 n-d-804230-1 devstack@placement-api.service[94906]: DEBUG placement.requestlog [req-6ddd5eba-0fb2-4652-9215-3050c5e1f190 req-fe2f1fd1-d9a9-4611-b288-e464e7013c84 None None] Starting request: 10.222.0.38 "GET /placement/allocations/4b29b287-065b-4625-9ba3-c1fdfff0c94c" {{(pid=94906) __call__ /opt/stack/placement/placement/requestlog.py:55}}
Aug 11 13:26:45.692512 n-d-804230-1 devstack@placement-api.service[94906]: INFO placement.requestlog [req-6ddd5eba-0fb2-4652-9215-3050c5e1f190 req-fe2f1fd1-d9a9-4611-b288-e464e7013c84 service placement] 10.222.0.38 "GET /placement/allocations/4b29b287-065b-4625-9ba3-c1fdfff0c94c" status: 200 len: 260 microversion: 1.28
Aug 11 13:26:45.693262 n-d-804230-1 devstack@placement-api.service[94906]: [pid: 94906|app: 0|req: 474/951] 10.222.0.38 () {60 vars in 1378 bytes} [Wed Aug 11 13:26:45 2021] GET /placement/allocations/4b29b287-065b-4625-9ba3-c1fdfff0c94c => generated 260 bytes in 277 msecs (HTTP/1.1 200) 8 headers in 296 bytes (1 switches on core 0)
Aug 11 13:26:51.292514 n-d-804230-1 devstack@placement-api.service[94905]: DEBUG placement.requestlog [req-c440e263-429b-489f-a865-264eca175490 req-7e891705-e18a-4186-bb2e-275b5feff457 None None] Starting request: 10.222.0.38 "GET /placement/resource_providers/9bf482a5-0d34-4b55-96d5-2260912f1855/allocations" {{(pid=94905) __call__ /opt/stack/placement/placement/requestlog.py:55}}
Aug 11 13:26:51.388359 n-d-804230-1 devstack@placement-api.service[94905]: INFO placement.requestlog [req-c440e263-429b-489f-a865-264eca175490 req-7e891705-e18a-4186-bb2e-275b5feff457 service placement] 10.222.0.38 "GET /placement/resource_providers/9bf482a5-0d34-4b55-96d5-2260912f1855/allocations" status: 200 len: 357 microversion: 1.0
Aug 11 13:26:51.389178 n-d-804230-1 devstack@placement-api.service[94905]: [pid: 94905|app: 0|req: 478/952] 10.222.0.38 () {58 vars in 1391 bytes} [Wed Aug 11 13:26:51 2021] GET /placement/resource_providers/9bf482a5-0d34-4b55-96d5-2260912f1855/allocations => generated 357 bytes in 97 msecs (HTTP/1.1 200) 6 headers in 224 bytes (2 switches on core 0)
Aug 11 13:26:51.442826 n-d-804230-1 devstack@placement-api.service[94906]: DEBUG placement.requestlog [req-c440e263-429b-489f-a865-264eca175490 req-105ac7d9-1c06-4686-b7b5-96b81f7a6ff4 None None] Starting request: 10.222.0.38 "GET /placement/resource_providers?in_tree=9bf482a5-0d34-4b55-96d5-2260912f1855" {{(pid=94906) __call__ /opt/stack/placement/placement/requestlog.py:55}}
Aug 11 13:26:51.466870 n-d-804230-1 devstack@placement-api.service[94906]: INFO placement.requestlog [req-c440e263-429b-489f-a865-264eca175490 req-105ac7d9-1c06-4686-b7b5-96b81f7a6ff4 service placement] 10.222.0.38 "GET /placement/resource_providers?in_tree=9bf482a5-0d34-4b55-96d5-2260912f1855" status: 200 len: 864 microversion: 1.14
Aug 11 13:26:51.468779 n-d-804230-1 devstack@placement-api.service[94906]: [pid: 94906|app: 0|req: 475/953] 10.222.0.38 () {60 vars in 1377 bytes} [Wed Aug 11 13:26:51 2021] GET /placement/resource_providers?in_tree=9bf482a5-0d34-4b55-96d5-2260912f1855 => generated 864 bytes in 26 msecs (HTTP/1.1 200) 6 headers in 225 bytes (1 switches on core 0)
Aug 11 13:26:51.480025 n-d-804230-1 devstack@placement-api.service[94905]: DEBUG placement.requestlog [req-c440e263-429b-489f-a865-264eca175490 req-f1ebd731-3972-4700-8719-557b6ef1a21d None None] Starting request: 10.222.0.38 "GET /placement/resource_providers/9bf482a5-0d34-4b55-96d5-2260912f1855/inventories" {{(pid=94905) __call__ /opt/stack/placement/placement/requestlog.py:55}}
Aug 11 13:26:51.527015 n-d-804230-1 devstack@placement-api.service[94905]: INFO placement.requestlog [req-c440e263-429b-489f-a865-264eca175490 req-f1ebd731-3972-4700-8719-557b6ef1a21d service placement] 10.222.0.38 "GET /placement/resource_providers/9bf482a5-0d34-4b55-96d5-2260912f1855/inventories" status: 200 len: 399 microversion: 1.0
Aug 11 13:26:51.528808 n-d-804230-1 devstack@placement-api.service[94905]: [pid: 94905|app: 0|req: 479/954] 10.222.0.38 () {58 vars in 1391 bytes} [Wed Aug 11 13:26:51 2021] GET /placement/resource_providers/9bf482a5-0d34-4b55-96d5-2260912f1855/inventories => generated 399 bytes in 50 msecs (HTTP/1.1 200) 6 headers in 224 bytes (1 switches on core 0)
Aug 11 13:26:51.542226 n-d-804230-1 devstack@placement-api.service[94906]: DEBUG placement.requestlog [req-c440e263-429b-489f-a865-264eca175490 req-fd0b88dd-edbe-40cd-9231-ef996060fa52 None None] Starting request: 10.222.0.38 "GET /placement/resource_providers/9bf482a5-0d34-4b55-96d5-2260912f1855/aggregates" {{(pid=94906) __call__ /opt/stack/placement/placement/requestlog.py:55}}
Aug 11 13:26:51.568272 n-d-804230-1 devstack@placement-api.service[94906]: INFO placement.requestlog [req-c440e263-429b-489f-a865-264eca175490 req-fd0b88dd-edbe-40cd-9231-ef996060fa52 service placement] 10.222.0.38 "GET /placement/resource_providers/9bf482a5-0d34-4b55-96d5-2260912f1855/aggregates" status: 200 len: 55 microversion: 1.19
Aug 11 13:26:51.569630 n-d-804230-1 devstack@placement-api.service[94906]: [pid: 94906|app: 0|req: 476/955] 10.222.0.38 () {60 vars in 1432 bytes} [Wed Aug 11 13:26:51 2021] GET /placement/resource_providers/9bf482a5-0d34-4b55-96d5-2260912f1855/aggregates => generated 55 bytes in 28 msecs (HTTP/1.1 200) 8 headers in 295 bytes (1 switches on core 0)
Aug 11 13:26:51.598220 n-d-804230-1 devstack@placement-api.service[94905]: DEBUG placement.requestlog [req-c440e263-429b-489f-a865-264eca175490 req-35b3822b-9a66-4b7f-84c5-868df689e8dd None None] Starting request: 10.222.0.38 "GET /placement/resource_providers/9bf482a5-0d34-4b55-96d5-2260912f1855/traits" {{(pid=94905) __call__ /opt/stack/placement/placement/requestlog.py:55}}
Aug 11 13:26:51.661439 n-d-804230-1 devstack@placement-api.service[94905]: INFO placement.requestlog [req-c440e263-429b-489f-a865-264eca175490 req-35b3822b-9a66-4b7f-84c5-868df689e8dd service placement] 10.222.0.38 "GET /placement/resource_providers/9bf482a5-0d34-4b55-96d5-2260912f1855/traits" status: 200 len: 213 microversion: 1.6
Aug 11 13:26:51.662826 n-d-804230-1 devstack@placement-api.service[94905]: [pid: 94905|app: 0|req: 480/956] 10.222.0.38 () {60 vars in 1419 bytes} [Wed Aug 11 13:26:51 2021] GET /placement/resource_providers/9bf482a5-0d34-4b55-96d5-2260912f1855/traits => generated 213 bytes in 64 msecs (HTTP/1.1 200) 6 headers in 224 bytes (1 switches on core 0)
Aug 11 13:26:51.958445 n-d-804230-1 devstack@placement-api.service[94906]: DEBUG placement.requestlog [req-0e852906-0542-41f4-be92-0dbbf7a84de3 req-915ec9c3-1484-4fea-a68c-3f5d31488523 None None] Starting request: 10.222.0.10 "GET /placement/resource_providers/ef34578a-62b7-4a41-8ed1-64c3520b73dd/allocations" {{(pid=94906) __call__ /opt/stack/placement/placement/requestlog.py:55}}
Aug 11 13:26:52.303263 n-d-804230-1 devstack@placement-api.service[94906]: INFO placement.requestlog [req-0e852906-0542-41f4-be92-0dbbf7a84de3 req-915ec9c3-1484-4fea-a68c-3f5d31488523 service placement] 10.222.0.10 "GET /placement/resource_providers/ef34578a-62b7-4a41-8ed1-64c3520b73dd/allocations" status: 200 len: 444 microversion: 1.0
Aug 11 13:26:52.304519 n-d-804230-1 devstack@placement-api.service[94906]: [pid: 94906|app: 0|req: 477/957] 10.222.0.10 () {58 vars in 1391 bytes} [Wed Aug 11 13:26:51 2021] GET /placement/resource_providers/ef34578a-62b7-4a41-8ed1-64c3520b73dd/allocations => generated 444 bytes in 346 msecs (HTTP/1.1 200) 6 headers in 224 bytes (1 switches on core 0)
Aug 11 13:26:52.354963 n-d-804230-1 devstack@placement-api.service[94905]: DEBUG placement.requestlog [req-dce56519-3aec-4200-82f7-40108b3d17be req-a8b796cb-3aed-477f-b656-0080901b1377 None None] Starting request: 10.222.0.20 "GET /placement/allocation_candidates?limit=1000&resources=DISK_GB%3A1%2CMEMORY_MB%3A1024%2CVCPU%3A1&root_required=%21COMPUTE_STATUS_DISABLED" {{(pid=94905) __call__ /opt/stack/placement/placement/requestlog.py:55}}
Aug 11 13:26:52.367686 n-d-804230-1 devstack@placement-api.service[94906]: DEBUG placement.requestlog [req-0e852906-0542-41f4-be92-0dbbf7a84de3 req-b4730425-a750-4577-adee-34762b7f89e2 None None] Starting request: 10.222.0.10 "GET /placement/resource_providers?in_tree=ef34578a-62b7-4a41-8ed1-64c3520b73dd" {{(pid=94906) __call__ /opt/stack/placement/placement/requestlog.py:55}}
Aug 11 13:26:52.403586 n-d-804230-1 devstack@placement-api.service[94906]: INFO placement.requestlog [req-0e852906-0542-41f4-be92-0dbbf7a84de3 req-b4730425-a750-4577-adee-34762b7f89e2 service placement] 10.222.0.10 "GET /placement/resource_providers?in_tree=ef34578a-62b7-4a41-8ed1-64c3520b73dd" status: 200 len: 864 microversion: 1.14
Aug 11 13:26:52.405361 n-d-804230-1 devstack@placement-api.service[94906]: [pid: 94906|app: 0|req: 478/958] 10.222.0.10 () {60 vars in 1377 bytes} [Wed Aug 11 13:26:52 2021] GET /placement/resource_providers?in_tree=ef34578a-62b7-4a41-8ed1-64c3520b73dd => generated 864 bytes in 39 msecs (HTTP/1.1 200) 6 headers in 225 bytes (1 switches on core 0)
Aug 11 13:26:52.411663 n-d-804230-1 devstack@placement-api.service[94905]: DEBUG placement.objects.research_context [req-dce56519-3aec-4200-82f7-40108b3d17be req-a8b796cb-3aed-477f-b656-0080901b1377 service placement] getting providers with 1 DISK_GB {{(pid=94905) __init__ /opt/stack/placement/placement/objects/research_context.py:126}}
Aug 11 13:26:52.415284 n-d-804230-1 devstack@placement-api.service[94906]: DEBUG placement.requestlog [req-0e852906-0542-41f4-be92-0dbbf7a84de3 req-574344eb-ffe1-4e18-9cdf-33147a71daa9 None None] Starting request: 10.222.0.10 "GET /placement/resource_providers/ef34578a-62b7-4a41-8ed1-64c3520b73dd/inventories" {{(pid=94906) __call__ /opt/stack/placement/placement/requestlog.py:55}}
Aug 11 13:26:52.423786 n-d-804230-1 devstack@placement-api.service[94905]: DEBUG placement.objects.research_context [req-dce56519-3aec-4200-82f7-40108b3d17be req-a8b796cb-3aed-477f-b656-0080901b1377 service placement] getting providers with 1024 MEMORY_MB {{(pid=94905) __init__ /opt/stack/placement/placement/objects/research_context.py:126}}
Aug 11 13:26:52.438572 n-d-804230-1 devstack@placement-api.service[94905]: DEBUG placement.objects.research_context [req-dce56519-3aec-4200-82f7-40108b3d17be req-a8b796cb-3aed-477f-b656-0080901b1377 service placement] getting providers with 1 VCPU {{(pid=94905) __init__ /opt/stack/placement/placement/objects/research_context.py:126}}
Aug 11 13:26:52.448089 n-d-804230-1 devstack@placement-api.service[94906]: INFO placement.requestlog [req-0e852906-0542-41f4-be92-0dbbf7a84de3 req-574344eb-ffe1-4e18-9cdf-33147a71daa9 service placement] 10.222.0.10 "GET /placement/resource_providers/ef34578a-62b7-4a41-8ed1-64c3520b73dd/inventories" status: 200 len: 399 microversion: 1.0
Aug 11 13:26:52.450063 n-d-804230-1 devstack@placement-api.service[94906]: [pid: 94906|app: 0|req: 479/959] 10.222.0.10 () {58 vars in 1391 bytes} [Wed Aug 11 13:26:52 2021] GET /placement/resource_providers/ef34578a-62b7-4a41-8ed1-64c3520b73dd/inventories => generated 399 bytes in 35 msecs (HTTP/1.1 200) 6 headers in 224 bytes (2 switches on core 0)
Aug 11 13:26:52.450273 n-d-804230-1 devstack@placement-api.service[94905]: DEBUG placement.objects.research_context [req-dce56519-3aec-4200-82f7-40108b3d17be req-a8b796cb-3aed-477f-b656-0080901b1377 service placement] found 2 providers with available 1 DISK_GB {{(pid=94905) get_provider_ids_matching /opt/stack/placement/placement/objects/research_context.py:549}}
Aug 11 13:26:52.451254 n-d-804230-1 devstack@placement-api.service[94905]: DEBUG placement.objects.research_context [req-dce56519-3aec-4200-82f7-40108b3d17be req-a8b796cb-3aed-477f-b656-0080901b1377 service placement] found 2 providers with available 1024 MEMORY_MB {{(pid=94905) get_provider_ids_matching /opt/stack/placement/placement/objects/research_context.py:549}}
Aug 11 13:26:52.451713 n-d-804230-1 devstack@placement-api.service[94905]: DEBUG placement.objects.research_context [req-dce56519-3aec-4200-82f7-40108b3d17be req-a8b796cb-3aed-477f-b656-0080901b1377 service placement] found 2 providers after filtering by previous result {{(pid=94905) get_provider_ids_matching /opt/stack/placement/placement/objects/research_context.py:580}}
Aug 11 13:26:52.452174 n-d-804230-1 devstack@placement-api.service[94905]: DEBUG placement.objects.research_context [req-dce56519-3aec-4200-82f7-40108b3d17be req-a8b796cb-3aed-477f-b656-0080901b1377 service placement] found 2 providers with available 1 VCPU {{(pid=94905) get_provider_ids_matching /opt/stack/placement/placement/objects/research_context.py:549}}
Aug 11 13:26:52.452625 n-d-804230-1 devstack@placement-api.service[94905]: DEBUG placement.objects.research_context [req-dce56519-3aec-4200-82f7-40108b3d17be req-a8b796cb-3aed-477f-b656-0080901b1377 service placement] found 2 providers after filtering by previous result {{(pid=94905) get_provider_ids_matching /opt/stack/placement/placement/objects/research_context.py:580}}
Aug 11 13:26:52.461154 n-d-804230-1 devstack@placement-api.service[94906]: DEBUG placement.requestlog [req-0e852906-0542-41f4-be92-0dbbf7a84de3 req-90dfe272-af37-4c1a-a66d-a857d00d1c81 None None] Starting request: 10.222.0.10 "GET /placement/resource_providers/ef34578a-62b7-4a41-8ed1-64c3520b73dd/aggregates" {{(pid=94906) __call__ /opt/stack/placement/placement/requestlog.py:55}}
Aug 11 13:26:52.476731 n-d-804230-1 devstack@placement-api.service[94905]: DEBUG placement.objects.allocation_candidate [req-dce56519-3aec-4200-82f7-40108b3d17be req-a8b796cb-3aed-477f-b656-0080901b1377 service placement] RequestGroup(use_same_provider=False, resources={DISK_GB:1, MEMORY_MB:1024, VCPU:1}, traits=[], aggregates=[]) (suffix '') returned 2 matches {{(pid=94905) _get_by_requests /opt/stack/placement/placement/objects/allocation_candidate.py:145}}
Aug 11 13:26:52.477416 n-d-804230-1 devstack@placement-api.service[94905]: DEBUG placement.objects.allocation_candidate [req-dce56519-3aec-4200-82f7-40108b3d17be req-a8b796cb-3aed-477f-b656-0080901b1377 service placement] Merging candidates yields 2 allocation requests and 2 provider summaries {{(pid=94905) _merge_candidates /opt/stack/placement/placement/objects/allocation_candidate.py:783}}
Aug 11 13:26:52.480219 n-d-804230-1 devstack@placement-api.service[94905]: INFO placement.requestlog [req-dce56519-3aec-4200-82f7-40108b3d17be req-a8b796cb-3aed-477f-b656-0080901b1377 service placement] 10.222.0.20 "GET /placement/allocation_candidates?limit=1000&resources=DISK_GB%3A1%2CMEMORY_MB%3A1024%2CVCPU%3A1&root_required=%21COMPUTE_STATUS_DISABLED" status: 200 len: 1309 microversion: 1.35
Aug 11 13:26:52.486702 n-d-804230-1 devstack@placement-api.service[94906]: INFO placement.requestlog [req-0e852906-0542-41f4-be92-0dbbf7a84de3 req-90dfe272-af37-4c1a-a66d-a857d00d1c81 service placement] 10.222.0.10 "GET /placement/resource_providers/ef34578a-62b7-4a41-8ed1-64c3520b73dd/aggregates" status: 200 len: 55 microversion: 1.19
Aug 11 13:26:52.488071 n-d-804230-1 devstack@placement-api.service[94906]: [pid: 94906|app: 0|req: 480/960] 10.222.0.10 () {60 vars in 1432 bytes} [Wed Aug 11 13:26:52 2021] GET /placement/resource_providers/ef34578a-62b7-4a41-8ed1-64c3520b73dd/aggregates => generated 55 bytes in 28 msecs (HTTP/1.1 200) 8 headers in 295 bytes (1 switches on core 0)
Aug 11 13:26:52.489244 n-d-804230-1 devstack@placement-api.service[94905]: [pid: 94905|app: 0|req: 481/961] 10.222.0.20 () {60 vars in 1507 bytes} [Wed Aug 11 13:26:52 2021] GET /placement/allocation_candidates?limit=1000&resources=DISK_GB%3A1%2CMEMORY_MB%3A1024%2CVCPU%3A1&root_required=%21COMPUTE_STATUS_DISABLED => generated 1309 bytes in 135 msecs (HTTP/1.1 200) 8 headers in 297 bytes (1 switches on core 0)
Aug 11 13:26:52.503820 n-d-804230-1 devstack@placement-api.service[94906]: DEBUG placement.requestlog [req-0e852906-0542-41f4-be92-0dbbf7a84de3 req-d612743d-0a96-4eb8-b00e-1ef96405db84 None None] Starting request: 10.222.0.10 "GET /placement/resource_providers/ef34578a-62b7-4a41-8ed1-64c3520b73dd/traits" {{(pid=94906) __call__ /opt/stack/placement/placement/requestlog.py:55}}
Aug 11 13:26:52.605098 n-d-804230-1 devstack@placement-api.service[94906]: INFO placement.requestlog [req-0e852906-0542-41f4-be92-0dbbf7a84de3 req-d612743d-0a96-4eb8-b00e-1ef96405db84 service placement] 10.222.0.10 "GET /placement/resource_providers/ef34578a-62b7-4a41-8ed1-64c3520b73dd/traits" status: 200 len: 213 microversion: 1.6
Aug 11 13:26:52.606453 n-d-804230-1 devstack@placement-api.service[94906]: [pid: 94906|app: 0|req: 481/962] 10.222.0.10 () {60 vars in 1419 bytes} [Wed Aug 11 13:26:52 2021] GET /placement/resource_providers/ef34578a-62b7-4a41-8ed1-64c3520b73dd/traits => generated 213 bytes in 106 msecs (HTTP/1.1 200) 6 headers in 224 bytes (2 switches on core 0)
Aug 11 13:26:52.642462 n-d-804230-1 devstack@placement-api.service[94905]: DEBUG placement.requestlog [req-dce56519-3aec-4200-82f7-40108b3d17be req-87d2ab3a-8888-464b-8e43-955962c7e72f None None] Starting request: 10.222.0.20 "GET /placement/allocations/8688b920-c156-46b8-8989-728fe09fc30f" {{(pid=94905) __call__ /opt/stack/placement/placement/requestlog.py:55}}
Aug 11 13:26:52.657329 n-d-804230-1 devstack@placement-api.service[94905]: INFO placement.requestlog [req-dce56519-3aec-4200-82f7-40108b3d17be req-87d2ab3a-8888-464b-8e43-955962c7e72f service placement] 10.222.0.20 "GET /placement/allocations/8688b920-c156-46b8-8989-728fe09fc30f" status: 200 len: 19 microversion: 1.28
Aug 11 13:26:52.660474 n-d-804230-1 devstack@placement-api.service[94905]: [pid: 94905|app: 0|req: 482/963] 10.222.0.20 () {60 vars in 1381 bytes} [Wed Aug 11 13:26:52 2021] GET /placement/allocations/8688b920-c156-46b8-8989-728fe09fc30f => generated 19 bytes in 18 msecs (HTTP/1.1 200) 8 headers in 295 bytes (2 switches on core 0)
Aug 11 13:26:52.668074 n-d-804230-1 devstack@placement-api.service[94906]: DEBUG placement.requestlog [req-dce56519-3aec-4200-82f7-40108b3d17be req-6681ef13-1b87-4c55-b9f7-1bd858aa0e2a None None] Starting request: 10.222.0.20 "PUT /placement/allocations/8688b920-c156-46b8-8989-728fe09fc30f" {{(pid=94906) __call__ /opt/stack/placement/placement/requestlog.py:55}}
Aug 11 13:26:52.806578 n-d-804230-1 devstack@placement-api.service[94906]: DEBUG placement.handlers.allocation [req-dce56519-3aec-4200-82f7-40108b3d17be req-6681ef13-1b87-4c55-b9f7-1bd858aa0e2a service placement] Successfully wrote allocations [, , ] {{(pid=94906) _create_allocations /opt/stack/placement/placement/handlers/allocation.py:435}}
Aug 11 13:26:52.807423 n-d-804230-1 devstack@placement-api.service[94906]: INFO placement.requestlog [req-dce56519-3aec-4200-82f7-40108b3d17be req-6681ef13-1b87-4c55-b9f7-1bd858aa0e2a service placement] 10.222.0.20 "PUT /placement/allocations/8688b920-c156-46b8-8989-728fe09fc30f" status: 204 len: 0 microversion: 1.35
Aug 11 13:26:52.807893 n-d-804230-1 devstack@placement-api.service[94906]: [pid: 94906|app: 0|req: 482/964] 10.222.0.20 () {64 vars in 1434 bytes} [Wed Aug 11 13:26:52 2021] PUT /placement/allocations/8688b920-c156-46b8-8989-728fe09fc30f => generated 0 bytes in 140 msecs (HTTP/1.1 204) 5 headers in 199 bytes (1 switches on core 0)
Aug 11 13:26:53.317939 n-d-804230-1 devstack@placement-api.service[94905]: DEBUG placement.requestlog [req-dce56519-3aec-4200-82f7-40108b3d17be req-2b1d27b9-f51b-43b8-a96a-1242ca891a07 None None] Starting request: 10.222.0.38 "GET /placement/allocations/8688b920-c156-46b8-8989-728fe09fc30f" {{(pid=94905) __call__ /opt/stack/placement/placement/requestlog.py:55}}
Aug 11 13:26:53.343950 n-d-804230-1 devstack@placement-api.service[94905]: INFO placement.requestlog [req-dce56519-3aec-4200-82f7-40108b3d17be req-2b1d27b9-f51b-43b8-a96a-1242ca891a07 service placement] 10.222.0.38 "GET /placement/allocations/8688b920-c156-46b8-8989-728fe09fc30f" status: 200 len: 260 microversion: 1.28
Aug 11 13:26:53.344518 n-d-804230-1 devstack@placement-api.service[94905]: [pid: 94905|app: 0|req: 483/965] 10.222.0.38 () {60 vars in 1378 bytes} [Wed Aug 11 13:26:53 2021] GET /placement/allocations/8688b920-c156-46b8-8989-728fe09fc30f => generated 260 bytes in 27 msecs (HTTP/1.1 200) 8 headers in 296 bytes (1 switches on core 0)
Aug 11 13:26:56.145671 n-d-804230-1 devstack@placement-api.service[94906]: DEBUG placement.requestlog [req-c306f319-a7cb-41c3-8c10-ab2d5daefb84 req-360fa425-1299-42c0-b836-9eb2f080af98 None None] Starting request: 10.222.0.10 "GET /placement/allocations/34fea54b-0d64-427d-bbe3-92af9b127b9d" {{(pid=94906) __call__ /opt/stack/placement/placement/requestlog.py:55}}
Aug 11 13:26:56.185389 n-d-804230-1 devstack@placement-api.service[94906]: INFO placement.requestlog [req-c306f319-a7cb-41c3-8c10-ab2d5daefb84 req-360fa425-1299-42c0-b836-9eb2f080af98 service placement] 10.222.0.10 "GET /placement/allocations/34fea54b-0d64-427d-bbe3-92af9b127b9d" status: 200 len: 260 microversion: 1.28
Aug 11 13:26:56.186575 n-d-804230-1 devstack@placement-api.service[94906]: [pid: 94906|app: 0|req: 483/966] 10.222.0.10 () {60 vars in 1378 bytes} [Wed Aug 11 13:26:56 2021] GET /placement/allocations/34fea54b-0d64-427d-bbe3-92af9b127b9d => generated 260 bytes in 41 msecs (HTTP/1.1 200) 8 headers in 296 bytes (2 switches on core 0)
Aug 11 13:26:56.216911 n-d-804230-1 devstack@placement-api.service[94905]: DEBUG placement.requestlog [req-c306f319-a7cb-41c3-8c10-ab2d5daefb84 req-b27a8aa9-6141-4b6a-ac11-697450ab57ca None None] Starting request: 10.222.0.10 "PUT /placement/allocations/34fea54b-0d64-427d-bbe3-92af9b127b9d" {{(pid=94905) __call__ /opt/stack/placement/placement/requestlog.py:55}}
Aug 11 13:26:56.390707 n-d-804230-1 devstack@placement-api.service[94905]: DEBUG placement.handlers.allocation [req-c306f319-a7cb-41c3-8c10-ab2d5daefb84 req-b27a8aa9-6141-4b6a-ac11-697450ab57ca service placement] Successfully wrote allocations [, , ] {{(pid=94905) _create_allocations /opt/stack/placement/placement/handlers/allocation.py:435}}
Aug 11 13:26:56.391541 n-d-804230-1 devstack@placement-api.service[94905]: INFO placement.requestlog [req-c306f319-a7cb-41c3-8c10-ab2d5daefb84 req-b27a8aa9-6141-4b6a-ac11-697450ab57ca service placement] 10.222.0.10 "PUT /placement/allocations/34fea54b-0d64-427d-bbe3-92af9b127b9d" status: 204 len: 0 microversion: 1.28
Aug 11 13:26:56.392431 n-d-804230-1 devstack@placement-api.service[94905]: [pid: 94905|app: 0|req: 484/967] 10.222.0.10 () {64 vars in 1431 bytes} [Wed Aug 11 13:26:56 2021] PUT /placement/allocations/34fea54b-0d64-427d-bbe3-92af9b127b9d => generated 0 bytes in 177 msecs (HTTP/1.1 204) 5 headers in 199 bytes (1 switches on core 0)
Aug 11 13:27:00.476389 n-d-804230-1 devstack@placement-api.service[94906]: DEBUG placement.requestlog [req-3d33324c-7327-4c92-8c81-e765240704b1 req-cca1a71f-0202-43b0-934e-cc9a16521133 None None] Starting request: 10.222.0.20 "GET /placement/allocation_candidates?limit=1000&resources=DISK_GB%3A1%2CMEMORY_MB%3A1024%2CVCPU%3A1&root_required=%21COMPUTE_STATUS_DISABLED" {{(pid=94906) __call__ /opt/stack/placement/placement/requestlog.py:55}}
Aug 11 13:27:00.595176 n-d-804230-1 devstack@placement-api.service[94906]: DEBUG placement.objects.research_context [req-3d33324c-7327-4c92-8c81-e765240704b1 req-cca1a71f-0202-43b0-934e-cc9a16521133 service placement] getting providers with 1 DISK_GB {{(pid=94906) __init__ /opt/stack/placement/placement/objects/research_context.py:126}}
Aug 11 13:27:00.603784 n-d-804230-1 devstack@placement-api.service[94906]: DEBUG placement.objects.research_context [req-3d33324c-7327-4c92-8c81-e765240704b1 req-cca1a71f-0202-43b0-934e-cc9a16521133 service placement] getting providers with 1024 MEMORY_MB {{(pid=94906) __init__ /opt/stack/placement/placement/objects/research_context.py:126}}
Aug 11 13:27:00.615628 n-d-804230-1 devstack@placement-api.service[94906]: DEBUG placement.objects.research_context [req-3d33324c-7327-4c92-8c81-e765240704b1 req-cca1a71f-0202-43b0-934e-cc9a16521133 service placement] getting providers with 1 VCPU {{(pid=94906) __init__ /opt/stack/placement/placement/objects/research_context.py:126}}
Aug 11 13:27:00.635481 n-d-804230-1 devstack@placement-api.service[94906]: DEBUG placement.objects.research_context [req-3d33324c-7327-4c92-8c81-e765240704b1 req-cca1a71f-0202-43b0-934e-cc9a16521133 service placement] found 2 providers with available 1 DISK_GB {{(pid=94906) get_provider_ids_matching /opt/stack/placement/placement/objects/research_context.py:549}}
Aug 11 13:27:00.636037 n-d-804230-1 devstack@placement-api.service[94906]: DEBUG placement.objects.research_context [req-3d33324c-7327-4c92-8c81-e765240704b1 req-cca1a71f-0202-43b0-934e-cc9a16521133 service placement] found 2 providers with available 1024 MEMORY_MB {{(pid=94906) get_provider_ids_matching /opt/stack/placement/placement/objects/research_context.py:549}}
Aug 11 13:27:00.636771 n-d-804230-1 devstack@placement-api.service[94906]: DEBUG placement.objects.research_context [req-3d33324c-7327-4c92-8c81-e765240704b1 req-cca1a71f-0202-43b0-934e-cc9a16521133 service placement] found 2 providers after filtering by previous result {{(pid=94906) get_provider_ids_matching /opt/stack/placement/placement/objects/research_context.py:580}}
Aug 11 13:27:00.637364 n-d-804230-1 devstack@placement-api.service[94906]: DEBUG placement.objects.research_context [req-3d33324c-7327-4c92-8c81-e765240704b1 req-cca1a71f-0202-43b0-934e-cc9a16521133 service placement] found 2 providers with available 1 VCPU {{(pid=94906) get_provider_ids_matching /opt/stack/placement/placement/objects/research_context.py:549}}
Aug 11 13:27:00.637853 n-d-804230-1 devstack@placement-api.service[94906]: DEBUG placement.objects.research_context [req-3d33324c-7327-4c92-8c81-e765240704b1 req-cca1a71f-0202-43b0-934e-cc9a16521133 service placement] found 2 providers after filtering by previous result {{(pid=94906) get_provider_ids_matching /opt/stack/placement/placement/objects/research_context.py:580}}
Aug 11 13:27:00.675951 n-d-804230-1 devstack@placement-api.service[94906]: DEBUG placement.objects.allocation_candidate [req-3d33324c-7327-4c92-8c81-e765240704b1 req-cca1a71f-0202-43b0-934e-cc9a16521133 service placement] RequestGroup(use_same_provider=False, resources={DISK_GB:1, MEMORY_MB:1024, VCPU:1}, traits=[], aggregates=[]) (suffix '') returned 2 matches {{(pid=94906) _get_by_requests /opt/stack/placement/placement/objects/allocation_candidate.py:145}}
Aug 11 13:27:00.676323 n-d-804230-1 devstack@placement-api.service[94906]: DEBUG placement.objects.allocation_candidate [req-3d33324c-7327-4c92-8c81-e765240704b1 req-cca1a71f-0202-43b0-934e-cc9a16521133 service placement] Merging candidates yields 2 allocation requests and 2 provider summaries {{(pid=94906) _merge_candidates /opt/stack/placement/placement/objects/allocation_candidate.py:783}}
Aug 11 13:27:00.678753 n-d-804230-1 devstack@placement-api.service[94906]: INFO placement.requestlog [req-3d33324c-7327-4c92-8c81-e765240704b1 req-cca1a71f-0202-43b0-934e-cc9a16521133 service placement] 10.222.0.20 "GET /placement/allocation_candidates?limit=1000&resources=DISK_GB%3A1%2CMEMORY_MB%3A1024%2CVCPU%3A1&root_required=%21COMPUTE_STATUS_DISABLED" status: 200 len: 1309 microversion: 1.35
Aug 11 13:27:00.679916 n-d-804230-1 devstack@placement-api.service[94906]: [pid: 94906|app: 0|req: 484/968] 10.222.0.20 () {60 vars in 1507 bytes} [Wed Aug 11 13:27:00 2021] GET /placement/allocation_candidates?limit=1000&resources=DISK_GB%3A1%2CMEMORY_MB%3A1024%2CVCPU%3A1&root_required=%21COMPUTE_STATUS_DISABLED => generated 1309 bytes in 204 msecs (HTTP/1.1 200) 8 headers in 297 bytes (1 switches on core 0)
Aug 11 13:27:00.801142 n-d-804230-1 devstack@placement-api.service[94905]: DEBUG placement.requestlog [req-3d33324c-7327-4c92-8c81-e765240704b1 req-410c224b-30dd-417a-b9cb-eef3881a843a None None] Starting request: 10.222.0.20 "GET /placement/allocations/5f9598d6-6d1d-4098-a524-6b65435b8039" {{(pid=94905) __call__ /opt/stack/placement/placement/requestlog.py:55}}
Aug 11 13:27:00.820102 n-d-804230-1 devstack@placement-api.service[94905]: INFO placement.requestlog [req-3d33324c-7327-4c92-8c81-e765240704b1 req-410c224b-30dd-417a-b9cb-eef3881a843a service placement] 10.222.0.20 "GET /placement/allocations/5f9598d6-6d1d-4098-a524-6b65435b8039" status: 200 len: 19 microversion: 1.28
Aug 11 13:27:00.824489 n-d-804230-1 devstack@placement-api.service[94905]: [pid: 94905|app: 0|req: 485/969] 10.222.0.20 () {60 vars in 1381 bytes} [Wed Aug 11 13:27:00 2021] GET /placement/allocations/5f9598d6-6d1d-4098-a524-6b65435b8039 => generated 19 bytes in 22 msecs (HTTP/1.1 200) 8 headers in 295 bytes (1 switches on core 0)
Aug 11 13:27:00.835704 n-d-804230-1 devstack@placement-api.service[94906]: DEBUG placement.requestlog [req-3d33324c-7327-4c92-8c81-e765240704b1 req-240d0f00-203e-4f90-b5e0-5b24c0797087 None None] Starting request: 10.222.0.20 "PUT /placement/allocations/5f9598d6-6d1d-4098-a524-6b65435b8039" {{(pid=94906) __call__ /opt/stack/placement/placement/requestlog.py:55}}
Aug 11 13:27:00.989028 n-d-804230-1 devstack@placement-api.service[94906]: DEBUG placement.handlers.allocation [req-3d33324c-7327-4c92-8c81-e765240704b1 req-240d0f00-203e-4f90-b5e0-5b24c0797087 service placement] Successfully wrote allocations [, , ] {{(pid=94906) _create_allocations /opt/stack/placement/placement/handlers/allocation.py:435}}
Aug 11 13:27:00.990390 n-d-804230-1 devstack@placement-api.service[94906]: INFO placement.requestlog [req-3d33324c-7327-4c92-8c81-e765240704b1 req-240d0f00-203e-4f90-b5e0-5b24c0797087 service placement] 10.222.0.20 "PUT /placement/allocations/5f9598d6-6d1d-4098-a524-6b65435b8039" status: 204 len: 0 microversion: 1.35
Aug 11 13:27:00.992563 n-d-804230-1 devstack@placement-api.service[94906]: [pid: 94906|app: 0|req: 485/970] 10.222.0.20 () {64 vars in 1434 bytes} [Wed Aug 11 13:27:00 2021] PUT /placement/allocations/5f9598d6-6d1d-4098-a524-6b65435b8039 => generated 0 bytes in 157 msecs (HTTP/1.1 204) 5 headers in 199 bytes (1 switches on core 0)
Aug 11 13:27:01.468183 n-d-804230-1 devstack@placement-api.service[94905]: DEBUG placement.requestlog [req-3d33324c-7327-4c92-8c81-e765240704b1 req-46aed717-4fb6-472a-9ddc-4de4030aff86 None None] Starting request: 10.222.0.10 "GET /placement/allocations/5f9598d6-6d1d-4098-a524-6b65435b8039" {{(pid=94905) __call__ /opt/stack/placement/placement/requestlog.py:55}}
Aug 11 13:27:01.485758 n-d-804230-1 devstack@placement-api.service[94905]: INFO placement.requestlog [req-3d33324c-7327-4c92-8c81-e765240704b1 req-46aed717-4fb6-472a-9ddc-4de4030aff86 service placement] 10.222.0.10 "GET /placement/allocations/5f9598d6-6d1d-4098-a524-6b65435b8039" status: 200 len: 260 microversion: 1.28
Aug 11 13:27:01.486044 n-d-804230-1 devstack@placement-api.service[94905]: [pid: 94905|app: 0|req: 486/971] 10.222.0.10 () {60 vars in 1378 bytes} [Wed Aug 11 13:27:01 2021] GET /placement/allocations/5f9598d6-6d1d-4098-a524-6b65435b8039 => generated 260 bytes in 19 msecs (HTTP/1.1 200) 8 headers in 296 bytes (1 switches on core 0)
Aug 11 13:27:05.497428 n-d-804230-1 devstack@placement-api.service[94906]: DEBUG placement.requestlog [req-b7fdc82a-5389-4de2-a711-a512742dd568 req-afc6249b-d72c-46f2-8c67-a5fb45c4102e None None] Starting request: 10.222.0.10 "GET /placement/allocations/6436ebcc-ff47-430f-92db-c1575d0e4503" {{(pid=94906) __call__ /opt/stack/placement/placement/requestlog.py:55}}
Aug 11 13:27:05.516824 n-d-804230-1 devstack@placement-api.service[94906]: INFO placement.requestlog [req-b7fdc82a-5389-4de2-a711-a512742dd568 req-afc6249b-d72c-46f2-8c67-a5fb45c4102e service placement] 10.222.0.10 "GET /placement/allocations/6436ebcc-ff47-430f-92db-c1575d0e4503" status: 200 len: 260 microversion: 1.28
