Aug 11 13:08:18.593724 n-d-804230-1 devstack@placement-api.service[94905]: DEBUG placement.requestlog [req-17964c84-ce92-4f0c-a3d8-2a207e22838e req-8083a729-19f9-4abc-b0ff-0cdc1a855f9f None None] Starting request: 10.222.0.20 "GET /placement/allocations/92419757-3248-4e11-a964-fc8a334c4ae5" {{(pid=94905) __call__ /opt/stack/placement/placement/requestlog.py:55}}
Aug 11 13:08:18.605397 n-d-804230-1 devstack@placement-api.service[94905]: INFO placement.requestlog [req-17964c84-ce92-4f0c-a3d8-2a207e22838e req-8083a729-19f9-4abc-b0ff-0cdc1a855f9f service placement] 10.222.0.20 "GET /placement/allocations/92419757-3248-4e11-a964-fc8a334c4ae5" status: 200 len: 19 microversion: 1.28
Aug 11 13:08:18.610766 n-d-804230-1 devstack@placement-api.service[94905]: [pid: 94905|app: 0|req: 198/389] 10.222.0.20 () {60 vars in 1381 bytes} [Wed Aug 11 13:08:18 2021] GET /placement/allocations/92419757-3248-4e11-a964-fc8a334c4ae5 => generated 19 bytes in 17 msecs (HTTP/1.1 200) 8 headers in 295 bytes (1 switches on core 0)
Aug 11 13:08:18.611660 n-d-804230-1 devstack@placement-api.service[94906]: DEBUG placement.requestlog [req-17964c84-ce92-4f0c-a3d8-2a207e22838e req-7f8e28ad-2f1e-4bb7-a9d3-a5f09e0c0f47 None None] Starting request: 10.222.0.20 "PUT /placement/allocations/92419757-3248-4e11-a964-fc8a334c4ae5" {{(pid=94906) __call__ /opt/stack/placement/placement/requestlog.py:55}}
Aug 11 13:08:18.689949 n-d-804230-1 devstack@placement-api.service[94905]: DEBUG placement.requestlog [req-97b43593-9eb7-4f21-bdbe-a4077cbebd00 req-3f6d7ec9-b439-4683-a165-cae53ab8602d None None] Starting request: 10.222.0.20 "GET /placement/allocation_candidates?limit=1000&resources=DISK_GB%3A1%2CMEMORY_MB%3A1024%2CVCPU%3A1&root_required=%21COMPUTE_STATUS_DISABLED" {{(pid=94905) __call__ /opt/stack/placement/placement/requestlog.py:55}}
Aug 11 13:08:18.690188 n-d-804230-1 devstack@placement-api.service[94906]: DEBUG placement.handlers.allocation [req-17964c84-ce92-4f0c-a3d8-2a207e22838e req-7f8e28ad-2f1e-4bb7-a9d3-a5f09e0c0f47 service placement] Successfully wrote allocations [, ] {{(pid=94906) _create_allocations /opt/stack/placement/placement/handlers/allocation.py:435}}
Aug 11 13:08:18.690716 n-d-804230-1 devstack@placement-api.service[94906]: INFO placement.requestlog [req-17964c84-ce92-4f0c-a3d8-2a207e22838e req-7f8e28ad-2f1e-4bb7-a9d3-a5f09e0c0f47 service placement] 10.222.0.20 "PUT /placement/allocations/92419757-3248-4e11-a964-fc8a334c4ae5" status: 204 len: 0 microversion: 1.28
Aug 11 13:08:18.691879 n-d-804230-1 devstack@placement-api.service[94906]: [pid: 94906|app: 0|req: 192/390] 10.222.0.20 () {64 vars in 1434 bytes} [Wed Aug 11 13:08:18 2021] PUT /placement/allocations/92419757-3248-4e11-a964-fc8a334c4ae5 => generated 0 bytes in 80 msecs (HTTP/1.1 204) 5 headers in 199 bytes (1 switches on core 0)
Aug 11 13:08:18.724990 n-d-804230-1 devstack@placement-api.service[94905]: DEBUG placement.objects.research_context [req-97b43593-9eb7-4f21-bdbe-a4077cbebd00 req-3f6d7ec9-b439-4683-a165-cae53ab8602d service placement] getting providers with 1 DISK_GB {{(pid=94905) __init__ /opt/stack/placement/placement/objects/research_context.py:126}}
Aug 11 13:08:18.735451 n-d-804230-1 devstack@placement-api.service[94905]: DEBUG placement.objects.research_context [req-97b43593-9eb7-4f21-bdbe-a4077cbebd00 req-3f6d7ec9-b439-4683-a165-cae53ab8602d service placement] getting providers with 1024 MEMORY_MB {{(pid=94905) __init__ /opt/stack/placement/placement/objects/research_context.py:126}}
Aug 11 13:08:18.742784 n-d-804230-1 devstack@placement-api.service[94905]: DEBUG placement.objects.research_context [req-97b43593-9eb7-4f21-bdbe-a4077cbebd00 req-3f6d7ec9-b439-4683-a165-cae53ab8602d service placement] getting providers with 1 VCPU {{(pid=94905) __init__ /opt/stack/placement/placement/objects/research_context.py:126}}
Aug 11 13:08:18.750063 n-d-804230-1 devstack@placement-api.service[94905]: DEBUG placement.objects.research_context [req-97b43593-9eb7-4f21-bdbe-a4077cbebd00 req-3f6d7ec9-b439-4683-a165-cae53ab8602d service placement] found 2 providers with available 1 DISK_GB {{(pid=94905) get_provider_ids_matching /opt/stack/placement/placement/objects/research_context.py:549}}
Aug 11 13:08:18.750612 n-d-804230-1 devstack@placement-api.service[94905]: DEBUG placement.objects.research_context [req-97b43593-9eb7-4f21-bdbe-a4077cbebd00 req-3f6d7ec9-b439-4683-a165-cae53ab8602d service placement] found 2 providers with available 1024 MEMORY_MB {{(pid=94905) get_provider_ids_matching /opt/stack/placement/placement/objects/research_context.py:549}}
Aug 11 13:08:18.751091 n-d-804230-1 devstack@placement-api.service[94905]: DEBUG placement.objects.research_context [req-97b43593-9eb7-4f21-bdbe-a4077cbebd00 req-3f6d7ec9-b439-4683-a165-cae53ab8602d service placement] found 2 providers after filtering by previous result {{(pid=94905) get_provider_ids_matching /opt/stack/placement/placement/objects/research_context.py:580}}
Aug 11 13:08:18.751656 n-d-804230-1 devstack@placement-api.service[94905]: DEBUG placement.objects.research_context [req-97b43593-9eb7-4f21-bdbe-a4077cbebd00 req-3f6d7ec9-b439-4683-a165-cae53ab8602d service placement] found 2 providers with available 1 VCPU {{(pid=94905) get_provider_ids_matching /opt/stack/placement/placement/objects/research_context.py:549}}
Aug 11 13:08:18.752211 n-d-804230-1 devstack@placement-api.service[94905]: DEBUG placement.objects.research_context [req-97b43593-9eb7-4f21-bdbe-a4077cbebd00 req-3f6d7ec9-b439-4683-a165-cae53ab8602d service placement] found 2 providers after filtering by previous result {{(pid=94905) get_provider_ids_matching /opt/stack/placement/placement/objects/research_context.py:580}}
Aug 11 13:08:18.767434 n-d-804230-1 devstack@placement-api.service[94905]: DEBUG placement.objects.allocation_candidate [req-97b43593-9eb7-4f21-bdbe-a4077cbebd00 req-3f6d7ec9-b439-4683-a165-cae53ab8602d service placement] RequestGroup(use_same_provider=False, resources={DISK_GB:1, MEMORY_MB:1024, VCPU:1}, traits=[], aggregates=[]) (suffix '') returned 2 matches {{(pid=94905) _get_by_requests /opt/stack/placement/placement/objects/allocation_candidate.py:145}}
Aug 11 13:08:18.768808 n-d-804230-1 devstack@placement-api.service[94905]: DEBUG placement.objects.allocation_candidate [req-97b43593-9eb7-4f21-bdbe-a4077cbebd00 req-3f6d7ec9-b439-4683-a165-cae53ab8602d service placement] Merging candidates yields 2 allocation requests and 2 provider summaries {{(pid=94905) _merge_candidates /opt/stack/placement/placement/objects/allocation_candidate.py:783}}
Aug 11 13:08:18.771057 n-d-804230-1 devstack@placement-api.service[94905]: INFO placement.requestlog [req-97b43593-9eb7-4f21-bdbe-a4077cbebd00 req-3f6d7ec9-b439-4683-a165-cae53ab8602d service placement] 10.222.0.20 "GET /placement/allocation_candidates?limit=1000&resources=DISK_GB%3A1%2CMEMORY_MB%3A1024%2CVCPU%3A1&root_required=%21COMPUTE_STATUS_DISABLED" status: 200 len: 1314 microversion: 1.35
Aug 11 13:08:18.771913 n-d-804230-1 devstack@placement-api.service[94905]: [pid: 94905|app: 0|req: 199/391] 10.222.0.20 () {60 vars in 1507 bytes} [Wed Aug 11 13:08:18 2021] GET /placement/allocation_candidates?limit=1000&resources=DISK_GB%3A1%2CMEMORY_MB%3A1024%2CVCPU%3A1&root_required=%21COMPUTE_STATUS_DISABLED => generated 1314 bytes in 82 msecs (HTTP/1.1 200) 8 headers in 297 bytes (2 switches on core 0)
Aug 11 13:08:18.851376 n-d-804230-1 devstack@placement-api.service[94906]: DEBUG placement.requestlog [req-97b43593-9eb7-4f21-bdbe-a4077cbebd00 req-bc06196c-096b-4c14-b5d8-75457f9b46bc None None] Starting request: 10.222.0.20 "GET /placement/allocations/872e8c87-8a55-41b7-87f5-33041d7b8835" {{(pid=94906) __call__ /opt/stack/placement/placement/requestlog.py:55}}
Aug 11 13:08:18.865431 n-d-804230-1 devstack@placement-api.service[94906]: INFO placement.requestlog [req-97b43593-9eb7-4f21-bdbe-a4077cbebd00 req-bc06196c-096b-4c14-b5d8-75457f9b46bc service placement] 10.222.0.20 "GET /placement/allocations/872e8c87-8a55-41b7-87f5-33041d7b8835" status: 200 len: 19 microversion: 1.28
Aug 11 13:08:18.868871 n-d-804230-1 devstack@placement-api.service[94906]: [pid: 94906|app: 0|req: 193/392] 10.222.0.20 () {60 vars in 1381 bytes} [Wed Aug 11 13:08:18 2021] GET /placement/allocations/872e8c87-8a55-41b7-87f5-33041d7b8835 => generated 19 bytes in 17 msecs (HTTP/1.1 200) 8 headers in 295 bytes (1 switches on core 0)
Aug 11 13:08:18.872234 n-d-804230-1 devstack@placement-api.service[94905]: DEBUG placement.requestlog [req-97b43593-9eb7-4f21-bdbe-a4077cbebd00 req-c82ad573-d2e6-4aae-8c47-2c9ff3b07373 None None] Starting request: 10.222.0.20 "PUT /placement/allocations/872e8c87-8a55-41b7-87f5-33041d7b8835" {{(pid=94905) __call__ /opt/stack/placement/placement/requestlog.py:55}}
Aug 11 13:08:18.884081 n-d-804230-1 devstack@placement-api.service[94906]: DEBUG placement.requestlog [req-17964c84-ce92-4f0c-a3d8-2a207e22838e req-b4e45edd-0ec2-4e83-8e4a-c87877a2435d None None] Starting request: 10.222.0.38 "GET /placement/allocations/92419757-3248-4e11-a964-fc8a334c4ae5" {{(pid=94906) __call__ /opt/stack/placement/placement/requestlog.py:55}}
Aug 11 13:08:18.912671 n-d-804230-1 devstack@placement-api.service[94906]: INFO placement.requestlog [req-17964c84-ce92-4f0c-a3d8-2a207e22838e req-b4e45edd-0ec2-4e83-8e4a-c87877a2435d service placement] 10.222.0.38 "GET /placement/allocations/92419757-3248-4e11-a964-fc8a334c4ae5" status: 200 len: 245 microversion: 1.28
Aug 11 13:08:18.912923 n-d-804230-1 devstack@placement-api.service[94906]: [pid: 94906|app: 0|req: 194/393] 10.222.0.38 () {60 vars in 1378 bytes} [Wed Aug 11 13:08:18 2021] GET /placement/allocations/92419757-3248-4e11-a964-fc8a334c4ae5 => generated 245 bytes in 29 msecs (HTTP/1.1 200) 8 headers in 296 bytes (1 switches on core 0)
Aug 11 13:08:18.978464 n-d-804230-1 devstack@placement-api.service[94905]: DEBUG placement.handlers.allocation [req-97b43593-9eb7-4f21-bdbe-a4077cbebd00 req-c82ad573-d2e6-4aae-8c47-2c9ff3b07373 service placement] Successfully wrote allocations [, , ] {{(pid=94905) _create_allocations /opt/stack/placement/placement/handlers/allocation.py:435}}
Aug 11 13:08:18.979138 n-d-804230-1 devstack@placement-api.service[94905]: INFO placement.requestlog [req-97b43593-9eb7-4f21-bdbe-a4077cbebd00 req-c82ad573-d2e6-4aae-8c47-2c9ff3b07373 service placement] 10.222.0.20 "PUT /placement/allocations/872e8c87-8a55-41b7-87f5-33041d7b8835" status: 204 len: 0 microversion: 1.35
Aug 11 13:08:18.979746 n-d-804230-1 devstack@placement-api.service[94905]: [pid: 94905|app: 0|req: 200/394] 10.222.0.20 () {64 vars in 1434 bytes} [Wed Aug 11 13:08:18 2021] PUT /placement/allocations/872e8c87-8a55-41b7-87f5-33041d7b8835 => generated 0 bytes in 108 msecs (HTTP/1.1 204) 5 headers in 199 bytes (1 switches on core 0)
Aug 11 13:08:19.377090 n-d-804230-1 devstack@placement-api.service[94906]: DEBUG placement.requestlog [req-97b43593-9eb7-4f21-bdbe-a4077cbebd00 req-62da138e-1e40-4c88-82ac-fff57b5d44f3 None None] Starting request: 10.222.0.38 "GET /placement/allocations/872e8c87-8a55-41b7-87f5-33041d7b8835" {{(pid=94906) __call__ /opt/stack/placement/placement/requestlog.py:55}}
Aug 11 13:08:19.396939 n-d-804230-1 devstack@placement-api.service[94906]: INFO placement.requestlog [req-97b43593-9eb7-4f21-bdbe-a4077cbebd00 req-62da138e-1e40-4c88-82ac-fff57b5d44f3 service placement] 10.222.0.38 "GET /placement/allocations/872e8c87-8a55-41b7-87f5-33041d7b8835" status: 200 len: 259 microversion: 1.28
Aug 11 13:08:19.397841 n-d-804230-1 devstack@placement-api.service[94906]: [pid: 94906|app: 0|req: 195/395] 10.222.0.38 () {60 vars in 1378 bytes} [Wed Aug 11 13:08:19 2021] GET /placement/allocations/872e8c87-8a55-41b7-87f5-33041d7b8835 => generated 259 bytes in 21 msecs (HTTP/1.1 200) 8 headers in 296 bytes (1 switches on core 0)
Aug 11 13:08:20.813191 n-d-804230-1 devstack@placement-api.service[94905]: DEBUG placement.requestlog [req-9dee9d40-3d49-466e-8437-afe313ca6c3c req-f774edb1-7477-4d3f-a596-608d8439b32e None None] Starting request: 10.222.0.10 "GET /placement/allocations/e5133f38-9142-4f14-8ea6-98adcdafa0ee" {{(pid=94905) __call__ /opt/stack/placement/placement/requestlog.py:55}}
Aug 11 13:08:20.840341 n-d-804230-1 devstack@placement-api.service[94905]: INFO placement.requestlog [req-9dee9d40-3d49-466e-8437-afe313ca6c3c req-f774edb1-7477-4d3f-a596-608d8439b32e service placement] 10.222.0.10 "GET /placement/allocations/e5133f38-9142-4f14-8ea6-98adcdafa0ee" status: 200 len: 259 microversion: 1.28
Aug 11 13:08:20.841493 n-d-804230-1 devstack@placement-api.service[94905]: [pid: 94905|app: 0|req: 201/396] 10.222.0.10 () {60 vars in 1378 bytes} [Wed Aug 11 13:08:20 2021] GET /placement/allocations/e5133f38-9142-4f14-8ea6-98adcdafa0ee => generated 259 bytes in 28 msecs (HTTP/1.1 200) 8 headers in 296 bytes (1 switches on core 0)
Aug 11 13:08:20.854514 n-d-804230-1 devstack@placement-api.service[94906]: DEBUG placement.requestlog [req-9dee9d40-3d49-466e-8437-afe313ca6c3c req-f681eb39-7b9e-4027-84f2-318453cc00f1 None None] Starting request: 10.222.0.10 "PUT /placement/allocations/e5133f38-9142-4f14-8ea6-98adcdafa0ee" {{(pid=94906) __call__ /opt/stack/placement/placement/requestlog.py:55}}
Aug 11 13:08:20.959587 n-d-804230-1 devstack@placement-api.service[94906]: DEBUG placement.handlers.allocation [req-9dee9d40-3d49-466e-8437-afe313ca6c3c req-f681eb39-7b9e-4027-84f2-318453cc00f1 service placement] Successfully wrote allocations [, , ] {{(pid=94906) _create_allocations /opt/stack/placement/placement/handlers/allocation.py:435}}
Aug 11 13:08:20.960206 n-d-804230-1 devstack@placement-api.service[94906]: INFO placement.requestlog [req-9dee9d40-3d49-466e-8437-afe313ca6c3c req-f681eb39-7b9e-4027-84f2-318453cc00f1 service placement] 10.222.0.10 "PUT /placement/allocations/e5133f38-9142-4f14-8ea6-98adcdafa0ee" status: 204 len: 0 microversion: 1.28
Aug 11 13:08:20.960500 n-d-804230-1 devstack@placement-api.service[94906]: [pid: 94906|app: 0|req: 196/397] 10.222.0.10 () {64 vars in 1431 bytes} [Wed Aug 11 13:08:20 2021] PUT /placement/allocations/e5133f38-9142-4f14-8ea6-98adcdafa0ee => generated 0 bytes in 107 msecs (HTTP/1.1 204) 5 headers in 199 bytes (2 switches on core 0)
Aug 11 13:08:21.181650 n-d-804230-1 devstack@placement-api.service[94905]: DEBUG placement.requestlog [req-59fcb3bf-f3c7-430f-9141-271557f78855 req-37149a4e-3bf3-46a1-898c-d55b5829ae4f None None] Starting request: 10.222.0.10 "GET /placement/allocations/b8b15865-7e56-4bb1-8765-4315384b8f91" {{(pid=94905) __call__ /opt/stack/placement/placement/requestlog.py:55}}
Aug 11 13:08:21.212325 n-d-804230-1 devstack@placement-api.service[94905]: INFO placement.requestlog [req-59fcb3bf-f3c7-430f-9141-271557f78855 req-37149a4e-3bf3-46a1-898c-d55b5829ae4f service placement] 10.222.0.10 "GET /placement/allocations/b8b15865-7e56-4bb1-8765-4315384b8f91" status: 200 len: 259 microversion: 1.28
Aug 11 13:08:21.212867 n-d-804230-1 devstack@placement-api.service[94905]: [pid: 94905|app: 0|req: 202/398] 10.222.0.10 () {60 vars in 1378 bytes} [Wed Aug 11 13:08:21 2021] GET /placement/allocations/b8b15865-7e56-4bb1-8765-4315384b8f91 => generated 259 bytes in 32 msecs (HTTP/1.1 200) 8 headers in 296 bytes (1 switches on core 0)
Aug 11 13:08:21.221898 n-d-804230-1 devstack@placement-api.service[94906]: DEBUG placement.requestlog [req-59fcb3bf-f3c7-430f-9141-271557f78855 req-368b6583-7b38-4777-858e-9b5951c5d85a None None] Starting request: 10.222.0.10 "PUT /placement/allocations/b8b15865-7e56-4bb1-8765-4315384b8f91" {{(pid=94906) __call__ /opt/stack/placement/placement/requestlog.py:55}}
Aug 11 13:08:21.306253 n-d-804230-1 devstack@placement-api.service[94906]: DEBUG placement.handlers.allocation [req-59fcb3bf-f3c7-430f-9141-271557f78855 req-368b6583-7b38-4777-858e-9b5951c5d85a service placement] Successfully wrote allocations [, , ] {{(pid=94906) _create_allocations /opt/stack/placement/placement/handlers/allocation.py:435}}
Aug 11 13:08:21.306834 n-d-804230-1 devstack@placement-api.service[94906]: INFO placement.requestlog [req-59fcb3bf-f3c7-430f-9141-271557f78855 req-368b6583-7b38-4777-858e-9b5951c5d85a service placement] 10.222.0.10 "PUT /placement/allocations/b8b15865-7e56-4bb1-8765-4315384b8f91" status: 204 len: 0 microversion: 1.28
Aug 11 13:08:21.307072 n-d-804230-1 devstack@placement-api.service[94906]: [pid: 94906|app: 0|req: 197/399] 10.222.0.10 () {64 vars in 1431 bytes} [Wed Aug 11 13:08:21 2021] PUT /placement/allocations/b8b15865-7e56-4bb1-8765-4315384b8f91 => generated 0 bytes in 85 msecs (HTTP/1.1 204) 5 headers in 199 bytes (1 switches on core 0)
Aug 11 13:08:26.027079 n-d-804230-1 devstack@placement-api.service[94905]: DEBUG placement.requestlog [req-168baaa4-3665-496c-9549-6dd47c81de2f req-af8abfd6-8fc6-4428-8d9b-97aa166c7cad None None] Starting request: 10.222.0.20 "GET /placement/allocation_candidates?limit=1000&resources=DISK_GB%3A1%2CMEMORY_MB%3A1024%2CVCPU%3A1&root_required=%21COMPUTE_STATUS_DISABLED" {{(pid=94905) __call__ /opt/stack/placement/placement/requestlog.py:55}}
Aug 11 13:08:26.072451 n-d-804230-1 devstack@placement-api.service[94905]: DEBUG placement.objects.research_context [req-168baaa4-3665-496c-9549-6dd47c81de2f req-af8abfd6-8fc6-4428-8d9b-97aa166c7cad service placement] getting providers with 1 DISK_GB {{(pid=94905) __init__ /opt/stack/placement/placement/objects/research_context.py:126}}
Aug 11 13:08:26.081067 n-d-804230-1 devstack@placement-api.service[94905]: DEBUG placement.objects.research_context [req-168baaa4-3665-496c-9549-6dd47c81de2f req-af8abfd6-8fc6-4428-8d9b-97aa166c7cad service placement] getting providers with 1024 MEMORY_MB {{(pid=94905) __init__ /opt/stack/placement/placement/objects/research_context.py:126}}
Aug 11 13:08:26.114926 n-d-804230-1 devstack@placement-api.service[94905]: DEBUG placement.objects.research_context [req-168baaa4-3665-496c-9549-6dd47c81de2f req-af8abfd6-8fc6-4428-8d9b-97aa166c7cad service placement] getting providers with 1 VCPU {{(pid=94905) __init__ /opt/stack/placement/placement/objects/research_context.py:126}}
Aug 11 13:08:26.138894 n-d-804230-1 devstack@placement-api.service[94905]: DEBUG placement.objects.research_context [req-168baaa4-3665-496c-9549-6dd47c81de2f req-af8abfd6-8fc6-4428-8d9b-97aa166c7cad service placement] found 2 providers with available 1 DISK_GB {{(pid=94905) get_provider_ids_matching /opt/stack/placement/placement/objects/research_context.py:549}}
Aug 11 13:08:26.139231 n-d-804230-1 devstack@placement-api.service[94905]: DEBUG placement.objects.research_context [req-168baaa4-3665-496c-9549-6dd47c81de2f req-af8abfd6-8fc6-4428-8d9b-97aa166c7cad service placement] found 2 providers with available 1024 MEMORY_MB {{(pid=94905) get_provider_ids_matching /opt/stack/placement/placement/objects/research_context.py:549}}
Aug 11 13:08:26.142283 n-d-804230-1 devstack@placement-api.service[94905]: DEBUG placement.objects.research_context [req-168baaa4-3665-496c-9549-6dd47c81de2f req-af8abfd6-8fc6-4428-8d9b-97aa166c7cad service placement] found 2 providers after filtering by previous result {{(pid=94905) get_provider_ids_matching /opt/stack/placement/placement/objects/research_context.py:580}}
Aug 11 13:08:26.143095 n-d-804230-1 devstack@placement-api.service[94905]: DEBUG placement.objects.research_context [req-168baaa4-3665-496c-9549-6dd47c81de2f req-af8abfd6-8fc6-4428-8d9b-97aa166c7cad service placement] found 2 providers with available 1 VCPU {{(pid=94905) get_provider_ids_matching /opt/stack/placement/placement/objects/research_context.py:549}}
Aug 11 13:08:26.143777 n-d-804230-1 devstack@placement-api.service[94905]: DEBUG placement.objects.research_context [req-168baaa4-3665-496c-9549-6dd47c81de2f req-af8abfd6-8fc6-4428-8d9b-97aa166c7cad service placement] found 2 providers after filtering by previous result {{(pid=94905) get_provider_ids_matching /opt/stack/placement/placement/objects/research_context.py:580}}
Aug 11 13:08:26.184367 n-d-804230-1 devstack@placement-api.service[94905]: DEBUG placement.objects.allocation_candidate [req-168baaa4-3665-496c-9549-6dd47c81de2f req-af8abfd6-8fc6-4428-8d9b-97aa166c7cad service placement] RequestGroup(use_same_provider=False, resources={DISK_GB:1, MEMORY_MB:1024, VCPU:1}, traits=[], aggregates=[]) (suffix '') returned 2 matches {{(pid=94905) _get_by_requests /opt/stack/placement/placement/objects/allocation_candidate.py:145}}
Aug 11 13:08:26.185540 n-d-804230-1 devstack@placement-api.service[94905]: DEBUG placement.objects.allocation_candidate [req-168baaa4-3665-496c-9549-6dd47c81de2f req-af8abfd6-8fc6-4428-8d9b-97aa166c7cad service placement] Merging candidates yields 2 allocation requests and 2 provider summaries {{(pid=94905) _merge_candidates /opt/stack/placement/placement/objects/allocation_candidate.py:783}}
Aug 11 13:08:26.203784 n-d-804230-1 devstack@placement-api.service[94905]: INFO placement.requestlog [req-168baaa4-3665-496c-9549-6dd47c81de2f req-af8abfd6-8fc6-4428-8d9b-97aa166c7cad service placement] 10.222.0.20 "GET /placement/allocation_candidates?limit=1000&resources=DISK_GB%3A1%2CMEMORY_MB%3A1024%2CVCPU%3A1&root_required=%21COMPUTE_STATUS_DISABLED" status: 200 len: 1314 microversion: 1.35
Aug 11 13:08:26.206125 n-d-804230-1 devstack@placement-api.service[94905]: [pid: 94905|app: 0|req: 203/400] 10.222.0.20 () {60 vars in 1507 bytes} [Wed Aug 11 13:08:26 2021] GET /placement/allocation_candidates?limit=1000&resources=DISK_GB%3A1%2CMEMORY_MB%3A1024%2CVCPU%3A1&root_required=%21COMPUTE_STATUS_DISABLED => generated 1314 bytes in 179 msecs (HTTP/1.1 200) 8 headers in 297 bytes (2 switches on core 0)
Aug 11 13:08:26.283405 n-d-804230-1 devstack@placement-api.service[94906]: DEBUG placement.requestlog [req-168baaa4-3665-496c-9549-6dd47c81de2f req-aa3bf10c-1da9-4966-b7fd-608dc1eedf7c None None] Starting request: 10.222.0.20 "GET /placement/allocations/e55c459f-64a9-4470-b8c8-08bfdeb86ede" {{(pid=94906) __call__ /opt/stack/placement/placement/requestlog.py:55}}
Aug 11 13:08:26.312119 n-d-804230-1 devstack@placement-api.service[94906]: INFO placement.requestlog [req-168baaa4-3665-496c-9549-6dd47c81de2f req-aa3bf10c-1da9-4966-b7fd-608dc1eedf7c service placement] 10.222.0.20 "GET /placement/allocations/e55c459f-64a9-4470-b8c8-08bfdeb86ede" status: 200 len: 19 microversion: 1.28
Aug 11 13:08:26.313118 n-d-804230-1 devstack@placement-api.service[94906]: [pid: 94906|app: 0|req: 198/401] 10.222.0.20 () {60 vars in 1381 bytes} [Wed Aug 11 13:08:26 2021] GET /placement/allocations/e55c459f-64a9-4470-b8c8-08bfdeb86ede => generated 19 bytes in 30 msecs (HTTP/1.1 200) 8 headers in 295 bytes (1 switches on core 0)
Aug 11 13:08:26.319268 n-d-804230-1 devstack@placement-api.service[94905]: DEBUG placement.requestlog [req-168baaa4-3665-496c-9549-6dd47c81de2f req-67c4e141-e3f3-41a5-882e-ff01c0313400 None None] Starting request: 10.222.0.20 "PUT /placement/allocations/e55c459f-64a9-4470-b8c8-08bfdeb86ede" {{(pid=94905) __call__ /opt/stack/placement/placement/requestlog.py:55}}
Aug 11 13:08:26.458970 n-d-804230-1 devstack@placement-api.service[94905]: DEBUG placement.handlers.allocation [req-168baaa4-3665-496c-9549-6dd47c81de2f req-67c4e141-e3f3-41a5-882e-ff01c0313400 service placement] Successfully wrote allocations [, , ] {{(pid=94905) _create_allocations /opt/stack/placement/placement/handlers/allocation.py:435}}
Aug 11 13:08:26.459388 n-d-804230-1 devstack@placement-api.service[94905]: INFO placement.requestlog [req-168baaa4-3665-496c-9549-6dd47c81de2f req-67c4e141-e3f3-41a5-882e-ff01c0313400 service placement] 10.222.0.20 "PUT /placement/allocations/e55c459f-64a9-4470-b8c8-08bfdeb86ede" status: 204 len: 0 microversion: 1.35
Aug 11 13:08:26.465097 n-d-804230-1 devstack@placement-api.service[94905]: [pid: 94905|app: 0|req: 204/402] 10.222.0.20 () {64 vars in 1434 bytes} [Wed Aug 11 13:08:26 2021] PUT /placement/allocations/e55c459f-64a9-4470-b8c8-08bfdeb86ede => generated 0 bytes in 141 msecs (HTTP/1.1 204) 5 headers in 199 bytes (1 switches on core 0)
Aug 11 13:08:26.512369 n-d-804230-1 devstack@placement-api.service[94906]: DEBUG placement.requestlog [req-2d297d9d-6e34-4f84-a317-ecafc927af51 req-0f6de2b1-48ba-4fa5-ba28-245ad1487cf7 None None] Starting request: 10.222.0.38 "GET /placement/allocations/244c865c-7854-47b2-9015-c06ee9eb5562" {{(pid=94906) __call__ /opt/stack/placement/placement/requestlog.py:55}}
Aug 11 13:08:26.562198 n-d-804230-1 devstack@placement-api.service[94906]: INFO placement.requestlog [req-2d297d9d-6e34-4f84-a317-ecafc927af51 req-0f6de2b1-48ba-4fa5-ba28-245ad1487cf7 service placement] 10.222.0.38 "GET /placement/allocations/244c865c-7854-47b2-9015-c06ee9eb5562" status: 200 len: 259 microversion: 1.28
Aug 11 13:08:26.562738 n-d-804230-1 devstack@placement-api.service[94906]: [pid: 94906|app: 0|req: 199/403] 10.222.0.38 () {60 vars in 1378 bytes} [Wed Aug 11 13:08:26 2021] GET /placement/allocations/244c865c-7854-47b2-9015-c06ee9eb5562 => generated 259 bytes in 50 msecs (HTTP/1.1 200) 8 headers in 296 bytes (1 switches on core 0)
Aug 11 13:08:26.572637 n-d-804230-1 devstack@placement-api.service[94905]: DEBUG placement.requestlog [req-2d297d9d-6e34-4f84-a317-ecafc927af51 req-4859a7c2-b54d-4c1a-a879-6dbc2b5d1b25 None None] Starting request: 10.222.0.38 "PUT /placement/allocations/244c865c-7854-47b2-9015-c06ee9eb5562" {{(pid=94905) __call__ /opt/stack/placement/placement/requestlog.py:55}}
Aug 11 13:08:26.719389 n-d-804230-1 devstack@placement-api.service[94905]: DEBUG placement.handlers.allocation [req-2d297d9d-6e34-4f84-a317-ecafc927af51 req-4859a7c2-b54d-4c1a-a879-6dbc2b5d1b25 service placement] Successfully wrote allocations [, , ] {{(pid=94905) _create_allocations /opt/stack/placement/placement/handlers/allocation.py:435}}
Aug 11 13:08:26.719891 n-d-804230-1 devstack@placement-api.service[94905]: INFO placement.requestlog [req-2d297d9d-6e34-4f84-a317-ecafc927af51 req-4859a7c2-b54d-4c1a-a879-6dbc2b5d1b25 service placement] 10.222.0.38 "PUT /placement/allocations/244c865c-7854-47b2-9015-c06ee9eb5562" status: 204 len: 0 microversion: 1.28
Aug 11 13:08:26.720434 n-d-804230-1 devstack@placement-api.service[94905]: [pid: 94905|app: 0|req: 205/404] 10.222.0.38 () {64 vars in 1431 bytes} [Wed Aug 11 13:08:26 2021] PUT /placement/allocations/244c865c-7854-47b2-9015-c06ee9eb5562 => generated 0 bytes in 148 msecs (HTTP/1.1 204) 5 headers in 199 bytes (2 switches on core 0)
Aug 11 13:08:26.992505 n-d-804230-1 devstack@placement-api.service[94906]: DEBUG placement.requestlog [req-168baaa4-3665-496c-9549-6dd47c81de2f req-5d6ae214-5c6b-460c-a162-c2f951accc52 None None] Starting request: 10.222.0.10 "GET /placement/allocations/e55c459f-64a9-4470-b8c8-08bfdeb86ede" {{(pid=94906) __call__ /opt/stack/placement/placement/requestlog.py:55}}
Aug 11 13:08:27.023513 n-d-804230-1 devstack@placement-api.service[94906]: INFO placement.requestlog [req-168baaa4-3665-496c-9549-6dd47c81de2f req-5d6ae214-5c6b-460c-a162-c2f951accc52 service placement] 10.222.0.10 "GET /placement/allocations/e55c459f-64a9-4470-b8c8-08bfdeb86ede" status: 200 len: 259 microversion: 1.28
Aug 11 13:08:27.023831 n-d-804230-1 devstack@placement-api.service[94906]: [pid: 94906|app: 0|req: 200/405] 10.222.0.10 () {60 vars in 1378 bytes} [Wed Aug 11 13:08:26 2021] GET /placement/allocations/e55c459f-64a9-4470-b8c8-08bfdeb86ede => generated 259 bytes in 32 msecs (HTTP/1.1 200) 8 headers in 296 bytes (1 switches on core 0)
Aug 11 13:08:28.053971 n-d-804230-1 devstack@placement-api.service[94905]: DEBUG placement.requestlog [req-177e7634-934b-4782-b681-00aced9cbcc3 req-b28debc6-4a4d-41f3-a292-72feffedde3d None None] Starting request: 10.222.0.10 "GET /placement/allocations/321280ae-166c-4fbc-bbf1-7f4edcce49c3" {{(pid=94905) __call__ /opt/stack/placement/placement/requestlog.py:55}}
Aug 11 13:08:28.078441 n-d-804230-1 devstack@placement-api.service[94905]: INFO placement.requestlog [req-177e7634-934b-4782-b681-00aced9cbcc3 req-b28debc6-4a4d-41f3-a292-72feffedde3d service placement] 10.222.0.10 "GET /placement/allocations/321280ae-166c-4fbc-bbf1-7f4edcce49c3" status: 200 len: 259 microversion: 1.28
Aug 11 13:08:28.078832 n-d-804230-1 devstack@placement-api.service[94905]: [pid: 94905|app: 0|req: 206/406] 10.222.0.10 () {60 vars in 1378 bytes} [Wed Aug 11 13:08:28 2021] GET /placement/allocations/321280ae-166c-4fbc-bbf1-7f4edcce49c3 => generated 259 bytes in 27 msecs (HTTP/1.1 200) 8 headers in 296 bytes (1 switches on core 0)
Aug 11 13:08:28.096978 n-d-804230-1 devstack@placement-api.service[94906]: DEBUG placement.requestlog [req-177e7634-934b-4782-b681-00aced9cbcc3 req-113fb88b-7280-4a9a-aae1-2b15c7cb099e None None] Starting request: 10.222.0.10 "PUT /placement/allocations/321280ae-166c-4fbc-bbf1-7f4edcce49c3" {{(pid=94906) __call__ /opt/stack/placement/placement/requestlog.py:55}}
Aug 11 13:08:28.163254 n-d-804230-1 devstack@placement-api.service[94906]: DEBUG placement.handlers.allocation [req-177e7634-934b-4782-b681-00aced9cbcc3 req-113fb88b-7280-4a9a-aae1-2b15c7cb099e service placement] Successfully wrote allocations [, , ] {{(pid=94906) _create_allocations /opt/stack/placement/placement/handlers/allocation.py:435}}
Aug 11 13:08:28.164391 n-d-804230-1 devstack@placement-api.service[94906]: INFO placement.requestlog [req-177e7634-934b-4782-b681-00aced9cbcc3 req-113fb88b-7280-4a9a-aae1-2b15c7cb099e service placement] 10.222.0.10 "PUT /placement/allocations/321280ae-166c-4fbc-bbf1-7f4edcce49c3" status: 204 len: 0 microversion: 1.28
Aug 11 13:08:28.166002 n-d-804230-1 devstack@placement-api.service[94906]: [pid: 94906|app: 0|req: 201/407] 10.222.0.10 () {64 vars in 1431 bytes} [Wed Aug 11 13:08:28 2021] PUT /placement/allocations/321280ae-166c-4fbc-bbf1-7f4edcce49c3 => generated 0 bytes in 69 msecs (HTTP/1.1 204) 5 headers in 199 bytes (2 switches on core 0)
Aug 11 13:08:30.465356 n-d-804230-1 devstack@placement-api.service[94905]: DEBUG placement.requestlog [req-59f6f9cb-4303-4a04-86dd-341fee317421 req-c6da9cea-5740-4872-9721-2b2073af5825 None None] Starting request: 10.222.0.38 "GET /placement/resource_providers/9bf482a5-0d34-4b55-96d5-2260912f1855/allocations" {{(pid=94905) __call__ /opt/stack/placement/placement/requestlog.py:55}}
Aug 11 13:08:30.521546 n-d-804230-1 devstack@placement-api.service[94905]: INFO placement.requestlog [req-59f6f9cb-4303-4a04-86dd-341fee317421 req-c6da9cea-5740-4872-9721-2b2073af5825 service placement] 10.222.0.38 "GET /placement/resource_providers/9bf482a5-0d34-4b55-96d5-2260912f1855/allocations" status: 200 len: 1135 microversion: 1.0
Aug 11 13:08:30.523968 n-d-804230-1 devstack@placement-api.service[94905]: [pid: 94905|app: 0|req: 207/408] 10.222.0.38 () {58 vars in 1391 bytes} [Wed Aug 11 13:08:30 2021] GET /placement/resource_providers/9bf482a5-0d34-4b55-96d5-2260912f1855/allocations => generated 1135 bytes in 59 msecs (HTTP/1.1 200) 6 headers in 225 bytes (1 switches on core 0)
Aug 11 13:08:31.673211 n-d-804230-1 devstack@placement-api.service[94906]: DEBUG placement.requestlog [req-15ce0497-1caa-4946-a303-4cbcfc51ac4f req-a4779ab3-2da1-4098-b15e-bd586b118dff None None] Starting request: 10.222.0.38 "GET /placement/allocations/dc8cdd8d-7281-41fa-aec3-5719d1b7a142" {{(pid=94906) __call__ /opt/stack/placement/placement/requestlog.py:55}}
Aug 11 13:08:31.693204 n-d-804230-1 devstack@placement-api.service[94906]: INFO placement.requestlog [req-15ce0497-1caa-4946-a303-4cbcfc51ac4f req-a4779ab3-2da1-4098-b15e-bd586b118dff service placement] 10.222.0.38 "GET /placement/allocations/dc8cdd8d-7281-41fa-aec3-5719d1b7a142" status: 200 len: 259 microversion: 1.28
Aug 11 13:08:31.694020 n-d-804230-1 devstack@placement-api.service[94906]: [pid: 94906|app: 0|req: 202/409] 10.222.0.38 () {60 vars in 1378 bytes} [Wed Aug 11 13:08:31 2021] GET /placement/allocations/dc8cdd8d-7281-41fa-aec3-5719d1b7a142 => generated 259 bytes in 21 msecs (HTTP/1.1 200) 8 headers in 296 bytes (1 switches on core 0)
Aug 11 13:08:31.715583 n-d-804230-1 devstack@placement-api.service[94905]: DEBUG placement.requestlog [req-15ce0497-1caa-4946-a303-4cbcfc51ac4f req-44cfad4e-a668-4356-a672-3d33a52eefe2 None None] Starting request: 10.222.0.38 "PUT /placement/allocations/dc8cdd8d-7281-41fa-aec3-5719d1b7a142" {{(pid=94905) __call__ /opt/stack/placement/placement/requestlog.py:55}}
Aug 11 13:08:31.797791 n-d-804230-1 devstack@placement-api.service[94905]: DEBUG placement.handlers.allocation [req-15ce0497-1caa-4946-a303-4cbcfc51ac4f req-44cfad4e-a668-4356-a672-3d33a52eefe2 service placement] Successfully wrote allocations [, , ] {{(pid=94905) _create_allocations /opt/stack/placement/placement/handlers/allocation.py:435}}
Aug 11 13:08:31.798316 n-d-804230-1 devstack@placement-api.service[94905]: INFO placement.requestlog [req-15ce0497-1caa-4946-a303-4cbcfc51ac4f req-44cfad4e-a668-4356-a672-3d33a52eefe2 service placement] 10.222.0.38 "PUT /placement/allocations/dc8cdd8d-7281-41fa-aec3-5719d1b7a142" status: 204 len: 0 microversion: 1.28
Aug 11 13:08:31.798949 n-d-804230-1 devstack@placement-api.service[94905]: [pid: 94905|app: 0|req: 208/410] 10.222.0.38 () {64 vars in 1431 bytes} [Wed Aug 11 13:08:31 2021] PUT /placement/allocations/dc8cdd8d-7281-41fa-aec3-5719d1b7a142 => generated 0 bytes in 84 msecs (HTTP/1.1 204) 5 headers in 199 bytes (1 switches on core 0)
Aug 11 13:08:33.287047 n-d-804230-1 devstack@placement-api.service[94906]: DEBUG placement.requestlog [req-cb440f45-7db0-4fd0-8f03-908a0d27dfc6 req-149a38c7-611b-418f-95ef-6b87dd00b39f None None] Starting request: 10.222.0.10 "GET /placement/allocations/c916e7e0-a583-4f66-87fd-64af1079c7ab" {{(pid=94906) __call__ /opt/stack/placement/placement/requestlog.py:55}}
Aug 11 13:08:33.330711 n-d-804230-1 devstack@placement-api.service[94906]: INFO placement.requestlog [req-cb440f45-7db0-4fd0-8f03-908a0d27dfc6 req-149a38c7-611b-418f-95ef-6b87dd00b39f service placement] 10.222.0.10 "GET /placement/allocations/c916e7e0-a583-4f66-87fd-64af1079c7ab" status: 200 len: 259 microversion: 1.28
Aug 11 13:08:33.336358 n-d-804230-1 devstack@placement-api.service[94906]: [pid: 94906|app: 0|req: 203/411] 10.222.0.10 () {60 vars in 1378 bytes} [Wed Aug 11 13:08:33 2021] GET /placement/allocations/c916e7e0-a583-4f66-87fd-64af1079c7ab => generated 259 bytes in 49 msecs (HTTP/1.1 200) 8 headers in 296 bytes (1 switches on core 0)
Aug 11 13:08:33.349871 n-d-804230-1 devstack@placement-api.service[94905]: DEBUG placement.requestlog [req-cb440f45-7db0-4fd0-8f03-908a0d27dfc6 req-7a4c3125-f52d-46e7-b45c-0b58181759a2 None None] Starting request: 10.222.0.10 "PUT /placement/allocations/c916e7e0-a583-4f66-87fd-64af1079c7ab" {{(pid=94905) __call__ /opt/stack/placement/placement/requestlog.py:55}}
Aug 11 13:08:33.474452 n-d-804230-1 devstack@placement-api.service[94905]: DEBUG placement.handlers.allocation [req-cb440f45-7db0-4fd0-8f03-908a0d27dfc6 req-7a4c3125-f52d-46e7-b45c-0b58181759a2 service placement] Successfully wrote allocations [, , ] {{(pid=94905) _create_allocations /opt/stack/placement/placement/handlers/allocation.py:435}}
Aug 11 13:08:33.474960 n-d-804230-1 devstack@placement-api.service[94905]: INFO placement.requestlog [req-cb440f45-7db0-4fd0-8f03-908a0d27dfc6 req-7a4c3125-f52d-46e7-b45c-0b58181759a2 service placement] 10.222.0.10 "PUT /placement/allocations/c916e7e0-a583-4f66-87fd-64af1079c7ab" status: 204 len: 0 microversion: 1.28
Aug 11 13:08:33.475601 n-d-804230-1 devstack@placement-api.service[94905]: [pid: 94905|app: 0|req: 209/412] 10.222.0.10 () {64 vars in 1431 bytes} [Wed Aug 11 13:08:33 2021] PUT /placement/allocations/c916e7e0-a583-4f66-87fd-64af1079c7ab => generated 0 bytes in 126 msecs (HTTP/1.1 204) 5 headers in 199 bytes (1 switches on core 0)
Aug 11 13:08:33.774422 n-d-804230-1 devstack@placement-api.service[94906]: DEBUG placement.requestlog [req-25f5acba-1fff-4b4d-a41f-6e86bbd2b3b4 req-775f8b85-db3a-4073-bdf5-8be0d473596f None None] Starting request: 10.222.0.10 "GET /placement/allocations/4d3ba18a-6b45-4461-9d60-c3e0751fac28" {{(pid=94906) __call__ /opt/stack/placement/placement/requestlog.py:55}}
Aug 11 13:08:33.802333 n-d-804230-1 devstack@placement-api.service[94906]: INFO placement.requestlog [req-25f5acba-1fff-4b4d-a41f-6e86bbd2b3b4 req-775f8b85-db3a-4073-bdf5-8be0d473596f service placement] 10.222.0.10 "GET /placement/allocations/4d3ba18a-6b45-4461-9d60-c3e0751fac28" status: 200 len: 259 microversion: 1.28
Aug 11 13:08:33.804488 n-d-804230-1 devstack@placement-api.service[94906]: [pid: 94906|app: 0|req: 204/413] 10.222.0.10 () {60 vars in 1378 bytes} [Wed Aug 11 13:08:33 2021] GET /placement/allocations/4d3ba18a-6b45-4461-9d60-c3e0751fac28 => generated 259 bytes in 30 msecs (HTTP/1.1 200) 8 headers in 296 bytes (1 switches on core 0)
Aug 11 13:08:33.822133 n-d-804230-1 devstack@placement-api.service[94905]: DEBUG placement.requestlog [req-25f5acba-1fff-4b4d-a41f-6e86bbd2b3b4 req-6f6e85ee-19a8-4677-beeb-4cd8c5397bba None None] Starting request: 10.222.0.10 "PUT /placement/allocations/4d3ba18a-6b45-4461-9d60-c3e0751fac28" {{(pid=94905) __call__ /opt/stack/placement/placement/requestlog.py:55}}
Aug 11 13:08:33.896211 n-d-804230-1 devstack@placement-api.service[94905]: DEBUG placement.handlers.allocation [req-25f5acba-1fff-4b4d-a41f-6e86bbd2b3b4 req-6f6e85ee-19a8-4677-beeb-4cd8c5397bba service placement] Successfully wrote allocations [, , ] {{(pid=94905) _create_allocations /opt/stack/placement/placement/handlers/allocation.py:435}}
Aug 11 13:08:33.896986 n-d-804230-1 devstack@placement-api.service[94905]: INFO placement.requestlog [req-25f5acba-1fff-4b4d-a41f-6e86bbd2b3b4 req-6f6e85ee-19a8-4677-beeb-4cd8c5397bba service placement] 10.222.0.10 "PUT /placement/allocations/4d3ba18a-6b45-4461-9d60-c3e0751fac28" status: 204 len: 0 microversion: 1.28
Aug 11 13:08:33.897759 n-d-804230-1 devstack@placement-api.service[94905]: [pid: 94905|app: 0|req: 210/414] 10.222.0.10 () {64 vars in 1431 bytes} [Wed Aug 11 13:08:33 2021] PUT /placement/allocations/4d3ba18a-6b45-4461-9d60-c3e0751fac28 => generated 0 bytes in 76 msecs (HTTP/1.1 204) 5 headers in 199 bytes (1 switches on core 0)
Aug 11 13:08:34.716562 n-d-804230-1 devstack@placement-api.service[94906]: DEBUG placement.requestlog [req-f9f80bba-bba6-48e2-95be-011a947d651e req-f356a029-0c79-4873-b45d-a4350f5a5d5f None None] Starting request: 10.222.0.20 "GET /placement/allocation_candidates?limit=1000&resources=DISK_GB%3A1%2CMEMORY_MB%3A1024%2CVCPU%3A1&root_required=%21COMPUTE_STATUS_DISABLED" {{(pid=94906) __call__ /opt/stack/placement/placement/requestlog.py:55}}
Aug 11 13:08:34.771600 n-d-804230-1 devstack@placement-api.service[94906]: DEBUG placement.objects.research_context [req-f9f80bba-bba6-48e2-95be-011a947d651e req-f356a029-0c79-4873-b45d-a4350f5a5d5f service placement] getting providers with 1 DISK_GB {{(pid=94906) __init__ /opt/stack/placement/placement/objects/research_context.py:126}}
Aug 11 13:08:34.782972 n-d-804230-1 devstack@placement-api.service[94906]: DEBUG placement.objects.research_context [req-f9f80bba-bba6-48e2-95be-011a947d651e req-f356a029-0c79-4873-b45d-a4350f5a5d5f service placement] getting providers with 1024 MEMORY_MB {{(pid=94906) __init__ /opt/stack/placement/placement/objects/research_context.py:126}}
Aug 11 13:08:34.798651 n-d-804230-1 devstack@placement-api.service[94906]: DEBUG placement.objects.research_context [req-f9f80bba-bba6-48e2-95be-011a947d651e req-f356a029-0c79-4873-b45d-a4350f5a5d5f service placement] getting providers with 1 VCPU {{(pid=94906) __init__ /opt/stack/placement/placement/objects/research_context.py:126}}
Aug 11 13:08:34.808743 n-d-804230-1 devstack@placement-api.service[94906]: DEBUG placement.objects.research_context [req-f9f80bba-bba6-48e2-95be-011a947d651e req-f356a029-0c79-4873-b45d-a4350f5a5d5f service placement] found 2 providers with available 1 DISK_GB {{(pid=94906) get_provider_ids_matching /opt/stack/placement/placement/objects/research_context.py:549}}
Aug 11 13:08:34.809350 n-d-804230-1 devstack@placement-api.service[94906]: DEBUG placement.objects.research_context [req-f9f80bba-bba6-48e2-95be-011a947d651e req-f356a029-0c79-4873-b45d-a4350f5a5d5f service placement] found 2 providers with available 1024 MEMORY_MB {{(pid=94906) get_provider_ids_matching /opt/stack/placement/placement/objects/research_context.py:549}}
Aug 11 13:08:34.809775 n-d-804230-1 devstack@placement-api.service[94906]: DEBUG placement.objects.research_context [req-f9f80bba-bba6-48e2-95be-011a947d651e req-f356a029-0c79-4873-b45d-a4350f5a5d5f service placement] found 2 providers after filtering by previous result {{(pid=94906) get_provider_ids_matching /opt/stack/placement/placement/objects/research_context.py:580}}
Aug 11 13:08:34.810363 n-d-804230-1 devstack@placement-api.service[94906]: DEBUG placement.objects.research_context [req-f9f80bba-bba6-48e2-95be-011a947d651e req-f356a029-0c79-4873-b45d-a4350f5a5d5f service placement] found 2 providers with available 1 VCPU {{(pid=94906) get_provider_ids_matching /opt/stack/placement/placement/objects/research_context.py:549}}
Aug 11 13:08:34.810965 n-d-804230-1 devstack@placement-api.service[94906]: DEBUG placement.objects.research_context [req-f9f80bba-bba6-48e2-95be-011a947d651e req-f356a029-0c79-4873-b45d-a4350f5a5d5f service placement] found 2 providers after filtering by previous result {{(pid=94906) get_provider_ids_matching /opt/stack/placement/placement/objects/research_context.py:580}}
Aug 11 13:08:34.846181 n-d-804230-1 devstack@placement-api.service[94906]: DEBUG placement.objects.allocation_candidate [req-f9f80bba-bba6-48e2-95be-011a947d651e req-f356a029-0c79-4873-b45d-a4350f5a5d5f service placement] RequestGroup(use_same_provider=False, resources={DISK_GB:1, MEMORY_MB:1024, VCPU:1}, traits=[], aggregates=[]) (suffix '') returned 2 matches {{(pid=94906) _get_by_requests /opt/stack/placement/placement/objects/allocation_candidate.py:145}}
Aug 11 13:08:34.847672 n-d-804230-1 devstack@placement-api.service[94906]: DEBUG placement.objects.allocation_candidate [req-f9f80bba-bba6-48e2-95be-011a947d651e req-f356a029-0c79-4873-b45d-a4350f5a5d5f service placement] Merging candidates yields 2 allocation requests and 2 provider summaries {{(pid=94906) _merge_candidates /opt/stack/placement/placement/objects/allocation_candidate.py:783}}
Aug 11 13:08:34.849973 n-d-804230-1 devstack@placement-api.service[94906]: INFO placement.requestlog [req-f9f80bba-bba6-48e2-95be-011a947d651e req-f356a029-0c79-4873-b45d-a4350f5a5d5f service placement] 10.222.0.20 "GET /placement/allocation_candidates?limit=1000&resources=DISK_GB%3A1%2CMEMORY_MB%3A1024%2CVCPU%3A1&root_required=%21COMPUTE_STATUS_DISABLED" status: 200 len: 1310 microversion: 1.35
Aug 11 13:08:34.855589 n-d-804230-1 devstack@placement-api.service[94906]: [pid: 94906|app: 0|req: 205/415] 10.222.0.20 () {60 vars in 1507 bytes} [Wed Aug 11 13:08:34 2021] GET /placement/allocation_candidates?limit=1000&resources=DISK_GB%3A1%2CMEMORY_MB%3A1024%2CVCPU%3A1&root_required=%21COMPUTE_STATUS_DISABLED => generated 1310 bytes in 139 msecs (HTTP/1.1 200) 8 headers in 297 bytes (1 switches on core 0)
Aug 11 13:08:34.930710 n-d-804230-1 devstack@placement-api.service[94905]: DEBUG placement.requestlog [req-f9f80bba-bba6-48e2-95be-011a947d651e req-60251d89-bf36-4225-bb67-b6042be4ce66 None None] Starting request: 10.222.0.20 "GET /placement/allocations/1ccb9ba8-5e81-4c76-ac6a-16342a83be5b" {{(pid=94905) __call__ /opt/stack/placement/placement/requestlog.py:55}}
Aug 11 13:08:34.953796 n-d-804230-1 devstack@placement-api.service[94905]: INFO placement.requestlog [req-f9f80bba-bba6-48e2-95be-011a947d651e req-60251d89-bf36-4225-bb67-b6042be4ce66 service placement] 10.222.0.20 "GET /placement/allocations/1ccb9ba8-5e81-4c76-ac6a-16342a83be5b" status: 200 len: 19 microversion: 1.28
Aug 11 13:08:34.954462 n-d-804230-1 devstack@placement-api.service[94905]: [pid: 94905|app: 0|req: 211/416] 10.222.0.20 () {60 vars in 1381 bytes} [Wed Aug 11 13:08:34 2021] GET /placement/allocations/1ccb9ba8-5e81-4c76-ac6a-16342a83be5b => generated 19 bytes in 24 msecs (HTTP/1.1 200) 8 headers in 295 bytes (1 switches on core 0)
Aug 11 13:08:34.965256 n-d-804230-1 devstack@placement-api.service[94906]: DEBUG placement.requestlog [req-f9f80bba-bba6-48e2-95be-011a947d651e req-8e7b815a-d9d7-44a2-8a29-1c7f4f5b8452 None None] Starting request: 10.222.0.20 "PUT /placement/allocations/1ccb9ba8-5e81-4c76-ac6a-16342a83be5b" {{(pid=94906) __call__ /opt/stack/placement/placement/requestlog.py:55}}
Aug 11 13:08:35.079046 n-d-804230-1 devstack@placement-api.service[94906]: DEBUG placement.handlers.allocation [req-f9f80bba-bba6-48e2-95be-011a947d651e req-8e7b815a-d9d7-44a2-8a29-1c7f4f5b8452 service placement] Successfully wrote allocations [, , ] {{(pid=94906) _create_allocations /opt/stack/placement/placement/handlers/allocation.py:435}}
Aug 11 13:08:35.079546 n-d-804230-1 devstack@placement-api.service[94906]: INFO placement.requestlog [req-f9f80bba-bba6-48e2-95be-011a947d651e req-8e7b815a-d9d7-44a2-8a29-1c7f4f5b8452 service placement] 10.222.0.20 "PUT /placement/allocations/1ccb9ba8-5e81-4c76-ac6a-16342a83be5b" status: 204 len: 0 microversion: 1.35
Aug 11 13:08:35.079962 n-d-804230-1 devstack@placement-api.service[94906]: [pid: 94906|app: 0|req: 206/417] 10.222.0.20 () {64 vars in 1434 bytes} [Wed Aug 11 13:08:34 2021] PUT /placement/allocations/1ccb9ba8-5e81-4c76-ac6a-16342a83be5b => generated 0 bytes in 115 msecs (HTTP/1.1 204) 5 headers in 199 bytes (1 switches on core 0)
Aug 11 13:08:35.610818 n-d-804230-1 devstack@placement-api.service[94905]: DEBUG placement.requestlog [req-f9f80bba-bba6-48e2-95be-011a947d651e req-55916996-dc30-4c80-be65-b594ed12f900 None None] Starting request: 10.222.0.38 "GET /placement/allocations/1ccb9ba8-5e81-4c76-ac6a-16342a83be5b" {{(pid=94905) __call__ /opt/stack/placement/placement/requestlog.py:55}}
Aug 11 13:08:35.641674 n-d-804230-1 devstack@placement-api.service[94905]: INFO placement.requestlog [req-f9f80bba-bba6-48e2-95be-011a947d651e req-55916996-dc30-4c80-be65-b594ed12f900 service placement] 10.222.0.38 "GET /placement/allocations/1ccb9ba8-5e81-4c76-ac6a-16342a83be5b" status: 200 len: 259 microversion: 1.28
Aug 11 13:08:35.645436 n-d-804230-1 devstack@placement-api.service[94905]: [pid: 94905|app: 0|req: 212/418] 10.222.0.38 () {60 vars in 1378 bytes} [Wed Aug 11 13:08:35 2021] GET /placement/allocations/1ccb9ba8-5e81-4c76-ac6a-16342a83be5b => generated 259 bytes in 34 msecs (HTTP/1.1 200) 8 headers in 296 bytes (1 switches on core 0)
Aug 11 13:08:35.807808 n-d-804230-1 devstack@placement-api.service[94906]: DEBUG placement.requestlog [req-a9538d86-e986-436a-85fc-30e9f144384b req-c7a52888-96b7-408f-b6c4-a9b84833eb93 None None] Starting request: 10.222.0.10 "GET /placement/resource_providers/ef34578a-62b7-4a41-8ed1-64c3520b73dd/allocations" {{(pid=94906) __call__ /opt/stack/placement/placement/requestlog.py:55}}
Aug 11 13:08:35.840498 n-d-804230-1 devstack@placement-api.service[94905]: DEBUG placement.requestlog [req-9f72f44d-2532-4b69-b4f1-190254f356e3 req-d962d5c1-66f3-4875-bfdd-735fe284a3e1 None None] Starting request: 10.222.0.38 "GET /placement/resource_providers/9bf482a5-0d34-4b55-96d5-2260912f1855/allocations" {{(pid=94905) __call__ /opt/stack/placement/placement/requestlog.py:55}}
Aug 11 13:08:35.851607 n-d-804230-1 devstack@placement-api.service[94906]: INFO placement.requestlog [req-a9538d86-e986-436a-85fc-30e9f144384b req-c7a52888-96b7-408f-b6c4-a9b84833eb93 service placement] 10.222.0.10 "GET /placement/resource_providers/ef34578a-62b7-4a41-8ed1-64c3520b73dd/allocations" status: 200 len: 833 microversion: 1.0
Aug 11 13:08:35.855773 n-d-804230-1 devstack@placement-api.service[94906]: [pid: 94906|app: 0|req: 207/419] 10.222.0.10 () {58 vars in 1391 bytes} [Wed Aug 11 13:08:35 2021] GET /placement/resource_providers/ef34578a-62b7-4a41-8ed1-64c3520b73dd/allocations => generated 833 bytes in 48 msecs (HTTP/1.1 200) 6 headers in 224 bytes (1 switches on core 0)
Aug 11 13:08:35.867942 n-d-804230-1 devstack@placement-api.service[94905]: INFO placement.requestlog [req-9f72f44d-2532-4b69-b4f1-190254f356e3 req-d962d5c1-66f3-4875-bfdd-735fe284a3e1 service placement] 10.222.0.38 "GET /placement/resource_providers/9bf482a5-0d34-4b55-96d5-2260912f1855/allocations" status: 200 len: 1135 microversion: 1.0
Aug 11 13:08:35.868681 n-d-804230-1 devstack@placement-api.service[94905]: [pid: 94905|app: 0|req: 213/420] 10.222.0.38 () {58 vars in 1391 bytes} [Wed Aug 11 13:08:35 2021] GET /placement/resource_providers/9bf482a5-0d34-4b55-96d5-2260912f1855/allocations => generated 1135 bytes in 29 msecs (HTTP/1.1 200) 6 headers in 225 bytes (1 switches on core 0)
Aug 11 13:08:36.408242 n-d-804230-1 devstack@placement-api.service[94906]: DEBUG placement.requestlog [req-9f72f44d-2532-4b69-b4f1-190254f356e3 req-0903ab4e-bd8d-41d5-a9ab-08b0c2bc64e6 None None] Starting request: 10.222.0.38 "GET /placement/allocations/133bd38b-57e0-4b1d-8354-f9f64bd3624d" {{(pid=94906) __call__ /opt/stack/placement/placement/requestlog.py:55}}
Aug 11 13:08:36.431416 n-d-804230-1 devstack@placement-api.service[94906]: INFO placement.requestlog [req-9f72f44d-2532-4b69-b4f1-190254f356e3 req-0903ab4e-bd8d-41d5-a9ab-08b0c2bc64e6 service placement] 10.222.0.38 "GET /placement/allocations/133bd38b-57e0-4b1d-8354-f9f64bd3624d" status: 200 len: 245 microversion: 1.28
Aug 11 13:08:36.432679 n-d-804230-1 devstack@placement-api.service[94906]: [pid: 94906|app: 0|req: 208/421] 10.222.0.38 () {60 vars in 1378 bytes} [Wed Aug 11 13:08:36 2021] GET /placement/allocations/133bd38b-57e0-4b1d-8354-f9f64bd3624d => generated 245 bytes in 25 msecs (HTTP/1.1 200) 8 headers in 296 bytes (1 switches on core 0)
Aug 11 13:08:36.457689 n-d-804230-1 devstack@placement-api.service[94905]: DEBUG placement.requestlog [req-9f72f44d-2532-4b69-b4f1-190254f356e3 req-265e93d9-cde8-4347-993e-7186076f4cb9 None None] Starting request: 10.222.0.38 "PUT /placement/allocations/133bd38b-57e0-4b1d-8354-f9f64bd3624d" {{(pid=94905) __call__ /opt/stack/placement/placement/requestlog.py:55}}
