Aug 11 13:03:42.002368 n-d-804230-1 devstack@n-api.service[109670]: DEBUG nova.policy [None req-e724fe89-e44a-48e9-b399-c9b6da74ffdd tempest-AggregatesAdminNegativeTestJSON-1491301056 tempest-AggregatesAdminNegativeTestJSON-1491301056-project] Policy check for os_compute_api:os-aggregates:add_host failed with credentials {'is_admin': False, 'user_id': '3b68326bd4dc4c2dbfd3d14b214e08ea', 'user_domain_id': 'default', 'system_scope': None, 'domain_id': None, 'project_id': 'b9f303d81da3410e9e260403665b436c', 'project_domain_id': 'default', 'roles': ['reader', 'member'], 'is_admin_project': True, 'service_user_id': None, 'service_user_domain_id': None, 'service_project_id': None, 'service_project_domain_id': None, 'service_roles': []} {{(pid=109670) authorize /opt/stack/nova/nova/policy.py:199}}
Aug 11 13:03:42.003126 n-d-804230-1 devstack@n-api.service[109670]: DEBUG nova.api.openstack.wsgi [None req-e724fe89-e44a-48e9-b399-c9b6da74ffdd tempest-AggregatesAdminNegativeTestJSON-1491301056 tempest-AggregatesAdminNegativeTestJSON-1491301056-project] Returning 403 to user: Policy doesn't allow os_compute_api:os-aggregates:add_host to be performed. {{(pid=109670) __call__ /opt/stack/nova/nova/api/openstack/wsgi.py:927}}
Aug 11 13:03:42.006037 n-d-804230-1 devstack@n-api.service[109670]: INFO nova.api.openstack.requestlog [None req-e724fe89-e44a-48e9-b399-c9b6da74ffdd tempest-AggregatesAdminNegativeTestJSON-1491301056 tempest-AggregatesAdminNegativeTestJSON-1491301056-project] 10.222.0.20 "POST /compute/v2.1/os-aggregates/2/action" status: 403 len: 118 microversion: 2.1 time: 0.270545
Aug 11 13:03:42.006796 n-d-804230-1 devstack@n-api.service[109671]: INFO nova.api.openstack.requestlog [None req-f5c34348-7794-42da-a074-059504747490 tempest-FlavorsAdminTestJSON-715471735 tempest-FlavorsAdminTestJSON-715471735-project-admin] 10.222.0.20 "DELETE /compute/v2.1/flavors/301673069" status: 202 len: 0 microversion: 2.1 time: 0.065668
Aug 11 13:03:42.007629 n-d-804230-1 devstack@n-api.service[109671]: [pid: 109671|app: 0|req: 18/30] 10.222.0.20 () {58 vars in 1158 bytes} [Wed Aug 11 13:03:41 2021] DELETE /compute/v2.1/flavors/301673069 => generated 0 bytes in 67 msecs (HTTP/1.1 202) 9 headers in 361 bytes (1 switches on core 0)
Aug 11 13:03:42.011508 n-d-804230-1 devstack@n-api.service[109670]: [pid: 109670|app: 0|req: 12/30] 10.222.0.20 () {60 vars in 1191 bytes} [Wed Aug 11 13:03:41 2021] POST /compute/v2.1/os-aggregates/2/action => generated 118 bytes in 273 msecs (HTTP/1.1 403) 9 headers in 379 bytes (1 switches on core 0)
Aug 11 13:03:42.021867 n-d-804230-1 devstack@n-api.service[109670]: DEBUG nova.api.openstack.wsgi [None req-3fb87f2f-dcc0-4674-9579-ae73fc13e239 tempest-FlavorsAccessNegativeTestJSON-2089295443 tempest-FlavorsAccessNegativeTestJSON-2089295443-project-admin] Action: 'create', calling method: >, body: {"flavor": {"ram": 512, "vcpus": 1, "disk": 10, "name": "tempest-FlavorsAccessNegativeTestJSON-flavor-1775902226", "id": 305052935, "os-flavor-access:is_public": "True"}} {{(pid=109670) _process_stack /opt/stack/nova/nova/api/openstack/wsgi.py:511}}
Aug 11 13:03:42.022554 n-d-804230-1 devstack@n-api.service[109671]: DEBUG nova.api.openstack.wsgi [None req-928a8024-0863-400f-92d6-2db61d761c90 tempest-AggregatesAdminTestJSON-1981173803 tempest-AggregatesAdminTestJSON-1981173803-project-admin] Action: 'action', calling method: >, body: {"add_host": {"host": "n-h1-804230-1"}} {{(pid=109671) _process_stack /opt/stack/nova/nova/api/openstack/wsgi.py:511}}
Aug 11 13:03:42.025528 n-d-804230-1 devstack@n-api.service[109671]: /usr/local/lib/python3.8/dist-packages/oslo_policy/policy.py:1064: UserWarning: Policy os_compute_api:os-aggregates:add_host failed scope check. The token used to make the request was project scoped but the policy requires ['system'] scope. This behavior may change in the future where using the intended scope is required
Aug 11 13:03:42.025528 n-d-804230-1 devstack@n-api.service[109671]: warnings.warn(msg)
Aug 11 13:03:42.031224 n-d-804230-1 devstack@n-api.service[109670]: /usr/local/lib/python3.8/dist-packages/oslo_policy/policy.py:1064: UserWarning: Policy os_compute_api:os-flavor-manage:create failed scope check. The token used to make the request was project scoped but the policy requires ['system'] scope. This behavior may change in the future where using the intended scope is required
Aug 11 13:03:42.031224 n-d-804230-1 devstack@n-api.service[109670]: warnings.warn(msg)
Aug 11 13:03:42.036598 n-d-804230-1 devstack@n-api.service[109671]: DEBUG oslo_concurrency.lockutils [None req-928a8024-0863-400f-92d6-2db61d761c90 tempest-AggregatesAdminTestJSON-1981173803 tempest-AggregatesAdminTestJSON-1981173803-project-admin] Lock "d7f992f3-9ccc-495b-bfc5-a44de761eb64" acquired by "nova.context.set_target_cell..get_or_set_cached_cell_and_set_connections" :: waited 0.000s {{(pid=109671) inner /usr/local/lib/python3.8/dist-packages/oslo_concurrency/lockutils.py:355}}
Aug 11 13:03:42.037385 n-d-804230-1 devstack@n-api.service[109671]: DEBUG oslo_concurrency.lockutils [None req-928a8024-0863-400f-92d6-2db61d761c90 tempest-AggregatesAdminTestJSON-1981173803 tempest-AggregatesAdminTestJSON-1981173803-project-admin] Lock "d7f992f3-9ccc-495b-bfc5-a44de761eb64" released by "nova.context.set_target_cell..get_or_set_cached_cell_and_set_connections" :: held 0.001s {{(pid=109671) inner /usr/local/lib/python3.8/dist-packages/oslo_concurrency/lockutils.py:367}}
Aug 11 13:03:42.078810 n-d-804230-1 devstack@n-api.service[109670]: INFO nova.api.openstack.requestlog [None req-3fb87f2f-dcc0-4674-9579-ae73fc13e239 tempest-FlavorsAccessNegativeTestJSON-2089295443 tempest-FlavorsAccessNegativeTestJSON-2089295443-project-admin] 10.222.0.20 "POST /compute/v2.1/flavors" status: 200 len: 435 microversion: 2.1 time: 0.069418
Aug 11 13:03:42.082445 n-d-804230-1 devstack@n-api.service[109670]: [pid: 109670|app: 0|req: 13/31] 10.222.0.20 () {60 vars in 1147 bytes} [Wed Aug 11 13:03:42 2021] POST /compute/v2.1/flavors => generated 435 bytes in 74 msecs (HTTP/1.1 200) 9 headers in 357 bytes (1 switches on core 0)
Aug 11 13:03:42.091007 n-d-804230-1 devstack@n-api.service[109670]: DEBUG nova.api.openstack.wsgi [None req-6ce43b08-6114-463d-923f-8eafebf36e79 tempest-AggregatesAdminNegativeTestJSON-829685469 tempest-AggregatesAdminNegativeTestJSON-829685469-project-admin] Calling method '>' {{(pid=109670) _process_stack /opt/stack/nova/nova/api/openstack/wsgi.py:513}}
Aug 11 13:03:42.093540 n-d-804230-1 devstack@n-api.service[109670]: /usr/local/lib/python3.8/dist-packages/oslo_policy/policy.py:1064: UserWarning: Policy os_compute_api:os-aggregates:delete failed scope check. The token used to make the request was project scoped but the policy requires ['system'] scope. This behavior may change in the future where using the intended scope is required
Aug 11 13:03:42.093540 n-d-804230-1 devstack@n-api.service[109670]: warnings.warn(msg)
Aug 11 13:03:42.150663 n-d-804230-1 devstack@n-api.service[109670]: INFO nova.api.openstack.requestlog [None req-6ce43b08-6114-463d-923f-8eafebf36e79 tempest-AggregatesAdminNegativeTestJSON-829685469 tempest-AggregatesAdminNegativeTestJSON-829685469-project-admin] 10.222.0.20 "DELETE /compute/v2.1/os-aggregates/2" status: 200 len: 0 microversion: 2.1 time: 0.063723
Aug 11 13:03:42.151697 n-d-804230-1 devstack@n-api.service[109670]: [pid: 109670|app: 0|req: 14/32] 10.222.0.20 () {58 vars in 1152 bytes} [Wed Aug 11 13:03:42 2021] DELETE /compute/v2.1/os-aggregates/2 => generated 0 bytes in 69 msecs (HTTP/1.1 200) 9 headers in 355 bytes (1 switches on core 0)
Aug 11 13:03:42.160488 n-d-804230-1 devstack@n-api.service[109670]: DEBUG nova.api.openstack.wsgi [None req-e619bd8f-678f-49b1-9cde-62f259ffc2aa tempest-FlavorsAdminTestJSON-715471735 tempest-FlavorsAdminTestJSON-715471735-project-admin] Calling method '>' {{(pid=109670) _process_stack /opt/stack/nova/nova/api/openstack/wsgi.py:513}}
Aug 11 13:03:42.185749 n-d-804230-1 devstack@n-api.service[109670]: INFO nova.api.openstack.requestlog [None req-e619bd8f-678f-49b1-9cde-62f259ffc2aa tempest-FlavorsAdminTestJSON-715471735 tempest-FlavorsAdminTestJSON-715471735-project-admin] 10.222.0.20 "GET /compute/v2.1/flavors/detail" status: 200 len: 5416 microversion: 2.1 time: 0.031638
Aug 11 13:03:42.186909 n-d-804230-1 devstack@n-api.service[109670]: [pid: 109670|app: 0|req: 15/33] 10.222.0.20 () {58 vars in 1146 bytes} [Wed Aug 11 13:03:42 2021] GET /compute/v2.1/flavors/detail => generated 5416 bytes in 35 msecs (HTTP/1.1 200) 9 headers in 358 bytes (1 switches on core 0)
Aug 11 13:03:42.193140 n-d-804230-1 devstack@n-api.service[109670]: DEBUG nova.api.openstack.wsgi [None req-ec1409f7-c055-4022-a4f0-844bfd81e8cc tempest-FlavorsAccessNegativeTestJSON-2089295443 tempest-FlavorsAccessNegativeTestJSON-2089295443-project-admin] Calling method '>' {{(pid=109670) _process_stack /opt/stack/nova/nova/api/openstack/wsgi.py:513}}
Aug 11 13:03:42.194249 n-d-804230-1 devstack@n-api.service[109670]: /usr/local/lib/python3.8/dist-packages/oslo_policy/policy.py:1064: UserWarning: Policy os_compute_api:os-flavor-access failed scope check. The token used to make the request was project scoped but the policy requires ['system'] scope. This behavior may change in the future where using the intended scope is required
Aug 11 13:03:42.194249 n-d-804230-1 devstack@n-api.service[109670]: warnings.warn(msg)
Aug 11 13:03:42.205937 n-d-804230-1 devstack@n-api.service[109670]: INFO nova.api.openstack.wsgi [None req-ec1409f7-c055-4022-a4f0-844bfd81e8cc tempest-FlavorsAccessNegativeTestJSON-2089295443 tempest-FlavorsAccessNegativeTestJSON-2089295443-project-admin] HTTP exception thrown: Access list not available for public flavors.
Aug 11 13:03:42.206738 n-d-804230-1 devstack@n-api.service[109670]: DEBUG nova.api.openstack.wsgi [None req-ec1409f7-c055-4022-a4f0-844bfd81e8cc tempest-FlavorsAccessNegativeTestJSON-2089295443 tempest-FlavorsAccessNegativeTestJSON-2089295443-project-admin] Returning 404 to user: Access list not available for public flavors. {{(pid=109670) __call__ /opt/stack/nova/nova/api/openstack/wsgi.py:927}}
Aug 11 13:03:42.207957 n-d-804230-1 devstack@n-api.service[109670]: INFO nova.api.openstack.requestlog [None req-ec1409f7-c055-4022-a4f0-844bfd81e8cc tempest-FlavorsAccessNegativeTestJSON-2089295443 tempest-FlavorsAccessNegativeTestJSON-2089295443-project-admin] 10.222.0.20 "GET /compute/v2.1/flavors/305052935/os-flavor-access" status: 404 len: 91 microversion: 2.1 time: 0.019813
Aug 11 13:03:42.209173 n-d-804230-1 devstack@n-api.service[109670]: [pid: 109670|app: 0|req: 16/34] 10.222.0.20 () {58 vars in 1206 bytes} [Wed Aug 11 13:03:42 2021] GET /compute/v2.1/flavors/305052935/os-flavor-access => generated 91 bytes in 21 msecs (HTTP/1.1 404) 9 headers in 378 bytes (1 switches on core 0)
Aug 11 13:03:42.214677 n-d-804230-1 devstack@n-api.service[109670]: DEBUG nova.api.openstack.wsgi [None req-dff52188-17e7-422d-83f0-3101dae8dc40 tempest-AggregatesAdminNegativeTestJSON-829685469 tempest-AggregatesAdminNegativeTestJSON-829685469-project-admin] Action: 'create', calling method: >, body: {"aggregate": {"name": "tempest-test_aggregate-1353733150"}} {{(pid=109670) _process_stack /opt/stack/nova/nova/api/openstack/wsgi.py:511}}
Aug 11 13:03:42.218453 n-d-804230-1 devstack@n-api.service[109670]: /usr/local/lib/python3.8/dist-packages/oslo_policy/policy.py:1064: UserWarning: Policy os_compute_api:os-aggregates:create failed scope check. The token used to make the request was project scoped but the policy requires ['system'] scope. This behavior may change in the future where using the intended scope is required
Aug 11 13:03:42.218453 n-d-804230-1 devstack@n-api.service[109670]: warnings.warn(msg)
Aug 11 13:03:42.223820 n-d-804230-1 devstack@n-api.service[109670]: DEBUG nova.objects.aggregate [None req-dff52188-17e7-422d-83f0-3101dae8dc40 tempest-AggregatesAdminNegativeTestJSON-829685469 tempest-AggregatesAdminNegativeTestJSON-829685469-project-admin] Generated uuid 45ad224e-4597-4bb1-aae9-92a58f916e80 for aggregate {{(pid=109670) create /opt/stack/nova/nova/objects/aggregate.py:298}}
Aug 11 13:03:42.253426 n-d-804230-1 devstack@n-api.service[109671]: INFO nova.api.openstack.requestlog [None req-928a8024-0863-400f-92d6-2db61d761c90 tempest-AggregatesAdminTestJSON-1981173803 tempest-AggregatesAdminTestJSON-1981173803-project-admin] 10.222.0.20 "POST /compute/v2.1/os-aggregates/3/action" status: 200 len: 315 microversion: 2.1 time: 0.239767
Aug 11 13:03:42.255393 n-d-804230-1 devstack@n-api.service[109671]: [pid: 109671|app: 0|req: 19/35] 10.222.0.20 () {60 vars in 1191 bytes} [Wed Aug 11 13:03:42 2021] POST /compute/v2.1/os-aggregates/3/action => generated 315 bytes in 243 msecs (HTTP/1.1 200) 9 headers in 357 bytes (1 switches on core 0)
Aug 11 13:03:42.262906 n-d-804230-1 devstack@n-api.service[109671]: DEBUG nova.api.openstack.wsgi [None req-eb13c0ba-89d3-4828-839f-265e90c618f9 tempest-FlavorsAdminTestJSON-715471735 tempest-FlavorsAdminTestJSON-715471735-project-admin] Action: 'create', calling method: >, body: {"flavor": {"ram": 512, "vcpus": 1, "disk": 10, "name": "tempest-FlavorsAdminTestJSON-flavor-1871141153", "id": null, "os-flavor-access:is_public": "True"}} {{(pid=109671) _process_stack /opt/stack/nova/nova/api/openstack/wsgi.py:511}}
Aug 11 13:03:42.267442 n-d-804230-1 devstack@n-api.service[109671]: /usr/local/lib/python3.8/dist-packages/oslo_policy/policy.py:1064: UserWarning: Policy os_compute_api:os-flavor-manage:create failed scope check. The token used to make the request was project scoped but the policy requires ['system'] scope. This behavior may change in the future where using the intended scope is required
Aug 11 13:03:42.267442 n-d-804230-1 devstack@n-api.service[109671]: warnings.warn(msg)
Aug 11 13:03:42.293697 n-d-804230-1 devstack@n-api.service[109670]: INFO nova.api.openstack.requestlog [None req-dff52188-17e7-422d-83f0-3101dae8dc40 tempest-AggregatesAdminNegativeTestJSON-829685469 tempest-AggregatesAdminNegativeTestJSON-829685469-project-admin] 10.222.0.20 "POST /compute/v2.1/os-aggregates" status: 200 len: 198 microversion: 2.1 time: 0.082752
Aug 11 13:03:42.294541 n-d-804230-1 devstack@n-api.service[109670]: [pid: 109670|app: 0|req: 17/36] 10.222.0.20 () {60 vars in 1164 bytes} [Wed Aug 11 13:03:42 2021] POST /compute/v2.1/os-aggregates => generated 198 bytes in 85 msecs (HTTP/1.1 200) 9 headers in 357 bytes (1 switches on core 0)
Aug 11 13:03:42.300822 n-d-804230-1 devstack@n-api.service[109670]: DEBUG nova.api.openstack.wsgi [None req-20cd5d89-37bb-4f2d-b4a0-b2e8f960404b tempest-FlavorsAccessNegativeTestJSON-2089295443 tempest-FlavorsAccessNegativeTestJSON-2089295443-project-admin] Calling method '>' {{(pid=109670) _process_stack /opt/stack/nova/nova/api/openstack/wsgi.py:513}}
Aug 11 13:03:42.301882 n-d-804230-1 devstack@n-api.service[109670]: /usr/local/lib/python3.8/dist-packages/oslo_policy/policy.py:1064: UserWarning: Policy os_compute_api:os-flavor-manage:delete failed scope check. The token used to make the request was project scoped but the policy requires ['system'] scope. This behavior may change in the future where using the intended scope is required
Aug 11 13:03:42.301882 n-d-804230-1 devstack@n-api.service[109670]: warnings.warn(msg)
Aug 11 13:03:42.315631 n-d-804230-1 devstack@n-api.service[109671]: INFO nova.api.openstack.requestlog [None req-eb13c0ba-89d3-4828-839f-265e90c618f9 tempest-FlavorsAdminTestJSON-715471735 tempest-FlavorsAdminTestJSON-715471735-project-admin] 10.222.0.20 "POST /compute/v2.1/flavors" status: 200 len: 507 microversion: 2.1 time: 0.056628
Aug 11 13:03:42.317042 n-d-804230-1 devstack@n-api.service[109671]: [pid: 109671|app: 0|req: 20/37] 10.222.0.20 () {60 vars in 1147 bytes} [Wed Aug 11 13:03:42 2021] POST /compute/v2.1/flavors => generated 507 bytes in 60 msecs (HTTP/1.1 200) 9 headers in 357 bytes (1 switches on core 0)
Aug 11 13:03:42.332001 n-d-804230-1 devstack@n-api.service[109671]: DEBUG nova.api.openstack.wsgi [None req-87e9f017-2ce4-44c4-8e5b-db303ad6e8c2 tempest-AggregatesAdminNegativeTestJSON-829685469 tempest-AggregatesAdminNegativeTestJSON-829685469-project-admin] Action: 'action', calling method: >, body: {"add_host": {"host": "tempest-nonexist_host-1439886175"}} {{(pid=109671) _process_stack /opt/stack/nova/nova/api/openstack/wsgi.py:511}}
Aug 11 13:03:42.335589 n-d-804230-1 devstack@n-api.service[109671]: /usr/local/lib/python3.8/dist-packages/oslo_policy/policy.py:1064: UserWarning: Policy os_compute_api:os-aggregates:add_host failed scope check. The token used to make the request was project scoped but the policy requires ['system'] scope. This behavior may change in the future where using the intended scope is required
Aug 11 13:03:42.335589 n-d-804230-1 devstack@n-api.service[109671]: warnings.warn(msg)
Aug 11 13:03:42.351530 n-d-804230-1 devstack@n-api.service[109671]: DEBUG oslo_concurrency.lockutils [None req-87e9f017-2ce4-44c4-8e5b-db303ad6e8c2 tempest-AggregatesAdminNegativeTestJSON-829685469 tempest-AggregatesAdminNegativeTestJSON-829685469-project-admin] Lock "00000000-0000-0000-0000-000000000000" acquired by "nova.context.set_target_cell..get_or_set_cached_cell_and_set_connections" :: waited 0.000s {{(pid=109671) inner /usr/local/lib/python3.8/dist-packages/oslo_concurrency/lockutils.py:355}}
Aug 11 13:03:42.352031 n-d-804230-1 devstack@n-api.service[109671]: DEBUG oslo_concurrency.lockutils [None req-87e9f017-2ce4-44c4-8e5b-db303ad6e8c2 tempest-AggregatesAdminNegativeTestJSON-829685469 tempest-AggregatesAdminNegativeTestJSON-829685469-project-admin] Lock "00000000-0000-0000-0000-000000000000" released by "nova.context.set_target_cell..get_or_set_cached_cell_and_set_connections" :: held 0.001s {{(pid=109671) inner /usr/local/lib/python3.8/dist-packages/oslo_concurrency/lockutils.py:367}}
Aug 11 13:03:42.360534 n-d-804230-1 devstack@n-api.service[109670]: INFO nova.api.openstack.requestlog [None req-20cd5d89-37bb-4f2d-b4a0-b2e8f960404b tempest-FlavorsAccessNegativeTestJSON-2089295443 tempest-FlavorsAccessNegativeTestJSON-2089295443-project-admin] 10.222.0.20 "DELETE /compute/v2.1/flavors/305052935" status: 202 len: 0 microversion: 2.1 time: 0.062787
Aug 11 13:03:42.361490 n-d-804230-1 devstack@n-api.service[109670]: [pid: 109670|app: 0|req: 18/38] 10.222.0.20 () {58 vars in 1158 bytes} [Wed Aug 11 13:03:42 2021] DELETE /compute/v2.1/flavors/305052935 => generated 0 bytes in 65 msecs (HTTP/1.1 202) 9 headers in 361 bytes (1 switches on core 0)
Aug 11 13:03:42.371269 n-d-804230-1 devstack@n-api.service[109670]: DEBUG nova.api.openstack.wsgi [None req-03e41eb6-7a2a-4026-9f1e-6c8fd86c950c tempest-FlavorsAdminTestJSON-715471735 tempest-FlavorsAdminTestJSON-715471735-project-admin] Calling method '>' {{(pid=109670) _process_stack /opt/stack/nova/nova/api/openstack/wsgi.py:513}}
Aug 11 13:03:42.386726 n-d-804230-1 devstack@n-api.service[109671]: DEBUG oslo_concurrency.lockutils [None req-87e9f017-2ce4-44c4-8e5b-db303ad6e8c2 tempest-AggregatesAdminNegativeTestJSON-829685469 tempest-AggregatesAdminNegativeTestJSON-829685469-project-admin] Lock "d7f992f3-9ccc-495b-bfc5-a44de761eb64" acquired by "nova.context.set_target_cell..get_or_set_cached_cell_and_set_connections" :: waited 0.000s {{(pid=109671) inner /usr/local/lib/python3.8/dist-packages/oslo_concurrency/lockutils.py:355}}
Aug 11 13:03:42.387386 n-d-804230-1 devstack@n-api.service[109671]: DEBUG oslo_concurrency.lockutils [None req-87e9f017-2ce4-44c4-8e5b-db303ad6e8c2 tempest-AggregatesAdminNegativeTestJSON-829685469 tempest-AggregatesAdminNegativeTestJSON-829685469-project-admin] Lock "d7f992f3-9ccc-495b-bfc5-a44de761eb64" released by "nova.context.set_target_cell..get_or_set_cached_cell_and_set_connections" :: held 0.001s {{(pid=109671) inner /usr/local/lib/python3.8/dist-packages/oslo_concurrency/lockutils.py:367}}
Aug 11 13:03:42.411385 n-d-804230-1 devstack@n-api.service[109671]: INFO nova.api.openstack.wsgi [None req-87e9f017-2ce4-44c4-8e5b-db303ad6e8c2 tempest-AggregatesAdminNegativeTestJSON-829685469 tempest-AggregatesAdminNegativeTestJSON-829685469-project-admin] HTTP exception thrown: Compute host tempest-nonexist_host-1439886175 could not be found.
Aug 11 13:03:42.414882 n-d-804230-1 devstack@n-api.service[109671]: DEBUG nova.api.openstack.wsgi [None req-87e9f017-2ce4-44c4-8e5b-db303ad6e8c2 tempest-AggregatesAdminNegativeTestJSON-829685469 tempest-AggregatesAdminNegativeTestJSON-829685469-project-admin] Returning 404 to user: Compute host tempest-nonexist_host-1439886175 could not be found. {{(pid=109671) __call__ /opt/stack/nova/nova/api/openstack/wsgi.py:927}}
Aug 11 13:03:42.418134 n-d-804230-1 devstack@n-api.service[109671]: INFO nova.api.openstack.requestlog [None req-87e9f017-2ce4-44c4-8e5b-db303ad6e8c2 tempest-AggregatesAdminNegativeTestJSON-829685469 tempest-AggregatesAdminNegativeTestJSON-829685469-project-admin] 10.222.0.20 "POST /compute/v2.1/os-aggregates/4/action" status: 404 len: 111 microversion: 2.1 time: 0.094538
Aug 11 13:03:42.420329 n-d-804230-1 devstack@n-api.service[109670]: INFO nova.api.openstack.requestlog [None req-03e41eb6-7a2a-4026-9f1e-6c8fd86c950c tempest-FlavorsAdminTestJSON-715471735 tempest-FlavorsAdminTestJSON-715471735-project-admin] 10.222.0.20 "DELETE /compute/v2.1/flavors/230d3eab-e502-4bed-bb63-1e426d78c404" status: 202 len: 0 microversion: 2.1 time: 0.052749
Aug 11 13:03:42.421773 n-d-804230-1 devstack@n-api.service[109671]: [pid: 109671|app: 0|req: 21/39] 10.222.0.20 () {60 vars in 1191 bytes} [Wed Aug 11 13:03:42 2021] POST /compute/v2.1/os-aggregates/4/action => generated 111 bytes in 104 msecs (HTTP/1.1 404) 9 headers in 379 bytes (1 switches on core 0)
Aug 11 13:03:42.425560 n-d-804230-1 devstack@n-api.service[109670]: [pid: 109670|app: 0|req: 19/40] 10.222.0.20 () {58 vars in 1239 bytes} [Wed Aug 11 13:03:42 2021] DELETE /compute/v2.1/flavors/230d3eab-e502-4bed-bb63-1e426d78c404 => generated 0 bytes in 59 msecs (HTTP/1.1 202) 9 headers in 361 bytes (1 switches on core 0)
Aug 11 13:03:42.429753 n-d-804230-1 devstack@n-api.service[109671]: DEBUG nova.api.openstack.wsgi [None req-deece209-50f0-4912-a4c7-b98131a0c58c tempest-FlavorsAccessNegativeTestJSON-2089295443 tempest-FlavorsAccessNegativeTestJSON-2089295443-project-admin] Calling method '>' {{(pid=109671) _process_stack /opt/stack/nova/nova/api/openstack/wsgi.py:513}}
Aug 11 13:03:42.437557 n-d-804230-1 devstack@n-api.service[109670]: DEBUG nova.api.openstack.wsgi [None req-560dfd74-baef-45a6-a3d8-de5231a73b9b tempest-FlavorsAdminTestJSON-715471735 tempest-FlavorsAdminTestJSON-715471735-project-admin] Calling method '>' {{(pid=109670) _process_stack /opt/stack/nova/nova/api/openstack/wsgi.py:513}}
Aug 11 13:03:42.460611 n-d-804230-1 devstack@n-api.service[109671]: INFO nova.api.openstack.requestlog [None req-deece209-50f0-4912-a4c7-b98131a0c58c tempest-FlavorsAccessNegativeTestJSON-2089295443 tempest-FlavorsAccessNegativeTestJSON-2089295443-project-admin] 10.222.0.20 "GET /compute/v2.1/flavors/detail" status: 200 len: 4991 microversion: 2.1 time: 0.037560
Aug 11 13:03:42.472364 n-d-804230-1 devstack@n-api.service[109671]: [pid: 109671|app: 0|req: 22/41] 10.222.0.20 () {58 vars in 1146 bytes} [Wed Aug 11 13:03:42 2021] GET /compute/v2.1/flavors/detail => generated 4991 bytes in 50 msecs (HTTP/1.1 200) 9 headers in 358 bytes (1 switches on core 0)
Aug 11 13:03:42.491335 n-d-804230-1 devstack@n-api.service[109670]: INFO nova.api.openstack.requestlog [None req-560dfd74-baef-45a6-a3d8-de5231a73b9b tempest-FlavorsAdminTestJSON-715471735 tempest-FlavorsAdminTestJSON-715471735-project-admin] 10.222.0.20 "GET /compute/v2.1/flavors/detail" status: 200 len: 4991 microversion: 2.1 time: 0.064454
Aug 11 13:03:42.492863 n-d-804230-1 devstack@n-api.service[109671]: DEBUG nova.api.openstack.wsgi [None req-f6baae91-bf03-4d03-a6dc-497a1e332119 tempest-AggregatesAdminNegativeTestJSON-829685469 tempest-AggregatesAdminNegativeTestJSON-829685469-project-admin] Calling method '>' {{(pid=109671) _process_stack /opt/stack/nova/nova/api/openstack/wsgi.py:513}}
Aug 11 13:03:42.495599 n-d-804230-1 devstack@n-api.service[109671]: /usr/local/lib/python3.8/dist-packages/oslo_policy/policy.py:1064: UserWarning: Policy os_compute_api:os-aggregates:delete failed scope check. The token used to make the request was project scoped but the policy requires ['system'] scope. This behavior may change in the future where using the intended scope is required
Aug 11 13:03:42.495599 n-d-804230-1 devstack@n-api.service[109671]: warnings.warn(msg)
Aug 11 13:03:42.503958 n-d-804230-1 devstack@n-api.service[109670]: [pid: 109670|app: 0|req: 20/42] 10.222.0.20 () {58 vars in 1146 bytes} [Wed Aug 11 13:03:42 2021] GET /compute/v2.1/flavors/detail => generated 4991 bytes in 77 msecs (HTTP/1.1 200) 9 headers in 358 bytes (1 switches on core 0)
Aug 11 13:03:42.595550 n-d-804230-1 devstack@n-api.service[109671]: INFO nova.api.openstack.requestlog [None req-f6baae91-bf03-4d03-a6dc-497a1e332119 tempest-AggregatesAdminNegativeTestJSON-829685469 tempest-AggregatesAdminNegativeTestJSON-829685469-project-admin] 10.222.0.20 "DELETE /compute/v2.1/os-aggregates/4" status: 200 len: 0 microversion: 2.1 time: 0.118319
Aug 11 13:03:42.596157 n-d-804230-1 devstack@n-api.service[109671]: [pid: 109671|app: 0|req: 23/43] 10.222.0.20 () {58 vars in 1152 bytes} [Wed Aug 11 13:03:42 2021] DELETE /compute/v2.1/os-aggregates/4 => generated 0 bytes in 123 msecs (HTTP/1.1 200) 9 headers in 355 bytes (1 switches on core 0)
Aug 11 13:03:42.610156 n-d-804230-1 devstack@n-api.service[109671]: DEBUG nova.api.openstack.wsgi [None req-7a5a3cba-e7e7-4819-8ce9-a4069d4b75ba tempest-FlavorsAccessNegativeTestJSON-2089295443 tempest-FlavorsAccessNegativeTestJSON-2089295443-project-admin] Action: 'create', calling method: >, body: {"flavor": {"ram": 512, "vcpus": 1, "disk": 10, "name": "tempest-FlavorsAccessNegativeTestJSON-flavor-1119454593", "id": 1364336605, "os-flavor-access:is_public": "False"}} {{(pid=109671) _process_stack /opt/stack/nova/nova/api/openstack/wsgi.py:511}}
Aug 11 13:03:42.622033 n-d-804230-1 devstack@n-api.service[109671]: /usr/local/lib/python3.8/dist-packages/oslo_policy/policy.py:1064: UserWarning: Policy os_compute_api:os-flavor-manage:create failed scope check. The token used to make the request was project scoped but the policy requires ['system'] scope. This behavior may change in the future where using the intended scope is required
Aug 11 13:03:42.622033 n-d-804230-1 devstack@n-api.service[109671]: warnings.warn(msg)
Aug 11 13:03:42.664981 n-d-804230-1 devstack@n-api.service[109671]: INFO nova.api.openstack.requestlog [None req-7a5a3cba-e7e7-4819-8ce9-a4069d4b75ba tempest-FlavorsAccessNegativeTestJSON-2089295443 tempest-FlavorsAccessNegativeTestJSON-2089295443-project-admin] 10.222.0.20 "POST /compute/v2.1/flavors" status: 200 len: 439 microversion: 2.1 time: 0.060394
Aug 11 13:03:42.670690 n-d-804230-1 devstack@n-api.service[109671]: [pid: 109671|app: 0|req: 24/44] 10.222.0.20 () {60 vars in 1147 bytes} [Wed Aug 11 13:03:42 2021] POST /compute/v2.1/flavors => generated 439 bytes in 74 msecs (HTTP/1.1 200) 9 headers in 357 bytes (1 switches on core 0)
Aug 11 13:03:42.701843 n-d-804230-1 devstack@n-api.service[109671]: DEBUG nova.api.openstack.wsgi [None req-558dddbe-d1e0-49fa-8991-f6155a0bd103 tempest-FlavorsAdminTestJSON-715471735 tempest-FlavorsAdminTestJSON-715471735-project-admin] Action: 'create', calling method: >, body: {"flavor": {"ram": 512, "vcpus": 1, "disk": 10, "name": "tempest-FlavorsAdminTestJSON-flavor-58785692", "id": "ce1eff6b-2e27-4e15-a08e-b2b13e1d0301", "os-flavor-access:is_public": "True"}} {{(pid=109671) _process_stack /opt/stack/nova/nova/api/openstack/wsgi.py:511}}
Aug 11 13:03:42.752537 n-d-804230-1 devstack@n-api.service[109671]: INFO nova.api.openstack.requestlog [None req-558dddbe-d1e0-49fa-8991-f6155a0bd103 tempest-FlavorsAdminTestJSON-715471735 tempest-FlavorsAdminTestJSON-715471735-project-admin] 10.222.0.20 "POST /compute/v2.1/flavors" status: 200 len: 505 microversion: 2.1 time: 0.080599
Aug 11 13:03:42.753953 n-d-804230-1 devstack@n-api.service[109671]: [pid: 109671|app: 0|req: 25/45] 10.222.0.20 () {60 vars in 1147 bytes} [Wed Aug 11 13:03:42 2021] POST /compute/v2.1/flavors => generated 505 bytes in 82 msecs (HTTP/1.1 200) 9 headers in 357 bytes (1 switches on core 0)
Aug 11 13:03:42.759100 n-d-804230-1 devstack@n-api.service[109671]: DEBUG nova.api.openstack.wsgi [None req-31c465b1-1661-43f3-9bb3-bd5383dabe8b tempest-DeleteServersAdminTestJSON-895967177 tempest-DeleteServersAdminTestJSON-895967177-project] Calling method '>' {{(pid=109671) _process_stack /opt/stack/nova/nova/api/openstack/wsgi.py:513}}
Aug 11 13:03:42.760027 n-d-804230-1 devstack@n-api.service[109671]: DEBUG nova.compute.api [None req-31c465b1-1661-43f3-9bb3-bd5383dabe8b tempest-DeleteServersAdminTestJSON-895967177 tempest-DeleteServersAdminTestJSON-895967177-project] [instance: b3765621-3799-4ae1-99d5-9cf6ca5f80e8] Fetching instance by UUID {{(pid=109671) get /opt/stack/nova/nova/compute/api.py:2791}}
Aug 11 13:03:42.812259 n-d-804230-1 devstack@n-api.service[109670]: DEBUG nova.api.openstack.wsgi [None req-c68f4c2f-0e7c-4f31-b2f7-6dd8ac3eed48 tempest-AggregatesAdminTestJSON-1895610083 tempest-AggregatesAdminTestJSON-1895610083-project] Action: 'create', calling method: >, body: {"server": {"name": "tempest-AggregatesAdminTestJSON-server-1376225194", "imageRef": "73829cd4-23c5-423c-a3c6-70f51e6e69bb", "flavorRef": "452", "availability_zone": "tempest-test_az-1005392675"}} {{(pid=109670) _process_stack /opt/stack/nova/nova/api/openstack/wsgi.py:511}}
Aug 11 13:03:42.833996 n-d-804230-1 devstack@n-api.service[109670]: DEBUG oslo_concurrency.lockutils [None req-c68f4c2f-0e7c-4f31-b2f7-6dd8ac3eed48 tempest-AggregatesAdminTestJSON-1895610083 tempest-AggregatesAdminTestJSON-1895610083-project] Lock "00000000-0000-0000-0000-000000000000" acquired by "nova.context.set_target_cell..get_or_set_cached_cell_and_set_connections" :: waited 0.000s {{(pid=109670) inner /usr/local/lib/python3.8/dist-packages/oslo_concurrency/lockutils.py:355}}
Aug 11 13:03:42.840381 n-d-804230-1 devstack@n-api.service[109670]: DEBUG oslo_concurrency.lockutils [None req-c68f4c2f-0e7c-4f31-b2f7-6dd8ac3eed48 tempest-AggregatesAdminTestJSON-1895610083 tempest-AggregatesAdminTestJSON-1895610083-project] Lock "00000000-0000-0000-0000-000000000000" released by "nova.context.set_target_cell..get_or_set_cached_cell_and_set_connections" :: held 0.001s {{(pid=109670) inner /usr/local/lib/python3.8/dist-packages/oslo_concurrency/lockutils.py:367}}
Aug 11 13:03:42.843456 n-d-804230-1 devstack@n-api.service[109670]: DEBUG oslo_concurrency.lockutils [None req-c68f4c2f-0e7c-4f31-b2f7-6dd8ac3eed48 tempest-AggregatesAdminTestJSON-1895610083 tempest-AggregatesAdminTestJSON-1895610083-project] Lock "d7f992f3-9ccc-495b-bfc5-a44de761eb64" acquired by "nova.context.set_target_cell..get_or_set_cached_cell_and_set_connections" :: waited 0.000s {{(pid=109670) inner /usr/local/lib/python3.8/dist-packages/oslo_concurrency/lockutils.py:355}}
Aug 11 13:03:42.844342 n-d-804230-1 devstack@n-api.service[109670]: DEBUG oslo_concurrency.lockutils [None req-c68f4c2f-0e7c-4f31-b2f7-6dd8ac3eed48 tempest-AggregatesAdminTestJSON-1895610083 tempest-AggregatesAdminTestJSON-1895610083-project] Lock "d7f992f3-9ccc-495b-bfc5-a44de761eb64" released by "nova.context.set_target_cell..get_or_set_cached_cell_and_set_connections" :: held 0.001s {{(pid=109670) inner /usr/local/lib/python3.8/dist-packages/oslo_concurrency/lockutils.py:367}}
Aug 11 13:03:43.021433 n-d-804230-1 devstack@n-api.service[109670]: DEBUG nova.network.neutron [None req-c68f4c2f-0e7c-4f31-b2f7-6dd8ac3eed48 tempest-AggregatesAdminTestJSON-1895610083 tempest-AggregatesAdminTestJSON-1895610083-project] validate_networks() for None {{(pid=109670) validate_networks /opt/stack/nova/nova/network/neutron.py:2255}}
Aug 11 13:03:43.125086 n-d-804230-1 devstack@n-api.service[109671]: DEBUG nova.policy [None req-31c465b1-1661-43f3-9bb3-bd5383dabe8b tempest-DeleteServersAdminTestJSON-895967177 tempest-DeleteServersAdminTestJSON-895967177-project] Policy check for os_compute_api:os-extended-server-attributes failed with credentials {'is_admin': False, 'user_id': '055a3bb57631478692de57ac49ac8ee9', 'user_domain_id': 'default', 'system_scope': None, 'domain_id': None, 'project_id': '44f6932a15334cfd9eb588483d63f112', 'project_domain_id': 'default', 'roles': ['reader', 'member'], 'is_admin_project': True, 'service_user_id': None, 'service_user_domain_id': None, 'service_project_id': None, 'service_project_domain_id': None, 'service_roles': []} {{(pid=109671) authorize /opt/stack/nova/nova/policy.py:199}}
Aug 11 13:03:43.154787 n-d-804230-1 devstack@n-api.service[109671]: INFO nova.api.openstack.requestlog [None req-31c465b1-1661-43f3-9bb3-bd5383dabe8b tempest-DeleteServersAdminTestJSON-895967177 tempest-DeleteServersAdminTestJSON-895967177-project] 10.222.0.20 "GET /compute/v2.1/servers/b3765621-3799-4ae1-99d5-9cf6ca5f80e8" status: 200 len: 1220 microversion: 2.1 time: 0.399849
Aug 11 13:03:43.155415 n-d-804230-1 devstack@n-api.service[109671]: [pid: 109671|app: 0|req: 26/46] 10.222.0.20 () {58 vars in 1236 bytes} [Wed Aug 11 13:03:42 2021] GET /compute/v2.1/servers/b3765621-3799-4ae1-99d5-9cf6ca5f80e8 => generated 1220 bytes in 401 msecs (HTTP/1.1 200) 9 headers in 358 bytes (1 switches on core 0)
Aug 11 13:03:43.171375 n-d-804230-1 devstack@n-api.service[109671]: DEBUG nova.api.openstack.wsgi [None req-1e692ec3-485f-4e91-b65d-6aa6af252c73 tempest-AggregatesAdminNegativeTestJSON-829685469 tempest-AggregatesAdminNegativeTestJSON-829685469-project-admin] Action: 'create', calling method: >, body: {"aggregate": {"name": "aaaaaaaaaaaaaaaaaaaaaaaaaaaaaaaaaaaaaaaaaaaaaaaaaaaaaaaaaaaaaaaaaaaaaaaaaaaaaaaaaaaaaaaaaaaaaaaaaaaaaaaaaaaaaaaaaaaaaaaaaaaaaaaaaaaaaaaaaaaaaaaaaaaaaaaaaaaaaaaaaaaaaaaaaaaaaaaaaaaaaaaaaaaaaaaaaaaaaaaaaaaaaaaaaaaaaaaaaaaaaaaaaaaaaaaaaaaaaaaaaaaaaaaaaaaaaaaa"}} {{(pid=109671) _process_stack /opt/stack/nova/nova/api/openstack/wsgi.py:511}}
Aug 11 13:03:43.175027 n-d-804230-1 devstack@n-api.service[109671]: DEBUG nova.api.openstack.wsgi [None req-1e692ec3-485f-4e91-b65d-6aa6af252c73 tempest-AggregatesAdminNegativeTestJSON-829685469 tempest-AggregatesAdminNegativeTestJSON-829685469-project-admin] Returning 400 to user: Invalid input for field/attribute name. Value: aaaaaaaaaaaaaaaaaaaaaaaaaaaaaaaaaaaaaaaaaaaaaaaaaaaaaaaaaaaaaaaaaaaaaaaaaaaaaaaaaaaaaaaaaaaaaaaaaaaaaaaaaaaaaaaaaaaaaaaaaaaaaaaaaaaaaaaaaaaaaaaaaaaaaaaaaaaaaaaaaaaaaaaaaaaaaaaaaaaaaaaaaaaaaaaaaaaaaaaaaaaaaaaaaaaaaaaaaaaaaaaaaaaaaaaaaaaaaaaaaaaaaaaaaaaaaaaa. 'aaaaaaaaaaaaaaaaaaaaaaaaaaaaaaaaaaaaaaaaaaaaaaaaaaaaaaaaaaaaaaaaaaaaaaaaaaaaaaaaaaaaaaaaaaaaaaaaaaaaaaaaaaaaaaaaaaaaaaaaaaaaaaaaaaaaaaaaaaaaaaaaaaaaaaaaaaaaaaaaaaaaaaaaaaaaaaaaaaaaaaaaaaaaaaaaaaaaaaaaaaaaaaaaaaaaaaaaaaaaaaaaaaaaaaaaaaaaaaaaaaaaaaaaaaaaaaaa' is too long {{(pid=109671) __call__ /opt/stack/nova/nova/api/openstack/wsgi.py:927}}
Aug 11 13:03:43.177219 n-d-804230-1 devstack@n-api.service[109671]: INFO nova.api.openstack.requestlog [None req-1e692ec3-485f-4e91-b65d-6aa6af252c73 tempest-AggregatesAdminNegativeTestJSON-829685469 tempest-AggregatesAdminNegativeTestJSON-829685469-project-admin] 10.222.0.20 "POST /compute/v2.1/os-aggregates" status: 400 len: 619 microversion: 2.1 time: 0.014994
Aug 11 13:03:43.179941 n-d-804230-1 devstack@n-api.service[109671]: [pid: 109671|app: 0|req: 27/47] 10.222.0.20 () {60 vars in 1165 bytes} [Wed Aug 11 13:03:43 2021] POST /compute/v2.1/os-aggregates => generated 619 bytes in 24 msecs (HTTP/1.1 400) 9 headers in 381 bytes (1 switches on core 0)
Aug 11 13:03:43.390164 n-d-804230-1 devstack@n-api.service[109670]: DEBUG nova.virt.hardware [None req-c68f4c2f-0e7c-4f31-b2f7-6dd8ac3eed48 tempest-AggregatesAdminTestJSON-1895610083 tempest-AggregatesAdminTestJSON-1895610083-project] Flavor limits 0:0:0 {{(pid=109670) get_cpu_topology_constraints /opt/stack/nova/nova/virt/hardware.py:343}}
Aug 11 13:03:43.390598 n-d-804230-1 devstack@n-api.service[109670]: DEBUG nova.virt.hardware [None req-c68f4c2f-0e7c-4f31-b2f7-6dd8ac3eed48 tempest-AggregatesAdminTestJSON-1895610083 tempest-AggregatesAdminTestJSON-1895610083-project] Image limits 0:0:0 {{(pid=109670) get_cpu_topology_constraints /opt/stack/nova/nova/virt/hardware.py:347}}
Aug 11 13:03:43.391086 n-d-804230-1 devstack@n-api.service[109670]: DEBUG nova.virt.hardware [None req-c68f4c2f-0e7c-4f31-b2f7-6dd8ac3eed48 tempest-AggregatesAdminTestJSON-1895610083 tempest-AggregatesAdminTestJSON-1895610083-project] Flavor pref 0:0:0 {{(pid=109670) get_cpu_topology_constraints /opt/stack/nova/nova/virt/hardware.py:383}}
Aug 11 13:03:43.391502 n-d-804230-1 devstack@n-api.service[109670]: DEBUG nova.virt.hardware [None req-c68f4c2f-0e7c-4f31-b2f7-6dd8ac3eed48 tempest-AggregatesAdminTestJSON-1895610083 tempest-AggregatesAdminTestJSON-1895610083-project] Image pref 0:0:0 {{(pid=109670) get_cpu_topology_constraints /opt/stack/nova/nova/virt/hardware.py:387}}
Aug 11 13:03:43.391918 n-d-804230-1 devstack@n-api.service[109670]: DEBUG nova.virt.hardware [None req-c68f4c2f-0e7c-4f31-b2f7-6dd8ac3eed48 tempest-AggregatesAdminTestJSON-1895610083 tempest-AggregatesAdminTestJSON-1895610083-project] Chose sockets=0, cores=0, threads=0; limits were sockets=65536, cores=65536, threads=65536 {{(pid=109670) get_cpu_topology_constraints /opt/stack/nova/nova/virt/hardware.py:425}}
Aug 11 13:03:43.400574 n-d-804230-1 devstack@n-api.service[109670]: DEBUG oslo_concurrency.lockutils [None req-c68f4c2f-0e7c-4f31-b2f7-6dd8ac3eed48 tempest-AggregatesAdminTestJSON-1895610083 tempest-AggregatesAdminTestJSON-1895610083-project] Lock "00000000-0000-0000-0000-000000000000" acquired by "nova.context.set_target_cell..get_or_set_cached_cell_and_set_connections" :: waited 0.000s {{(pid=109670) inner /usr/local/lib/python3.8/dist-packages/oslo_concurrency/lockutils.py:355}}
Aug 11 13:03:43.401059 n-d-804230-1 devstack@n-api.service[109670]: DEBUG oslo_concurrency.lockutils [None req-c68f4c2f-0e7c-4f31-b2f7-6dd8ac3eed48 tempest-AggregatesAdminTestJSON-1895610083 tempest-AggregatesAdminTestJSON-1895610083-project] Lock "00000000-0000-0000-0000-000000000000" released by "nova.context.set_target_cell..get_or_set_cached_cell_and_set_connections" :: held 0.001s {{(pid=109670) inner /usr/local/lib/python3.8/dist-packages/oslo_concurrency/lockutils.py:367}}
Aug 11 13:03:43.401867 n-d-804230-1 devstack@n-api.service[109670]: DEBUG oslo_concurrency.lockutils [None req-c68f4c2f-0e7c-4f31-b2f7-6dd8ac3eed48 tempest-AggregatesAdminTestJSON-1895610083 tempest-AggregatesAdminTestJSON-1895610083-project] Lock "d7f992f3-9ccc-495b-bfc5-a44de761eb64" acquired by "nova.context.set_target_cell..get_or_set_cached_cell_and_set_connections" :: waited 0.000s {{(pid=109670) inner /usr/local/lib/python3.8/dist-packages/oslo_concurrency/lockutils.py:355}}
Aug 11 13:03:43.402307 n-d-804230-1 devstack@n-api.service[109670]: DEBUG oslo_concurrency.lockutils [None req-c68f4c2f-0e7c-4f31-b2f7-6dd8ac3eed48 tempest-AggregatesAdminTestJSON-1895610083 tempest-AggregatesAdminTestJSON-1895610083-project] Lock "d7f992f3-9ccc-495b-bfc5-a44de761eb64" released by "nova.context.set_target_cell..get_or_set_cached_cell_and_set_connections" :: held 0.000s {{(pid=109670) inner /usr/local/lib/python3.8/dist-packages/oslo_concurrency/lockutils.py:367}}
Aug 11 13:03:43.438797 n-d-804230-1 devstack@n-api.service[109670]: DEBUG nova.quota [None req-c68f4c2f-0e7c-4f31-b2f7-6dd8ac3eed48 tempest-AggregatesAdminTestJSON-1895610083 tempest-AggregatesAdminTestJSON-1895610083-project] Getting quotas for project 07e2e7e7dd504901aa9ae361d33c0762. Resources: {'ram', 'instances', 'cores'} {{(pid=109670) _get_quotas /opt/stack/nova/nova/quota.py:384}}
Aug 11 13:03:43.448356 n-d-804230-1 devstack@n-api.service[109671]: DEBUG nova.api.openstack.wsgi [None req-960202c4-146f-4443-8967-93de6f9ae840 tempest-FlavorsAccessNegativeTestJSON-1986934509 tempest-FlavorsAccessNegativeTestJSON-1986934509-project] Action: 'action', calling method: >, body: {"addTenantAccess": {"tenant": "da1aa1e92fcf4ef6b74ca8754b1c6e7a"}} {{(pid=109671) _process_stack /opt/stack/nova/nova/api/openstack/wsgi.py:511}}
Aug 11 13:03:43.449768 n-d-804230-1 devstack@n-api.service[109671]: /usr/local/lib/python3.8/dist-packages/oslo_policy/policy.py:1064: UserWarning: Policy os_compute_api:os-flavor-access:add_tenant_access failed scope check. The token used to make the request was project scoped but the policy requires ['system'] scope. This behavior may change in the future where using the intended scope is required
Aug 11 13:03:43.449768 n-d-804230-1 devstack@n-api.service[109671]: warnings.warn(msg)
Aug 11 13:03:43.450748 n-d-804230-1 devstack@n-api.service[109671]: DEBUG nova.policy [None req-960202c4-146f-4443-8967-93de6f9ae840 tempest-FlavorsAccessNegativeTestJSON-1986934509 tempest-FlavorsAccessNegativeTestJSON-1986934509-project] Policy check for os_compute_api:os-flavor-access:add_tenant_access failed with credentials {'is_admin': False, 'user_id': '638806ac48b54087abca3f1ac1e73518', 'user_domain_id': 'default', 'system_scope': None, 'domain_id': None, 'project_id': 'da1aa1e92fcf4ef6b74ca8754b1c6e7a', 'project_domain_id': 'default', 'roles': ['reader', 'member'], 'is_admin_project': True, 'service_user_id': None, 'service_user_domain_id': None, 'service_project_id': None, 'service_project_domain_id': None, 'service_roles': []} {{(pid=109671) authorize /opt/stack/nova/nova/policy.py:199}}
Aug 11 13:03:43.453859 n-d-804230-1 devstack@n-api.service[109671]: DEBUG nova.api.openstack.wsgi [None req-960202c4-146f-4443-8967-93de6f9ae840 tempest-FlavorsAccessNegativeTestJSON-1986934509 tempest-FlavorsAccessNegativeTestJSON-1986934509-project] Returning 403 to user: Policy doesn't allow os_compute_api:os-flavor-access:add_tenant_access to be performed. {{(pid=109671) __call__ /opt/stack/nova/nova/api/openstack/wsgi.py:927}}
Aug 11 13:03:43.456860 n-d-804230-1 devstack@n-api.service[109671]: INFO nova.api.openstack.requestlog [None req-960202c4-146f-4443-8967-93de6f9ae840 tempest-FlavorsAccessNegativeTestJSON-1986934509 tempest-FlavorsAccessNegativeTestJSON-1986934509-project] 10.222.0.20 "POST /compute/v2.1/flavors/1364336605/action" status: 403 len: 130 microversion: 2.1 time: 0.272229
Aug 11 13:03:43.458533 n-d-804230-1 devstack@n-api.service[109671]: [pid: 109671|app: 0|req: 28/48] 10.222.0.20 () {60 vars in 1200 bytes} [Wed Aug 11 13:03:43 2021] POST /compute/v2.1/flavors/1364336605/action => generated 130 bytes in 278 msecs (HTTP/1.1 403) 9 headers in 379 bytes (1 switches on core 0)
Aug 11 13:03:43.459350 n-d-804230-1 devstack@n-api.service[109670]: DEBUG nova.quota [None req-c68f4c2f-0e7c-4f31-b2f7-6dd8ac3eed48 tempest-AggregatesAdminTestJSON-1895610083 tempest-AggregatesAdminTestJSON-1895610083-project] Getting quotas for user d61a94efdcc449c4889e34b79ce41369 and project 07e2e7e7dd504901aa9ae361d33c0762. Resources: {'ram', 'instances', 'cores'} {{(pid=109670) _get_quotas /opt/stack/nova/nova/quota.py:374}}
Aug 11 13:03:43.466203 n-d-804230-1 devstack@n-api.service[109671]: DEBUG nova.api.openstack.wsgi [None req-b73b8fe4-cba7-42b0-9469-311bbfbfe23c tempest-FlavorsAdminTestJSON-715471735 tempest-FlavorsAdminTestJSON-715471735-project-admin] Calling method '>' {{(pid=109671) _process_stack /opt/stack/nova/nova/api/openstack/wsgi.py:513}}
Aug 11 13:03:43.469195 n-d-804230-1 devstack@n-api.service[109671]: /usr/local/lib/python3.8/dist-packages/oslo_policy/policy.py:1064: UserWarning: Policy os_compute_api:os-flavor-manage:delete failed scope check. The token used to make the request was project scoped but the policy requires ['system'] scope. This behavior may change in the future where using the intended scope is required
Aug 11 13:03:43.469195 n-d-804230-1 devstack@n-api.service[109671]: warnings.warn(msg)
Aug 11 13:03:43.486448 n-d-804230-1 devstack@n-api.service[109670]: DEBUG nova.compute.api [None req-c68f4c2f-0e7c-4f31-b2f7-6dd8ac3eed48 tempest-AggregatesAdminTestJSON-1895610083 tempest-AggregatesAdminTestJSON-1895610083-project] Going to run 1 instances... {{(pid=109670) _provision_instances /opt/stack/nova/nova/compute/api.py:1280}}
Aug 11 13:03:43.489413 n-d-804230-1 devstack@n-api.service[109670]: DEBUG nova.compute.api [None req-c68f4c2f-0e7c-4f31-b2f7-6dd8ac3eed48 tempest-AggregatesAdminTestJSON-1895610083 tempest-AggregatesAdminTestJSON-1895610083-project] [instance: 96c9d74f-3933-48c2-aa0a-f5bfa5a1fe56] block_device_mapping [BlockDeviceMapping(attachment_id=,boot_index=0,connection_info=None,created_at=,delete_on_termination=True,deleted=,deleted_at=,destination_type='local',device_name=None,device_type='disk',disk_bus=None,guest_format=None,id=,image_id='73829cd4-23c5-423c-a3c6-70f51e6e69bb',instance=,instance_uuid=,no_device=False,snapshot_id=None,source_type='image',tag=None,updated_at=,uuid=,volume_id=None,volume_size=None,volume_type=None)] {{(pid=109670) _bdm_validate_set_size_and_instance /opt/stack/nova/nova/compute/api.py:1685}}
Aug 11 13:03:43.512255 n-d-804230-1 devstack@n-api.service[109671]: INFO nova.api.openstack.requestlog [None req-b73b8fe4-cba7-42b0-9469-311bbfbfe23c tempest-FlavorsAdminTestJSON-715471735 tempest-FlavorsAdminTestJSON-715471735-project-admin] 10.222.0.20 "DELETE /compute/v2.1/flavors/ce1eff6b-2e27-4e15-a08e-b2b13e1d0301" status: 202 len: 0 microversion: 2.1 time: 0.050142
Aug 11 13:03:43.513140 n-d-804230-1 devstack@n-api.service[109671]: [pid: 109671|app: 0|req: 29/49] 10.222.0.20 () {58 vars in 1239 bytes} [Wed Aug 11 13:03:43 2021] DELETE /compute/v2.1/flavors/ce1eff6b-2e27-4e15-a08e-b2b13e1d0301 => generated 0 bytes in 54 msecs (HTTP/1.1 202) 9 headers in 361 bytes (1 switches on core 0)
Aug 11 13:03:43.522212 n-d-804230-1 devstack@n-api.service[109671]: DEBUG nova.api.openstack.wsgi [None req-2c18d3cf-f8f6-419a-9ff3-f8641c66be12 tempest-AggregatesAdminNegativeTestJSON-829685469 tempest-AggregatesAdminNegativeTestJSON-829685469-project-admin] Action: 'create', calling method: >, body: {"aggregate": {"name": ""}} {{(pid=109671) _process_stack /opt/stack/nova/nova/api/openstack/wsgi.py:511}}
Aug 11 13:03:43.523591 n-d-804230-1 devstack@n-api.service[109671]: DEBUG nova.api.openstack.wsgi [None req-2c18d3cf-f8f6-419a-9ff3-f8641c66be12 tempest-AggregatesAdminNegativeTestJSON-829685469 tempest-AggregatesAdminNegativeTestJSON-829685469-project-admin] Returning 400 to user: Invalid input for field/attribute name. Value: . '' is too short {{(pid=109671) __call__ /opt/stack/nova/nova/api/openstack/wsgi.py:927}}
Aug 11 13:03:43.524394 n-d-804230-1 devstack@n-api.service[109671]: INFO nova.api.openstack.requestlog [None req-2c18d3cf-f8f6-419a-9ff3-f8641c66be12 tempest-AggregatesAdminNegativeTestJSON-829685469 tempest-AggregatesAdminNegativeTestJSON-829685469-project-admin] 10.222.0.20 "POST /compute/v2.1/os-aggregates" status: 400 len: 108 microversion: 2.1 time: 0.005905
Aug 11 13:03:43.524916 n-d-804230-1 devstack@n-api.service[109671]: [pid: 109671|app: 0|req: 30/50] 10.222.0.20 () {60 vars in 1164 bytes} [Wed Aug 11 13:03:43 2021] POST /compute/v2.1/os-aggregates => generated 108 bytes in 7 msecs (HTTP/1.1 400) 9 headers in 381 bytes (1 switches on core 0)
Aug 11 13:03:43.539577 n-d-804230-1 devstack@n-api.service[109671]: DEBUG nova.api.openstack.wsgi [None req-9c9812e4-1501-4c00-8fcc-4110c899529e tempest-FlavorsAccessNegativeTestJSON-2089295443 tempest-FlavorsAccessNegativeTestJSON-2089295443-project-admin] Calling method '>' {{(pid=109671) _process_stack /opt/stack/nova/nova/api/openstack/wsgi.py:513}}
Aug 11 13:03:43.573391 n-d-804230-1 devstack@n-api.service[109671]: INFO nova.api.openstack.requestlog [None req-9c9812e4-1501-4c00-8fcc-4110c899529e tempest-FlavorsAccessNegativeTestJSON-2089295443 tempest-FlavorsAccessNegativeTestJSON-2089295443-project-admin] 10.222.0.20 "DELETE /compute/v2.1/flavors/1364336605" status: 202 len: 0 microversion: 2.1 time: 0.042406
Aug 11 13:03:43.580598 n-d-804230-1 devstack@n-api.service[109671]: [pid: 109671|app: 0|req: 31/51] 10.222.0.20 () {58 vars in 1161 bytes} [Wed Aug 11 13:03:43 2021] DELETE /compute/v2.1/flavors/1364336605 => generated 0 bytes in 51 msecs (HTTP/1.1 202) 9 headers in 361 bytes (1 switches on core 0)
Aug 11 13:03:43.585440 n-d-804230-1 devstack@n-api.service[109670]: INFO nova.api.openstack.requestlog [None req-c68f4c2f-0e7c-4f31-b2f7-6dd8ac3eed48 tempest-AggregatesAdminTestJSON-1895610083 tempest-AggregatesAdminTestJSON-1895610083-project] 10.222.0.20 "POST /compute/v2.1/servers" status: 202 len: 380 microversion: 2.1 time: 1.079687
Aug 11 13:03:43.590687 n-d-804230-1 devstack@n-api.service[109670]: [pid: 109670|app: 0|req: 21/52] 10.222.0.20 () {60 vars in 1147 bytes} [Wed Aug 11 13:03:42 2021] POST /compute/v2.1/servers => generated 380 bytes in 1085 msecs (HTTP/1.1 202) 10 headers in 451 bytes (1 switches on core 0)
Aug 11 13:03:43.593317 n-d-804230-1 devstack@n-api.service[109671]: DEBUG nova.api.openstack.wsgi [None req-9cd0d086-b22f-485f-9c84-e283677a845d tempest-FlavorsAdminTestJSON-715471735 tempest-FlavorsAdminTestJSON-715471735-project-admin] Calling method '>' {{(pid=109671) _process_stack /opt/stack/nova/nova/api/openstack/wsgi.py:513}}
Aug 11 13:03:43.601211 n-d-804230-1 devstack@n-api.service[109670]: DEBUG nova.api.openstack.wsgi [None req-26b0f02f-0d9c-4ac7-b172-b541250d6e4f tempest-AggregatesAdminNegativeTestJSON-1491301056 tempest-AggregatesAdminNegativeTestJSON-1491301056-project] Action: 'create', calling method: >, body: {"aggregate": {"name": "tempest-test_aggregate-550517156"}} {{(pid=109670) _process_stack /opt/stack/nova/nova/api/openstack/wsgi.py:511}}
