Aug 11 13:04:33.315160 n-d-804229-1 neutron-server[94515]: DEBUG neutron.api.rpc.handlers.resources_rpc [None req-a3900ef8-4500-4d63-9bbd-2de066ad537c admin admin] Pushing event updated for resources: {'SecurityGroup': ['ID=7c0a6d3e-92e0-4e7c-9800-6248fcbf8de8,revision_number=1']} {{(pid=94515) push /opt/stack/neutron/neutron/api/rpc/handlers/resources_rpc.py:237}}
Aug 11 13:04:33.320729 n-d-804229-1 neutron-server[94516]: INFO neutron.wsgi [req-5fd22215-18ab-4f87-95ea-d256de3a12fa req-db4aaff5-0691-4d3a-b54c-4747f1c682e5 service neutron] 10.222.0.25 "GET /v2.0/networks/c95f03ae-71dd-4272-9f58-58b012b69512?fields=segments HTTP/1.1" status: 200 len: 212 time: 0.1104300
Aug 11 13:04:33.336538 n-d-804229-1 neutron-server[94515]: INFO neutron.wsgi [None req-a3900ef8-4500-4d63-9bbd-2de066ad537c admin admin] 10.222.0.26 "GET /v2.0/security-groups?tenant_id=02f2d43af8d743f2b7f84626654d83ba&name=default HTTP/1.1" status: 200 len: 2979 time: 0.8260667
Aug 11 13:04:33.341807 n-d-804229-1 neutron-server[94515]: DEBUG neutron.wsgi [-] (94515) accepted ('10.222.0.26', 57856) {{(pid=94515) server /usr/local/lib/python3.8/dist-packages/eventlet/wsgi.py:982}}
Aug 11 13:04:33.379256 n-d-804229-1 neutron-server[94515]: INFO neutron.wsgi [req-0507cb00-cc9f-4f86-af33-4d979112cdb1 req-3e0dc93d-a962-4ac6-bd50-319718820b6b service neutron] 10.222.0.21 "GET /v2.0/networks/c95f03ae-71dd-4272-9f58-58b012b69512?fields=segments HTTP/1.1" status: 200 len: 212 time: 0.2719216
Aug 11 13:04:33.398709 n-d-804229-1 neutron-server[94515]: DEBUG neutron_lib.callbacks.manager [None req-582962bc-aeef-4b65-a930-ee11ef2aaf44 admin admin] Notify callbacks [] for security_group, before_delete {{(pid=94515) _notify_loop /usr/local/lib/python3.8/dist-packages/neutron_lib/callbacks/manager.py:192}}
Aug 11 13:04:33.432448 n-d-804229-1 neutron-server[94516]: INFO neutron.wsgi [req-5fd22215-18ab-4f87-95ea-d256de3a12fa req-0322a833-eb75-49c0-a976-33edd88d91f7 service neutron] 10.222.0.25 "GET /v2.0/networks/c95f03ae-71dd-4272-9f58-58b012b69512?fields=provider%3Aphysical_network&fields=provider%3Anetwork_type HTTP/1.1" status: 200 len: 281 time: 0.1046875
Aug 11 13:04:33.471933 n-d-804229-1 neutron-server[94515]: DEBUG neutron_lib.callbacks.manager [None req-582962bc-aeef-4b65-a930-ee11ef2aaf44 admin admin] Notify callbacks [] for security_group, precommit_delete {{(pid=94515) _notify_loop /usr/local/lib/python3.8/dist-packages/neutron_lib/callbacks/manager.py:192}}
Aug 11 13:04:33.534674 n-d-804229-1 neutron-server[94515]: INFO neutron.wsgi [req-0507cb00-cc9f-4f86-af33-4d979112cdb1 req-26849143-b6f2-4025-a972-6b9f90cb52de service neutron] 10.222.0.21 "GET /v2.0/networks/c95f03ae-71dd-4272-9f58-58b012b69512?fields=provider%3Aphysical_network&fields=provider%3Anetwork_type HTTP/1.1" status: 200 len: 281 time: 0.1363041
Aug 11 13:04:33.560665 n-d-804229-1 neutron-server[94515]: DEBUG neutron_lib.callbacks.manager [None req-582962bc-aeef-4b65-a930-ee11ef2aaf44 admin admin] Notify callbacks ['neutron.plugins.ml2.ovo_rpc._ObjectChangeHandler.handle_event-4147381'] for security_group, after_delete {{(pid=94515) _notify_loop /usr/local/lib/python3.8/dist-packages/neutron_lib/callbacks/manager.py:192}}
Aug 11 13:04:33.563196 n-d-804229-1 neutron-server[94515]: DEBUG neutron_lib.callbacks.manager [None req-582962bc-aeef-4b65-a930-ee11ef2aaf44 admin admin] Notify callbacks [] for security_group, before_response {{(pid=94515) _notify_loop /usr/local/lib/python3.8/dist-packages/neutron_lib/callbacks/manager.py:192}}
Aug 11 13:04:33.567795 n-d-804229-1 neutron-server[94515]: INFO neutron.wsgi [None req-582962bc-aeef-4b65-a930-ee11ef2aaf44 admin admin] 10.222.0.26 "DELETE /v2.0/security-groups/7c0a6d3e-92e0-4e7c-9800-6248fcbf8de8 HTTP/1.1" status: 204 len: 168 time: 0.2221150
Aug 11 13:04:33.573532 n-d-804229-1 neutron-server[94516]: DEBUG neutron.pecan_wsgi.hooks.policy_enforcement [req-d55db1ae-946d-4465-9d0e-b83ea781baa3 req-c557de10-89fe-4515-a294-177065a13fcc service neutron] Attributes excluded by policy engine: ['standard_attr_id'] {{(pid=94516) _exclude_attributes_by_policy /opt/stack/neutron/neutron/pecan_wsgi/hooks/policy_enforcement.py:255}}
Aug 11 13:04:33.575586 n-d-804229-1 neutron-server[94516]: INFO neutron.wsgi [req-d55db1ae-946d-4465-9d0e-b83ea781baa3 req-c557de10-89fe-4515-a294-177065a13fcc service neutron] 10.222.0.25 "GET /v2.0/ports?tenant_id=d0b3f0a85a364a83862ed752b6782ee3&device_id=cff95025-aa49-4f8f-950f-5a36de85458a HTTP/1.1" status: 200 len: 1099 time: 0.0930810
Aug 11 13:04:33.576253 n-d-804229-1 neutron-server[94515]: DEBUG neutron.api.rpc.handlers.resources_rpc [None req-582962bc-aeef-4b65-a930-ee11ef2aaf44 admin admin] Pushing event deleted for resources: {'SecurityGroup': ['ID=7c0a6d3e-92e0-4e7c-9800-6248fcbf8de8,revision_number=None']} {{(pid=94515) push /opt/stack/neutron/neutron/api/rpc/handlers/resources_rpc.py:237}}
Aug 11 13:04:33.717915 n-d-804229-1 neutron-server[94516]: DEBUG neutron.pecan_wsgi.hooks.policy_enforcement [req-47abbf84-05ef-4149-8739-3f4cf81d8942 req-17a1ce52-cd14-4d38-bbd5-0e7eba65f65b tempest-ServersWithSpecificFlavorTestJSON-1917816034 tempest-ServersWithSpecificFlavorTestJSON-1917816034-project] Attributes excluded by policy engine: ['standard_attr_id', 'binding:profile', 'binding:host_id', 'binding:vif_type', 'binding:vif_details'] {{(pid=94516) _exclude_attributes_by_policy /opt/stack/neutron/neutron/pecan_wsgi/hooks/policy_enforcement.py:255}}
Aug 11 13:04:33.722691 n-d-804229-1 neutron-server[94516]: INFO neutron.wsgi [req-47abbf84-05ef-4149-8739-3f4cf81d8942 req-17a1ce52-cd14-4d38-bbd5-0e7eba65f65b tempest-ServersWithSpecificFlavorTestJSON-1917816034 tempest-ServersWithSpecificFlavorTestJSON-1917816034-project] 10.222.0.26 "GET /v2.0/ports?device_id=732bb135-aa56-4894-b81d-faec32c2d567 HTTP/1.1" status: 200 len: 944 time: 0.1126010
Aug 11 13:04:33.740339 n-d-804229-1 neutron-server[94516]: DEBUG neutron.pecan_wsgi.hooks.policy_enforcement [req-d55db1ae-946d-4465-9d0e-b83ea781baa3 req-074e29a9-a6a0-439f-97f0-a0b9377920bf service neutron] Attributes excluded by policy engine: ['standard_attr_id', 'vlan_transparent'] {{(pid=94516) _exclude_attributes_by_policy /opt/stack/neutron/neutron/pecan_wsgi/hooks/policy_enforcement.py:255}}
Aug 11 13:04:33.741932 n-d-804229-1 neutron-server[94516]: INFO neutron.wsgi [req-d55db1ae-946d-4465-9d0e-b83ea781baa3 req-074e29a9-a6a0-439f-97f0-a0b9377920bf service neutron] 10.222.0.25 "GET /v2.0/networks?id=c95f03ae-71dd-4272-9f58-58b012b69512 HTTP/1.1" status: 200 len: 870 time: 0.1570475
Aug 11 13:04:33.784843 n-d-804229-1 neutron-server[94515]: DEBUG neutron.pecan_wsgi.hooks.policy_enforcement [req-d44f5213-1004-4ce9-9a09-b75cc9c6eccd req-b3a9d4d8-f191-43de-a1bf-cbfac2c9243d tempest-MigrationsAdminTest-932896603 tempest-MigrationsAdminTest-932896603-project] Attributes excluded by policy engine: ['standard_attr_id', 'binding:profile', 'binding:host_id', 'binding:vif_type', 'binding:vif_details'] {{(pid=94515) _exclude_attributes_by_policy /opt/stack/neutron/neutron/pecan_wsgi/hooks/policy_enforcement.py:255}}
Aug 11 13:04:33.793840 n-d-804229-1 neutron-server[94515]: INFO neutron.wsgi [req-d44f5213-1004-4ce9-9a09-b75cc9c6eccd req-b3a9d4d8-f191-43de-a1bf-cbfac2c9243d tempest-MigrationsAdminTest-932896603 tempest-MigrationsAdminTest-932896603-project] 10.222.0.26 "GET /v2.0/ports?device_id=18e172a9-1482-42fd-a11f-b4240953065f HTTP/1.1" status: 200 len: 948 time: 0.0658922
Aug 11 13:04:33.799072 n-d-804229-1 neutron-server[94516]: INFO neutron.wsgi [req-d55db1ae-946d-4465-9d0e-b83ea781baa3 req-9ad26a44-03db-4937-a092-5a07337632d6 service neutron] 10.222.0.25 "GET /v2.0/floatingips?fixed_ip_address=192.168.233.213&port_id=e6bfe5bb-53df-4c78-85c5-93a3d986ff2f HTTP/1.1" status: 200 len: 217 time: 0.0477781
Aug 11 13:04:33.807197 n-d-804229-1 neutron-server[94516]: INFO neutron.wsgi [req-47abbf84-05ef-4149-8739-3f4cf81d8942 req-354e3428-c393-413c-a871-c2eb1dac16bf tempest-ServersWithSpecificFlavorTestJSON-1917816034 tempest-ServersWithSpecificFlavorTestJSON-1917816034-project] 10.222.0.26 "GET /v2.0/security-groups?id=201df81b-cbb4-4154-9944-0e200eee3c6a&fields=id&fields=name HTTP/1.1" status: 200 len: 313 time: 0.0759680
Aug 11 13:04:33.815953 n-d-804229-1 neutron-server[94515]: DEBUG neutron.wsgi [-] (94515) accepted ('10.222.0.26', 57874) {{(pid=94515) server /usr/local/lib/python3.8/dist-packages/eventlet/wsgi.py:982}}
Aug 11 13:04:33.841616 n-d-804229-1 neutron-server[94515]: DEBUG neutron_lib.callbacks.manager [None req-743eb316-9a4d-4013-af73-ce1bd3637ebc admin admin] Notify callbacks [] for security_group, before_create {{(pid=94515) _notify_loop /usr/local/lib/python3.8/dist-packages/neutron_lib/callbacks/manager.py:192}}
Aug 11 13:04:33.858189 n-d-804229-1 neutron-server[94516]: DEBUG neutron.pecan_wsgi.hooks.policy_enforcement [req-d55db1ae-946d-4465-9d0e-b83ea781baa3 req-49e52611-6b2a-4486-a5e6-b3f7b2d17438 service neutron] Attributes excluded by policy engine: ['standard_attr_id', 'shared'] {{(pid=94516) _exclude_attributes_by_policy /opt/stack/neutron/neutron/pecan_wsgi/hooks/policy_enforcement.py:255}}
Aug 11 13:04:33.859821 n-d-804229-1 neutron-server[94516]: INFO neutron.wsgi [req-d55db1ae-946d-4465-9d0e-b83ea781baa3 req-49e52611-6b2a-4486-a5e6-b3f7b2d17438 service neutron] 10.222.0.25 "GET /v2.0/subnets?id=26723a4f-1dab-42e4-9b03-6b1660c6e8db HTTP/1.1" status: 200 len: 843 time: 0.0515559
Aug 11 13:04:33.861451 n-d-804229-1 neutron-server[94515]: INFO neutron.wsgi [req-d44f5213-1004-4ce9-9a09-b75cc9c6eccd req-583d1845-09cc-45e6-9ec1-cfb225870f08 tempest-MigrationsAdminTest-932896603 tempest-MigrationsAdminTest-932896603-project] 10.222.0.26 "GET /v2.0/security-groups?id=fe416b2d-2be8-4c70-ae65-5b23a58f19ea&fields=id&fields=name HTTP/1.1" status: 200 len: 286 time: 0.0661035
Aug 11 13:04:33.924540 n-d-804229-1 neutron-server[94516]: DEBUG neutron.pecan_wsgi.hooks.policy_enforcement [req-d55db1ae-946d-4465-9d0e-b83ea781baa3 req-4eb827cd-02e5-41ad-ad4c-cc922fd6ea30 service neutron] Attributes excluded by policy engine: ['standard_attr_id'] {{(pid=94516) _exclude_attributes_by_policy /opt/stack/neutron/neutron/pecan_wsgi/hooks/policy_enforcement.py:255}}
Aug 11 13:04:33.926390 n-d-804229-1 neutron-server[94516]: INFO neutron.wsgi [req-d55db1ae-946d-4465-9d0e-b83ea781baa3 req-4eb827cd-02e5-41ad-ad4c-cc922fd6ea30 service neutron] 10.222.0.25 "GET /v2.0/ports?network_id=c95f03ae-71dd-4272-9f58-58b012b69512&device_owner=network%3Adhcp HTTP/1.1" status: 200 len: 1166 time: 0.0591972
Aug 11 13:04:33.973696 n-d-804229-1 neutron-server[94515]: DEBUG neutron_lib.callbacks.manager [None req-743eb316-9a4d-4013-af73-ce1bd3637ebc admin admin] Notify callbacks [] for security_group, precommit_create {{(pid=94515) _notify_loop /usr/local/lib/python3.8/dist-packages/neutron_lib/callbacks/manager.py:192}}
Aug 11 13:04:33.979329 n-d-804229-1 neutron-server[94515]: DEBUG neutron_lib.callbacks.manager [None req-743eb316-9a4d-4013-af73-ce1bd3637ebc admin admin] Notify callbacks ['neutron.plugins.ml2.ovo_rpc._ObjectChangeHandler.handle_event-4147381'] for security_group, after_create {{(pid=94515) _notify_loop /usr/local/lib/python3.8/dist-packages/neutron_lib/callbacks/manager.py:192}}
Aug 11 13:04:34.022183 n-d-804229-1 neutron-server[94515]: INFO neutron.wsgi [None req-743eb316-9a4d-4013-af73-ce1bd3637ebc admin admin] 10.222.0.26 "GET /v2.0/security-groups?tenant_id=9b8a6faad1024166b6d02737f668d97f&name=default HTTP/1.1" status: 200 len: 2979 time: 0.2050450
Aug 11 13:04:34.025195 n-d-804229-1 neutron-server[94516]: DEBUG neutron.wsgi [-] (94516) accepted ('10.222.0.26', 57880) {{(pid=94516) server /usr/local/lib/python3.8/dist-packages/eventlet/wsgi.py:982}}
Aug 11 13:04:34.039357 n-d-804229-1 neutron-server[94515]: DEBUG neutron.api.rpc.handlers.resources_rpc [None req-743eb316-9a4d-4013-af73-ce1bd3637ebc admin admin] Pushing event updated for resources: {'SecurityGroup': ['ID=e84601ec-3a9c-419c-8952-3071c7f127a3,revision_number=1']} {{(pid=94515) push /opt/stack/neutron/neutron/api/rpc/handlers/resources_rpc.py:237}}
Aug 11 13:04:34.195992 n-d-804229-1 neutron-server[94515]: DEBUG neutron.wsgi [-] (94515) accepted ('10.222.0.26', 57890) {{(pid=94515) server /usr/local/lib/python3.8/dist-packages/eventlet/wsgi.py:982}}
Aug 11 13:04:34.202046 n-d-804229-1 neutron-server[94515]: DEBUG neutron.api.v2.base [None req-e7d6863e-a069-4277-8870-8b3542b37d7c admin admin] Request body: {'network': {'name': 'tempest-VolumesAdminNegativeTest-1355825108-network', 'tenant_id': '8cef38348a734a769b42c33c5b5e89a7'}} {{(pid=94515) prepare_request_body /opt/stack/neutron/neutron/api/v2/base.py:729}}
Aug 11 13:04:34.231049 n-d-804229-1 neutron-server[94515]: DEBUG neutron.pecan_wsgi.hooks.quota_enforcement [None req-e7d6863e-a069-4277-8870-8b3542b37d7c admin admin] Made reservation on behalf of 8cef38348a734a769b42c33c5b5e89a7 for: {'network': 1} {{(pid=94515) before /opt/stack/neutron/neutron/pecan_wsgi/hooks/quota_enforcement.py:53}}
Aug 11 13:04:34.234178 n-d-804229-1 neutron-server[94515]: DEBUG neutron_lib.callbacks.manager [None req-e7d6863e-a069-4277-8870-8b3542b37d7c admin admin] Notify callbacks ['neutron.plugins.ml2.plugin.SecurityGroupDbMixin._ensure_default_security_group_handler-981281'] for network, before_create {{(pid=94515) _notify_loop /usr/local/lib/python3.8/dist-packages/neutron_lib/callbacks/manager.py:192}}
Aug 11 13:04:34.246713 n-d-804229-1 neutron-server[94515]: DEBUG neutron_lib.callbacks.manager [None req-e7d6863e-a069-4277-8870-8b3542b37d7c admin admin] Notify callbacks [] for security_group, before_create {{(pid=94515) _notify_loop /usr/local/lib/python3.8/dist-packages/neutron_lib/callbacks/manager.py:192}}
Aug 11 13:04:34.288335 n-d-804229-1 neutron-server[94516]: INFO neutron.wsgi [req-d55db1ae-946d-4465-9d0e-b83ea781baa3 req-e7c90924-3486-44d5-bc88-d364e86853be service neutron] 10.222.0.25 "GET /v2.0/networks/c95f03ae-71dd-4272-9f58-58b012b69512?fields=segments HTTP/1.1" status: 200 len: 212 time: 0.3546557
Aug 11 13:04:34.362284 n-d-804229-1 neutron-server[94516]: DEBUG neutron.pecan_wsgi.hooks.policy_enforcement [req-e2b59be1-7790-4747-95df-0a8c1ba07155 req-d176f5aa-2e5c-48f1-9cca-cacc5d606d56 tempest-ServersAdminTestJSON-1235685287 tempest-ServersAdminTestJSON-1235685287-project] Attributes excluded by policy engine: ['standard_attr_id', 'binding:profile', 'binding:host_id', 'binding:vif_type', 'binding:vif_details'] {{(pid=94516) _exclude_attributes_by_policy /opt/stack/neutron/neutron/pecan_wsgi/hooks/policy_enforcement.py:255}}
Aug 11 13:04:34.364429 n-d-804229-1 neutron-server[94516]: INFO neutron.wsgi [req-e2b59be1-7790-4747-95df-0a8c1ba07155 req-d176f5aa-2e5c-48f1-9cca-cacc5d606d56 tempest-ServersAdminTestJSON-1235685287 tempest-ServersAdminTestJSON-1235685287-project] 10.222.0.26 "GET /v2.0/ports?device_id=cff95025-aa49-4f8f-950f-5a36de85458a HTTP/1.1" status: 200 len: 948 time: 0.1356771
Aug 11 13:04:34.389343 n-d-804229-1 neutron-server[94515]: DEBUG neutron_lib.callbacks.manager [None req-e7d6863e-a069-4277-8870-8b3542b37d7c admin admin] Notify callbacks [] for security_group, precommit_create {{(pid=94515) _notify_loop /usr/local/lib/python3.8/dist-packages/neutron_lib/callbacks/manager.py:192}}
Aug 11 13:04:34.391650 n-d-804229-1 neutron-server[94516]: DEBUG neutron_lib.callbacks.manager [None req-37bd4be3-70ca-4294-b84e-6034980dfe4b admin admin] Notify callbacks [] for security_group, before_delete {{(pid=94516) _notify_loop /usr/local/lib/python3.8/dist-packages/neutron_lib/callbacks/manager.py:192}}
Aug 11 13:04:34.395968 n-d-804229-1 neutron-server[94515]: DEBUG neutron_lib.callbacks.manager [None req-e7d6863e-a069-4277-8870-8b3542b37d7c admin admin] Notify callbacks ['neutron.plugins.ml2.ovo_rpc._ObjectChangeHandler.handle_event-4147381'] for security_group, after_create {{(pid=94515) _notify_loop /usr/local/lib/python3.8/dist-packages/neutron_lib/callbacks/manager.py:192}}
Aug 11 13:04:34.404017 n-d-804229-1 neutron-server[94517]: DEBUG neutron.plugins.ml2.rpc [None req-30cb0abc-a2aa-41e4-8c50-8d327d3f0876 None None] Device 75b51613-4dc7-4657-87ef-f56b79d63d9c up at agent hyperv_n-h2-804229-1 {{(pid=94517) update_device_up /opt/stack/neutron/neutron/plugins/ml2/rpc.py:296}}
Aug 11 13:04:34.436256 n-d-804229-1 neutron-server[94515]: DEBUG neutron.plugins.ml2.drivers.helpers [None req-e7d6863e-a069-4277-8870-8b3542b37d7c admin admin] vlan segment allocate from pool success with {'vlan_id': 137, 'physical_network': 'physnet1'} {{(pid=94515) allocate_partially_specified_segment /opt/stack/neutron/neutron/plugins/ml2/drivers/helpers.py:153}}
Aug 11 13:04:34.454577 n-d-804229-1 neutron-server[94516]: DEBUG neutron_lib.callbacks.manager [None req-37bd4be3-70ca-4294-b84e-6034980dfe4b admin admin] Notify callbacks [] for security_group, precommit_delete {{(pid=94516) _notify_loop /usr/local/lib/python3.8/dist-packages/neutron_lib/callbacks/manager.py:192}}
Aug 11 13:04:34.461050 n-d-804229-1 neutron-server[94515]: DEBUG neutron_lib.callbacks.manager [None req-e7d6863e-a069-4277-8870-8b3542b37d7c admin admin] Notify callbacks ['neutron.plugins.ml2.plugin.Ml2Plugin._handle_segment_change-881459'] for segment, precommit_create {{(pid=94515) _notify_loop /usr/local/lib/python3.8/dist-packages/neutron_lib/callbacks/manager.py:192}}
Aug 11 13:04:34.461800 n-d-804229-1 neutron-server[94515]: INFO neutron.db.segments_db [None req-e7d6863e-a069-4277-8870-8b3542b37d7c admin admin] Added segment 3e73a787-aa58-498b-b148-3d079a30e826 of type vlan for network 66353e68-069f-4739-9ed0-4e8dfe9fd0bb
Aug 11 13:04:34.467005 n-d-804229-1 neutron-server[94516]: INFO neutron.wsgi [req-e2b59be1-7790-4747-95df-0a8c1ba07155 req-0961c834-5fc2-48d3-9b40-3a2e0b8c9194 tempest-ServersAdminTestJSON-1235685287 tempest-ServersAdminTestJSON-1235685287-project] 10.222.0.26 "GET /v2.0/security-groups?id=59f7ce88-e29c-4c5d-bfb9-408e4abcac3b&fields=id&fields=name HTTP/1.1" status: 200 len: 286 time: 0.0903165
Aug 11 13:04:34.479205 n-d-804229-1 neutron-server[94516]: INFO neutron.wsgi [req-d55db1ae-946d-4465-9d0e-b83ea781baa3 req-a04469cb-8876-4b58-8b4f-bcd82e22d59a service neutron] 10.222.0.25 "GET /v2.0/networks/c95f03ae-71dd-4272-9f58-58b012b69512?fields=provider%3Aphysical_network&fields=provider%3Anetwork_type HTTP/1.1" status: 200 len: 281 time: 0.1787713
Aug 11 13:04:34.524719 n-d-804229-1 neutron-server[94517]: DEBUG neutron.db.provisioning_blocks [None req-30cb0abc-a2aa-41e4-8c50-8d327d3f0876 None None] Provisioning for port 75b51613-4dc7-4657-87ef-f56b79d63d9c completed by entity L2. {{(pid=94517) provisioning_complete /opt/stack/neutron/neutron/db/provisioning_blocks.py:133}}
Aug 11 13:04:34.537409 n-d-804229-1 neutron-server[94517]: DEBUG neutron.db.provisioning_blocks [None req-30cb0abc-a2aa-41e4-8c50-8d327d3f0876 None None] Provisioning complete for port 75b51613-4dc7-4657-87ef-f56b79d63d9c triggered by entity L2. {{(pid=94517) provisioning_complete /opt/stack/neutron/neutron/db/provisioning_blocks.py:139}}
Aug 11 13:04:34.537791 n-d-804229-1 neutron-server[94517]: DEBUG neutron_lib.callbacks.manager [None req-30cb0abc-a2aa-41e4-8c50-8d327d3f0876 None None] Notify callbacks ['neutron.plugins.ml2.plugin.Ml2Plugin._port_provisioned-902505'] for port, provisioning_complete {{(pid=94517) _notify_loop /usr/local/lib/python3.8/dist-packages/neutron_lib/callbacks/manager.py:192}}
Aug 11 13:04:34.542750 n-d-804229-1 neutron-server[94516]: DEBUG neutron_lib.callbacks.manager [None req-37bd4be3-70ca-4294-b84e-6034980dfe4b admin admin] Notify callbacks ['neutron.plugins.ml2.ovo_rpc._ObjectChangeHandler.handle_event-4147381'] for security_group, after_delete {{(pid=94516) _notify_loop /usr/local/lib/python3.8/dist-packages/neutron_lib/callbacks/manager.py:192}}
Aug 11 13:04:34.546615 n-d-804229-1 neutron-server[94516]: DEBUG neutron_lib.callbacks.manager [None req-37bd4be3-70ca-4294-b84e-6034980dfe4b admin admin] Notify callbacks [] for security_group, before_response {{(pid=94516) _notify_loop /usr/local/lib/python3.8/dist-packages/neutron_lib/callbacks/manager.py:192}}
Aug 11 13:04:34.549374 n-d-804229-1 neutron-server[94516]: INFO neutron.wsgi [None req-37bd4be3-70ca-4294-b84e-6034980dfe4b admin admin] 10.222.0.26 "DELETE /v2.0/security-groups/e84601ec-3a9c-419c-8952-3071c7f127a3 HTTP/1.1" status: 204 len: 168 time: 0.5230465
Aug 11 13:04:34.553938 n-d-804229-1 neutron-server[94515]: DEBUG neutron.api.rpc.handlers.resources_rpc [None req-e7d6863e-a069-4277-8870-8b3542b37d7c admin admin] Pushing event updated for resources: {'SecurityGroup': ['ID=ceea5f86-9a95-4dc5-850e-99e598b44253,revision_number=1']} {{(pid=94515) push /opt/stack/neutron/neutron/api/rpc/handlers/resources_rpc.py:237}}
Aug 11 13:04:34.561787 n-d-804229-1 neutron-server[94515]: DEBUG neutron_lib.callbacks.manager [None req-e7d6863e-a069-4277-8870-8b3542b37d7c admin admin] Notify callbacks ['neutron.services.auto_allocate.db._ensure_external_network_default_value_callback-8782274594901'] for network, precommit_create {{(pid=94515) _notify_loop /usr/local/lib/python3.8/dist-packages/neutron_lib/callbacks/manager.py:192}}
Aug 11 13:04:34.580513 n-d-804229-1 neutron-server[94516]: DEBUG neutron.api.rpc.handlers.resources_rpc [None req-37bd4be3-70ca-4294-b84e-6034980dfe4b admin admin] Pushing event deleted for resources: {'SecurityGroup': ['ID=e84601ec-3a9c-419c-8952-3071c7f127a3,revision_number=None']} {{(pid=94516) push /opt/stack/neutron/neutron/api/rpc/handlers/resources_rpc.py:237}}
Aug 11 13:04:34.599480 n-d-804229-1 neutron-server[94515]: DEBUG neutron_lib.callbacks.manager [None req-e7d6863e-a069-4277-8870-8b3542b37d7c admin admin] Notify callbacks ['neutron.plugins.ml2.ovo_rpc._ObjectChangeHandler.handle_event-4147428', 'neutron.api.rpc.agentnotifiers.dhcp_rpc_agent_api.DhcpAgentNotifyAPI._native_event_send_dhcp_notification-4168710'] for network, after_create {{(pid=94515) _notify_loop /usr/local/lib/python3.8/dist-packages/neutron_lib/callbacks/manager.py:192}}
Aug 11 13:04:34.600793 n-d-804229-1 neutron-server[94515]: DEBUG neutron.pecan_wsgi.hooks.policy_enforcement [None req-e7d6863e-a069-4277-8870-8b3542b37d7c admin admin] Attributes excluded by policy engine: ['standard_attr_id', 'vlan_transparent'] {{(pid=94515) _exclude_attributes_by_policy /opt/stack/neutron/neutron/pecan_wsgi/hooks/policy_enforcement.py:255}}
Aug 11 13:04:34.601922 n-d-804229-1 neutron-server[94515]: DEBUG neutron_lib.callbacks.manager [None req-e7d6863e-a069-4277-8870-8b3542b37d7c admin admin] Notify callbacks ['neutron.api.rpc.agentnotifiers.dhcp_rpc_agent_api.DhcpAgentNotifyAPI._send_dhcp_notification-4168728'] for network, before_response {{(pid=94515) _notify_loop /usr/local/lib/python3.8/dist-packages/neutron_lib/callbacks/manager.py:192}}
Aug 11 13:04:34.662282 n-d-804229-1 neutron-server[94517]: DEBUG neutron_lib.callbacks.manager [None req-30cb0abc-a2aa-41e4-8c50-8d327d3f0876 None None] Notify callbacks ['neutron.plugins.ml2.plugin.SecurityGroupDbMixin._ensure_default_security_group_handler-981281'] for port, before_update {{(pid=94517) _notify_loop /usr/local/lib/python3.8/dist-packages/neutron_lib/callbacks/manager.py:192}}
Aug 11 13:04:34.668337 n-d-804229-1 neutron-server[94515]: INFO neutron.wsgi [None req-e7d6863e-a069-4277-8870-8b3542b37d7c admin admin] 10.222.0.26 "POST /v2.0/networks HTTP/1.1" status: 201 len: 888 time: 0.4709604
Aug 11 13:04:34.671468 n-d-804229-1 neutron-server[94516]: DEBUG neutron.wsgi [-] (94516) accepted ('10.222.0.26', 57908) {{(pid=94516) server /usr/local/lib/python3.8/dist-packages/eventlet/wsgi.py:982}}
Aug 11 13:04:34.675721 n-d-804229-1 neutron-server[94515]: DEBUG neutron.api.rpc.handlers.resources_rpc [None req-e7d6863e-a069-4277-8870-8b3542b37d7c admin admin] Pushing event updated for resources: {'Network': ['ID=66353e68-069f-4739-9ed0-4e8dfe9fd0bb,revision_number=1']} {{(pid=94515) push /opt/stack/neutron/neutron/api/rpc/handlers/resources_rpc.py:237}}
Aug 11 13:04:34.678611 n-d-804229-1 neutron-server[94516]: DEBUG neutron.api.v2.base [None req-579e1344-7377-4c63-9461-3b50d8ae7474 admin admin] Request body: {'subnet': {'network_id': '66353e68-069f-4739-9ed0-4e8dfe9fd0bb', 'cidr': '172.20.0.0/28', 'name': 'tempest-VolumesAdminNegativeTest-1355825108-subnet', 'tenant_id': '8cef38348a734a769b42c33c5b5e89a7', 'enable_dhcp': False, 'ip_version': 4}} {{(pid=94516) prepare_request_body /opt/stack/neutron/neutron/api/v2/base.py:729}}
Aug 11 13:04:34.689288 n-d-804229-1 neutron-server[94517]: DEBUG neutron.notifiers.nova [-] Sending events: [{'server_uuid': '732bb135-aa56-4894-b81d-faec32c2d567', 'name': 'network-vif-plugged', 'status': 'completed', 'tag': '75b51613-4dc7-4657-87ef-f56b79d63d9c'}] {{(pid=94517) send_events /opt/stack/neutron/neutron/notifiers/nova.py:262}}
Aug 11 13:04:34.695503 n-d-804229-1 neutron-server[94517]: DEBUG novaclient.v2.client [-] REQ: curl -g -i --cacert "/opt/stack/data/ca-bundle.pem" -X POST http://10.222.0.26/compute/v2.1/os-server-external-events -H "Accept: application/json" -H "Content-Type: application/json" -H "User-Agent: python-novaclient" -H "X-Auth-Token: {SHA256}1b12c3ed8989b7f69f5166e9ea3a40a95887d358c98cb17af0d0ac8734a1a63d" -H "X-OpenStack-Nova-API-Version: 2.1" -H "X-OpenStack-Request-ID: req-0182455f-b8d0-417d-bad8-225617ff3915" -d '{"events": [{"server_uuid": "732bb135-aa56-4894-b81d-faec32c2d567", "name": "network-vif-plugged", "status": "completed", "tag": "75b51613-4dc7-4657-87ef-f56b79d63d9c"}]}' {{(pid=94517) _http_log_request /usr/local/lib/python3.8/dist-packages/keystoneauth1/session.py:519}}
Aug 11 13:04:34.702508 n-d-804229-1 neutron-server[94517]: DEBUG neutron.plugins.ml2.rpc [None req-3c6dc9b7-af91-471f-a84f-dbae41b0162a None None] Network 66353e68-069f-4739-9ed0-4e8dfe9fd0bb details requested by agent ovs-agent-n-d-804229-1 with host n-d-804229-1 {{(pid=94517) get_network_details /opt/stack/neutron/neutron/plugins/ml2/rpc.py:248}}
Aug 11 13:04:34.718185 n-d-804229-1 neutron-server[94516]: DEBUG neutron.pecan_wsgi.hooks.quota_enforcement [None req-579e1344-7377-4c63-9461-3b50d8ae7474 admin admin] Made reservation on behalf of 8cef38348a734a769b42c33c5b5e89a7 for: {'subnet': 1} {{(pid=94516) before /opt/stack/neutron/neutron/pecan_wsgi/hooks/quota_enforcement.py:53}}
Aug 11 13:04:34.721322 n-d-804229-1 neutron-server[94516]: DEBUG neutron_lib.callbacks.manager [None req-579e1344-7377-4c63-9461-3b50d8ae7474 admin admin] Notify callbacks [] for subnet, before_create {{(pid=94516) _notify_loop /usr/local/lib/python3.8/dist-packages/neutron_lib/callbacks/manager.py:192}}
Aug 11 13:04:34.727442 n-d-804229-1 neutron-server[94517]: DEBUG neutron.plugins.ml2.db [None req-30cb0abc-a2aa-41e4-8c50-8d327d3f0876 None None] For port 75b51613-4dc7-4657-87ef-f56b79d63d9c, host n-h2-804229-1, got binding levels [PortBindingLevel(driver='hyperv',host='n-h2-804229-1',level=0,port_id=75b51613-4dc7-4657-87ef-f56b79d63d9c,segment=NetworkSegment(13a63190-33a7-4734-87d8-25e0635bb2f6),segment_id=13a63190-33a7-4734-87d8-25e0635bb2f6)] {{(pid=94517) get_binding_level_objs /opt/stack/neutron/neutron/plugins/ml2/db.py:74}}
Aug 11 13:04:34.757342 n-d-804229-1 neutron-server[94517]: DEBUG neutron_lib.callbacks.manager [None req-30cb0abc-a2aa-41e4-8c50-8d327d3f0876 None None] Notify callbacks ['neutron.plugins.ml2.plugin.SecurityGroupServerNotifierRpcMixin._notify_sg_on_port_change-981647', 'neutron.plugins.ml2.ovo_rpc._ObjectChangeHandler.handle_event-188889', 'neutron.api.rpc.agentnotifiers.dhcp_rpc_agent_api.DhcpAgentNotifyAPI._native_event_send_dhcp_notification-4168710', 'neutron.db.l3_db.L3RpcNotifierMixin._notify_gateway_port_ip_changed-8782275163293', 'neutron.db.l3_dvrscheduler_db._notify_l3_agent_port_update-8782274609686', 'neutron.db.l3_hascheduler_db._notify_l3_agent_ha_port_update-8782274609704'] for port, after_update {{(pid=94517) _notify_loop /usr/local/lib/python3.8/dist-packages/neutron_lib/callbacks/manager.py:192}}
Aug 11 13:04:34.774676 n-d-804229-1 neutron-server[94517]: DEBUG novaclient.v2.client [-] RESP: [200] Connection: close Content-Length: 183 Content-Type: application/json Date: Wed, 11 Aug 2021 13:04:34 GMT OpenStack-API-Version: compute 2.1 Server: Apache/2.4.41 (Ubuntu) Vary: OpenStack-API-Version,X-OpenStack-Nova-API-Version X-OpenStack-Nova-API-Version: 2.1 x-compute-request-id: req-7bc75a26-407e-4daf-b0cd-9cb8f2d0763e x-openstack-request-id: req-7bc75a26-407e-4daf-b0cd-9cb8f2d0763e {{(pid=94517) _http_log_response /usr/local/lib/python3.8/dist-packages/keystoneauth1/session.py:550}}
Aug 11 13:04:34.775306 n-d-804229-1 neutron-server[94517]: DEBUG novaclient.v2.client [-] RESP BODY: {"events": [{"server_uuid": "732bb135-aa56-4894-b81d-faec32c2d567", "name": "network-vif-plugged", "status": "completed", "tag": "75b51613-4dc7-4657-87ef-f56b79d63d9c", "code": 200}]} {{(pid=94517) _http_log_response /usr/local/lib/python3.8/dist-packages/keystoneauth1/session.py:582}}
Aug 11 13:04:34.775564 n-d-804229-1 neutron-server[94517]: DEBUG novaclient.v2.client [-] POST call to compute for http://10.222.0.26/compute/v2.1/os-server-external-events used request id req-7bc75a26-407e-4daf-b0cd-9cb8f2d0763e {{(pid=94517) request /usr/local/lib/python3.8/dist-packages/keystoneauth1/session.py:954}}
Aug 11 13:04:34.775955 n-d-804229-1 neutron-server[94517]: INFO neutron.notifiers.nova [-] Nova event response: {'server_uuid': '732bb135-aa56-4894-b81d-faec32c2d567', 'name': 'network-vif-plugged', 'status': 'completed', 'tag': '75b51613-4dc7-4657-87ef-f56b79d63d9c', 'code': 200}
Aug 11 13:04:34.842306 n-d-804229-1 neutron-server[94517]: DEBUG neutron.api.rpc.handlers.resources_rpc [None req-30cb0abc-a2aa-41e4-8c50-8d327d3f0876 None None] Pushing event updated for resources: {'Port': ['ID=75b51613-4dc7-4657-87ef-f56b79d63d9c,revision_number=5']} {{(pid=94517) push /opt/stack/neutron/neutron/api/rpc/handlers/resources_rpc.py:237}}
Aug 11 13:04:34.924028 n-d-804229-1 neutron-server[94515]: DEBUG neutron.pecan_wsgi.hooks.policy_enforcement [req-abd2ce53-7bd9-4c6f-a37f-2d0e9575be13 req-e226d2ef-c531-49ab-b405-ca366379f9bf service neutron] Attributes excluded by policy engine: ['standard_attr_id'] {{(pid=94515) _exclude_attributes_by_policy /opt/stack/neutron/neutron/pecan_wsgi/hooks/policy_enforcement.py:255}}
Aug 11 13:04:34.925473 n-d-804229-1 neutron-server[94515]: INFO neutron.wsgi [req-abd2ce53-7bd9-4c6f-a37f-2d0e9575be13 req-e226d2ef-c531-49ab-b405-ca366379f9bf service neutron] 10.222.0.21 "GET /v2.0/ports?device_id=732bb135-aa56-4894-b81d-faec32c2d567 HTTP/1.1" status: 200 len: 1096 time: 0.0949192
Aug 11 13:04:35.022276 n-d-804229-1 neutron-server[94515]: INFO neutron.wsgi [req-abd2ce53-7bd9-4c6f-a37f-2d0e9575be13 req-b313b580-27ac-4261-a311-1291d42a6a95 service neutron] 10.222.0.21 "GET /v2.0/security-groups?id=201df81b-cbb4-4154-9944-0e200eee3c6a&fields=id&fields=name HTTP/1.1" status: 200 len: 313 time: 0.0902116
Aug 11 13:04:35.029189 n-d-804229-1 neutron-server[94516]: DEBUG neutron.pecan_wsgi.hooks.policy_enforcement [req-060b91f9-89d2-4d1c-8d0c-59cb527f4f46 req-b5dbe75c-3aa5-4e8e-a362-16a743c325e8 tempest-ServersWithSpecificFlavorTestJSON-1917816034 tempest-ServersWithSpecificFlavorTestJSON-1917816034-project] Attributes excluded by policy engine: ['standard_attr_id', 'binding:profile', 'binding:host_id', 'binding:vif_type', 'binding:vif_details'] {{(pid=94516) _exclude_attributes_by_policy /opt/stack/neutron/neutron/pecan_wsgi/hooks/policy_enforcement.py:255}}
Aug 11 13:04:35.031394 n-d-804229-1 neutron-server[94516]: INFO neutron.wsgi [req-060b91f9-89d2-4d1c-8d0c-59cb527f4f46 req-b5dbe75c-3aa5-4e8e-a362-16a743c325e8 tempest-ServersWithSpecificFlavorTestJSON-1917816034 tempest-ServersWithSpecificFlavorTestJSON-1917816034-project] 10.222.0.26 "GET /v2.0/ports?device_id=732bb135-aa56-4894-b81d-faec32c2d567 HTTP/1.1" status: 200 len: 945 time: 0.1170239
Aug 11 13:04:35.060060 n-d-804229-1 neutron-server[94515]: DEBUG neutron.pecan_wsgi.hooks.policy_enforcement [req-51570628-1392-4a5d-822c-71e560d21d00 req-3747f54b-e614-4f73-950c-af315e47e10d tempest-MigrationsAdminTest-932896603 tempest-MigrationsAdminTest-932896603-project] Attributes excluded by policy engine: ['standard_attr_id', 'binding:profile', 'binding:host_id', 'binding:vif_type', 'binding:vif_details'] {{(pid=94515) _exclude_attributes_by_policy /opt/stack/neutron/neutron/pecan_wsgi/hooks/policy_enforcement.py:255}}
Aug 11 13:04:35.062072 n-d-804229-1 neutron-server[94515]: INFO neutron.wsgi [req-51570628-1392-4a5d-822c-71e560d21d00 req-3747f54b-e614-4f73-950c-af315e47e10d tempest-MigrationsAdminTest-932896603 tempest-MigrationsAdminTest-932896603-project] 10.222.0.26 "GET /v2.0/ports?device_id=18e172a9-1482-42fd-a11f-b4240953065f HTTP/1.1" status: 200 len: 948 time: 0.0962250
Aug 11 13:04:35.066292 n-d-804229-1 neutron-server[94516]: DEBUG neutron_lib.callbacks.manager [None req-579e1344-7377-4c63-9461-3b50d8ae7474 admin admin] Notify callbacks ['neutron.plugins.ml2.ovo_rpc._ObjectChangeHandler.handle_event-4147009', 'neutron.api.rpc.agentnotifiers.dhcp_rpc_agent_api.DhcpAgentNotifyAPI._native_event_send_dhcp_notification-4168710'] for subnet, after_create {{(pid=94516) _notify_loop /usr/local/lib/python3.8/dist-packages/neutron_lib/callbacks/manager.py:192}}
Aug 11 13:04:35.118757 n-d-804229-1 neutron-server[94515]: INFO neutron.wsgi [req-51570628-1392-4a5d-822c-71e560d21d00 req-83d90b4c-c1a9-4d9c-ae77-6727d304f591 tempest-MigrationsAdminTest-932896603 tempest-MigrationsAdminTest-932896603-project] 10.222.0.26 "GET /v2.0/security-groups?id=fe416b2d-2be8-4c70-ae65-5b23a58f19ea&fields=id&fields=name HTTP/1.1" status: 200 len: 286 time: 0.0496943
Aug 11 13:04:35.151458 n-d-804229-1 neutron-server[94516]: INFO neutron.wsgi [req-060b91f9-89d2-4d1c-8d0c-59cb527f4f46 req-f9525557-aa8c-48fa-88ff-e1fe886d7c7b tempest-ServersWithSpecificFlavorTestJSON-1917816034 tempest-ServersWithSpecificFlavorTestJSON-1917816034-project] 10.222.0.26 "GET /v2.0/security-groups?id=201df81b-cbb4-4154-9944-0e200eee3c6a&fields=id&fields=name HTTP/1.1" status: 200 len: 313 time: 0.1085210
Aug 11 13:04:35.171181 n-d-804229-1 neutron-server[94516]: DEBUG neutron.api.rpc.handlers.resources_rpc [None req-579e1344-7377-4c63-9461-3b50d8ae7474 admin admin] Pushing event updated for resources: {'Subnet': ['ID=717d58bf-c17b-42fe-a836-e37fae1cde29,revision_number=0']} {{(pid=94516) push /opt/stack/neutron/neutron/api/rpc/handlers/resources_rpc.py:237}}
Aug 11 13:04:35.173505 n-d-804229-1 neutron-server[94516]: DEBUG neutron.plugins.ml2.drivers.mech_agent [None req-579e1344-7377-4c63-9461-3b50d8ae7474 admin admin] Checking segment: {'id': '3e73a787-aa58-498b-b148-3d079a30e826', 'network_type': 'vlan', 'physical_network': 'physnet1', 'segmentation_id': 137, 'network_id': '66353e68-069f-4739-9ed0-4e8dfe9fd0bb'} for mappings: {'physnet1': 'br-data'} with network types: ['local', 'flat', 'vlan'] {{(pid=94516) check_segment_for_agent /opt/stack/neutron/neutron/plugins/ml2/drivers/mech_agent.py:352}}
Aug 11 13:04:35.174020 n-d-804229-1 neutron-server[94516]: DEBUG neutron.scheduler.dhcp_agent_scheduler [None req-579e1344-7377-4c63-9461-3b50d8ae7474 admin admin] Network hostable DHCP agents. Network: 66353e68-069f-4739-9ed0-4e8dfe9fd0bb, hostable agents: ['e3ec6768-4867-43ef-832d-62d1724ee6f3'], hosted agents: [] {{(pid=94516) _get_network_hostable_dhcp_agents /opt/stack/neutron/neutron/scheduler/dhcp_agent_scheduler.py:329}}
Aug 11 13:04:35.197353 n-d-804229-1 neutron-server[94516]: DEBUG neutron.scheduler.dhcp_agent_scheduler [None req-579e1344-7377-4c63-9461-3b50d8ae7474 admin admin] Network 66353e68-069f-4739-9ed0-4e8dfe9fd0bb is scheduled to be hosted by DHCP agent e3ec6768-4867-43ef-832d-62d1724ee6f3 with binding_index 1 {{(pid=94516) bind /opt/stack/neutron/neutron/scheduler/dhcp_agent_scheduler.py:227}}
Aug 11 13:04:35.207476 n-d-804229-1 neutron-server[94516]: DEBUG neutron.scheduler.base_scheduler [None req-579e1344-7377-4c63-9461-3b50d8ae7474 admin admin] Resources bound (agent type, host, resource id): (DHCP agent, n-d-804229-1, 66353e68-069f-4739-9ed0-4e8dfe9fd0bb) {{(pid=94516) schedule /opt/stack/neutron/neutron/scheduler/base_scheduler.py:57}}
Aug 11 13:04:35.211966 n-d-804229-1 neutron-server[94516]: DEBUG neutron.pecan_wsgi.hooks.policy_enforcement [None req-579e1344-7377-4c63-9461-3b50d8ae7474 admin admin] Attributes excluded by policy engine: ['standard_attr_id', 'shared', 'network'] {{(pid=94516) _exclude_attributes_by_policy /opt/stack/neutron/neutron/pecan_wsgi/hooks/policy_enforcement.py:255}}
Aug 11 13:04:35.212547 n-d-804229-1 neutron-server[94516]: DEBUG neutron_lib.callbacks.manager [None req-579e1344-7377-4c63-9461-3b50d8ae7474 admin admin] Notify callbacks ['neutron.api.rpc.agentnotifiers.dhcp_rpc_agent_api.DhcpAgentNotifyAPI._send_dhcp_notification-4168728'] for subnet, before_response {{(pid=94516) _notify_loop /usr/local/lib/python3.8/dist-packages/neutron_lib/callbacks/manager.py:192}}
Aug 11 13:04:35.218119 n-d-804229-1 neutron-server[94517]: DEBUG neutron.api.rpc.handlers.dhcp_rpc [None req-d25e5ee7-9f49-4a19-aa96-ac7fd02e5e29 None None] Network 66353e68-069f-4739-9ed0-4e8dfe9fd0bb requested from n-d-804229-1 {{(pid=94517) get_network_info /opt/stack/neutron/neutron/api/rpc/handlers/dhcp_rpc.py:218}}
Aug 11 13:04:35.237708 n-d-804229-1 neutron-server[94516]: INFO neutron.wsgi [None req-579e1344-7377-4c63-9461-3b50d8ae7474 admin admin] 10.222.0.26 "POST /v2.0/subnets HTTP/1.1" status: 201 len: 852 time: 0.5648034
Aug 11 13:04:35.361171 n-d-804229-1 neutron-server[94517]: DEBUG neutron.api.rpc.handlers.dhcp_rpc [None req-8f2ddd8f-1492-4ca2-acca-8f4330ce7d6b None None] Network 66353e68-069f-4739-9ed0-4e8dfe9fd0bb requested from n-d-804229-1 {{(pid=94517) get_network_info /opt/stack/neutron/neutron/api/rpc/handlers/dhcp_rpc.py:218}}
Aug 11 13:04:35.601623 n-d-804229-1 neutron-server[94515]: DEBUG neutron.pecan_wsgi.hooks.policy_enforcement [req-0d4d29dc-067a-4d2b-9b69-c0bc4ad62a1f req-954b8c84-0ef5-4f0c-b3da-8b0c910154ca tempest-ServersAdminTestJSON-1235685287 tempest-ServersAdminTestJSON-1235685287-project] Attributes excluded by policy engine: ['standard_attr_id', 'binding:profile', 'binding:host_id', 'binding:vif_type', 'binding:vif_details'] {{(pid=94515) _exclude_attributes_by_policy /opt/stack/neutron/neutron/pecan_wsgi/hooks/policy_enforcement.py:255}}
Aug 11 13:04:35.603175 n-d-804229-1 neutron-server[94515]: INFO neutron.wsgi [req-0d4d29dc-067a-4d2b-9b69-c0bc4ad62a1f req-954b8c84-0ef5-4f0c-b3da-8b0c910154ca tempest-ServersAdminTestJSON-1235685287 tempest-ServersAdminTestJSON-1235685287-project] 10.222.0.26 "GET /v2.0/ports?device_id=cff95025-aa49-4f8f-950f-5a36de85458a HTTP/1.1" status: 200 len: 948 time: 0.0514958
Aug 11 13:04:35.649063 n-d-804229-1 neutron-server[94515]: INFO neutron.wsgi [req-0d4d29dc-067a-4d2b-9b69-c0bc4ad62a1f req-790e9f0e-028b-4505-9399-1eaea39eed7b tempest-ServersAdminTestJSON-1235685287 tempest-ServersAdminTestJSON-1235685287-project] 10.222.0.26 "GET /v2.0/security-groups?id=59f7ce88-e29c-4c5d-bfb9-408e4abcac3b&fields=id&fields=name HTTP/1.1" status: 200 len: 286 time: 0.0397155
Aug 11 13:04:36.146420 n-d-804229-1 neutron-server[94517]: DEBUG neutron.plugins.ml2.rpc [None req-9ce960b3-1c3c-4678-a025-186de6ce0774 None None] Device e6bfe5bb-53df-4c78-85c5-93a3d986ff2f details requested by agent hyperv_n-h1-804229-1 with host n-h1-804229-1 {{(pid=94517) get_device_details /opt/stack/neutron/neutron/plugins/ml2/rpc.py:102}}
Aug 11 13:04:36.274814 n-d-804229-1 neutron-server[94516]: DEBUG neutron.wsgi [-] (94516) accepted ('10.222.0.26', 58006) {{(pid=94516) server /usr/local/lib/python3.8/dist-packages/eventlet/wsgi.py:982}}
Aug 11 13:04:36.283643 n-d-804229-1 neutron-server[94515]: DEBUG neutron.pecan_wsgi.hooks.policy_enforcement [req-9474d6af-0ceb-418e-b005-14520f8e3b5e req-87ee8969-aedb-4edd-8523-4bf5c4f660ac tempest-VolumesAdminNegativeTest-1066430632 tempest-VolumesAdminNegativeTest-1066430632-project] Attributes excluded by policy engine: ['standard_attr_id', 'vlan_transparent', 'provider:network_type', 'provider:physical_network', 'provider:segmentation_id'] {{(pid=94515) _exclude_attributes_by_policy /opt/stack/neutron/neutron/pecan_wsgi/hooks/policy_enforcement.py:255}}
Aug 11 13:04:36.292994 n-d-804229-1 neutron-server[94515]: INFO neutron.wsgi [req-9474d6af-0ceb-418e-b005-14520f8e3b5e req-87ee8969-aedb-4edd-8523-4bf5c4f660ac tempest-VolumesAdminNegativeTest-1066430632 tempest-VolumesAdminNegativeTest-1066430632-project] 10.222.0.26 "GET /v2.0/networks?id=f5d84655-9764-4932-81db-8b0bf5c34008 HTTP/1.1" status: 200 len: 815 time: 0.1262419
Aug 11 13:04:36.299087 n-d-804229-1 neutron-server[94517]: DEBUG neutron.plugins.ml2.db [None req-9ce960b3-1c3c-4678-a025-186de6ce0774 None None] For port e6bfe5bb-53df-4c78-85c5-93a3d986ff2f, host n-h1-804229-1, got binding levels [PortBindingLevel(driver='hyperv',host='n-h1-804229-1',level=0,port_id=e6bfe5bb-53df-4c78-85c5-93a3d986ff2f,segment=NetworkSegment(135c6592-28f3-4359-84cf-bf3df18efa12),segment_id=135c6592-28f3-4359-84cf-bf3df18efa12)] {{(pid=94517) get_binding_level_objs /opt/stack/neutron/neutron/plugins/ml2/db.py:74}}
Aug 11 13:04:36.311294 n-d-804229-1 neutron-server[94515]: INFO neutron.wsgi [req-9474d6af-0ceb-418e-b005-14520f8e3b5e req-c66f65c5-9a93-463d-9c8c-bc7b06756f3c tempest-VolumesAdminNegativeTest-1066430632 tempest-VolumesAdminNegativeTest-1066430632-project] 10.222.0.26 "GET /v2.0/quotas/f416b0d556b0480c83be89404b716518 HTTP/1.1" status: 200 len: 375 time: 0.0172515
Aug 11 13:04:36.317705 n-d-804229-1 neutron-server[94517]: DEBUG neutron.plugins.ml2.rpc [None req-9ce960b3-1c3c-4678-a025-186de6ce0774 None None] Returning: {'device': 'e6bfe5bb-53df-4c78-85c5-93a3d986ff2f', 'network_id': 'c95f03ae-71dd-4272-9f58-58b012b69512', 'port_id': 'e6bfe5bb-53df-4c78-85c5-93a3d986ff2f', 'mac_address': 'fa:16:3e:6f:f8:a4', 'admin_state_up': True, 'network_type': 'vlan', 'segmentation_id': 122, 'physical_network': 'physnet1', 'mtu': 1500, 'fixed_ips': [{'subnet_id': '26723a4f-1dab-42e4-9b03-6b1660c6e8db', 'ip_address': '192.168.233.213'}], 'device_owner': 'compute:nova', 'allowed_address_pairs': [], 'port_security_enabled': True, 'qos_policy_id': None, 'network_qos_policy_id': None, 'profile': {}, 'propagate_uplink_status': False} {{(pid=94517) _get_device_details /opt/stack/neutron/neutron/plugins/ml2/rpc.py:184}}
Aug 11 13:04:36.365473 n-d-804229-1 neutron-server[94515]: INFO neutron.wsgi [req-9474d6af-0ceb-418e-b005-14520f8e3b5e req-aef10056-5e4a-4a12-bf6c-400965474697 tempest-VolumesAdminNegativeTest-1066430632 tempest-VolumesAdminNegativeTest-1066430632-project] 10.222.0.26 "GET /v2.0/ports?tenant_id=f416b0d556b0480c83be89404b716518&fields=id HTTP/1.1" status: 200 len: 210 time: 0.0520246
Aug 11 13:04:36.381522 n-d-804229-1 neutron-server[94517]: DEBUG neutron_lib.callbacks.manager [None req-9ce960b3-1c3c-4678-a025-186de6ce0774 None None] Notify callbacks ['neutron.plugins.ml2.plugin.SecurityGroupDbMixin._ensure_default_security_group_handler-981281'] for port, before_update {{(pid=94517) _notify_loop /usr/local/lib/python3.8/dist-packages/neutron_lib/callbacks/manager.py:192}}
Aug 11 13:04:36.395654 n-d-804229-1 neutron-server[94517]: DEBUG neutron.notifiers.nova [None req-9ce960b3-1c3c-4678-a025-186de6ce0774 None None] Ignoring state change previous_port_status: DOWN current_port_status: BUILD port_id e6bfe5bb-53df-4c78-85c5-93a3d986ff2f {{(pid=94517) record_port_status_changed /opt/stack/neutron/neutron/notifiers/nova.py:224}}
Aug 11 13:04:36.398951 n-d-804229-1 neutron-server[94516]: DEBUG neutron.pecan_wsgi.hooks.policy_enforcement [req-04f9779b-63ea-4954-90f3-3fc3c1cd11ae req-7c87b929-a8c6-4711-958b-e56b399d7262 tempest-MigrationsAdminTest-932896603 tempest-MigrationsAdminTest-932896603-project] Attributes excluded by policy engine: ['standard_attr_id', 'binding:profile', 'binding:host_id', 'binding:vif_type', 'binding:vif_details'] {{(pid=94516) _exclude_attributes_by_policy /opt/stack/neutron/neutron/pecan_wsgi/hooks/policy_enforcement.py:255}}
Aug 11 13:04:36.400654 n-d-804229-1 neutron-server[94516]: INFO neutron.wsgi [req-04f9779b-63ea-4954-90f3-3fc3c1cd11ae req-7c87b929-a8c6-4711-958b-e56b399d7262 tempest-MigrationsAdminTest-932896603 tempest-MigrationsAdminTest-932896603-project] 10.222.0.26 "GET /v2.0/ports?device_id=18e172a9-1482-42fd-a11f-b4240953065f HTTP/1.1" status: 200 len: 948 time: 0.0756550
Aug 11 13:04:36.427998 n-d-804229-1 neutron-server[94517]: DEBUG neutron.plugins.ml2.db [None req-9ce960b3-1c3c-4678-a025-186de6ce0774 None None] For port e6bfe5bb-53df-4c78-85c5-93a3d986ff2f, host n-h1-804229-1, got binding levels [PortBindingLevel(driver='hyperv',host='n-h1-804229-1',level=0,port_id=e6bfe5bb-53df-4c78-85c5-93a3d986ff2f,segment=NetworkSegment(135c6592-28f3-4359-84cf-bf3df18efa12),segment_id=135c6592-28f3-4359-84cf-bf3df18efa12)] {{(pid=94517) get_binding_level_objs /opt/stack/neutron/neutron/plugins/ml2/db.py:74}}
Aug 11 13:04:36.434117 n-d-804229-1 neutron-server[94517]: DEBUG neutron_lib.callbacks.manager [None req-9ce960b3-1c3c-4678-a025-186de6ce0774 None None] Notify callbacks ['neutron.plugins.ml2.plugin.SecurityGroupServerNotifierRpcMixin._notify_sg_on_port_change-981647', 'neutron.plugins.ml2.ovo_rpc._ObjectChangeHandler.handle_event-188889', 'neutron.api.rpc.agentnotifiers.dhcp_rpc_agent_api.DhcpAgentNotifyAPI._native_event_send_dhcp_notification-4168710', 'neutron.db.l3_db.L3RpcNotifierMixin._notify_gateway_port_ip_changed-8782275163293', 'neutron.db.l3_dvrscheduler_db._notify_l3_agent_port_update-8782274609686', 'neutron.db.l3_hascheduler_db._notify_l3_agent_ha_port_update-8782274609704'] for port, after_update {{(pid=94517) _notify_loop /usr/local/lib/python3.8/dist-packages/neutron_lib/callbacks/manager.py:192}}
Aug 11 13:04:36.448235 n-d-804229-1 neutron-server[94516]: INFO neutron.wsgi [req-04f9779b-63ea-4954-90f3-3fc3c1cd11ae req-c8923eef-ec24-47ca-b718-8e3616172762 tempest-MigrationsAdminTest-932896603 tempest-MigrationsAdminTest-932896603-project] 10.222.0.26 "GET /v2.0/security-groups?id=fe416b2d-2be8-4c70-ae65-5b23a58f19ea&fields=id&fields=name HTTP/1.1" status: 200 len: 286 time: 0.0415661
Aug 11 13:04:36.485409 n-d-804229-1 neutron-server[94516]: DEBUG neutron.wsgi [-] (94516) accepted ('10.222.0.26', 58018) {{(pid=94516) server /usr/local/lib/python3.8/dist-packages/eventlet/wsgi.py:982}}
Aug 11 13:04:36.501531 n-d-804229-1 neutron-server[94517]: DEBUG neutron.api.rpc.handlers.resources_rpc [None req-9ce960b3-1c3c-4678-a025-186de6ce0774 None None] Pushing event updated for resources: {'Port': ['ID=e6bfe5bb-53df-4c78-85c5-93a3d986ff2f,revision_number=4']} {{(pid=94517) push /opt/stack/neutron/neutron/api/rpc/handlers/resources_rpc.py:237}}
Aug 11 13:04:36.551147 n-d-804229-1 neutron-server[94516]: DEBUG neutron_lib.callbacks.manager [None req-b8b152c9-bfa0-453e-a320-913b912e05b0 admin admin] Notify callbacks [] for security_group, before_create {{(pid=94516) _notify_loop /usr/local/lib/python3.8/dist-packages/neutron_lib/callbacks/manager.py:192}}
Aug 11 13:04:36.578270 n-d-804229-1 neutron-server[94516]: DEBUG neutron.api.v2.base [None req-c80f24e6-8afb-4bf1-b124-64a275afbab7 admin admin] Request body: {'network': {'name': 'tempest-LiveMigrationRemoteConsolesV26Test-427922448-network', 'tenant_id': '2cf2f451d6b34fa38ba5ee8c8bbc0647'}} {{(pid=94516) prepare_request_body /opt/stack/neutron/neutron/api/v2/base.py:729}}
Aug 11 13:04:36.613431 n-d-804229-1 neutron-server[94516]: DEBUG neutron_lib.db.api [None req-b8b152c9-bfa0-453e-a320-913b912e05b0 admin admin] Retry wrapper got retriable exception: (pymysql.err.OperationalError) (1213, 'Deadlock found when trying to get lock; try restarting transaction')
Aug 11 13:04:36.613431 n-d-804229-1 neutron-server[94516]: [SQL: INSERT INTO reservations (project_id, id, expiration) VALUES (%(project_id)s, %(id)s, %(expiration)s)]
Aug 11 13:04:36.613431 n-d-804229-1 neutron-server[94516]: [parameters: {'project_id': 'ca6ee6de319c4362a7b7a1186731e171', 'id': 'bfd8750a-af11-4644-b13e-fc9164f0cd39', 'expiration': datetime.datetime(2021, 8, 11, 13, 6, 36, 602563)}]
Aug 11 13:04:36.613431 n-d-804229-1 neutron-server[94516]: (Background on this error at: https://sqlalche.me/e/14/e3q8) {{(pid=94516) wrapped /usr/local/lib/python3.8/dist-packages/neutron_lib/db/api.py:183}}
Aug 11 13:04:36.613873 n-d-804229-1 neutron-server[94516]: DEBUG oslo_db.api [None req-b8b152c9-bfa0-453e-a320-913b912e05b0 admin admin] Performing DB retry for function neutron.db.securitygroups_db.SecurityGroupDbMixin.create_security_group {{(pid=94516) wrapper /usr/local/lib/python3.8/dist-packages/oslo_db/api.py:155}}
Aug 11 13:04:36.621068 n-d-804229-1 neutron-server[94516]: DEBUG neutron.pecan_wsgi.hooks.policy_enforcement [req-3608bbba-03e0-4c4e-ab31-09db15944ff9 req-1c5338e5-e74f-4f27-9110-aeafc118a16a tempest-ServersWithSpecificFlavorTestJSON-1917816034 tempest-ServersWithSpecificFlavorTestJSON-1917816034-project] Attributes excluded by policy engine: ['standard_attr_id', 'binding:profile', 'binding:host_id', 'binding:vif_type', 'binding:vif_details'] {{(pid=94516) _exclude_attributes_by_policy /opt/stack/neutron/neutron/pecan_wsgi/hooks/policy_enforcement.py:255}}
Aug 11 13:04:36.622568 n-d-804229-1 neutron-server[94516]: INFO neutron.wsgi [req-3608bbba-03e0-4c4e-ab31-09db15944ff9 req-1c5338e5-e74f-4f27-9110-aeafc118a16a tempest-ServersWithSpecificFlavorTestJSON-1917816034 tempest-ServersWithSpecificFlavorTestJSON-1917816034-project] 10.222.0.26 "GET /v2.0/ports?device_id=732bb135-aa56-4894-b81d-faec32c2d567 HTTP/1.1" status: 200 len: 945 time: 0.0885403
Aug 11 13:04:36.627849 n-d-804229-1 neutron-server[94516]: DEBUG neutron.pecan_wsgi.hooks.quota_enforcement [None req-c80f24e6-8afb-4bf1-b124-64a275afbab7 admin admin] Made reservation on behalf of 2cf2f451d6b34fa38ba5ee8c8bbc0647 for: {'network': 1} {{(pid=94516) before /opt/stack/neutron/neutron/pecan_wsgi/hooks/quota_enforcement.py:53}}
