Aug 16 08:38:47.252834 n-d-803822-1 neutron-server[95473]: DEBUG neutron_lib.callbacks.manager [None req-f0fe0ef0-0a1b-4ae7-b1d3-9ea1b9caaa85 admin admin] Notify callbacks [] for security_group, before_response {{(pid=95473) _notify_loop /usr/local/lib/python3.8/dist-packages/neutron_lib/callbacks/manager.py:192}}
Aug 16 08:38:47.259245 n-d-803822-1 neutron-server[95473]: INFO neutron.wsgi [None req-f0fe0ef0-0a1b-4ae7-b1d3-9ea1b9caaa85 admin admin] 10.222.0.36 "DELETE /v2.0/security-groups/896ae928-c2f1-4946-ad04-c2a804b6cc39 HTTP/1.1" status: 204 len: 168 time: 0.2830443
Aug 16 08:38:47.279534 n-d-803822-1 neutron-server[95473]: DEBUG neutron.api.rpc.handlers.resources_rpc [None req-f0fe0ef0-0a1b-4ae7-b1d3-9ea1b9caaa85 admin admin] Pushing event deleted for resources: {'SecurityGroup': ['ID=896ae928-c2f1-4946-ad04-c2a804b6cc39,revision_number=None']} {{(pid=95473) push /opt/stack/neutron/neutron/api/rpc/handlers/resources_rpc.py:237}}
Aug 16 08:38:47.328699 n-d-803822-1 neutron-server[95472]: INFO neutron.wsgi [None req-a082584e-4135-4404-8330-430dbb13d7f4 admin admin] 10.222.0.36 "POST /v2.0/subnets HTTP/1.1" status: 201 len: 859 time: 1.2098520
Aug 16 08:38:47.331320 n-d-803822-1 neutron-server[95472]: DEBUG neutron.wsgi [-] (95472) accepted ('10.222.0.36', 39508) {{(pid=95472) server /usr/local/lib/python3.8/dist-packages/eventlet/wsgi.py:982}}
Aug 16 08:38:47.337537 n-d-803822-1 neutron-server[95472]: DEBUG neutron.api.v2.base [None req-06b4985a-31b8-40db-9e6a-6dd9163ea009 admin admin] Request body: {'router': {'name': 'tempest-ServersWithSpecificFlavorTestJSON-994224298-router', 'tenant_id': '7951eb0794f64c0c813d6c4418555072', 'external_gateway_info': {'network_id': 'f9c382c2-d81f-40fb-9ec0-a8633a8ff9ff'}}} {{(pid=95472) prepare_request_body /opt/stack/neutron/neutron/api/v2/base.py:729}}
Aug 16 08:38:47.460639 n-d-803822-1 neutron-server[95472]: DEBUG neutron_lib.callbacks.manager [None req-06b4985a-31b8-40db-9e6a-6dd9163ea009 admin admin] Notify callbacks ['neutron.services.l3_router.l3_router_plugin.L3_HA_NAT_db_mixin._before_router_create_handler-651745', 'neutron.services.l3_router.service_providers.driver_controller.DriverController._check_router_request-2786'] for router, before_create {{(pid=95472) _notify_loop /usr/local/lib/python3.8/dist-packages/neutron_lib/callbacks/manager.py:192}}
Aug 16 08:38:47.461860 n-d-803822-1 neutron-server[95472]: DEBUG neutron_lib.callbacks.manager [None req-06b4985a-31b8-40db-9e6a-6dd9163ea009 admin admin] Notify callbacks ['neutron.services.l3_router.l3_router_plugin.L3_HA_NAT_db_mixin._precommit_router_create-652657', 'neutron.services.l3_router.l3_router_plugin.DVRResourceOperationHandler._set_distributed_flag-652322', 'neutron.services.l3_router.l3_router_plugin.RouterAvailabilityZoneMixin._process_az_request-479522', 'neutron.services.l3_router.service_providers.driver_controller.DriverController._set_router_provider-2793'] for router, precommit_create {{(pid=95472) _notify_loop /usr/local/lib/python3.8/dist-packages/neutron_lib/callbacks/manager.py:192}}
Aug 16 08:38:47.463960 n-d-803822-1 neutron-server[95474]: DEBUG neutron.db.l3_hamode_db [None req-8f4b80eb-a1d6-45a0-af46-2d26dddfc1cc None None] neutron.services.l3_router.l3_router_plugin.L3RouterPlugin method _process_sync_ha_data called with arguments (, [{'id': '52d53570-34ba-41a7-b007-4b6c2f5659ad', 'name': 'tempest-ServersWithSpecificFlavorTestJSON-1069764511-router', 'tenant_id': '54b3086815ef477ca7fb4dd983a56b45', 'admin_state_up': True, 'status': 'ACTIVE', 'external_gateway_info': {'network_id': 'f9c382c2-d81f-40fb-9ec0-a8633a8ff9ff', 'external_fixed_ips': [{'subnet_id': '357b7a29-b274-412e-bcd3-11683d1673cc', 'ip_address': '172.25.1.228'}], 'enable_snat': True}, 'gw_port_id': '02bdb221-aa5c-4c28-b0bc-fb844d8ca9e7', 'description': '', 'availability_zones': ['nova'], 'distributed': False, 'ha': False, 'ha_vr_id': 0, 'availability_zone_hints': [], 'routes': [], 'flavor_id': None, 'tags': [], 'created_at': '2021-08-16T08:38:35Z', 'updated_at': '2021-08-16T08:38:41Z', 'revision_number': 4, 'project_id': '54b3086815ef477ca7fb4dd983a56b45', 'gw_port': {'id': '02bdb221-aa5c-4c28-b0bc-fb844d8ca9e7', 'name': '', 'network_id': 'f9c382c2-d81f-40fb-9ec0-a8633a8ff9ff', 'tenant_id': '', 'mac_address': 'fa:16:3e:fb:5a:1c', 'admin_state_up': True, 'status': 'ACTIVE', 'device_id': '52d53570-34ba-41a7-b007-4b6c2f5659ad', 'device_owner': 'network:router_gateway', 'standard_attr_id': 127, 'fixed_ips': [{'subnet_id': '357b7a29-b274-412e-bcd3-11683d1673cc', 'ip_address': '172.25.1.228', 'prefixlen': 24}], 'allowed_address_pairs': [], 'extra_dhcp_opts': [], 'security_groups': [], 'description': '', 'binding:vnic_type': 'normal', 'binding:profile': {}, 'binding:host_id': 'n-d-803822-1', 'binding:vif_type': 'ovs', 'binding:vif_details': {'connectivity': 'l2', 'port_filter': True, 'ovs_hybrid_plug': False, 'datapath_type': 'system', 'bridge_name': 'br-int'}, 'port_security_enabled': False, 'tags': [], 'created_at': '2021-08-16T08:38:36Z', 'updated_at': '2021-08-16T08:38:43Z', 'revision_number': 4, 'project_id': '', 'subnets': [{'id': '357b7a29-b274-412e-bcd3-11683d1673cc', 'cidr': '172.25.1.0/24', 'gateway_ip': '172.25.1.1', 'dns_nameservers': [], 'ipv6_ra_mode': None, 'subnetpool_id': None}], 'extra_subnets': [], 'address_scopes': {4: None, 6: None}, 'mtu': 1500}, 'enable_snat': True, 'gw_port_host': 'n-d-803822-1', '_interfaces': [{'id': '7147a417-270c-484a-be4b-1a56fc217353', 'name': '', 'network_id': 'c33dc94d-8c09-4085-87c8-b1e637ccd2e9', 'tenant_id': '54b3086815ef477ca7fb4dd983a56b45', 'mac_address': 'fa:16:3e:ad:69:dc', 'admin_state_up': True, 'status': 'DOWN', 'device_id': '52d53570-34ba-41a7-b007-4b6c2f5659ad', 'device_owner': 'network:router_interface', 'standard_attr_id': 135, 'fixed_ips': [{'subnet_id': '4a12acf2-5242-4062-a3ab-f7e284a69dce', 'ip_address': '172.20.0.1', 'prefixlen': 28}], 'allowed_address_pairs': [], 'extra_dhcp_opts': [], 'security_groups': [], 'description': '', 'binding:vnic_type': 'normal', 'binding:profile': {}, 'binding:host_id': 'n-d-803822-1', 'binding:vif_type': 'ovs', 'binding:vif_details': {'connectivity': 'l2', 'port_filter': True, 'ovs_hybrid_plug': False, 'datapath_type': 'system', 'bridge_name': 'br-int'}, 'port_security_enabled': False, 'tags': [], 'created_at': '2021-08-16T08:38:40Z', 'updated_at': '2021-08-16T08:38:46Z', 'revision_number': 4, 'project_id': '54b3086815ef477ca7fb4dd983a56b45', 'subnets': [{'id': '4a12acf2-5242-4062-a3ab-f7e284a69dce', 'cidr': '172.20.0.0/28', 'gateway_ip': '172.20.0.1', 'dns_nameservers': [], 'ipv6_ra_mode': None, 'subnetpool_id': None}], 'extra_subnets': [], 'address_scopes': {4: None, 6: None}, 'mtu': 1500}]}], 'n-d-803822-1', False) {} {{(pid=95474) wrapper /usr/local/lib/python3.8/dist-packages/oslo_log/helpers.py:65}}
Aug 16 08:38:47.512148 n-d-803822-1 neutron-server[95474]: DEBUG neutron.api.rpc.handlers.l3_rpc [None req-8f4b80eb-a1d6-45a0-af46-2d26dddfc1cc None None] The sync data for ids ['52d53570-34ba-41a7-b007-4b6c2f5659ad'] in n-d-803822-1 is: [{'id': '52d53570-34ba-41a7-b007-4b6c2f5659ad', 'name': 'tempest-ServersWithSpecificFlavorTestJSON-1069764511-router', 'tenant_id': '54b3086815ef477ca7fb4dd983a56b45', 'admin_state_up': True, 'status': 'ACTIVE', 'external_gateway_info': {'network_id': 'f9c382c2-d81f-40fb-9ec0-a8633a8ff9ff', 'external_fixed_ips': [{'subnet_id': '357b7a29-b274-412e-bcd3-11683d1673cc', 'ip_address': '172.25.1.228'}], 'enable_snat': True}, 'gw_port_id': '02bdb221-aa5c-4c28-b0bc-fb844d8ca9e7', 'description': '', 'availability_zones': ['nova'], 'distributed': False, 'ha': False, 'ha_vr_id': 0, 'availability_zone_hints': [], 'routes': [], 'flavor_id': None, 'tags': [], 'created_at': '2021-08-16T08:38:35Z', 'updated_at': '2021-08-16T08:38:41Z', 'revision_number': 4, 'project_id': '54b3086815ef477ca7fb4dd983a56b45', 'gw_port': {'id': '02bdb221-aa5c-4c28-b0bc-fb844d8ca9e7', 'name': '', 'network_id': 'f9c382c2-d81f-40fb-9ec0-a8633a8ff9ff', 'tenant_id': '', 'mac_address': 'fa:16:3e:fb:5a:1c', 'admin_state_up': True, 'status': 'ACTIVE', 'device_id': '52d53570-34ba-41a7-b007-4b6c2f5659ad', 'device_owner': 'network:router_gateway', 'standard_attr_id': 127, 'fixed_ips': [{'subnet_id': '357b7a29-b274-412e-bcd3-11683d1673cc', 'ip_address': '172.25.1.228', 'prefixlen': 24}], 'allowed_address_pairs': [], 'extra_dhcp_opts': [], 'security_groups': [], 'description': '', 'binding:vnic_type': 'normal', 'binding:profile': {}, 'binding:host_id': 'n-d-803822-1', 'binding:vif_type': 'ovs', 'binding:vif_details': {'connectivity': 'l2', 'port_filter': True, 'ovs_hybrid_plug': False, 'datapath_type': 'system', 'bridge_name': 'br-int'}, 'port_security_enabled': False, 'tags': [], 'created_at': '2021-08-16T08:38:36Z', 'updated_at': '2021-08-16T08:38:43Z', 'revision_number': 4, 'project_id': '', 'subnets': [{'id': '357b7a29-b274-412e-bcd3-11683d1673cc', 'cidr': '172.25.1.0/24', 'gateway_ip': '172.25.1.1', 'dns_nameservers': [], 'ipv6_ra_mode': None, 'subnetpool_id': None}], 'extra_subnets': [], 'address_scopes': {4: None, 6: None}, 'mtu': 1500}, 'enable_snat': True, 'gw_port_host': 'n-d-803822-1', '_interfaces': [{'id': '7147a417-270c-484a-be4b-1a56fc217353', 'name': '', 'network_id': 'c33dc94d-8c09-4085-87c8-b1e637ccd2e9', 'tenant_id': '54b3086815ef477ca7fb4dd983a56b45', 'mac_address': 'fa:16:3e:ad:69:dc', 'admin_state_up': True, 'status': 'DOWN', 'device_id': '52d53570-34ba-41a7-b007-4b6c2f5659ad', 'device_owner': 'network:router_interface', 'standard_attr_id': 135, 'fixed_ips': [{'subnet_id': '4a12acf2-5242-4062-a3ab-f7e284a69dce', 'ip_address': '172.20.0.1', 'prefixlen': 28}], 'allowed_address_pairs': [], 'extra_dhcp_opts': [], 'security_groups': [], 'description': '', 'binding:vnic_type': 'normal', 'binding:profile': {}, 'binding:host_id': 'n-d-803822-1', 'binding:vif_type': 'ovs', 'binding:vif_details': {'connectivity': 'l2', 'port_filter': True, 'ovs_hybrid_plug': False, 'datapath_type': 'system', 'bridge_name': 'br-int'}, 'port_security_enabled': False, 'tags': [], 'created_at': '2021-08-16T08:38:40Z', 'updated_at': '2021-08-16T08:38:46Z', 'revision_number': 4, 'project_id': '54b3086815ef477ca7fb4dd983a56b45', 'subnets': [{'id': '4a12acf2-5242-4062-a3ab-f7e284a69dce', 'cidr': '172.20.0.0/28', 'gateway_ip': '172.20.0.1', 'dns_nameservers': [], 'ipv6_ra_mode': None, 'subnetpool_id': None}], 'extra_subnets': [], 'address_scopes': {4: None, 6: None}, 'mtu': 1500}]}] {{(pid=95474) sync_routers /opt/stack/neutron/neutron/api/rpc/handlers/l3_rpc.py:137}}
Aug 16 08:38:47.520590 n-d-803822-1 neutron-server[95474]: DEBUG neutron.api.rpc.handlers.dhcp_rpc [None req-bf263af1-1e6e-42bb-837a-a457dc289628 None None] Create dhcp port {'port': {'name': '', 'admin_state_up': True, 'device_id': 'dhcp97a9e3dd-aae9-5863-bf20-17268a449f51-a342358f-cda6-49ad-b8f3-140f7903b37a', 'network_id': 'a342358f-cda6-49ad-b8f3-140f7903b37a', 'tenant_id': '7951eb0794f64c0c813d6c4418555072', 'fixed_ips': [{'subnet_id': '105f414b-d555-49c6-be55-0ad1e95fb49a'}]}} from n-d-803822-1. {{(pid=95474) create_dhcp_port /opt/stack/neutron/neutron/api/rpc/handlers/dhcp_rpc.py:285}}
Aug 16 08:38:47.521599 n-d-803822-1 neutron-server[95474]: DEBUG neutron_lib.callbacks.manager [None req-bf263af1-1e6e-42bb-837a-a457dc289628 None None] Notify callbacks ['neutron.plugins.ml2.plugin.SecurityGroupDbMixin._ensure_default_security_group_handler-1572210'] for port, before_create {{(pid=95474) _notify_loop /usr/local/lib/python3.8/dist-packages/neutron_lib/callbacks/manager.py:192}}
Aug 16 08:38:47.591108 n-d-803822-1 neutron-server[95472]: DEBUG neutron_lib.callbacks.manager [None req-06b4985a-31b8-40db-9e6a-6dd9163ea009 admin admin] Notify callbacks [] for router_controller, precommit_add_association {{(pid=95472) _notify_loop /usr/local/lib/python3.8/dist-packages/neutron_lib/callbacks/manager.py:192}}
Aug 16 08:38:47.736918 n-d-803822-1 neutron-server[95472]: INFO neutron.wsgi [req-212589df-7dc4-4484-abd6-94d5f5c91462 req-53fc2203-8ff2-417b-afb8-09ebf0938eee tempest-ImagesTestJSON-180423188 tempest-ImagesTestJSON-180423188-project] 10.222.0.36 "GET /v2.0/ports?device_id=22b20cd5-5d0e-4cba-9d4c-44459a216087 HTTP/1.1" status: 200 len: 210 time: 0.0392907
Aug 16 08:38:47.764481 n-d-803822-1 neutron-server[95474]: DEBUG neutron.db.db_base_plugin_common [None req-bf263af1-1e6e-42bb-837a-a457dc289628 None None] Allocated IP 172.20.0.2 (a342358f-cda6-49ad-b8f3-140f7903b37a/105f414b-d555-49c6-be55-0ad1e95fb49a/c69d236f-b384-4c7a-8349-3a4d264e4cff) {{(pid=95474) _store_ip_allocation /opt/stack/neutron/neutron/db/db_base_plugin_common.py:131}}
Aug 16 08:38:47.995076 n-d-803822-1 neutron-server[95472]: DEBUG neutron_lib.callbacks.manager [None req-06b4985a-31b8-40db-9e6a-6dd9163ea009 admin admin] Notify callbacks [] for router_gateway, precommit_update {{(pid=95472) _notify_loop /usr/local/lib/python3.8/dist-packages/neutron_lib/callbacks/manager.py:192}}
Aug 16 08:38:48.017542 n-d-803822-1 neutron-server[95474]: DEBUG neutron_lib.callbacks.manager [None req-bf263af1-1e6e-42bb-837a-a457dc289628 None None] Notify callbacks [] for port, precommit_create {{(pid=95474) _notify_loop /usr/local/lib/python3.8/dist-packages/neutron_lib/callbacks/manager.py:192}}
Aug 16 08:38:48.041521 n-d-803822-1 neutron-server[95474]: DEBUG neutron.db.provisioning_blocks [None req-bf263af1-1e6e-42bb-837a-a457dc289628 None None] Transition to ACTIVE for port object c69d236f-b384-4c7a-8349-3a4d264e4cff will not be triggered until provisioned by entity L2. {{(pid=95474) add_provisioning_component /opt/stack/neutron/neutron/db/provisioning_blocks.py:73}}
Aug 16 08:38:48.062454 n-d-803822-1 neutron-server[95474]: DEBUG neutron.db.provisioning_blocks [None req-bf263af1-1e6e-42bb-837a-a457dc289628 None None] Transition to ACTIVE for port object c69d236f-b384-4c7a-8349-3a4d264e4cff will not be triggered until provisioned by entity DHCP. {{(pid=95474) add_provisioning_component /opt/stack/neutron/neutron/db/provisioning_blocks.py:73}}
Aug 16 08:38:48.232257 n-d-803822-1 neutron-server[95474]: DEBUG neutron_lib.callbacks.manager [None req-bf263af1-1e6e-42bb-837a-a457dc289628 None None] Notify callbacks ['neutron.plugins.ml2.plugin.SecurityGroupServerNotifierRpcMixin._notify_sg_on_port_change-1572060', 'neutron.plugins.ml2.ovo_rpc._ObjectChangeHandler.handle_event-124883', 'neutron.api.rpc.agentnotifiers.dhcp_rpc_agent_api.DhcpAgentNotifyAPI._native_event_send_dhcp_notification-627712', 'neutron.db.l3_dvrscheduler_db._notify_l3_agent_new_port-8773406063077'] for port, after_create {{(pid=95474) _notify_loop /usr/local/lib/python3.8/dist-packages/neutron_lib/callbacks/manager.py:192}}
Aug 16 08:38:48.272025 n-d-803822-1 neutron-server[95474]: DEBUG neutron.scheduler.dhcp_agent_scheduler [None req-bf263af1-1e6e-42bb-837a-a457dc289628 None None] Network a342358f-cda6-49ad-b8f3-140f7903b37a is already hosted by enough agents. {{(pid=95474) _get_dhcp_agents_hosting_network /opt/stack/neutron/neutron/scheduler/dhcp_agent_scheduler.py:275}}
Aug 16 08:38:48.283103 n-d-803822-1 neutron-server[95474]: DEBUG neutron.scheduler.base_scheduler [None req-bf263af1-1e6e-42bb-837a-a457dc289628 None None] Resources bound (agent type, host, resource id): {{(pid=95474) schedule /opt/stack/neutron/neutron/scheduler/base_scheduler.py:57}}
Aug 16 08:38:48.289521 n-d-803822-1 neutron-server[95474]: DEBUG neutron.db.l3_dvrscheduler_db [None req-bf263af1-1e6e-42bb-837a-a457dc289628 None None] Received port after_create {{(pid=95474) _notify_l3_agent_new_port /opt/stack/neutron/neutron/db/l3_dvrscheduler_db.py:535}}
Aug 16 08:38:48.310163 n-d-803822-1 neutron-server[95474]: DEBUG neutron.api.rpc.handlers.resources_rpc [None req-bf263af1-1e6e-42bb-837a-a457dc289628 None None] Pushing event updated for resources: {'Port': ['ID=c69d236f-b384-4c7a-8349-3a4d264e4cff,revision_number=1']} {{(pid=95474) push /opt/stack/neutron/neutron/api/rpc/handlers/resources_rpc.py:237}}
Aug 16 08:38:48.373076 n-d-803822-1 neutron-server[95474]: DEBUG neutron.plugins.ml2.managers [None req-bf263af1-1e6e-42bb-837a-a457dc289628 None None] Attempting to bind port c69d236f-b384-4c7a-8349-3a4d264e4cff on host n-d-803822-1 for vnic_type normal with profile {{(pid=95474) bind_port /opt/stack/neutron/neutron/plugins/ml2/managers.py:790}}
Aug 16 08:38:48.373434 n-d-803822-1 neutron-server[95474]: DEBUG neutron.plugins.ml2.managers [None req-bf263af1-1e6e-42bb-837a-a457dc289628 None None] Attempting to bind port c69d236f-b384-4c7a-8349-3a4d264e4cff by drivers openvswitch,hyperv on host n-d-803822-1 at level 0 using segments [{'id': '942374d2-b495-4b71-b2a5-7ba256091705', 'network_type': 'vlan', 'physical_network': 'physnet1', 'segmentation_id': 95, 'network_id': 'a342358f-cda6-49ad-b8f3-140f7903b37a'}] {{(pid=95474) _bind_port_level /opt/stack/neutron/neutron/plugins/ml2/managers.py:815}}
Aug 16 08:38:48.373784 n-d-803822-1 neutron-server[95474]: DEBUG neutron.plugins.ml2.drivers.mech_agent [None req-bf263af1-1e6e-42bb-837a-a457dc289628 None None] Attempting to bind port c69d236f-b384-4c7a-8349-3a4d264e4cff on network a342358f-cda6-49ad-b8f3-140f7903b37a {{(pid=95474) bind_port /opt/stack/neutron/neutron/plugins/ml2/drivers/mech_agent.py:85}}
Aug 16 08:38:48.387232 n-d-803822-1 neutron-server[95474]: DEBUG neutron.plugins.ml2.drivers.mech_agent [None req-bf263af1-1e6e-42bb-837a-a457dc289628 None None] Checking agent: {'id': 'a1dac30c-29e1-4d9f-a4c5-4f744e653aba', 'agent_type': 'Open vSwitch agent', 'binary': 'neutron-openvswitch-agent', 'topic': 'N/A', 'host': 'n-d-803822-1', 'admin_state_up': True, 'created_at': datetime.datetime(2021, 8, 16, 8, 27, 34), 'started_at': datetime.datetime(2021, 8, 16, 8, 28, 4), 'heartbeat_timestamp': datetime.datetime(2021, 8, 16, 8, 38, 34), 'description': None, 'resources_synced': None, 'availability_zone': None, 'alive': True, 'configurations': {'arp_responder_enabled': False, 'baremetal_smartnic': False, 'bridge_mappings': {'physnet1': 'br-data'}, 'datapath_type': 'system', 'devices': 0, 'enable_distributed_routing': False, 'extensions': [], 'in_distributed_mode': False, 'integration_bridge': 'br-int', 'l2_population': False, 'log_agent_heartbeats': False, 'ovs_capabilities': {'datapath_types': ['netdev', 'system'], 'iface_types': ['erspan', 'geneve', 'gre', 'internal', 'ip6erspan', 'ip6gre', 'lisp', 'patch', 'stt', 'system', 'tap', 'vxlan']}, 'ovs_hybrid_plug': False, 'resource_provider_bandwidths': {}, 'resource_provider_hypervisors': {'br-data': 'n-d-803822-1'}, 'resource_provider_inventory_defaults': {'allocation_ratio': 1.0, 'min_unit': 1, 'step_size': 1, 'reserved': 0}, 'tunnel_types': [], 'tunneling_ip': None, 'vhostuser_socket_dir': '/var/run/openvswitch'}, 'resource_versions': {'AddressGroup': '1.2', 'ConntrackHelper': '1.0', 'Log': '1.0', 'Network': '1.1', 'Port': '1.7', 'PortForwarding': '1.2', 'QosPolicy': '1.9', 'SecurityGroup': '1.4', 'SecurityGroupRule': '1.2', 'SubPort': '1.0', 'Subnet': '1.1', 'Trunk': '1.1'}} {{(pid=95474) bind_port /opt/stack/neutron/neutron/plugins/ml2/drivers/mech_agent.py:104}}
Aug 16 08:38:48.387232 n-d-803822-1 neutron-server[95474]: DEBUG neutron.plugins.ml2.drivers.mech_agent [None req-bf263af1-1e6e-42bb-837a-a457dc289628 None None] Checking segment: {'id': '942374d2-b495-4b71-b2a5-7ba256091705', 'network_type': 'vlan', 'physical_network': 'physnet1', 'segmentation_id': 95, 'network_id': 'a342358f-cda6-49ad-b8f3-140f7903b37a'} for mappings: {'physnet1': 'br-data'} with network types: ['local', 'flat', 'vlan'] {{(pid=95474) check_segment_for_agent /opt/stack/neutron/neutron/plugins/ml2/drivers/mech_agent.py:352}}
Aug 16 08:38:48.387232 n-d-803822-1 neutron-server[95474]: DEBUG neutron_lib.callbacks.manager [None req-bf263af1-1e6e-42bb-837a-a457dc289628 None None] Notify callbacks [] for ovs_bridge_name, before_read {{(pid=95474) _notify_loop /usr/local/lib/python3.8/dist-packages/neutron_lib/callbacks/manager.py:192}}
Aug 16 08:38:48.387232 n-d-803822-1 neutron-server[95474]: DEBUG neutron.plugins.ml2.drivers.mech_agent [None req-bf263af1-1e6e-42bb-837a-a457dc289628 None None] Bound using segment: {'id': '942374d2-b495-4b71-b2a5-7ba256091705', 'network_type': 'vlan', 'physical_network': 'physnet1', 'segmentation_id': 95, 'network_id': 'a342358f-cda6-49ad-b8f3-140f7903b37a'} {{(pid=95474) bind_port /opt/stack/neutron/neutron/plugins/ml2/drivers/mech_agent.py:114}}
Aug 16 08:38:48.387714 n-d-803822-1 neutron-server[95474]: DEBUG neutron.plugins.ml2.managers [None req-bf263af1-1e6e-42bb-837a-a457dc289628 None None] Bound port: c69d236f-b384-4c7a-8349-3a4d264e4cff, host: n-d-803822-1, vif_type: ovs, vif_details: {"connectivity": "l2", "port_filter": true, "ovs_hybrid_plug": false, "datapath_type": "system", "bridge_name": "br-int"}, binding_levels: [{'bound_driver': 'openvswitch', 'bound_segment': {'id': '942374d2-b495-4b71-b2a5-7ba256091705', 'network_type': 'vlan', 'physical_network': 'physnet1', 'segmentation_id': 95, 'network_id': 'a342358f-cda6-49ad-b8f3-140f7903b37a'}}] {{(pid=95474) _bind_port_level /opt/stack/neutron/neutron/plugins/ml2/managers.py:928}}
Aug 16 08:38:48.395486 n-d-803822-1 neutron-server[95474]: DEBUG neutron_lib.callbacks.manager [None req-bf263af1-1e6e-42bb-837a-a457dc289628 None None] Notify callbacks ['neutron.plugins.ml2.plugin.SecurityGroupDbMixin._ensure_default_security_group_handler-1572210'] for port, before_update {{(pid=95474) _notify_loop /usr/local/lib/python3.8/dist-packages/neutron_lib/callbacks/manager.py:192}}
Aug 16 08:38:48.453855 n-d-803822-1 neutron-server[95473]: DEBUG neutron.pecan_wsgi.hooks.policy_enforcement [req-29c13f66-4087-4334-bf42-af16ac964158 req-724eee82-3fd9-4e90-baad-00947f688927 tempest-AggregatesAdminTestJSON-1774585779 tempest-AggregatesAdminTestJSON-1774585779-project] Attributes excluded by policy engine: ['standard_attr_id', 'binding:profile', 'binding:host_id', 'binding:vif_type', 'binding:vif_details'] {{(pid=95473) _exclude_attributes_by_policy /opt/stack/neutron/neutron/pecan_wsgi/hooks/policy_enforcement.py:255}}
Aug 16 08:38:48.465832 n-d-803822-1 neutron-server[95473]: INFO neutron.wsgi [req-29c13f66-4087-4334-bf42-af16ac964158 req-724eee82-3fd9-4e90-baad-00947f688927 tempest-AggregatesAdminTestJSON-1774585779 tempest-AggregatesAdminTestJSON-1774585779-project] 10.222.0.36 "GET /v2.0/ports?device_id=fc150b00-5769-4a8c-ba14-39b8ae00123e HTTP/1.1" status: 200 len: 970 time: 0.1126583
Aug 16 08:38:48.503781 n-d-803822-1 neutron-server[95474]: DEBUG neutron.plugins.ml2.db [None req-bf263af1-1e6e-42bb-837a-a457dc289628 None None] For port c69d236f-b384-4c7a-8349-3a4d264e4cff, host n-d-803822-1, cleared binding levels {{(pid=95474) clear_binding_levels /opt/stack/neutron/neutron/plugins/ml2/db.py:87}}
Aug 16 08:38:48.507735 n-d-803822-1 neutron-server[95474]: DEBUG neutron.plugins.ml2.db [None req-bf263af1-1e6e-42bb-837a-a457dc289628 None None] For port c69d236f-b384-4c7a-8349-3a4d264e4cff, host n-d-803822-1, set binding levels [PortBindingLevel(driver='openvswitch',host='n-d-803822-1',level=0,port_id=c69d236f-b384-4c7a-8349-3a4d264e4cff,segment=NetworkSegment(942374d2-b495-4b71-b2a5-7ba256091705),segment_id=942374d2-b495-4b71-b2a5-7ba256091705)] {{(pid=95474) set_binding_levels /opt/stack/neutron/neutron/plugins/ml2/db.py:59}}
Aug 16 08:38:48.545932 n-d-803822-1 neutron-server[95472]: DEBUG neutron_lib.callbacks.manager [None req-06b4985a-31b8-40db-9e6a-6dd9163ea009 admin admin] Notify callbacks [] for router_gateway, before_create {{(pid=95472) _notify_loop /usr/local/lib/python3.8/dist-packages/neutron_lib/callbacks/manager.py:192}}
Aug 16 08:38:48.576126 n-d-803822-1 neutron-server[95472]: DEBUG neutron_lib.callbacks.manager [None req-06b4985a-31b8-40db-9e6a-6dd9163ea009 admin admin] Notify callbacks ['neutron.plugins.ml2.plugin.SecurityGroupDbMixin._ensure_default_security_group_handler-1572210'] for port, before_create {{(pid=95472) _notify_loop /usr/local/lib/python3.8/dist-packages/neutron_lib/callbacks/manager.py:192}}
Aug 16 08:38:48.583785 n-d-803822-1 neutron-server[95473]: INFO neutron.wsgi [req-29c13f66-4087-4334-bf42-af16ac964158 req-be89dc8c-5df0-48a1-9363-6a265c77864d tempest-AggregatesAdminTestJSON-1774585779 tempest-AggregatesAdminTestJSON-1774585779-project] 10.222.0.36 "GET /v2.0/security-groups?id=e0c137cf-f34b-4364-bc84-b47ba652f273&fields=id&fields=name HTTP/1.1" status: 200 len: 286 time: 0.1105697
Aug 16 08:38:48.595779 n-d-803822-1 neutron-server[95474]: DEBUG neutron_lib.callbacks.manager [None req-bf263af1-1e6e-42bb-837a-a457dc289628 None None] Notify callbacks ['neutron.plugins.ml2.plugin.SecurityGroupServerNotifierRpcMixin._notify_sg_on_port_change-1572060', 'neutron.plugins.ml2.ovo_rpc._ObjectChangeHandler.handle_event-124883', 'neutron.api.rpc.agentnotifiers.dhcp_rpc_agent_api.DhcpAgentNotifyAPI._native_event_send_dhcp_notification-627712', 'neutron.db.l3_db.L3RpcNotifierMixin._notify_gateway_port_ip_changed-8773406616980', 'neutron.db.l3_dvrscheduler_db._notify_l3_agent_port_update-8773406063095', 'neutron.db.l3_hascheduler_db._notify_l3_agent_ha_port_update-8773406063885'] for port, after_update {{(pid=95474) _notify_loop /usr/local/lib/python3.8/dist-packages/neutron_lib/callbacks/manager.py:192}}
Aug 16 08:38:48.685713 n-d-803822-1 neutron-server[95474]: DEBUG neutron.api.rpc.handlers.resources_rpc [None req-bf263af1-1e6e-42bb-837a-a457dc289628 None None] Pushing event updated for resources: {'Port': ['ID=c69d236f-b384-4c7a-8349-3a4d264e4cff,revision_number=2']} {{(pid=95474) push /opt/stack/neutron/neutron/api/rpc/handlers/resources_rpc.py:237}}
Aug 16 08:38:48.732275 n-d-803822-1 neutron-server[95474]: DEBUG neutron.plugins.ml2.rpc [None req-1b1b34c8-e882-4a4f-b3fb-a97446a806a6 None None] Device 7147a417-270c-484a-be4b-1a56fc217353 up at agent ovs-agent-n-d-803822-1 {{(pid=95474) update_device_up /opt/stack/neutron/neutron/plugins/ml2/rpc.py:296}}
Aug 16 08:38:48.793824 n-d-803822-1 neutron-server[95472]: DEBUG neutron.db.db_base_plugin_common [None req-06b4985a-31b8-40db-9e6a-6dd9163ea009 admin admin] Allocated IP 172.25.1.38 (f9c382c2-d81f-40fb-9ec0-a8633a8ff9ff/357b7a29-b274-412e-bcd3-11683d1673cc/95978e6b-ae18-413f-bb1f-0f5b31f0f7fe) {{(pid=95472) _store_ip_allocation /opt/stack/neutron/neutron/db/db_base_plugin_common.py:131}}
Aug 16 08:38:48.851749 n-d-803822-1 neutron-server[95473]: DEBUG neutron.wsgi [-] (95473) accepted ('10.222.0.74', 56477) {{(pid=95473) server /usr/local/lib/python3.8/dist-packages/eventlet/wsgi.py:982}}
Aug 16 08:38:48.875687 n-d-803822-1 neutron-server[95474]: DEBUG neutron.plugins.ml2.rpc [None req-66cece31-6461-4e34-9ece-fe18faf1b295 None None] Device 5429c546-8b09-484f-9473-7e9067e1303d details requested by agent hyperv_n-h1-803822-1 with host n-h1-803822-1 {{(pid=95474) get_device_details /opt/stack/neutron/neutron/plugins/ml2/rpc.py:102}}
Aug 16 08:38:48.953719 n-d-803822-1 neutron-server[95474]: DEBUG neutron.db.provisioning_blocks [None req-1b1b34c8-e882-4a4f-b3fb-a97446a806a6 None None] Provisioning for port 7147a417-270c-484a-be4b-1a56fc217353 completed by entity L2. {{(pid=95474) provisioning_complete /opt/stack/neutron/neutron/db/provisioning_blocks.py:133}}
Aug 16 08:38:49.008469 n-d-803822-1 neutron-server[95474]: DEBUG neutron.db.provisioning_blocks [None req-1b1b34c8-e882-4a4f-b3fb-a97446a806a6 None None] Provisioning complete for port 7147a417-270c-484a-be4b-1a56fc217353 triggered by entity L2. {{(pid=95474) provisioning_complete /opt/stack/neutron/neutron/db/provisioning_blocks.py:139}}
Aug 16 08:38:49.008801 n-d-803822-1 neutron-server[95474]: DEBUG neutron_lib.callbacks.manager [None req-1b1b34c8-e882-4a4f-b3fb-a97446a806a6 None None] Notify callbacks ['neutron.plugins.ml2.plugin.Ml2Plugin._port_provisioned-1543729'] for port, provisioning_complete {{(pid=95474) _notify_loop /usr/local/lib/python3.8/dist-packages/neutron_lib/callbacks/manager.py:192}}
Aug 16 08:38:49.288134 n-d-803822-1 neutron-server[95472]: INFO neutron.wsgi [req-3d87ae73-793a-448c-b9a0-bcfd30fced5d req-4dba50e2-424d-4f48-9c4b-c63095b83a06 tempest-ImagesTestJSON-180423188 tempest-ImagesTestJSON-180423188-project] 10.222.0.36 "GET /v2.0/ports?device_id=22b20cd5-5d0e-4cba-9d4c-44459a216087 HTTP/1.1" status: 200 len: 210 time: 0.0920348
Aug 16 08:38:49.405358 n-d-803822-1 neutron-server[95473]: DEBUG neutron.pecan_wsgi.hooks.policy_enforcement [req-bef044c4-8e33-4d97-b67e-90191ca7a211 req-51a6eb96-d7fb-4179-9544-18e354f9ae44 tempest-ImagesTestJSON-180423188 tempest-ImagesTestJSON-180423188-project] Attributes excluded by policy engine: ['standard_attr_id', 'vlan_transparent', 'provider:network_type', 'provider:physical_network', 'provider:segmentation_id'] {{(pid=95473) _exclude_attributes_by_policy /opt/stack/neutron/neutron/pecan_wsgi/hooks/policy_enforcement.py:255}}
Aug 16 08:38:49.407261 n-d-803822-1 neutron-server[95473]: INFO neutron.wsgi [req-bef044c4-8e33-4d97-b67e-90191ca7a211 req-51a6eb96-d7fb-4179-9544-18e354f9ae44 tempest-ImagesTestJSON-180423188 tempest-ImagesTestJSON-180423188-project] 10.222.0.74 "GET /v2.0/networks?id=c3b1f34d-9bb8-43c7-a9d1-7dbf200663d4 HTTP/1.1" status: 200 len: 804 time: 0.5538690
Aug 16 08:38:49.416920 n-d-803822-1 neutron-server[95472]: DEBUG neutron_lib.callbacks.manager [None req-06b4985a-31b8-40db-9e6a-6dd9163ea009 admin admin] Notify callbacks [] for port, precommit_create {{(pid=95472) _notify_loop /usr/local/lib/python3.8/dist-packages/neutron_lib/callbacks/manager.py:192}}
Aug 16 08:38:49.474214 n-d-803822-1 neutron-server[95473]: INFO neutron.wsgi [req-160878df-4d4e-4f24-8b2b-123f1935d60f req-0304e479-0b45-4dc5-bfa9-88bc91a9d44f tempest-LiveMigrationNegativeTest-1599595053 tempest-LiveMigrationNegativeTest-1599595053-project] 10.222.0.36 "GET /v2.0/networks?tenant_id=e3144eff30e54d63a10acf9c2cfd91cc&shared=False HTTP/1.1" status: 200 len: 213 time: 0.0577998
Aug 16 08:38:49.485837 n-d-803822-1 neutron-server[95473]: DEBUG neutron.api.v2.base [req-bef044c4-8e33-4d97-b67e-90191ca7a211 req-6031f59e-2f27-451f-bf06-24905334ed62 tempest-ImagesTestJSON-180423188 tempest-ImagesTestJSON-180423188-project] Request body: {'port': {'device_id': '22b20cd5-5d0e-4cba-9d4c-44459a216087', 'network_id': 'c3b1f34d-9bb8-43c7-a9d1-7dbf200663d4', 'admin_state_up': True, 'tenant_id': 'b9d7e067a09a42b68a3e33c18810e971'}} {{(pid=95473) prepare_request_body /opt/stack/neutron/neutron/api/v2/base.py:729}}
Aug 16 08:38:49.570101 n-d-803822-1 neutron-server[95474]: DEBUG neutron.plugins.ml2.db [None req-66cece31-6461-4e34-9ece-fe18faf1b295 None None] For port 5429c546-8b09-484f-9473-7e9067e1303d, host n-h1-803822-1, got binding levels [PortBindingLevel(driver='hyperv',host='n-h1-803822-1',level=0,port_id=5429c546-8b09-484f-9473-7e9067e1303d,segment=NetworkSegment(2e7fb818-2d92-4ae8-8686-d4126bdb7478),segment_id=2e7fb818-2d92-4ae8-8686-d4126bdb7478)] {{(pid=95474) get_binding_level_objs /opt/stack/neutron/neutron/plugins/ml2/db.py:74}}
Aug 16 08:38:49.609171 n-d-803822-1 neutron-server[95472]: DEBUG neutron_lib.callbacks.manager [None req-06b4985a-31b8-40db-9e6a-6dd9163ea009 admin admin] Notify callbacks ['neutron.plugins.ml2.plugin.SecurityGroupServerNotifierRpcMixin._notify_sg_on_port_change-1572060', 'neutron.plugins.ml2.ovo_rpc._ObjectChangeHandler.handle_event-124883', 'neutron.api.rpc.agentnotifiers.dhcp_rpc_agent_api.DhcpAgentNotifyAPI._native_event_send_dhcp_notification-627712', 'neutron.db.l3_dvrscheduler_db._notify_l3_agent_new_port-8773406063077'] for port, after_create {{(pid=95472) _notify_loop /usr/local/lib/python3.8/dist-packages/neutron_lib/callbacks/manager.py:192}}
Aug 16 08:38:49.627975 n-d-803822-1 neutron-server[95474]: DEBUG neutron.plugins.ml2.rpc [None req-66cece31-6461-4e34-9ece-fe18faf1b295 None None] Returning: {'device': '5429c546-8b09-484f-9473-7e9067e1303d', 'network_id': '5d675540-f3e5-4106-9f24-6f133838312a', 'port_id': '5429c546-8b09-484f-9473-7e9067e1303d', 'mac_address': 'fa:16:3e:e6:e0:b8', 'admin_state_up': True, 'network_type': 'vlan', 'segmentation_id': 73, 'physical_network': 'physnet1', 'mtu': 1500, 'fixed_ips': [{'subnet_id': '8f54c93f-080c-4556-b59f-0e88997aa8c9', 'ip_address': '192.168.233.126'}], 'device_owner': 'compute:tempest-test_az-2012661207', 'allowed_address_pairs': [], 'port_security_enabled': True, 'qos_policy_id': None, 'network_qos_policy_id': None, 'profile': {}, 'propagate_uplink_status': False} {{(pid=95474) _get_device_details /opt/stack/neutron/neutron/plugins/ml2/rpc.py:184}}
Aug 16 08:38:49.689001 n-d-803822-1 neutron-server[95474]: DEBUG neutron_lib.callbacks.manager [None req-1b1b34c8-e882-4a4f-b3fb-a97446a806a6 None None] Notify callbacks ['neutron.plugins.ml2.plugin.SecurityGroupDbMixin._ensure_default_security_group_handler-1572210'] for port, before_update {{(pid=95474) _notify_loop /usr/local/lib/python3.8/dist-packages/neutron_lib/callbacks/manager.py:192}}
Aug 16 08:38:49.718950 n-d-803822-1 neutron-server[95472]: DEBUG neutron.api.rpc.handlers.resources_rpc [None req-06b4985a-31b8-40db-9e6a-6dd9163ea009 admin admin] Pushing event updated for resources: {'Port': ['ID=95978e6b-ae18-413f-bb1f-0f5b31f0f7fe,revision_number=1']} {{(pid=95472) push /opt/stack/neutron/neutron/api/rpc/handlers/resources_rpc.py:237}}
Aug 16 08:38:49.766098 n-d-803822-1 neutron-server[95474]: DEBUG neutron_lib.callbacks.manager [None req-66cece31-6461-4e34-9ece-fe18faf1b295 None None] Notify callbacks ['neutron.plugins.ml2.plugin.SecurityGroupDbMixin._ensure_default_security_group_handler-1572210'] for port, before_update {{(pid=95474) _notify_loop /usr/local/lib/python3.8/dist-packages/neutron_lib/callbacks/manager.py:192}}
Aug 16 08:38:49.779533 n-d-803822-1 neutron-server[95473]: DEBUG neutron.pecan_wsgi.hooks.policy_enforcement [req-160878df-4d4e-4f24-8b2b-123f1935d60f req-023f2763-6467-45c8-97d5-83c451d8028d tempest-LiveMigrationNegativeTest-1599595053 tempest-LiveMigrationNegativeTest-1599595053-project] Attributes excluded by policy engine: ['standard_attr_id', 'vlan_transparent', 'provider:network_type', 'provider:physical_network', 'provider:segmentation_id'] {{(pid=95473) _exclude_attributes_by_policy /opt/stack/neutron/neutron/pecan_wsgi/hooks/policy_enforcement.py:255}}
Aug 16 08:38:49.781144 n-d-803822-1 neutron-server[95474]: DEBUG neutron.plugins.ml2.db [None req-1b1b34c8-e882-4a4f-b3fb-a97446a806a6 None None] For port 7147a417-270c-484a-be4b-1a56fc217353, host n-d-803822-1, got binding levels [PortBindingLevel(driver='openvswitch',host='n-d-803822-1',level=0,port_id=7147a417-270c-484a-be4b-1a56fc217353,segment=NetworkSegment(115ee6d6-c318-43e7-8ca4-29fb2ef2f7de),segment_id=115ee6d6-c318-43e7-8ca4-29fb2ef2f7de)] {{(pid=95474) get_binding_level_objs /opt/stack/neutron/neutron/plugins/ml2/db.py:74}}
Aug 16 08:38:49.783722 n-d-803822-1 neutron-server[95474]: DEBUG neutron.notifiers.nova [None req-66cece31-6461-4e34-9ece-fe18faf1b295 None None] Ignoring state change previous_port_status: DOWN current_port_status: BUILD port_id 5429c546-8b09-484f-9473-7e9067e1303d {{(pid=95474) record_port_status_changed /opt/stack/neutron/neutron/notifiers/nova.py:224}}
Aug 16 08:38:49.791465 n-d-803822-1 neutron-server[95472]: DEBUG neutron.scheduler.dhcp_agent_scheduler [None req-06b4985a-31b8-40db-9e6a-6dd9163ea009 admin admin] Network f9c382c2-d81f-40fb-9ec0-a8633a8ff9ff is already hosted by enough agents. {{(pid=95472) _get_dhcp_agents_hosting_network /opt/stack/neutron/neutron/scheduler/dhcp_agent_scheduler.py:275}}
Aug 16 08:38:49.792174 n-d-803822-1 neutron-server[95473]: INFO neutron.wsgi [req-160878df-4d4e-4f24-8b2b-123f1935d60f req-023f2763-6467-45c8-97d5-83c451d8028d tempest-LiveMigrationNegativeTest-1599595053 tempest-LiveMigrationNegativeTest-1599595053-project] 10.222.0.36 "GET /v2.0/networks?shared=True HTTP/1.1" status: 200 len: 769 time: 0.2984486
Aug 16 08:38:49.807400 n-d-803822-1 neutron-server[95472]: DEBUG neutron.scheduler.base_scheduler [None req-06b4985a-31b8-40db-9e6a-6dd9163ea009 admin admin] Resources bound (agent type, host, resource id): {{(pid=95472) schedule /opt/stack/neutron/neutron/scheduler/base_scheduler.py:57}}
Aug 16 08:38:49.830344 n-d-803822-1 neutron-server[95474]: DEBUG neutron.plugins.ml2.db [None req-66cece31-6461-4e34-9ece-fe18faf1b295 None None] For port 5429c546-8b09-484f-9473-7e9067e1303d, host n-h1-803822-1, got binding levels [PortBindingLevel(driver='hyperv',host='n-h1-803822-1',level=0,port_id=5429c546-8b09-484f-9473-7e9067e1303d,segment=NetworkSegment(2e7fb818-2d92-4ae8-8686-d4126bdb7478),segment_id=2e7fb818-2d92-4ae8-8686-d4126bdb7478)] {{(pid=95474) get_binding_level_objs /opt/stack/neutron/neutron/plugins/ml2/db.py:74}}
Aug 16 08:38:49.834430 n-d-803822-1 neutron-server[95473]: INFO neutron.wsgi [req-160878df-4d4e-4f24-8b2b-123f1935d60f req-5f8e0a1c-ef23-4ed7-8d85-f9175092a83c tempest-LiveMigrationNegativeTest-1599595053 tempest-LiveMigrationNegativeTest-1599595053-project] 10.222.0.36 "GET /v2.0/quotas/e3144eff30e54d63a10acf9c2cfd91cc HTTP/1.1" status: 200 len: 375 time: 0.0405447
Aug 16 08:38:49.853856 n-d-803822-1 neutron-server[95474]: DEBUG neutron_lib.callbacks.manager [None req-1b1b34c8-e882-4a4f-b3fb-a97446a806a6 None None] Notify callbacks ['neutron.plugins.ml2.plugin.SecurityGroupServerNotifierRpcMixin._notify_sg_on_port_change-1572060', 'neutron.plugins.ml2.ovo_rpc._ObjectChangeHandler.handle_event-124883', 'neutron.api.rpc.agentnotifiers.dhcp_rpc_agent_api.DhcpAgentNotifyAPI._native_event_send_dhcp_notification-627712', 'neutron.db.l3_db.L3RpcNotifierMixin._notify_gateway_port_ip_changed-8773406616980', 'neutron.db.l3_dvrscheduler_db._notify_l3_agent_port_update-8773406063095', 'neutron.db.l3_hascheduler_db._notify_l3_agent_ha_port_update-8773406063885'] for port, after_update {{(pid=95474) _notify_loop /usr/local/lib/python3.8/dist-packages/neutron_lib/callbacks/manager.py:192}}
Aug 16 08:38:49.855100 n-d-803822-1 neutron-server[95472]: DEBUG neutron.db.l3_dvrscheduler_db [None req-06b4985a-31b8-40db-9e6a-6dd9163ea009 admin admin] Received port after_create {{(pid=95472) _notify_l3_agent_new_port /opt/stack/neutron/neutron/db/l3_dvrscheduler_db.py:535}}
Aug 16 08:38:49.923271 n-d-803822-1 neutron-server[95473]: INFO neutron.wsgi [req-160878df-4d4e-4f24-8b2b-123f1935d60f req-2c957c00-02dc-4389-a203-265155b59411 tempest-LiveMigrationNegativeTest-1599595053 tempest-LiveMigrationNegativeTest-1599595053-project] 10.222.0.36 "GET /v2.0/ports?tenant_id=e3144eff30e54d63a10acf9c2cfd91cc&fields=id HTTP/1.1" status: 200 len: 210 time: 0.0878263
Aug 16 08:38:49.993955 n-d-803822-1 neutron-server[95474]: DEBUG neutron.api.rpc.handlers.resources_rpc [None req-1b1b34c8-e882-4a4f-b3fb-a97446a806a6 None None] Pushing event updated for resources: {'Port': ['ID=7147a417-270c-484a-be4b-1a56fc217353,revision_number=5']} {{(pid=95474) push /opt/stack/neutron/neutron/api/rpc/handlers/resources_rpc.py:237}}
Aug 16 08:38:50.010103 n-d-803822-1 neutron-server[95474]: DEBUG neutron_lib.callbacks.manager [None req-66cece31-6461-4e34-9ece-fe18faf1b295 None None] Notify callbacks ['neutron.plugins.ml2.plugin.SecurityGroupServerNotifierRpcMixin._notify_sg_on_port_change-1572060', 'neutron.plugins.ml2.ovo_rpc._ObjectChangeHandler.handle_event-124883', 'neutron.api.rpc.agentnotifiers.dhcp_rpc_agent_api.DhcpAgentNotifyAPI._native_event_send_dhcp_notification-627712', 'neutron.db.l3_db.L3RpcNotifierMixin._notify_gateway_port_ip_changed-8773406616980', 'neutron.db.l3_dvrscheduler_db._notify_l3_agent_port_update-8773406063095', 'neutron.db.l3_hascheduler_db._notify_l3_agent_ha_port_update-8773406063885'] for port, after_update {{(pid=95474) _notify_loop /usr/local/lib/python3.8/dist-packages/neutron_lib/callbacks/manager.py:192}}
Aug 16 08:38:50.065390 n-d-803822-1 neutron-server[95473]: DEBUG neutron.pecan_wsgi.hooks.quota_enforcement [req-bef044c4-8e33-4d97-b67e-90191ca7a211 req-6031f59e-2f27-451f-bf06-24905334ed62 tempest-ImagesTestJSON-180423188 tempest-ImagesTestJSON-180423188-project] Made reservation on behalf of b9d7e067a09a42b68a3e33c18810e971 for: {'port': 1} {{(pid=95473) before /opt/stack/neutron/neutron/pecan_wsgi/hooks/quota_enforcement.py:53}}
Aug 16 08:38:50.065973 n-d-803822-1 neutron-server[95474]: DEBUG neutron.api.rpc.handlers.resources_rpc [None req-66cece31-6461-4e34-9ece-fe18faf1b295 None None] Pushing event updated for resources: {'Port': ['ID=5429c546-8b09-484f-9473-7e9067e1303d,revision_number=4']} {{(pid=95474) push /opt/stack/neutron/neutron/api/rpc/handlers/resources_rpc.py:237}}
Aug 16 08:38:50.069481 n-d-803822-1 neutron-server[95473]: DEBUG neutron_lib.callbacks.manager [req-bef044c4-8e33-4d97-b67e-90191ca7a211 req-6031f59e-2f27-451f-bf06-24905334ed62 tempest-ImagesTestJSON-180423188 tempest-ImagesTestJSON-180423188-project] Notify callbacks ['neutron.plugins.ml2.plugin.SecurityGroupDbMixin._ensure_default_security_group_handler-1572210'] for port, before_create {{(pid=95473) _notify_loop /usr/local/lib/python3.8/dist-packages/neutron_lib/callbacks/manager.py:192}}
Aug 16 08:38:50.096169 n-d-803822-1 neutron-server[95472]: DEBUG neutron.pecan_wsgi.hooks.policy_enforcement [req-52ef2558-314f-461a-8fb4-027f28526c87 req-3fe8a072-0f73-49c4-af6a-233519673b69 tempest-AggregatesAdminTestJSON-1774585779 tempest-AggregatesAdminTestJSON-1774585779-project] Attributes excluded by policy engine: ['standard_attr_id', 'binding:profile', 'binding:host_id', 'binding:vif_type', 'binding:vif_details'] {{(pid=95472) _exclude_attributes_by_policy /opt/stack/neutron/neutron/pecan_wsgi/hooks/policy_enforcement.py:255}}
Aug 16 08:38:50.114901 n-d-803822-1 neutron-server[95472]: INFO neutron.wsgi [req-52ef2558-314f-461a-8fb4-027f28526c87 req-3fe8a072-0f73-49c4-af6a-233519673b69 tempest-AggregatesAdminTestJSON-1774585779 tempest-AggregatesAdminTestJSON-1774585779-project] 10.222.0.36 "GET /v2.0/ports?device_id=fc150b00-5769-4a8c-ba14-39b8ae00123e HTTP/1.1" status: 200 len: 970 time: 0.4066288
Aug 16 08:38:50.224165 n-d-803822-1 neutron-server[95472]: INFO neutron.wsgi [req-52ef2558-314f-461a-8fb4-027f28526c87 req-3f4e5255-130c-4226-a472-d23a96d2e2ee tempest-AggregatesAdminTestJSON-1774585779 tempest-AggregatesAdminTestJSON-1774585779-project] 10.222.0.36 "GET /v2.0/security-groups?id=e0c137cf-f34b-4364-bc84-b47ba652f273&fields=id&fields=name HTTP/1.1" status: 200 len: 286 time: 0.1083834
Aug 16 08:38:50.359032 n-d-803822-1 neutron-server[95474]: DEBUG neutron.plugins.ml2.db [None req-66cece31-6461-4e34-9ece-fe18faf1b295 None None] get_ports_and_sgs() called for port_ids ['5429c546-8b09-484f-9473-7e9067e1303d'] {{(pid=95474) get_ports_and_sgs /opt/stack/neutron/neutron/plugins/ml2/db.py:156}}
Aug 16 08:38:50.460554 n-d-803822-1 neutron-server[95472]: INFO neutron.wsgi [req-0fa69903-d671-4983-8c03-9842ed2c4553 req-fe08f896-4332-41aa-9ab3-9884ff6467fa tempest-LiveMigrationNegativeTest-1599595053 tempest-LiveMigrationNegativeTest-1599595053-project] 10.222.0.36 "GET /v2.0/ports?device_id=00a2ab9c-bbf2-4e5d-8120-fb3e6e2eb6cd HTTP/1.1" status: 200 len: 210 time: 0.0512886
Aug 16 08:38:50.527160 n-d-803822-1 neutron-server[95474]: DEBUG neutron.api.rpc.handlers.dhcp_rpc [None req-c7a355a1-3d86-4cb3-a234-6cb7c9338756 None None] Network a342358f-cda6-49ad-b8f3-140f7903b37a requested from n-d-803822-1 {{(pid=95474) get_network_info /opt/stack/neutron/neutron/api/rpc/handlers/dhcp_rpc.py:218}}
Aug 16 08:38:50.548435 n-d-803822-1 neutron-server[95473]: DEBUG neutron.db.db_base_plugin_common [req-bef044c4-8e33-4d97-b67e-90191ca7a211 req-6031f59e-2f27-451f-bf06-24905334ed62 tempest-ImagesTestJSON-180423188 tempest-ImagesTestJSON-180423188-project] Allocated IP 172.20.0.4 (c3b1f34d-9bb8-43c7-a9d1-7dbf200663d4/60706169-d0a8-4404-8129-01b4b2f8f427/0fbf5117-e1c8-4427-a4f7-5a962d2b6125) {{(pid=95473) _store_ip_allocation /opt/stack/neutron/neutron/db/db_base_plugin_common.py:131}}
Aug 16 08:38:50.594304 n-d-803822-1 neutron-server[95472]: DEBUG neutron_lib.callbacks.manager [None req-06b4985a-31b8-40db-9e6a-6dd9163ea009 admin admin] Notify callbacks [] for router_gateway, after_create {{(pid=95472) _notify_loop /usr/local/lib/python3.8/dist-packages/neutron_lib/callbacks/manager.py:192}}
Aug 16 08:38:50.784546 n-d-803822-1 neutron-server[95474]: DEBUG neutron.db.provisioning_blocks [None req-3222430f-cf88-4d78-b2e1-fe6a0642a77b None None] Provisioning for port c69d236f-b384-4c7a-8349-3a4d264e4cff completed by entity DHCP. {{(pid=95474) provisioning_complete /opt/stack/neutron/neutron/db/provisioning_blocks.py:133}}
Aug 16 08:38:50.827595 n-d-803822-1 neutron-server[95472]: INFO neutron.wsgi [req-636c3199-961b-401d-9c39-5f5d35096109 req-572092bd-a236-4e51-afc9-9cd5141e2d9d tempest-ImagesTestJSON-180423188 tempest-ImagesTestJSON-180423188-project] 10.222.0.36 "GET /v2.0/ports?device_id=22b20cd5-5d0e-4cba-9d4c-44459a216087 HTTP/1.1" status: 200 len: 210 time: 0.0904183
Aug 16 08:38:50.962841 n-d-803822-1 neutron-server[95474]: DEBUG neutron.plugins.ml2.rpc [None req-1b1b34c8-e882-4a4f-b3fb-a97446a806a6 None None] Device c69d236f-b384-4c7a-8349-3a4d264e4cff up at agent ovs-agent-n-d-803822-1 {{(pid=95474) update_device_up /opt/stack/neutron/neutron/plugins/ml2/rpc.py:296}}
Aug 16 08:38:51.144608 n-d-803822-1 neutron-server[95472]: DEBUG neutron_lib.callbacks.manager [None req-06b4985a-31b8-40db-9e6a-6dd9163ea009 admin admin] Notify callbacks ['neutron.services.l3_router.l3_router_plugin.L3_HA_NAT_db_mixin._after_router_create-652650', 'neutron.services.l3_router.l3_router_plugin.DVRResourceOperationHandler._create_snat_interfaces_after_change-652535'] for router, after_create {{(pid=95472) _notify_loop /usr/local/lib/python3.8/dist-packages/neutron_lib/callbacks/manager.py:192}}
Aug 16 08:38:51.167630 n-d-803822-1 neutron-server[95473]: DEBUG neutron_lib.callbacks.manager [req-bef044c4-8e33-4d97-b67e-90191ca7a211 req-6031f59e-2f27-451f-bf06-24905334ed62 tempest-ImagesTestJSON-180423188 tempest-ImagesTestJSON-180423188-project] Notify callbacks [] for port, precommit_create {{(pid=95473) _notify_loop /usr/local/lib/python3.8/dist-packages/neutron_lib/callbacks/manager.py:192}}
Aug 16 08:38:51.178735 n-d-803822-1 neutron-server[95474]: DEBUG neutron.db.provisioning_blocks [None req-1b1b34c8-e882-4a4f-b3fb-a97446a806a6 None None] Provisioning for port c69d236f-b384-4c7a-8349-3a4d264e4cff completed by entity L2. {{(pid=95474) provisioning_complete /opt/stack/neutron/neutron/db/provisioning_blocks.py:133}}
Aug 16 08:38:51.217432 n-d-803822-1 neutron-server[95474]: DEBUG neutron.db.provisioning_blocks [None req-1b1b34c8-e882-4a4f-b3fb-a97446a806a6 None None] Provisioning complete for port c69d236f-b384-4c7a-8349-3a4d264e4cff triggered by entity L2. {{(pid=95474) provisioning_complete /opt/stack/neutron/neutron/db/provisioning_blocks.py:139}}
Aug 16 08:38:51.217804 n-d-803822-1 neutron-server[95474]: DEBUG neutron_lib.callbacks.manager [None req-1b1b34c8-e882-4a4f-b3fb-a97446a806a6 None None] Notify callbacks ['neutron.plugins.ml2.plugin.Ml2Plugin._port_provisioned-1543729'] for port, provisioning_complete {{(pid=95474) _notify_loop /usr/local/lib/python3.8/dist-packages/neutron_lib/callbacks/manager.py:192}}
Aug 16 08:38:51.420409 n-d-803822-1 neutron-server[95473]: DEBUG neutron_lib.callbacks.manager [req-bef044c4-8e33-4d97-b67e-90191ca7a211 req-6031f59e-2f27-451f-bf06-24905334ed62 tempest-ImagesTestJSON-180423188 tempest-ImagesTestJSON-180423188-project] Notify callbacks ['neutron.plugins.ml2.plugin.SecurityGroupServerNotifierRpcMixin._notify_sg_on_port_change-1572060', 'neutron.plugins.ml2.ovo_rpc._ObjectChangeHandler.handle_event-124883', 'neutron.api.rpc.agentnotifiers.dhcp_rpc_agent_api.DhcpAgentNotifyAPI._native_event_send_dhcp_notification-627712', 'neutron.db.l3_dvrscheduler_db._notify_l3_agent_new_port-8773406063077'] for port, after_create {{(pid=95473) _notify_loop /usr/local/lib/python3.8/dist-packages/neutron_lib/callbacks/manager.py:192}}
Aug 16 08:38:51.470351 n-d-803822-1 neutron-server[95474]: DEBUG neutron_lib.callbacks.manager [None req-1b1b34c8-e882-4a4f-b3fb-a97446a806a6 None None] Notify callbacks ['neutron.plugins.ml2.plugin.SecurityGroupDbMixin._ensure_default_security_group_handler-1572210'] for port, before_update {{(pid=95474) _notify_loop /usr/local/lib/python3.8/dist-packages/neutron_lib/callbacks/manager.py:192}}
Aug 16 08:38:51.495437 n-d-803822-1 neutron-server[95473]: DEBUG neutron.scheduler.dhcp_agent_scheduler [req-bef044c4-8e33-4d97-b67e-90191ca7a211 req-6031f59e-2f27-451f-bf06-24905334ed62 tempest-ImagesTestJSON-180423188 tempest-ImagesTestJSON-180423188-project] Network c3b1f34d-9bb8-43c7-a9d1-7dbf200663d4 is already hosted by enough agents. {{(pid=95473) _get_dhcp_agents_hosting_network /opt/stack/neutron/neutron/scheduler/dhcp_agent_scheduler.py:275}}
Aug 16 08:38:51.505993 n-d-803822-1 neutron-server[95473]: DEBUG neutron.pecan_wsgi.hooks.policy_enforcement [req-69aea400-5412-4420-a86d-59ea1d67961d req-e8058e51-637f-4506-bb54-3b396a9491bc tempest-AggregatesAdminTestJSON-1774585779 tempest-AggregatesAdminTestJSON-1774585779-project] Attributes excluded by policy engine: ['standard_attr_id', 'binding:profile', 'binding:host_id', 'binding:vif_type', 'binding:vif_details'] {{(pid=95473) _exclude_attributes_by_policy /opt/stack/neutron/neutron/pecan_wsgi/hooks/policy_enforcement.py:255}}
Aug 16 08:38:51.513933 n-d-803822-1 neutron-server[95473]: INFO neutron.wsgi [req-69aea400-5412-4420-a86d-59ea1d67961d req-e8058e51-637f-4506-bb54-3b396a9491bc tempest-AggregatesAdminTestJSON-1774585779 tempest-AggregatesAdminTestJSON-1774585779-project] 10.222.0.36 "GET /v2.0/ports?device_id=fc150b00-5769-4a8c-ba14-39b8ae00123e HTTP/1.1" status: 200 len: 971 time: 0.1580610
Aug 16 08:38:51.517421 n-d-803822-1 neutron-server[95473]: DEBUG neutron.scheduler.base_scheduler [req-bef044c4-8e33-4d97-b67e-90191ca7a211 req-6031f59e-2f27-451f-bf06-24905334ed62 tempest-ImagesTestJSON-180423188 tempest-ImagesTestJSON-180423188-project] Resources bound (agent type, host, resource id): {{(pid=95473) schedule /opt/stack/neutron/neutron/scheduler/base_scheduler.py:57}}
