Aug 06 20:12:36.297117 n-d-803787-1 neutron-server[94284]: DEBUG neutron.plugins.ml2.drivers.mech_agent [req-5d4507b1-4377-4643-838c-a0d10e1f8cd0 req-554aa6e4-abcc-474f-8390-7b6059d4934d service neutron] Checking agent: {'id': '6e74a49b-fb17-4605-a86d-700a25ab0394', 'agent_type': 'HyperV agent', 'binary': 'neutron-hyperv-agent', 'topic': 'N/A', 'host': 'n-h1-803787-1', 'admin_state_up': True, 'created_at': datetime.datetime(2021, 8, 6, 20, 9, 52), 'started_at': datetime.datetime(2021, 8, 6, 20, 9, 52), 'heartbeat_timestamp': datetime.datetime(2021, 8, 6, 20, 12, 22), 'description': None, 'resources_synced': None, 'availability_zone': None, 'alive': True, 'configurations': {'vswitch_mappings': {'physnet1$': 'br-data'}}, 'resource_versions': {}} {{(pid=94284) bind_port /opt/stack/neutron/neutron/plugins/ml2/drivers/mech_agent.py:104}}
Aug 06 20:12:36.297453 n-d-803787-1 neutron-server[94284]: DEBUG neutron.plugins.ml2.drivers.mech_agent [req-5d4507b1-4377-4643-838c-a0d10e1f8cd0 req-554aa6e4-abcc-474f-8390-7b6059d4934d service neutron] Checking segment: {'id': 'e36092b4-2dd9-4224-a06a-7a7472ae786e', 'network_type': 'vlan', 'physical_network': 'physnet1', 'segmentation_id': 200, 'network_id': 'bfe1f671-631f-47bf-999e-cd6c28c33d40'} for mappings: {'physnet1$': 'br-data'} with network types: ['local', 'flat', 'vlan'] {{(pid=94284) check_segment_for_agent /opt/stack/neutron/neutron/plugins/ml2/drivers/mech_agent.py:352}}
Aug 06 20:12:36.297847 n-d-803787-1 neutron-server[94284]: DEBUG neutron.plugins.ml2.drivers.mech_agent [req-5d4507b1-4377-4643-838c-a0d10e1f8cd0 req-554aa6e4-abcc-474f-8390-7b6059d4934d service neutron] Bound using segment: {'id': 'e36092b4-2dd9-4224-a06a-7a7472ae786e', 'network_type': 'vlan', 'physical_network': 'physnet1', 'segmentation_id': 200, 'network_id': 'bfe1f671-631f-47bf-999e-cd6c28c33d40'} {{(pid=94284) bind_port /opt/stack/neutron/neutron/plugins/ml2/drivers/mech_agent.py:114}}
Aug 06 20:12:36.298769 n-d-803787-1 neutron-server[94284]: DEBUG neutron.plugins.ml2.managers [req-5d4507b1-4377-4643-838c-a0d10e1f8cd0 req-554aa6e4-abcc-474f-8390-7b6059d4934d service neutron] Bound port: a9b5226c-4c93-4e16-8bea-5d8cc7405187, host: n-h1-803787-1, vif_type: hyperv, vif_details: {"connectivity": "legacy", "port_filter": false}, binding_levels: [{'bound_driver': 'hyperv', 'bound_segment': {'id': 'e36092b4-2dd9-4224-a06a-7a7472ae786e', 'network_type': 'vlan', 'physical_network': 'physnet1', 'segmentation_id': 200, 'network_id': 'bfe1f671-631f-47bf-999e-cd6c28c33d40'}}] {{(pid=94284) _bind_port_level /opt/stack/neutron/neutron/plugins/ml2/managers.py:928}}
Aug 06 20:12:36.298769 n-d-803787-1 neutron-server[94284]: DEBUG neutron_lib.callbacks.manager [req-5d4507b1-4377-4643-838c-a0d10e1f8cd0 req-554aa6e4-abcc-474f-8390-7b6059d4934d service neutron] Notify callbacks ['neutron.plugins.ml2.plugin.SecurityGroupDbMixin._ensure_default_security_group_handler-2015350'] for port, before_update {{(pid=94284) _notify_loop /usr/local/lib/python3.8/dist-packages/neutron_lib/callbacks/manager.py:192}}
Aug 06 20:12:36.307137 n-d-803787-1 neutron-server[94283]: INFO neutron.wsgi [req-2fd0d3fb-870c-45b1-86d7-2e911471dae3 req-09fd9768-10ea-4603-90ed-8f12cdb00142 tempest-DeleteServersAdminTestJSON-38031767 tempest-DeleteServersAdminTestJSON-38031767-project] 10.222.0.22 "GET /v2.0/security-groups?id=0cd42104-0039-46ef-b627-e48a82a8ee70&fields=id&fields=name HTTP/1.1" status: 200 len: 286 time: 0.0955615
Aug 06 20:12:36.328258 n-d-803787-1 neutron-server[94284]: INFO neutron.wsgi [req-fd6ba0f2-eb76-4197-a7fa-8bedf7b24edf req-cca1074a-bf38-4c15-aa46-66b5feb5b5fb tempest-LiveMigrationTest-937130950 tempest-LiveMigrationTest-937130950-project] 10.222.0.22 "GET /v2.0/quotas/4ff2a06e8b8c4a479c43c4a72e7c01db HTTP/1.1" status: 200 len: 375 time: 0.0271263
Aug 06 20:12:36.377917 n-d-803787-1 neutron-server[94283]: INFO neutron.wsgi [req-28f40463-2287-41e6-81ab-94d17ebdccc7 req-9da40583-f0ac-437e-a998-0cbe713f7b3b service neutron] 10.222.0.37 "GET /v2.0/networks/bfe1f671-631f-47bf-999e-cd6c28c33d40?fields=segments HTTP/1.1" status: 200 len: 212 time: 0.1589105
Aug 06 20:12:36.379472 n-d-803787-1 neutron-server[94284]: INFO neutron.wsgi [req-fd6ba0f2-eb76-4197-a7fa-8bedf7b24edf req-62e63f9b-8608-4d97-8929-4b693ecc5377 tempest-LiveMigrationTest-937130950 tempest-LiveMigrationTest-937130950-project] 10.222.0.22 "GET /v2.0/ports?tenant_id=4ff2a06e8b8c4a479c43c4a72e7c01db&fields=id HTTP/1.1" status: 200 len: 210 time: 0.0503035
Aug 06 20:12:36.435368 n-d-803787-1 neutron-server[94284]: DEBUG neutron.plugins.ml2.db [req-5d4507b1-4377-4643-838c-a0d10e1f8cd0 req-554aa6e4-abcc-474f-8390-7b6059d4934d service neutron] For port a9b5226c-4c93-4e16-8bea-5d8cc7405187, host n-h1-803787-1, cleared binding levels {{(pid=94284) clear_binding_levels /opt/stack/neutron/neutron/plugins/ml2/db.py:87}}
Aug 06 20:12:36.440128 n-d-803787-1 neutron-server[94284]: DEBUG neutron.plugins.ml2.db [req-5d4507b1-4377-4643-838c-a0d10e1f8cd0 req-554aa6e4-abcc-474f-8390-7b6059d4934d service neutron] For port a9b5226c-4c93-4e16-8bea-5d8cc7405187, host n-h1-803787-1, set binding levels [PortBindingLevel(driver='hyperv',host='n-h1-803787-1',level=0,port_id=a9b5226c-4c93-4e16-8bea-5d8cc7405187,segment=NetworkSegment(e36092b4-2dd9-4224-a06a-7a7472ae786e),segment_id=e36092b4-2dd9-4224-a06a-7a7472ae786e)] {{(pid=94284) set_binding_levels /opt/stack/neutron/neutron/plugins/ml2/db.py:59}}
Aug 06 20:12:36.446522 n-d-803787-1 neutron-server[94284]: DEBUG neutron_lib.callbacks.manager [req-5d4507b1-4377-4643-838c-a0d10e1f8cd0 req-554aa6e4-abcc-474f-8390-7b6059d4934d service neutron] Notify callbacks ['neutron.plugins.ml2.plugin.SecurityGroupServerNotifierRpcMixin._notify_sg_on_port_change-2015285', 'neutron.plugins.ml2.ovo_rpc._ObjectChangeHandler.handle_event-442159', 'neutron.api.rpc.agentnotifiers.dhcp_rpc_agent_api.DhcpAgentNotifyAPI._native_event_send_dhcp_notification-550922', 'neutron.db.l3_db.L3RpcNotifierMixin._notify_gateway_port_ip_changed-8772798706517', 'neutron.db.l3_dvrscheduler_db._notify_l3_agent_port_update-8772798181358', 'neutron.db.l3_hascheduler_db._notify_l3_agent_ha_port_update-8772798183940'] for port, after_update {{(pid=94284) _notify_loop /usr/local/lib/python3.8/dist-packages/neutron_lib/callbacks/manager.py:192}}
Aug 06 20:12:36.499943 n-d-803787-1 neutron-server[94284]: DEBUG neutron.pecan_wsgi.hooks.policy_enforcement [req-5d4507b1-4377-4643-838c-a0d10e1f8cd0 req-554aa6e4-abcc-474f-8390-7b6059d4934d service neutron] Attributes excluded by policy engine: ['standard_attr_id'] {{(pid=94284) _exclude_attributes_by_policy /opt/stack/neutron/neutron/pecan_wsgi/hooks/policy_enforcement.py:255}}
Aug 06 20:12:36.501021 n-d-803787-1 neutron-server[94284]: DEBUG neutron_lib.callbacks.manager [req-5d4507b1-4377-4643-838c-a0d10e1f8cd0 req-554aa6e4-abcc-474f-8390-7b6059d4934d service neutron] Notify callbacks ['neutron.notifiers.nova.Notifier._send_nova_notification-419539', 'neutron.api.rpc.agentnotifiers.dhcp_rpc_agent_api.DhcpAgentNotifyAPI._send_dhcp_notification-550932'] for port, before_response {{(pid=94284) _notify_loop /usr/local/lib/python3.8/dist-packages/neutron_lib/callbacks/manager.py:192}}
Aug 06 20:12:36.502331 n-d-803787-1 neutron-server[94284]: INFO neutron.wsgi [req-5d4507b1-4377-4643-838c-a0d10e1f8cd0 req-554aa6e4-abcc-474f-8390-7b6059d4934d service neutron] 10.222.0.37 "PUT /v2.0/ports/a9b5226c-4c93-4e16-8bea-5d8cc7405187 HTTP/1.1" status: 200 len: 1118 time: 1.6463463
Aug 06 20:12:36.502879 n-d-803787-1 neutron-server[94284]: DEBUG neutron.notifiers.nova [-] Sending events: [{'name': 'network-changed', 'server_uuid': '1f9340b4-cfb3-47fb-967c-fa470eae65dd', 'tag': 'a9b5226c-4c93-4e16-8bea-5d8cc7405187'}] {{(pid=94284) send_events /opt/stack/neutron/neutron/notifiers/nova.py:262}}
Aug 06 20:12:36.505595 n-d-803787-1 neutron-server[94284]: DEBUG novaclient.v2.client [-] REQ: curl -g -i --cacert "/opt/stack/data/ca-bundle.pem" -X POST http://10.222.0.22/compute/v2.1/os-server-external-events -H "Accept: application/json" -H "Content-Type: application/json" -H "User-Agent: python-novaclient" -H "X-Auth-Token: {SHA256}f465d5000d6a088455c7ee4bc5c263e7832863a133656690c911a494c3c8815d" -H "X-OpenStack-Nova-API-Version: 2.1" -H "X-OpenStack-Request-ID: req-d511a456-190e-46b7-be7f-631e517cfe6d" -d '{"events": [{"name": "network-changed", "server_uuid": "1f9340b4-cfb3-47fb-967c-fa470eae65dd", "tag": "a9b5226c-4c93-4e16-8bea-5d8cc7405187"}]}' {{(pid=94284) _http_log_request /usr/local/lib/python3.8/dist-packages/keystoneauth1/session.py:519}}
Aug 06 20:12:36.528884 n-d-803787-1 neutron-server[94283]: DEBUG neutron.pecan_wsgi.hooks.policy_enforcement [req-964a5acf-948b-4e13-b4fc-128098a93adc req-d5a0dc3b-3e9c-44e7-b9d8-ebdff71a6f76 tempest-ServersAdminNegativeTestJSON-104320158 tempest-ServersAdminNegativeTestJSON-104320158-project] Attributes excluded by policy engine: ['standard_attr_id', 'binding:profile', 'binding:host_id', 'binding:vif_type', 'binding:vif_details'] {{(pid=94283) _exclude_attributes_by_policy /opt/stack/neutron/neutron/pecan_wsgi/hooks/policy_enforcement.py:255}}
Aug 06 20:12:36.530442 n-d-803787-1 neutron-server[94283]: INFO neutron.wsgi [req-964a5acf-948b-4e13-b4fc-128098a93adc req-d5a0dc3b-3e9c-44e7-b9d8-ebdff71a6f76 tempest-ServersAdminNegativeTestJSON-104320158 tempest-ServersAdminNegativeTestJSON-104320158-project] 10.222.0.22 "GET /v2.0/ports?device_id=1f9340b4-cfb3-47fb-967c-fa470eae65dd HTTP/1.1" status: 200 len: 970 time: 0.0766294
Aug 06 20:12:36.548522 n-d-803787-1 neutron-server[94283]: INFO neutron.wsgi [req-28f40463-2287-41e6-81ab-94d17ebdccc7 req-1d74faf3-9dc7-44b7-b47f-28f5eb6181dc service neutron] 10.222.0.37 "GET /v2.0/networks/bfe1f671-631f-47bf-999e-cd6c28c33d40?fields=provider%3Aphysical_network&fields=provider%3Anetwork_type HTTP/1.1" status: 200 len: 281 time: 0.1627731
Aug 06 20:12:36.586427 n-d-803787-1 neutron-server[94283]: INFO neutron.wsgi [req-964a5acf-948b-4e13-b4fc-128098a93adc req-c9bca116-8f8a-4ae4-81d7-bd250aa4cd04 tempest-ServersAdminNegativeTestJSON-104320158 tempest-ServersAdminNegativeTestJSON-104320158-project] 10.222.0.22 "GET /v2.0/security-groups?id=5a08dd7c-8f5e-4621-a9c8-30dc22b28509&fields=id&fields=name HTTP/1.1" status: 200 len: 286 time: 0.0444887
Aug 06 20:12:36.598494 n-d-803787-1 neutron-server[94284]: DEBUG neutron.api.rpc.handlers.resources_rpc [None req-554aa6e4-abcc-474f-8390-7b6059d4934d service neutron] Pushing event updated for resources: {'Port': ['ID=a9b5226c-4c93-4e16-8bea-5d8cc7405187,revision_number=3']} {{(pid=94284) push /opt/stack/neutron/neutron/api/rpc/handlers/resources_rpc.py:237}}
Aug 06 20:12:36.652631 n-d-803787-1 neutron-server[94284]: DEBUG neutron.wsgi [req-fd6ba0f2-eb76-4197-a7fa-8bedf7b24edf req-eb06fa43-f2b2-4f20-8e24-78b5a9f2276e service neutron] http://10.222.0.22:9696/v2.0/extensions returned with HTTP 200 {{(pid=94284) __call__ /opt/stack/neutron/neutron/wsgi.py:729}}
Aug 06 20:12:36.654152 n-d-803787-1 neutron-server[94284]: INFO neutron.wsgi [req-fd6ba0f2-eb76-4197-a7fa-8bedf7b24edf req-eb06fa43-f2b2-4f20-8e24-78b5a9f2276e service neutron] 10.222.0.22 "GET /v2.0/extensions HTTP/1.1" status: 200 len: 13640 time: 0.1292088
Aug 06 20:12:36.666524 n-d-803787-1 neutron-server[94285]: DEBUG neutron.plugins.ml2.rpc [None req-a55374e3-9fcc-4c0f-a90f-3595c6a119e5 None None] Device bf33b4f6-d23d-4c47-aad4-cc51798d8b23 up at agent hyperv_n-h1-803787-1 {{(pid=94285) update_device_up /opt/stack/neutron/neutron/plugins/ml2/rpc.py:296}}
Aug 06 20:12:36.697473 n-d-803787-1 neutron-server[94283]: DEBUG neutron.pecan_wsgi.hooks.policy_enforcement [req-d3a7f9b9-13ef-4848-8508-f1222ff61421 req-393f8186-c753-4fae-9673-9fce58e06b57 service neutron] Attributes excluded by policy engine: ['standard_attr_id'] {{(pid=94283) _exclude_attributes_by_policy /opt/stack/neutron/neutron/pecan_wsgi/hooks/policy_enforcement.py:255}}
Aug 06 20:12:36.706087 n-d-803787-1 neutron-server[94283]: INFO neutron.wsgi [req-d3a7f9b9-13ef-4848-8508-f1222ff61421 req-393f8186-c753-4fae-9673-9fce58e06b57 service neutron] 10.222.0.37 "GET /v2.0/ports?tenant_id=f28ae0bd157d430ea74d02cefea15156&device_id=6db01010-8f36-443e-b099-a93e7016cb81 HTTP/1.1" status: 200 len: 1121 time: 0.0805252
Aug 06 20:12:36.750127 n-d-803787-1 neutron-server[94284]: DEBUG novaclient.v2.client [-] RESP: [200] Connection: close Content-Length: 179 Content-Type: application/json Date: Fri, 06 Aug 2021 20:12:36 GMT OpenStack-API-Version: compute 2.1 Server: Apache/2.4.41 (Ubuntu) Vary: OpenStack-API-Version,X-OpenStack-Nova-API-Version X-OpenStack-Nova-API-Version: 2.1 x-compute-request-id: req-49325bb4-6059-4326-a5b0-52d383d6c93a x-openstack-request-id: req-49325bb4-6059-4326-a5b0-52d383d6c93a {{(pid=94284) _http_log_response /usr/local/lib/python3.8/dist-packages/keystoneauth1/session.py:550}}
Aug 06 20:12:36.750390 n-d-803787-1 neutron-server[94284]: DEBUG novaclient.v2.client [-] RESP BODY: {"events": [{"name": "network-changed", "server_uuid": "1f9340b4-cfb3-47fb-967c-fa470eae65dd", "tag": "a9b5226c-4c93-4e16-8bea-5d8cc7405187", "status": "completed", "code": 200}]} {{(pid=94284) _http_log_response /usr/local/lib/python3.8/dist-packages/keystoneauth1/session.py:582}}
Aug 06 20:12:36.750646 n-d-803787-1 neutron-server[94284]: DEBUG novaclient.v2.client [-] POST call to compute for http://10.222.0.22/compute/v2.1/os-server-external-events used request id req-49325bb4-6059-4326-a5b0-52d383d6c93a {{(pid=94284) request /usr/local/lib/python3.8/dist-packages/keystoneauth1/session.py:954}}
Aug 06 20:12:36.751040 n-d-803787-1 neutron-server[94284]: INFO neutron.notifiers.nova [-] Nova event response: {'name': 'network-changed', 'server_uuid': '1f9340b4-cfb3-47fb-967c-fa470eae65dd', 'tag': 'a9b5226c-4c93-4e16-8bea-5d8cc7405187', 'status': 'completed', 'code': 200}
Aug 06 20:12:36.759475 n-d-803787-1 neutron-server[94285]: DEBUG neutron.db.provisioning_blocks [None req-a55374e3-9fcc-4c0f-a90f-3595c6a119e5 None None] Provisioning for port bf33b4f6-d23d-4c47-aad4-cc51798d8b23 completed by entity L2. {{(pid=94285) provisioning_complete /opt/stack/neutron/neutron/db/provisioning_blocks.py:133}}
Aug 06 20:12:36.765791 n-d-803787-1 neutron-server[94285]: DEBUG neutron.db.provisioning_blocks [None req-a55374e3-9fcc-4c0f-a90f-3595c6a119e5 None None] Provisioning complete for port bf33b4f6-d23d-4c47-aad4-cc51798d8b23 triggered by entity L2. {{(pid=94285) provisioning_complete /opt/stack/neutron/neutron/db/provisioning_blocks.py:139}}
Aug 06 20:12:36.766402 n-d-803787-1 neutron-server[94285]: DEBUG neutron_lib.callbacks.manager [None req-a55374e3-9fcc-4c0f-a90f-3595c6a119e5 None None] Notify callbacks ['neutron.plugins.ml2.plugin.Ml2Plugin._port_provisioned-1616289'] for port, provisioning_complete {{(pid=94285) _notify_loop /usr/local/lib/python3.8/dist-packages/neutron_lib/callbacks/manager.py:192}}
Aug 06 20:12:36.768223 n-d-803787-1 neutron-server[94284]: DEBUG neutron.pecan_wsgi.hooks.policy_enforcement [req-5d4507b1-4377-4643-838c-a0d10e1f8cd0 req-2efb17cd-e03f-4fb9-a9e0-97ee76215cac service neutron] Attributes excluded by policy engine: ['standard_attr_id'] {{(pid=94284) _exclude_attributes_by_policy /opt/stack/neutron/neutron/pecan_wsgi/hooks/policy_enforcement.py:255}}
Aug 06 20:12:36.769818 n-d-803787-1 neutron-server[94284]: INFO neutron.wsgi [req-5d4507b1-4377-4643-838c-a0d10e1f8cd0 req-2efb17cd-e03f-4fb9-a9e0-97ee76215cac service neutron] 10.222.0.37 "GET /v2.0/ports?tenant_id=3757cfeb50034a5fa7b71ae59517de5e&device_id=1f9340b4-cfb3-47fb-967c-fa470eae65dd HTTP/1.1" status: 200 len: 1121 time: 0.2106047
Aug 06 20:12:36.836022 n-d-803787-1 neutron-server[94284]: INFO neutron.wsgi [req-5d4507b1-4377-4643-838c-a0d10e1f8cd0 req-537ec313-5650-4a69-a768-3e03cef400cb service neutron] 10.222.0.37 "GET /v2.0/floatingips?fixed_ip_address=192.168.233.236&port_id=a9b5226c-4c93-4e16-8bea-5d8cc7405187 HTTP/1.1" status: 200 len: 217 time: 0.0485086
Aug 06 20:12:36.885851 n-d-803787-1 neutron-server[94284]: INFO neutron.wsgi [req-fd6ba0f2-eb76-4197-a7fa-8bedf7b24edf req-9fcf9ea3-99c3-4874-8a4b-ad40e1a7998a service neutron] 10.222.0.22 "GET /v2.0/networks/695af585-a491-454f-b7d3-6c65bb7c012e?fields=segments HTTP/1.1" status: 200 len: 212 time: 0.2238555
Aug 06 20:12:36.892530 n-d-803787-1 neutron-server[94283]: DEBUG neutron.pecan_wsgi.hooks.policy_enforcement [req-d3a7f9b9-13ef-4848-8508-f1222ff61421 req-d1156381-f905-45f3-86fa-1e0d3aeddc1b service neutron] Attributes excluded by policy engine: ['standard_attr_id', 'vlan_transparent'] {{(pid=94283) _exclude_attributes_by_policy /opt/stack/neutron/neutron/pecan_wsgi/hooks/policy_enforcement.py:255}}
Aug 06 20:12:36.894485 n-d-803787-1 neutron-server[94283]: INFO neutron.wsgi [req-d3a7f9b9-13ef-4848-8508-f1222ff61421 req-d1156381-f905-45f3-86fa-1e0d3aeddc1b service neutron] 10.222.0.37 "GET /v2.0/networks?id=bfe1f671-631f-47bf-999e-cd6c28c33d40 HTTP/1.1" status: 200 len: 870 time: 0.1782622
Aug 06 20:12:36.905555 n-d-803787-1 neutron-server[94285]: DEBUG neutron_lib.callbacks.manager [None req-a55374e3-9fcc-4c0f-a90f-3595c6a119e5 None None] Notify callbacks ['neutron.plugins.ml2.plugin.SecurityGroupDbMixin._ensure_default_security_group_handler-2015350'] for port, before_update {{(pid=94285) _notify_loop /usr/local/lib/python3.8/dist-packages/neutron_lib/callbacks/manager.py:192}}
Aug 06 20:12:36.907508 n-d-803787-1 neutron-server[94283]: DEBUG neutron.pecan_wsgi.hooks.policy_enforcement [req-161f72c9-f17c-499b-920c-a45fd8d4bc1d req-7ea5e3ca-cc46-401b-b620-787bfafdab33 tempest-AggregatesAdminTestJSON-661462309 tempest-AggregatesAdminTestJSON-661462309-project] Attributes excluded by policy engine: ['standard_attr_id', 'binding:profile', 'binding:host_id', 'binding:vif_type', 'binding:vif_details'] {{(pid=94283) _exclude_attributes_by_policy /opt/stack/neutron/neutron/pecan_wsgi/hooks/policy_enforcement.py:255}}
Aug 06 20:12:36.909660 n-d-803787-1 neutron-server[94283]: INFO neutron.wsgi [req-161f72c9-f17c-499b-920c-a45fd8d4bc1d req-7ea5e3ca-cc46-401b-b620-787bfafdab33 tempest-AggregatesAdminTestJSON-661462309 tempest-AggregatesAdminTestJSON-661462309-project] 10.222.0.22 "GET /v2.0/ports?device_id=f72ba232-7849-4068-ac23-a317513db7cc HTTP/1.1" status: 200 len: 971 time: 0.0756927
Aug 06 20:12:36.923178 n-d-803787-1 neutron-server[94284]: DEBUG neutron.pecan_wsgi.hooks.policy_enforcement [req-5d4507b1-4377-4643-838c-a0d10e1f8cd0 req-3a44dad7-78aa-4cde-98c1-38b7d5492461 service neutron] Attributes excluded by policy engine: ['standard_attr_id', 'shared'] {{(pid=94284) _exclude_attributes_by_policy /opt/stack/neutron/neutron/pecan_wsgi/hooks/policy_enforcement.py:255}}
Aug 06 20:12:36.925145 n-d-803787-1 neutron-server[94284]: INFO neutron.wsgi [req-5d4507b1-4377-4643-838c-a0d10e1f8cd0 req-3a44dad7-78aa-4cde-98c1-38b7d5492461 service neutron] 10.222.0.37 "GET /v2.0/subnets?id=0de695c7-f39c-4b9b-8a4f-abb3c0c54228 HTTP/1.1" status: 200 len: 843 time: 0.0816674
Aug 06 20:12:36.937509 n-d-803787-1 neutron-server[94285]: DEBUG neutron.notifiers.nova [-] Sending events: [{'server_uuid': 'f72ba232-7849-4068-ac23-a317513db7cc', 'name': 'network-vif-plugged', 'status': 'completed', 'tag': 'bf33b4f6-d23d-4c47-aad4-cc51798d8b23'}] {{(pid=94285) send_events /opt/stack/neutron/neutron/notifiers/nova.py:262}}
Aug 06 20:12:36.953976 n-d-803787-1 neutron-server[94283]: INFO neutron.wsgi [req-d3a7f9b9-13ef-4848-8508-f1222ff61421 req-0d1c9c3b-0c0c-4ce3-b7d5-9356442922b0 service neutron] 10.222.0.37 "GET /v2.0/floatingips?fixed_ip_address=192.168.233.129&port_id=e065a96f-fcf2-4c92-88d2-63d04e6b36fa HTTP/1.1" status: 200 len: 217 time: 0.0433552
Aug 06 20:12:37.009365 n-d-803787-1 neutron-server[94283]: INFO neutron.wsgi [req-161f72c9-f17c-499b-920c-a45fd8d4bc1d req-a5173325-9230-4198-a13f-8d97031f8e3a tempest-AggregatesAdminTestJSON-661462309 tempest-AggregatesAdminTestJSON-661462309-project] 10.222.0.22 "GET /v2.0/security-groups?id=ab593278-f994-4f96-892a-d435b69237e2&fields=id&fields=name HTTP/1.1" status: 200 len: 286 time: 0.0914011
Aug 06 20:12:37.029093 n-d-803787-1 neutron-server[94283]: DEBUG neutron.pecan_wsgi.hooks.policy_enforcement [req-d3a7f9b9-13ef-4848-8508-f1222ff61421 req-78eb6ee7-2c57-48ad-a0eb-8d8898156e04 service neutron] Attributes excluded by policy engine: ['standard_attr_id', 'shared'] {{(pid=94283) _exclude_attributes_by_policy /opt/stack/neutron/neutron/pecan_wsgi/hooks/policy_enforcement.py:255}}
Aug 06 20:12:37.030918 n-d-803787-1 neutron-server[94283]: INFO neutron.wsgi [req-d3a7f9b9-13ef-4848-8508-f1222ff61421 req-78eb6ee7-2c57-48ad-a0eb-8d8898156e04 service neutron] 10.222.0.37 "GET /v2.0/subnets?id=0de695c7-f39c-4b9b-8a4f-abb3c0c54228 HTTP/1.1" status: 200 len: 843 time: 0.0688534
Aug 06 20:12:37.036352 n-d-803787-1 neutron-server[94284]: INFO neutron.wsgi [req-fd6ba0f2-eb76-4197-a7fa-8bedf7b24edf req-5a523309-5175-4e77-991e-b59143d14932 service neutron] 10.222.0.22 "GET /v2.0/networks/695af585-a491-454f-b7d3-6c65bb7c012e?fields=provider%3Aphysical_network&fields=provider%3Anetwork_type HTTP/1.1" status: 200 len: 281 time: 0.1427796
Aug 06 20:12:37.040563 n-d-803787-1 neutron-server[94285]: DEBUG neutron.plugins.ml2.db [None req-a55374e3-9fcc-4c0f-a90f-3595c6a119e5 None None] For port bf33b4f6-d23d-4c47-aad4-cc51798d8b23, host n-h1-803787-1, got binding levels [PortBindingLevel(driver='hyperv',host='n-h1-803787-1',level=0,port_id=bf33b4f6-d23d-4c47-aad4-cc51798d8b23,segment=NetworkSegment(e36092b4-2dd9-4224-a06a-7a7472ae786e),segment_id=e36092b4-2dd9-4224-a06a-7a7472ae786e)] {{(pid=94285) get_binding_level_objs /opt/stack/neutron/neutron/plugins/ml2/db.py:74}}
Aug 06 20:12:37.045419 n-d-803787-1 neutron-server[94284]: DEBUG neutron.pecan_wsgi.hooks.policy_enforcement [req-5d4507b1-4377-4643-838c-a0d10e1f8cd0 req-3ab402ae-4e7d-4519-a461-6f318f7f9e20 service neutron] Attributes excluded by policy engine: ['standard_attr_id'] {{(pid=94284) _exclude_attributes_by_policy /opt/stack/neutron/neutron/pecan_wsgi/hooks/policy_enforcement.py:255}}
Aug 06 20:12:37.047121 n-d-803787-1 neutron-server[94284]: INFO neutron.wsgi [req-5d4507b1-4377-4643-838c-a0d10e1f8cd0 req-3ab402ae-4e7d-4519-a461-6f318f7f9e20 service neutron] 10.222.0.37 "GET /v2.0/ports?network_id=bfe1f671-631f-47bf-999e-cd6c28c33d40&device_owner=network%3Adhcp HTTP/1.1" status: 200 len: 1166 time: 0.0880659
Aug 06 20:12:37.052184 n-d-803787-1 neutron-server[94285]: DEBUG neutron_lib.callbacks.manager [None req-a55374e3-9fcc-4c0f-a90f-3595c6a119e5 None None] Notify callbacks ['neutron.plugins.ml2.plugin.SecurityGroupServerNotifierRpcMixin._notify_sg_on_port_change-2015285', 'neutron.plugins.ml2.ovo_rpc._ObjectChangeHandler.handle_event-442159', 'neutron.api.rpc.agentnotifiers.dhcp_rpc_agent_api.DhcpAgentNotifyAPI._native_event_send_dhcp_notification-550922', 'neutron.db.l3_db.L3RpcNotifierMixin._notify_gateway_port_ip_changed-8772798706517', 'neutron.db.l3_dvrscheduler_db._notify_l3_agent_port_update-8772798181358', 'neutron.db.l3_hascheduler_db._notify_l3_agent_ha_port_update-8772798183940'] for port, after_update {{(pid=94285) _notify_loop /usr/local/lib/python3.8/dist-packages/neutron_lib/callbacks/manager.py:192}}
Aug 06 20:12:37.147674 n-d-803787-1 neutron-server[94285]: DEBUG neutron.api.rpc.handlers.resources_rpc [None req-a55374e3-9fcc-4c0f-a90f-3595c6a119e5 None None] Pushing event updated for resources: {'Port': ['ID=bf33b4f6-d23d-4c47-aad4-cc51798d8b23,revision_number=5']} {{(pid=94285) push /opt/stack/neutron/neutron/api/rpc/handlers/resources_rpc.py:237}}
Aug 06 20:12:37.176249 n-d-803787-1 neutron-server[94283]: DEBUG neutron.pecan_wsgi.hooks.policy_enforcement [req-d3a7f9b9-13ef-4848-8508-f1222ff61421 req-86b6e96a-7dc4-4633-8950-fc5d01c5da6f service neutron] Attributes excluded by policy engine: ['standard_attr_id'] {{(pid=94283) _exclude_attributes_by_policy /opt/stack/neutron/neutron/pecan_wsgi/hooks/policy_enforcement.py:255}}
Aug 06 20:12:37.177835 n-d-803787-1 neutron-server[94283]: INFO neutron.wsgi [req-d3a7f9b9-13ef-4848-8508-f1222ff61421 req-86b6e96a-7dc4-4633-8950-fc5d01c5da6f service neutron] 10.222.0.37 "GET /v2.0/ports?network_id=bfe1f671-631f-47bf-999e-cd6c28c33d40&device_owner=network%3Adhcp HTTP/1.1" status: 200 len: 1166 time: 0.1295760
Aug 06 20:12:37.214956 n-d-803787-1 neutron-server[94283]: DEBUG neutron.pecan_wsgi.hooks.policy_enforcement [req-ef1c28ca-79b8-41eb-aa44-5ff45bdcdcc2 req-4a0164b7-a0fb-4fc3-816a-8f8fded345e9 tempest-MigrationsAdminTest-1334292377 tempest-MigrationsAdminTest-1334292377-project] Attributes excluded by policy engine: ['standard_attr_id', 'binding:profile', 'binding:host_id', 'binding:vif_type', 'binding:vif_details'] {{(pid=94283) _exclude_attributes_by_policy /opt/stack/neutron/neutron/pecan_wsgi/hooks/policy_enforcement.py:255}}
Aug 06 20:12:37.216479 n-d-803787-1 neutron-server[94283]: INFO neutron.wsgi [req-ef1c28ca-79b8-41eb-aa44-5ff45bdcdcc2 req-4a0164b7-a0fb-4fc3-816a-8f8fded345e9 tempest-MigrationsAdminTest-1334292377 tempest-MigrationsAdminTest-1334292377-project] 10.222.0.22 "GET /v2.0/ports?device_id=4be7a932-bf51-42b2-9885-3dafc471d5e3 HTTP/1.1" status: 200 len: 948 time: 0.1098707
Aug 06 20:12:37.228461 n-d-803787-1 neutron-server[94284]: INFO neutron.wsgi [req-5d4507b1-4377-4643-838c-a0d10e1f8cd0 req-5b40acd2-46ac-41dc-abf7-9eb4ec3313db service neutron] 10.222.0.37 "GET /v2.0/networks/bfe1f671-631f-47bf-999e-cd6c28c33d40?fields=segments HTTP/1.1" status: 200 len: 212 time: 0.1718514
Aug 06 20:12:37.234586 n-d-803787-1 neutron-server[94285]: DEBUG novaclient.v2.client [-] REQ: curl -g -i --cacert "/opt/stack/data/ca-bundle.pem" -X POST http://10.222.0.22/compute/v2.1/os-server-external-events -H "Accept: application/json" -H "Content-Type: application/json" -H "User-Agent: python-novaclient" -H "X-Auth-Token: {SHA256}04e673e6cd00e9d4d238c595cfb31c4648a39fa6fc35188175b38818e5566acb" -H "X-OpenStack-Nova-API-Version: 2.1" -H "X-OpenStack-Request-ID: req-cfc36afb-eac9-428d-8d9a-a6c679c1dfcc" -d '{"events": [{"server_uuid": "f72ba232-7849-4068-ac23-a317513db7cc", "name": "network-vif-plugged", "status": "completed", "tag": "bf33b4f6-d23d-4c47-aad4-cc51798d8b23"}]}' {{(pid=94285) _http_log_request /usr/local/lib/python3.8/dist-packages/keystoneauth1/session.py:519}}
Aug 06 20:12:37.301860 n-d-803787-1 neutron-server[94283]: INFO neutron.wsgi [req-ef1c28ca-79b8-41eb-aa44-5ff45bdcdcc2 req-4b014d18-ea5c-4c63-9965-0353ae6cbcc2 tempest-MigrationsAdminTest-1334292377 tempest-MigrationsAdminTest-1334292377-project] 10.222.0.22 "GET /v2.0/security-groups?id=58db1717-5b29-477e-a13d-c63aa5c96fa8&fields=id&fields=name HTTP/1.1" status: 200 len: 286 time: 0.0770752
Aug 06 20:12:37.333708 n-d-803787-1 neutron-server[94283]: INFO neutron.wsgi [req-d3a7f9b9-13ef-4848-8508-f1222ff61421 req-5c061072-5326-406f-a461-935673e3350e service neutron] 10.222.0.37 "GET /v2.0/networks/bfe1f671-631f-47bf-999e-cd6c28c33d40?fields=segments HTTP/1.1" status: 200 len: 212 time: 0.1468058
Aug 06 20:12:37.401650 n-d-803787-1 neutron-server[94283]: INFO neutron.wsgi [req-aefa24f2-5ad2-4405-8d34-10e59d78de85 req-73495128-8fab-4232-b273-1e16216acdaa tempest-LiveMigrationTest-937130950 tempest-LiveMigrationTest-937130950-project] 10.222.0.22 "GET /v2.0/ports?device_id=aa90fd3f-b416-4edb-ab60-d542989a83aa HTTP/1.1" status: 200 len: 210 time: 0.0439599
Aug 06 20:12:37.408211 n-d-803787-1 neutron-server[94284]: DEBUG neutron.wsgi [-] (94284) accepted ('10.222.0.22', 57158) {{(pid=94284) server /usr/local/lib/python3.8/dist-packages/eventlet/wsgi.py:982}}
Aug 06 20:12:37.455114 n-d-803787-1 neutron-server[94284]: INFO neutron.wsgi [req-5d4507b1-4377-4643-838c-a0d10e1f8cd0 req-e0a5ec5c-b3fa-45e6-b855-9dc0702d6b3b service neutron] 10.222.0.37 "GET /v2.0/networks/bfe1f671-631f-47bf-999e-cd6c28c33d40?fields=provider%3Aphysical_network&fields=provider%3Anetwork_type HTTP/1.1" status: 200 len: 281 time: 0.2163143
Aug 06 20:12:37.503124 n-d-803787-1 neutron-server[94283]: INFO neutron.wsgi [req-d3a7f9b9-13ef-4848-8508-f1222ff61421 req-10bfe479-59ff-44f4-bede-247dd21676e3 service neutron] 10.222.0.37 "GET /v2.0/networks/bfe1f671-631f-47bf-999e-cd6c28c33d40?fields=provider%3Aphysical_network&fields=provider%3Anetwork_type HTTP/1.1" status: 200 len: 281 time: 0.1612742
Aug 06 20:12:37.515712 n-d-803787-1 neutron-server[94285]: DEBUG novaclient.v2.client [-] RESP: [200] Connection: close Content-Length: 183 Content-Type: application/json Date: Fri, 06 Aug 2021 20:12:37 GMT OpenStack-API-Version: compute 2.1 Server: Apache/2.4.41 (Ubuntu) Vary: OpenStack-API-Version,X-OpenStack-Nova-API-Version X-OpenStack-Nova-API-Version: 2.1 x-compute-request-id: req-95eb2ba6-9c5c-4958-a4b8-7c4075377d71 x-openstack-request-id: req-95eb2ba6-9c5c-4958-a4b8-7c4075377d71 {{(pid=94285) _http_log_response /usr/local/lib/python3.8/dist-packages/keystoneauth1/session.py:550}}
Aug 06 20:12:37.516154 n-d-803787-1 neutron-server[94285]: DEBUG novaclient.v2.client [-] RESP BODY: {"events": [{"server_uuid": "f72ba232-7849-4068-ac23-a317513db7cc", "name": "network-vif-plugged", "status": "completed", "tag": "bf33b4f6-d23d-4c47-aad4-cc51798d8b23", "code": 200}]} {{(pid=94285) _http_log_response /usr/local/lib/python3.8/dist-packages/keystoneauth1/session.py:582}}
Aug 06 20:12:37.516550 n-d-803787-1 neutron-server[94285]: DEBUG novaclient.v2.client [-] POST call to compute for http://10.222.0.22/compute/v2.1/os-server-external-events used request id req-95eb2ba6-9c5c-4958-a4b8-7c4075377d71 {{(pid=94285) request /usr/local/lib/python3.8/dist-packages/keystoneauth1/session.py:954}}
Aug 06 20:12:37.517188 n-d-803787-1 neutron-server[94285]: INFO neutron.notifiers.nova [-] Nova event response: {'server_uuid': 'f72ba232-7849-4068-ac23-a317513db7cc', 'name': 'network-vif-plugged', 'status': 'completed', 'tag': 'bf33b4f6-d23d-4c47-aad4-cc51798d8b23', 'code': 200}
Aug 06 20:12:37.584254 n-d-803787-1 neutron-server[94283]: DEBUG neutron.pecan_wsgi.hooks.policy_enforcement [req-6694fb8e-608b-48c4-b41b-6a50baadea15 req-f50565fc-60c8-4ce5-8196-9b63196259d2 tempest-DeleteServersAdminTestJSON-38031767 tempest-DeleteServersAdminTestJSON-38031767-project] Attributes excluded by policy engine: ['standard_attr_id', 'binding:profile', 'binding:host_id', 'binding:vif_type', 'binding:vif_details'] {{(pid=94283) _exclude_attributes_by_policy /opt/stack/neutron/neutron/pecan_wsgi/hooks/policy_enforcement.py:255}}
Aug 06 20:12:37.586342 n-d-803787-1 neutron-server[94283]: INFO neutron.wsgi [req-6694fb8e-608b-48c4-b41b-6a50baadea15 req-f50565fc-60c8-4ce5-8196-9b63196259d2 tempest-DeleteServersAdminTestJSON-38031767 tempest-DeleteServersAdminTestJSON-38031767-project] 10.222.0.22 "GET /v2.0/ports?device_id=6db01010-8f36-443e-b099-a93e7016cb81 HTTP/1.1" status: 200 len: 970 time: 0.0870285
Aug 06 20:12:37.586694 n-d-803787-1 neutron-server[94284]: DEBUG neutron.api.v2.base [None req-92d68eda-286f-4906-b4d1-718298377667 admin admin] Request body: {'network': {'name': 'tempest-LiveAutoBlockMigrationV225Test-870691152-network', 'tenant_id': '257656bb8d624e8ebcc71673aa5c31a7'}} {{(pid=94284) prepare_request_body /opt/stack/neutron/neutron/api/v2/base.py:729}}
Aug 06 20:12:37.589014 n-d-803787-1 neutron-server[94283]: DEBUG neutron.pecan_wsgi.hooks.policy_enforcement [req-d511a456-190e-46b7-be7f-631e517cfe6d req-d0f98136-212f-4365-9fb3-bce35acea77d service neutron] Attributes excluded by policy engine: ['standard_attr_id'] {{(pid=94283) _exclude_attributes_by_policy /opt/stack/neutron/neutron/pecan_wsgi/hooks/policy_enforcement.py:255}}
Aug 06 20:12:37.590380 n-d-803787-1 neutron-server[94283]: INFO neutron.wsgi [req-d511a456-190e-46b7-be7f-631e517cfe6d req-d0f98136-212f-4365-9fb3-bce35acea77d service neutron] 10.222.0.37 "GET /v2.0/ports?tenant_id=3757cfeb50034a5fa7b71ae59517de5e&device_id=1f9340b4-cfb3-47fb-967c-fa470eae65dd HTTP/1.1" status: 200 len: 1121 time: 0.0582743
Aug 06 20:12:37.686592 n-d-803787-1 neutron-server[94283]: INFO neutron.wsgi [req-6694fb8e-608b-48c4-b41b-6a50baadea15 req-a50a471e-7451-470d-92ff-8d9dd6eb507a tempest-DeleteServersAdminTestJSON-38031767 tempest-DeleteServersAdminTestJSON-38031767-project] 10.222.0.22 "GET /v2.0/security-groups?id=0cd42104-0039-46ef-b627-e48a82a8ee70&fields=id&fields=name HTTP/1.1" status: 200 len: 286 time: 0.0919182
Aug 06 20:12:37.720179 n-d-803787-1 neutron-server[94283]: DEBUG neutron.pecan_wsgi.hooks.policy_enforcement [req-d511a456-190e-46b7-be7f-631e517cfe6d req-09381d82-8ca5-4375-9373-3d032dd93b13 service neutron] Attributes excluded by policy engine: ['standard_attr_id', 'vlan_transparent'] {{(pid=94283) _exclude_attributes_by_policy /opt/stack/neutron/neutron/pecan_wsgi/hooks/policy_enforcement.py:255}}
Aug 06 20:12:37.721674 n-d-803787-1 neutron-server[94283]: INFO neutron.wsgi [req-d511a456-190e-46b7-be7f-631e517cfe6d req-09381d82-8ca5-4375-9373-3d032dd93b13 service neutron] 10.222.0.37 "GET /v2.0/networks?id=bfe1f671-631f-47bf-999e-cd6c28c33d40 HTTP/1.1" status: 200 len: 870 time: 0.1201780
Aug 06 20:12:37.732761 n-d-803787-1 neutron-server[94284]: DEBUG neutron.pecan_wsgi.hooks.policy_enforcement [req-65db27ff-2acb-43dd-9b39-2c4f2fc9b49c req-d3a18835-8a8a-4465-9ba8-e3f98f38c4ba service neutron] Attributes excluded by policy engine: ['standard_attr_id'] {{(pid=94284) _exclude_attributes_by_policy /opt/stack/neutron/neutron/pecan_wsgi/hooks/policy_enforcement.py:255}}
Aug 06 20:12:37.734250 n-d-803787-1 neutron-server[94284]: INFO neutron.wsgi [req-65db27ff-2acb-43dd-9b39-2c4f2fc9b49c req-d3a18835-8a8a-4465-9ba8-e3f98f38c4ba service neutron] 10.222.0.37 "GET /v2.0/ports?device_id=f72ba232-7849-4068-ac23-a317513db7cc HTTP/1.1" status: 200 len: 1123 time: 0.1409516
Aug 06 20:12:37.734826 n-d-803787-1 neutron-server[94284]: DEBUG neutron.pecan_wsgi.hooks.quota_enforcement [None req-92d68eda-286f-4906-b4d1-718298377667 admin admin] Made reservation on behalf of 257656bb8d624e8ebcc71673aa5c31a7 for: {'network': 1} {{(pid=94284) before /opt/stack/neutron/neutron/pecan_wsgi/hooks/quota_enforcement.py:53}}
Aug 06 20:12:37.737303 n-d-803787-1 neutron-server[94284]: DEBUG neutron_lib.callbacks.manager [None req-92d68eda-286f-4906-b4d1-718298377667 admin admin] Notify callbacks ['neutron.plugins.ml2.plugin.SecurityGroupDbMixin._ensure_default_security_group_handler-2015350'] for network, before_create {{(pid=94284) _notify_loop /usr/local/lib/python3.8/dist-packages/neutron_lib/callbacks/manager.py:192}}
Aug 06 20:12:37.755294 n-d-803787-1 neutron-server[94284]: DEBUG neutron_lib.callbacks.manager [None req-92d68eda-286f-4906-b4d1-718298377667 admin admin] Notify callbacks [] for security_group, before_create {{(pid=94284) _notify_loop /usr/local/lib/python3.8/dist-packages/neutron_lib/callbacks/manager.py:192}}
Aug 06 20:12:37.762986 n-d-803787-1 neutron-server[94285]: DEBUG neutron_lib.callbacks.manager [None req-c0b80231-a68b-4e95-8346-7ab826418f24 None None] Notify callbacks ['neutron.services.segments.db._update_segment_host_mapping_for_agent-8772798682637', 'neutron.plugins.ml2.plugin.Ml2Plugin._retry_binding_revived_agents-1616210'] for agent, after_update {{(pid=94285) _notify_loop /usr/local/lib/python3.8/dist-packages/neutron_lib/callbacks/manager.py:192}}
Aug 06 20:12:37.771031 n-d-803787-1 neutron-server[94283]: INFO neutron.wsgi [req-d511a456-190e-46b7-be7f-631e517cfe6d req-bd253d9b-f8c1-4944-9c5c-dd986cb55fd4 service neutron] 10.222.0.37 "GET /v2.0/floatingips?fixed_ip_address=192.168.233.236&port_id=a9b5226c-4c93-4e16-8bea-5d8cc7405187 HTTP/1.1" status: 200 len: 217 time: 0.0416069
Aug 06 20:12:37.774115 n-d-803787-1 neutron-server[94284]: DEBUG neutron_lib.callbacks.manager [req-65db27ff-2acb-43dd-9b39-2c4f2fc9b49c req-aa41f7d8-5f45-4602-b12d-6c26f3c75124 service neutron] Notify callbacks [] for security_group, before_create {{(pid=94284) _notify_loop /usr/local/lib/python3.8/dist-packages/neutron_lib/callbacks/manager.py:192}}
Aug 06 20:12:37.801237 n-d-803787-1 neutron-server[94284]: DEBUG neutron.pecan_wsgi.hooks.policy_enforcement [req-b8e0e59a-fc3f-40b9-8b0f-b2acb292295f req-9f809d03-c531-4fc9-96c4-2f1321fc9117 tempest-ServersAdminNegativeTestJSON-104320158 tempest-ServersAdminNegativeTestJSON-104320158-project] Attributes excluded by policy engine: ['standard_attr_id', 'binding:profile', 'binding:host_id', 'binding:vif_type', 'binding:vif_details'] {{(pid=94284) _exclude_attributes_by_policy /opt/stack/neutron/neutron/pecan_wsgi/hooks/policy_enforcement.py:255}}
Aug 06 20:12:37.802775 n-d-803787-1 neutron-server[94284]: INFO neutron.wsgi [req-b8e0e59a-fc3f-40b9-8b0f-b2acb292295f req-9f809d03-c531-4fc9-96c4-2f1321fc9117 tempest-ServersAdminNegativeTestJSON-104320158 tempest-ServersAdminNegativeTestJSON-104320158-project] 10.222.0.22 "GET /v2.0/ports?device_id=1f9340b4-cfb3-47fb-967c-fa470eae65dd HTTP/1.1" status: 200 len: 970 time: 0.1279523
Aug 06 20:12:37.820596 n-d-803787-1 neutron-server[94284]: DEBUG neutron_lib.db.api [req-65db27ff-2acb-43dd-9b39-2c4f2fc9b49c req-aa41f7d8-5f45-4602-b12d-6c26f3c75124 service neutron] Retry wrapper got retriable exception: (pymysql.err.OperationalError) (1213, 'Deadlock found when trying to get lock; try restarting transaction')
Aug 06 20:12:37.820596 n-d-803787-1 neutron-server[94284]: [SQL: DELETE FROM reservations WHERE reservations.project_id = %(project_id_1)s AND reservations.expiration < %(expiration_1)s]
Aug 06 20:12:37.820596 n-d-803787-1 neutron-server[94284]: [parameters: {'project_id_1': '359b744fc4c14e0f8d548714057e6bc4', 'expiration_1': datetime.datetime(2021, 8, 6, 20, 12, 37, 803645)}]
Aug 06 20:12:37.820596 n-d-803787-1 neutron-server[94284]: (Background on this error at: https://sqlalche.me/e/14/e3q8) {{(pid=94284) wrapped /usr/local/lib/python3.8/dist-packages/neutron_lib/db/api.py:183}}
Aug 06 20:12:37.820987 n-d-803787-1 neutron-server[94284]: DEBUG oslo_db.api [req-65db27ff-2acb-43dd-9b39-2c4f2fc9b49c req-aa41f7d8-5f45-4602-b12d-6c26f3c75124 service neutron] Performing DB retry for function neutron.db.securitygroups_db.SecurityGroupDbMixin.create_security_group {{(pid=94284) wrapper /usr/local/lib/python3.8/dist-packages/oslo_db/api.py:155}}
Aug 06 20:12:37.830083 n-d-803787-1 neutron-server[94283]: DEBUG neutron.pecan_wsgi.hooks.policy_enforcement [req-d511a456-190e-46b7-be7f-631e517cfe6d req-27775554-c8cd-41ba-8e32-2ce4017acb3a service neutron] Attributes excluded by policy engine: ['standard_attr_id', 'shared'] {{(pid=94283) _exclude_attributes_by_policy /opt/stack/neutron/neutron/pecan_wsgi/hooks/policy_enforcement.py:255}}
Aug 06 20:12:37.831726 n-d-803787-1 neutron-server[94283]: INFO neutron.wsgi [req-d511a456-190e-46b7-be7f-631e517cfe6d req-27775554-c8cd-41ba-8e32-2ce4017acb3a service neutron] 10.222.0.37 "GET /v2.0/subnets?id=0de695c7-f39c-4b9b-8a4f-abb3c0c54228 HTTP/1.1" status: 200 len: 843 time: 0.0528276
Aug 06 20:12:37.875134 n-d-803787-1 neutron-server[94284]: INFO neutron.wsgi [req-b8e0e59a-fc3f-40b9-8b0f-b2acb292295f req-c62f6085-fdf9-407e-bf8f-ad600e431a5f tempest-ServersAdminNegativeTestJSON-104320158 tempest-ServersAdminNegativeTestJSON-104320158-project] 10.222.0.22 "GET /v2.0/security-groups?id=5a08dd7c-8f5e-4621-a9c8-30dc22b28509&fields=id&fields=name HTTP/1.1" status: 200 len: 286 time: 0.0579004
Aug 06 20:12:37.884882 n-d-803787-1 neutron-server[94283]: DEBUG neutron.pecan_wsgi.hooks.policy_enforcement [req-d511a456-190e-46b7-be7f-631e517cfe6d req-09e90276-200f-448d-bdce-c040562c7b5f service neutron] Attributes excluded by policy engine: ['standard_attr_id'] {{(pid=94283) _exclude_attributes_by_policy /opt/stack/neutron/neutron/pecan_wsgi/hooks/policy_enforcement.py:255}}
Aug 06 20:12:37.886773 n-d-803787-1 neutron-server[94283]: INFO neutron.wsgi [req-d511a456-190e-46b7-be7f-631e517cfe6d req-09e90276-200f-448d-bdce-c040562c7b5f service neutron] 10.222.0.37 "GET /v2.0/ports?network_id=bfe1f671-631f-47bf-999e-cd6c28c33d40&device_owner=network%3Adhcp HTTP/1.1" status: 200 len: 1166 time: 0.0474448
Aug 06 20:12:37.932294 n-d-803787-1 neutron-server[94284]: DEBUG neutron_lib.callbacks.manager [None req-92d68eda-286f-4906-b4d1-718298377667 admin admin] Notify callbacks [] for security_group, precommit_create {{(pid=94284) _notify_loop /usr/local/lib/python3.8/dist-packages/neutron_lib/callbacks/manager.py:192}}
Aug 06 20:12:37.936163 n-d-803787-1 neutron-server[94284]: DEBUG neutron_lib.callbacks.manager [None req-92d68eda-286f-4906-b4d1-718298377667 admin admin] Notify callbacks ['neutron.plugins.ml2.ovo_rpc._ObjectChangeHandler.handle_event-614371'] for security_group, after_create {{(pid=94284) _notify_loop /usr/local/lib/python3.8/dist-packages/neutron_lib/callbacks/manager.py:192}}
Aug 06 20:12:37.961653 n-d-803787-1 neutron-server[94284]: DEBUG neutron.plugins.ml2.drivers.helpers [None req-92d68eda-286f-4906-b4d1-718298377667 admin admin] vlan segment allocate from pool success with {'vlan_id': 239, 'physical_network': 'physnet1'} {{(pid=94284) allocate_partially_specified_segment /opt/stack/neutron/neutron/plugins/ml2/drivers/helpers.py:153}}
Aug 06 20:12:37.971191 n-d-803787-1 neutron-server[94284]: DEBUG neutron.api.rpc.handlers.resources_rpc [None req-92d68eda-286f-4906-b4d1-718298377667 admin admin] Pushing event updated for resources: {'SecurityGroup': ['ID=397fd232-9ca2-4d5d-9ccb-2baf4a2805e0,revision_number=1']} {{(pid=94284) push /opt/stack/neutron/neutron/api/rpc/handlers/resources_rpc.py:237}}
Aug 06 20:12:37.977331 n-d-803787-1 neutron-server[94284]: DEBUG neutron_lib.callbacks.manager [None req-92d68eda-286f-4906-b4d1-718298377667 admin admin] Notify callbacks ['neutron.plugins.ml2.plugin.Ml2Plugin._handle_segment_change-2031712'] for segment, precommit_create {{(pid=94284) _notify_loop /usr/local/lib/python3.8/dist-packages/neutron_lib/callbacks/manager.py:192}}
Aug 06 20:12:37.977999 n-d-803787-1 neutron-server[94284]: INFO neutron.db.segments_db [None req-92d68eda-286f-4906-b4d1-718298377667 admin admin] Added segment 80c78877-b296-4d6a-b77d-dc9e480f2cd4 of type vlan for network 37dbb2dc-2c7a-4328-853c-1a75acb5b870
Aug 06 20:12:37.978127 n-d-803787-1 neutron-server[94283]: INFO neutron.wsgi [req-d511a456-190e-46b7-be7f-631e517cfe6d req-2a534b8e-41b3-418f-ae31-b04e706ffb8b service neutron] 10.222.0.37 "GET /v2.0/networks/bfe1f671-631f-47bf-999e-cd6c28c33d40?fields=segments HTTP/1.1" status: 200 len: 212 time: 0.0832963
Aug 06 20:12:38.023438 n-d-803787-1 neutron-server[94284]: DEBUG neutron_lib.callbacks.manager [None req-92d68eda-286f-4906-b4d1-718298377667 admin admin] Notify callbacks ['neutron.services.auto_allocate.db._ensure_external_network_default_value_callback-8772798167628'] for network, precommit_create {{(pid=94284) _notify_loop /usr/local/lib/python3.8/dist-packages/neutron_lib/callbacks/manager.py:192}}
Aug 06 20:12:38.062166 n-d-803787-1 neutron-server[94284]: DEBUG neutron_lib.callbacks.manager [None req-92d68eda-286f-4906-b4d1-718298377667 admin admin] Notify callbacks ['neutron.plugins.ml2.ovo_rpc._ObjectChangeHandler.handle_event-614332', 'neutron.api.rpc.agentnotifiers.dhcp_rpc_agent_api.DhcpAgentNotifyAPI._native_event_send_dhcp_notification-550922'] for network, after_create {{(pid=94284) _notify_loop /usr/local/lib/python3.8/dist-packages/neutron_lib/callbacks/manager.py:192}}
Aug 06 20:12:38.063145 n-d-803787-1 neutron-server[94284]: DEBUG neutron.pecan_wsgi.hooks.policy_enforcement [None req-92d68eda-286f-4906-b4d1-718298377667 admin admin] Attributes excluded by policy engine: ['standard_attr_id', 'vlan_transparent'] {{(pid=94284) _exclude_attributes_by_policy /opt/stack/neutron/neutron/pecan_wsgi/hooks/policy_enforcement.py:255}}
Aug 06 20:12:38.063728 n-d-803787-1 neutron-server[94284]: DEBUG neutron_lib.callbacks.manager [None req-92d68eda-286f-4906-b4d1-718298377667 admin admin] Notify callbacks ['neutron.api.rpc.agentnotifiers.dhcp_rpc_agent_api.DhcpAgentNotifyAPI._send_dhcp_notification-550932'] for network, before_response {{(pid=94284) _notify_loop /usr/local/lib/python3.8/dist-packages/neutron_lib/callbacks/manager.py:192}}
Aug 06 20:12:38.095214 n-d-803787-1 neutron-server[94284]: INFO neutron.wsgi [None req-92d68eda-286f-4906-b4d1-718298377667 admin admin] 10.222.0.22 "POST /v2.0/networks HTTP/1.1" status: 201 len: 893 time: 0.6857557
Aug 06 20:12:38.098453 n-d-803787-1 neutron-server[94284]: DEBUG neutron.wsgi [-] (94284) accepted ('10.222.0.22', 57172) {{(pid=94284) server /usr/local/lib/python3.8/dist-packages/eventlet/wsgi.py:982}}
Aug 06 20:12:38.104219 n-d-803787-1 neutron-server[94284]: DEBUG neutron.api.v2.base [None req-dd919aa1-4da5-491b-93d8-821879184a84 admin admin] Request body: {'subnet': {'network_id': '37dbb2dc-2c7a-4328-853c-1a75acb5b870', 'cidr': '172.20.0.0/28', 'name': 'tempest-LiveAutoBlockMigrationV225Test-870691152-subnet', 'tenant_id': '257656bb8d624e8ebcc71673aa5c31a7', 'enable_dhcp': False, 'ip_version': 4}} {{(pid=94284) prepare_request_body /opt/stack/neutron/neutron/api/v2/base.py:729}}
Aug 06 20:12:38.115663 n-d-803787-1 neutron-server[94283]: INFO neutron.wsgi [req-d511a456-190e-46b7-be7f-631e517cfe6d req-4461f6aa-2d43-4322-a2b7-d0ca26d9f19d service neutron] 10.222.0.37 "GET /v2.0/networks/bfe1f671-631f-47bf-999e-cd6c28c33d40?fields=provider%3Aphysical_network&fields=provider%3Anetwork_type HTTP/1.1" status: 200 len: 281 time: 0.1299067
Aug 06 20:12:38.142098 n-d-803787-1 neutron-server[94284]: DEBUG neutron.api.rpc.handlers.resources_rpc [None req-92d68eda-286f-4906-b4d1-718298377667 admin admin] Pushing event updated for resources: {'Network': ['ID=37dbb2dc-2c7a-4328-853c-1a75acb5b870,revision_number=1']} {{(pid=94284) push /opt/stack/neutron/neutron/api/rpc/handlers/resources_rpc.py:237}}
Aug 06 20:12:38.155964 n-d-803787-1 neutron-server[94285]: DEBUG neutron.plugins.ml2.rpc [None req-a18fcf14-e4c0-4892-b5b7-356d7dcb4fd5 None None] Network 37dbb2dc-2c7a-4328-853c-1a75acb5b870 details requested by agent ovs-agent-n-d-803787-1 with host n-d-803787-1 {{(pid=94285) get_network_details /opt/stack/neutron/neutron/plugins/ml2/rpc.py:248}}
Aug 06 20:12:38.160761 n-d-803787-1 neutron-server[94283]: DEBUG neutron.pecan_wsgi.hooks.policy_enforcement [req-18096712-2381-4271-96cb-b8ad14eb7ddf req-7531a2b7-c967-4114-8ae7-19c4949ffc78 tempest-AggregatesAdminTestJSON-661462309 tempest-AggregatesAdminTestJSON-661462309-project] Attributes excluded by policy engine: ['standard_attr_id', 'binding:profile', 'binding:host_id', 'binding:vif_type', 'binding:vif_details'] {{(pid=94283) _exclude_attributes_by_policy /opt/stack/neutron/neutron/pecan_wsgi/hooks/policy_enforcement.py:255}}
Aug 06 20:12:38.162442 n-d-803787-1 neutron-server[94283]: INFO neutron.wsgi [req-18096712-2381-4271-96cb-b8ad14eb7ddf req-7531a2b7-c967-4114-8ae7-19c4949ffc78 tempest-AggregatesAdminTestJSON-661462309 tempest-AggregatesAdminTestJSON-661462309-project] 10.222.0.22 "GET /v2.0/ports?device_id=f72ba232-7849-4068-ac23-a317513db7cc HTTP/1.1" status: 200 len: 972 time: 0.0601206
Aug 06 20:12:38.162805 n-d-803787-1 neutron-server[94284]: DEBUG neutron.pecan_wsgi.hooks.quota_enforcement [None req-dd919aa1-4da5-491b-93d8-821879184a84 admin admin] Made reservation on behalf of 257656bb8d624e8ebcc71673aa5c31a7 for: {'subnet': 1} {{(pid=94284) before /opt/stack/neutron/neutron/pecan_wsgi/hooks/quota_enforcement.py:53}}
Aug 06 20:12:38.166203 n-d-803787-1 neutron-server[94284]: DEBUG neutron_lib.callbacks.manager [None req-dd919aa1-4da5-491b-93d8-821879184a84 admin admin] Notify callbacks [] for subnet, before_create {{(pid=94284) _notify_loop /usr/local/lib/python3.8/dist-packages/neutron_lib/callbacks/manager.py:192}}
Aug 06 20:12:38.205161 n-d-803787-1 neutron-server[94283]: INFO neutron.wsgi [req-18096712-2381-4271-96cb-b8ad14eb7ddf req-ea29a76a-068c-44fa-838b-7c8ee9157ba4 tempest-AggregatesAdminTestJSON-661462309 tempest-AggregatesAdminTestJSON-661462309-project] 10.222.0.22 "GET /v2.0/security-groups?id=ab593278-f994-4f96-892a-d435b69237e2&fields=id&fields=name HTTP/1.1" status: 200 len: 286 time: 0.0350664
Aug 06 20:12:38.324908 n-d-803787-1 neutron-server[94284]: DEBUG neutron_lib.callbacks.manager [req-65db27ff-2acb-43dd-9b39-2c4f2fc9b49c req-aa41f7d8-5f45-4602-b12d-6c26f3c75124 service neutron] Notify callbacks [] for security_group, before_create {{(pid=94284) _notify_loop /usr/local/lib/python3.8/dist-packages/neutron_lib/callbacks/manager.py:192}}
Aug 06 20:12:38.353145 n-d-803787-1 neutron-server[94284]: DEBUG neutron_lib.callbacks.manager [None req-dd919aa1-4da5-491b-93d8-821879184a84 admin admin] Notify callbacks ['neutron.plugins.ml2.ovo_rpc._ObjectChangeHandler.handle_event-622210', 'neutron.api.rpc.agentnotifiers.dhcp_rpc_agent_api.DhcpAgentNotifyAPI._native_event_send_dhcp_notification-550922'] for subnet, after_create {{(pid=94284) _notify_loop /usr/local/lib/python3.8/dist-packages/neutron_lib/callbacks/manager.py:192}}
Aug 06 20:12:38.477315 n-d-803787-1 neutron-server[94284]: DEBUG neutron.api.rpc.handlers.resources_rpc [None req-dd919aa1-4da5-491b-93d8-821879184a84 admin admin] Pushing event updated for resources: {'Subnet': ['ID=e233f853-4a35-489e-892b-4ed68f97ad46,revision_number=0']} {{(pid=94284) push /opt/stack/neutron/neutron/api/rpc/handlers/resources_rpc.py:237}}
Aug 06 20:12:38.506232 n-d-803787-1 neutron-server[94283]: INFO neutron.wsgi [req-9ee4bd54-f650-408e-b822-9424c005f44e req-5cc4934b-a731-46e5-8a2c-ef5758ce9db1 tempest-LiveMigrationTest-937130950 tempest-LiveMigrationTest-937130950-project] 10.222.0.22 "GET /v2.0/ports?device_id=aa90fd3f-b416-4edb-ab60-d542989a83aa HTTP/1.1" status: 200 len: 210 time: 0.0324485
Aug 06 20:12:38.507505 n-d-803787-1 neutron-server[94284]: DEBUG neutron.plugins.ml2.drivers.mech_agent [None req-dd919aa1-4da5-491b-93d8-821879184a84 admin admin] Checking segment: {'id': '80c78877-b296-4d6a-b77d-dc9e480f2cd4', 'network_type': 'vlan', 'physical_network': 'physnet1', 'segmentation_id': 239, 'network_id': '37dbb2dc-2c7a-4328-853c-1a75acb5b870'} for mappings: {'physnet1': 'br-data'} with network types: ['local', 'flat', 'vlan'] {{(pid=94284) check_segment_for_agent /opt/stack/neutron/neutron/plugins/ml2/drivers/mech_agent.py:352}}
