Aug 06 20:12:42.118790 n-d-803787-1 devstack@placement-api.service[94768]: [pid: 94768|app: 0|req: 29/60] 10.222.0.22 () {58 vars in 1275 bytes} [Fri Aug 6 20:12:42 2021] GET /placement/resource_providers?name=n-h1-803787-1 => generated 441 bytes in 12 msecs (HTTP/1.1 200) 6 headers in 224 bytes (1 switches on core 0)
Aug 06 20:12:42.124272 n-d-803787-1 devstack@placement-api.service[94767]: DEBUG placement.requestlog [req-3dc04536-8d8b-4095-bdfa-771ecfc427bc req-47f47675-4e1b-4f5b-ae41-c906b9e06cd9 None None] Starting request: 10.222.0.22 "GET /placement/resource_providers/6508b6e2-c288-4470-ac01-1a28f5152f5a/aggregates" {{(pid=94767) __call__ /opt/stack/placement/placement/requestlog.py:55}}
Aug 06 20:12:42.146353 n-d-803787-1 devstack@placement-api.service[94767]: INFO placement.requestlog [req-3dc04536-8d8b-4095-bdfa-771ecfc427bc req-47f47675-4e1b-4f5b-ae41-c906b9e06cd9 service placement] 10.222.0.22 "GET /placement/resource_providers/6508b6e2-c288-4470-ac01-1a28f5152f5a/aggregates" status: 200 len: 92 microversion: 1.19
Aug 06 20:12:42.146720 n-d-803787-1 devstack@placement-api.service[94767]: [pid: 94767|app: 0|req: 32/61] 10.222.0.22 () {60 vars in 1426 bytes} [Fri Aug 6 20:12:42 2021] GET /placement/resource_providers/6508b6e2-c288-4470-ac01-1a28f5152f5a/aggregates => generated 92 bytes in 23 msecs (HTTP/1.1 200) 8 headers in 295 bytes (1 switches on core 0)
Aug 06 20:12:42.153774 n-d-803787-1 devstack@placement-api.service[94768]: DEBUG placement.requestlog [req-3dc04536-8d8b-4095-bdfa-771ecfc427bc req-269c2916-2e75-419f-a093-2db560ce0ea9 None None] Starting request: 10.222.0.22 "PUT /placement/resource_providers/6508b6e2-c288-4470-ac01-1a28f5152f5a/aggregates" {{(pid=94768) __call__ /opt/stack/placement/placement/requestlog.py:55}}
Aug 06 20:12:42.178091 n-d-803787-1 devstack@placement-api.service[94768]: DEBUG placement.objects.resource_provider [req-3dc04536-8d8b-4095-bdfa-771ecfc427bc req-269c2916-2e75-419f-a093-2db560ce0ea9 service placement] Setting aggregates for provider 6508b6e2-c288-4470-ac01-1a28f5152f5a. Successfully disassociated aggregate fafde8e4-5749-4b02-a6cb-e81bc3c4ff26. {{(pid=94768) _set_aggregates /opt/stack/placement/placement/objects/resource_provider.py:403}}
Aug 06 20:12:42.187256 n-d-803787-1 devstack@placement-api.service[94768]: INFO placement.requestlog [req-3dc04536-8d8b-4095-bdfa-771ecfc427bc req-269c2916-2e75-419f-a093-2db560ce0ea9 service placement] 10.222.0.22 "PUT /placement/resource_providers/6508b6e2-c288-4470-ac01-1a28f5152f5a/aggregates" status: 200 len: 54 microversion: 1.19
Aug 06 20:12:42.192245 n-d-803787-1 devstack@placement-api.service[94768]: [pid: 94768|app: 0|req: 30/62] 10.222.0.22 () {64 vars in 1478 bytes} [Fri Aug 6 20:12:42 2021] PUT /placement/resource_providers/6508b6e2-c288-4470-ac01-1a28f5152f5a/aggregates => generated 54 bytes in 39 msecs (HTTP/1.1 200) 8 headers in 295 bytes (1 switches on core 0)
Aug 06 20:12:42.195562 n-d-803787-1 devstack@placement-api.service[94767]: DEBUG placement.requestlog [req-72acc821-f62e-4e8d-aadb-98d6ea76c211 req-7facc7ed-b288-43c3-9cd0-9e89bba0c2b5 None None] Starting request: 10.222.0.22 "GET /placement/allocation_candidates?limit=1000&resources=DISK_GB%3A1%2CMEMORY_MB%3A1024%2CVCPU%3A1&root_required=%21COMPUTE_STATUS_DISABLED" {{(pid=94767) __call__ /opt/stack/placement/placement/requestlog.py:55}}
Aug 06 20:12:42.233680 n-d-803787-1 devstack@placement-api.service[94767]: DEBUG placement.objects.research_context [req-72acc821-f62e-4e8d-aadb-98d6ea76c211 req-7facc7ed-b288-43c3-9cd0-9e89bba0c2b5 service placement] getting providers with 1 DISK_GB {{(pid=94767) __init__ /opt/stack/placement/placement/objects/research_context.py:126}}
Aug 06 20:12:42.242532 n-d-803787-1 devstack@placement-api.service[94767]: DEBUG placement.objects.research_context [req-72acc821-f62e-4e8d-aadb-98d6ea76c211 req-7facc7ed-b288-43c3-9cd0-9e89bba0c2b5 service placement] getting providers with 1024 MEMORY_MB {{(pid=94767) __init__ /opt/stack/placement/placement/objects/research_context.py:126}}
Aug 06 20:12:42.248660 n-d-803787-1 devstack@placement-api.service[94767]: DEBUG placement.objects.research_context [req-72acc821-f62e-4e8d-aadb-98d6ea76c211 req-7facc7ed-b288-43c3-9cd0-9e89bba0c2b5 service placement] getting providers with 1 VCPU {{(pid=94767) __init__ /opt/stack/placement/placement/objects/research_context.py:126}}
Aug 06 20:12:42.255561 n-d-803787-1 devstack@placement-api.service[94767]: DEBUG placement.objects.research_context [req-72acc821-f62e-4e8d-aadb-98d6ea76c211 req-7facc7ed-b288-43c3-9cd0-9e89bba0c2b5 service placement] found 2 providers with available 1 DISK_GB {{(pid=94767) get_provider_ids_matching /opt/stack/placement/placement/objects/research_context.py:549}}
Aug 06 20:12:42.255898 n-d-803787-1 devstack@placement-api.service[94767]: DEBUG placement.objects.research_context [req-72acc821-f62e-4e8d-aadb-98d6ea76c211 req-7facc7ed-b288-43c3-9cd0-9e89bba0c2b5 service placement] found 2 providers with available 1024 MEMORY_MB {{(pid=94767) get_provider_ids_matching /opt/stack/placement/placement/objects/research_context.py:549}}
Aug 06 20:12:42.256429 n-d-803787-1 devstack@placement-api.service[94767]: DEBUG placement.objects.research_context [req-72acc821-f62e-4e8d-aadb-98d6ea76c211 req-7facc7ed-b288-43c3-9cd0-9e89bba0c2b5 service placement] found 2 providers after filtering by previous result {{(pid=94767) get_provider_ids_matching /opt/stack/placement/placement/objects/research_context.py:580}}
Aug 06 20:12:42.256905 n-d-803787-1 devstack@placement-api.service[94767]: DEBUG placement.objects.research_context [req-72acc821-f62e-4e8d-aadb-98d6ea76c211 req-7facc7ed-b288-43c3-9cd0-9e89bba0c2b5 service placement] found 2 providers with available 1 VCPU {{(pid=94767) get_provider_ids_matching /opt/stack/placement/placement/objects/research_context.py:549}}
Aug 06 20:12:42.257271 n-d-803787-1 devstack@placement-api.service[94767]: DEBUG placement.objects.research_context [req-72acc821-f62e-4e8d-aadb-98d6ea76c211 req-7facc7ed-b288-43c3-9cd0-9e89bba0c2b5 service placement] found 2 providers after filtering by previous result {{(pid=94767) get_provider_ids_matching /opt/stack/placement/placement/objects/research_context.py:580}}
Aug 06 20:12:42.274173 n-d-803787-1 devstack@placement-api.service[94767]: DEBUG placement.objects.allocation_candidate [req-72acc821-f62e-4e8d-aadb-98d6ea76c211 req-7facc7ed-b288-43c3-9cd0-9e89bba0c2b5 service placement] RequestGroup(use_same_provider=False, resources={DISK_GB:1, MEMORY_MB:1024, VCPU:1}, traits=[], aggregates=[]) (suffix '') returned 2 matches {{(pid=94767) _get_by_requests /opt/stack/placement/placement/objects/allocation_candidate.py:145}}
Aug 06 20:12:42.274712 n-d-803787-1 devstack@placement-api.service[94767]: DEBUG placement.objects.allocation_candidate [req-72acc821-f62e-4e8d-aadb-98d6ea76c211 req-7facc7ed-b288-43c3-9cd0-9e89bba0c2b5 service placement] Merging candidates yields 2 allocation requests and 2 provider summaries {{(pid=94767) _merge_candidates /opt/stack/placement/placement/objects/allocation_candidate.py:783}}
Aug 06 20:12:42.276672 n-d-803787-1 devstack@placement-api.service[94767]: INFO placement.requestlog [req-72acc821-f62e-4e8d-aadb-98d6ea76c211 req-7facc7ed-b288-43c3-9cd0-9e89bba0c2b5 service placement] 10.222.0.22 "GET /placement/allocation_candidates?limit=1000&resources=DISK_GB%3A1%2CMEMORY_MB%3A1024%2CVCPU%3A1&root_required=%21COMPUTE_STATUS_DISABLED" status: 200 len: 1309 microversion: 1.35
Aug 06 20:12:42.277270 n-d-803787-1 devstack@placement-api.service[94767]: [pid: 94767|app: 0|req: 33/63] 10.222.0.22 () {60 vars in 1507 bytes} [Fri Aug 6 20:12:42 2021] GET /placement/allocation_candidates?limit=1000&resources=DISK_GB%3A1%2CMEMORY_MB%3A1024%2CVCPU%3A1&root_required=%21COMPUTE_STATUS_DISABLED => generated 1309 bytes in 82 msecs (HTTP/1.1 200) 8 headers in 297 bytes (2 switches on core 0)
Aug 06 20:12:42.337333 n-d-803787-1 devstack@placement-api.service[94768]: DEBUG placement.requestlog [req-72acc821-f62e-4e8d-aadb-98d6ea76c211 req-16b3fbaf-b614-44d9-ba47-b70132770664 None None] Starting request: 10.222.0.22 "GET /placement/allocations/2a431c66-dd60-4018-8182-1b6609167291" {{(pid=94768) __call__ /opt/stack/placement/placement/requestlog.py:55}}
Aug 06 20:12:42.351288 n-d-803787-1 devstack@placement-api.service[94768]: INFO placement.requestlog [req-72acc821-f62e-4e8d-aadb-98d6ea76c211 req-16b3fbaf-b614-44d9-ba47-b70132770664 service placement] 10.222.0.22 "GET /placement/allocations/2a431c66-dd60-4018-8182-1b6609167291" status: 200 len: 19 microversion: 1.28
Aug 06 20:12:42.351893 n-d-803787-1 devstack@placement-api.service[94768]: [pid: 94768|app: 0|req: 31/64] 10.222.0.22 () {60 vars in 1381 bytes} [Fri Aug 6 20:12:42 2021] GET /placement/allocations/2a431c66-dd60-4018-8182-1b6609167291 => generated 19 bytes in 15 msecs (HTTP/1.1 200) 8 headers in 295 bytes (1 switches on core 0)
Aug 06 20:12:42.357886 n-d-803787-1 devstack@placement-api.service[94767]: DEBUG placement.requestlog [req-72acc821-f62e-4e8d-aadb-98d6ea76c211 req-b8ca1dff-3fb4-4d61-8514-041d503bedce None None] Starting request: 10.222.0.22 "PUT /placement/allocations/2a431c66-dd60-4018-8182-1b6609167291" {{(pid=94767) __call__ /opt/stack/placement/placement/requestlog.py:55}}
Aug 06 20:12:42.431434 n-d-803787-1 devstack@placement-api.service[94767]: DEBUG placement.handlers.allocation [req-72acc821-f62e-4e8d-aadb-98d6ea76c211 req-b8ca1dff-3fb4-4d61-8514-041d503bedce service placement] Successfully wrote allocations [, , ] {{(pid=94767) _create_allocations /opt/stack/placement/placement/handlers/allocation.py:435}}
Aug 06 20:12:42.432139 n-d-803787-1 devstack@placement-api.service[94767]: INFO placement.requestlog [req-72acc821-f62e-4e8d-aadb-98d6ea76c211 req-b8ca1dff-3fb4-4d61-8514-041d503bedce service placement] 10.222.0.22 "PUT /placement/allocations/2a431c66-dd60-4018-8182-1b6609167291" status: 204 len: 0 microversion: 1.35
Aug 06 20:12:42.432537 n-d-803787-1 devstack@placement-api.service[94767]: [pid: 94767|app: 0|req: 34/65] 10.222.0.22 () {64 vars in 1434 bytes} [Fri Aug 6 20:12:42 2021] PUT /placement/allocations/2a431c66-dd60-4018-8182-1b6609167291 => generated 0 bytes in 75 msecs (HTTP/1.1 204) 5 headers in 199 bytes (2 switches on core 0)
Aug 06 20:12:42.751921 n-d-803787-1 devstack@placement-api.service[94768]: DEBUG placement.requestlog [req-72acc821-f62e-4e8d-aadb-98d6ea76c211 req-77a7eff0-d4bf-4e77-81b5-577a309f8c8e None None] Starting request: 10.222.0.32 "GET /placement/allocations/2a431c66-dd60-4018-8182-1b6609167291" {{(pid=94768) __call__ /opt/stack/placement/placement/requestlog.py:55}}
Aug 06 20:12:42.770449 n-d-803787-1 devstack@placement-api.service[94768]: INFO placement.requestlog [req-72acc821-f62e-4e8d-aadb-98d6ea76c211 req-77a7eff0-d4bf-4e77-81b5-577a309f8c8e service placement] 10.222.0.32 "GET /placement/allocations/2a431c66-dd60-4018-8182-1b6609167291" status: 200 len: 258 microversion: 1.28
Aug 06 20:12:42.770681 n-d-803787-1 devstack@placement-api.service[94768]: [pid: 94768|app: 0|req: 32/66] 10.222.0.32 () {60 vars in 1378 bytes} [Fri Aug 6 20:12:42 2021] GET /placement/allocations/2a431c66-dd60-4018-8182-1b6609167291 => generated 258 bytes in 19 msecs (HTTP/1.1 200) 8 headers in 296 bytes (1 switches on core 0)
Aug 06 20:12:42.797886 n-d-803787-1 devstack@placement-api.service[94767]: DEBUG placement.requestlog [None req-0d5ca69a-7d3d-4f89-a05c-1cbe7316795a None None] Starting request: 10.222.0.22 "GET /placement/" {{(pid=94767) __call__ /opt/stack/placement/placement/requestlog.py:55}}
Aug 06 20:12:42.799942 n-d-803787-1 devstack@placement-api.service[94767]: INFO placement.requestlog [None req-0d5ca69a-7d3d-4f89-a05c-1cbe7316795a None None] 10.222.0.22 "GET /placement/" status: 200 len: 136 microversion: 1.0
Aug 06 20:12:42.800781 n-d-803787-1 devstack@placement-api.service[94767]: [pid: 94767|app: 0|req: 35/67] 10.222.0.22 () {54 vars in 907 bytes} [Fri Aug 6 20:12:42 2021] GET /placement => generated 136 bytes in 3 msecs (HTTP/1.1 200) 6 headers in 224 bytes (1 switches on core 0)
Aug 06 20:12:42.811253 n-d-803787-1 devstack@placement-api.service[94768]: DEBUG placement.requestlog [req-2a53c393-71fb-4164-898d-d451790b7e67 req-e93f34af-cfa5-4da8-80e6-78cd4000f818 None None] Starting request: 10.222.0.22 "GET /placement/resource_providers?name=n-h1-803787-1" {{(pid=94768) __call__ /opt/stack/placement/placement/requestlog.py:55}}
Aug 06 20:12:42.905140 n-d-803787-1 devstack@placement-api.service[94768]: INFO placement.requestlog [req-2a53c393-71fb-4164-898d-d451790b7e67 req-e93f34af-cfa5-4da8-80e6-78cd4000f818 service placement] 10.222.0.22 "GET /placement/resource_providers?name=n-h1-803787-1" status: 200 len: 441 microversion: 1.0
Aug 06 20:12:42.914144 n-d-803787-1 devstack@placement-api.service[94767]: DEBUG placement.requestlog [req-2a53c393-71fb-4164-898d-d451790b7e67 req-1411dd0b-1628-495d-ab1a-5a4f5b59a89e None None] Starting request: 10.222.0.22 "GET /placement/resource_providers/6508b6e2-c288-4470-ac01-1a28f5152f5a/aggregates" {{(pid=94767) __call__ /opt/stack/placement/placement/requestlog.py:55}}
Aug 06 20:12:42.916169 n-d-803787-1 devstack@placement-api.service[94768]: [pid: 94768|app: 0|req: 33/68] 10.222.0.22 () {58 vars in 1275 bytes} [Fri Aug 6 20:12:42 2021] GET /placement/resource_providers?name=n-h1-803787-1 => generated 441 bytes in 106 msecs (HTTP/1.1 200) 6 headers in 224 bytes (1 switches on core 0)
Aug 06 20:12:42.929436 n-d-803787-1 devstack@placement-api.service[94767]: INFO placement.requestlog [req-2a53c393-71fb-4164-898d-d451790b7e67 req-1411dd0b-1628-495d-ab1a-5a4f5b59a89e service placement] 10.222.0.22 "GET /placement/resource_providers/6508b6e2-c288-4470-ac01-1a28f5152f5a/aggregates" status: 200 len: 54 microversion: 1.19
Aug 06 20:12:42.929880 n-d-803787-1 devstack@placement-api.service[94767]: [pid: 94767|app: 0|req: 36/69] 10.222.0.22 () {60 vars in 1426 bytes} [Fri Aug 6 20:12:42 2021] GET /placement/resource_providers/6508b6e2-c288-4470-ac01-1a28f5152f5a/aggregates => generated 54 bytes in 16 msecs (HTTP/1.1 200) 8 headers in 295 bytes (1 switches on core 0)
Aug 06 20:12:42.936704 n-d-803787-1 devstack@placement-api.service[94768]: DEBUG placement.requestlog [req-2a53c393-71fb-4164-898d-d451790b7e67 req-58ba43ad-4c60-4ba8-80d9-a4c5370120fd None None] Starting request: 10.222.0.22 "PUT /placement/resource_providers/6508b6e2-c288-4470-ac01-1a28f5152f5a/aggregates" {{(pid=94768) __call__ /opt/stack/placement/placement/requestlog.py:55}}
Aug 06 20:12:42.957495 n-d-803787-1 devstack@placement-api.service[94768]: DEBUG placement.objects.resource_provider [req-2a53c393-71fb-4164-898d-d451790b7e67 req-58ba43ad-4c60-4ba8-80d9-a4c5370120fd service placement] _ensure_aggregate() did not find aggregate d3b03a60-a609-43f4-b652-10440b78a514. Attempting to create it. {{(pid=94768) _ensure_aggregate /opt/stack/placement/placement/objects/resource_provider.py:320}}
Aug 06 20:12:42.959763 n-d-803787-1 devstack@placement-api.service[94768]: DEBUG placement.objects.resource_provider [req-2a53c393-71fb-4164-898d-d451790b7e67 req-58ba43ad-4c60-4ba8-80d9-a4c5370120fd service placement] _ensure_aggregate() created new aggregate d3b03a60-a609-43f4-b652-10440b78a514 (id=4). {{(pid=94768) _ensure_aggregate /opt/stack/placement/placement/objects/resource_provider.py:326}}
Aug 06 20:12:42.963219 n-d-803787-1 devstack@placement-api.service[94768]: DEBUG placement.objects.resource_provider [req-2a53c393-71fb-4164-898d-d451790b7e67 req-58ba43ad-4c60-4ba8-80d9-a4c5370120fd service placement] Setting aggregates for provider 6508b6e2-c288-4470-ac01-1a28f5152f5a. Successfully associated aggregate d3b03a60-a609-43f4-b652-10440b78a514. {{(pid=94768) _set_aggregates /opt/stack/placement/placement/objects/resource_provider.py:388}}
Aug 06 20:12:42.969670 n-d-803787-1 devstack@placement-api.service[94768]: INFO placement.requestlog [req-2a53c393-71fb-4164-898d-d451790b7e67 req-58ba43ad-4c60-4ba8-80d9-a4c5370120fd service placement] 10.222.0.22 "PUT /placement/resource_providers/6508b6e2-c288-4470-ac01-1a28f5152f5a/aggregates" status: 200 len: 92 microversion: 1.19
Aug 06 20:12:42.970164 n-d-803787-1 devstack@placement-api.service[94768]: [pid: 94768|app: 0|req: 34/70] 10.222.0.22 () {64 vars in 1478 bytes} [Fri Aug 6 20:12:42 2021] PUT /placement/resource_providers/6508b6e2-c288-4470-ac01-1a28f5152f5a/aggregates => generated 92 bytes in 34 msecs (HTTP/1.1 200) 8 headers in 295 bytes (2 switches on core 0)
Aug 06 20:12:43.045496 n-d-803787-1 devstack@placement-api.service[94767]: DEBUG placement.requestlog [req-ff90348c-031f-48d6-9d74-8ccd76a9c916 req-84530bc7-cde9-4ebf-a111-d39d16a4e698 None None] Starting request: 10.222.0.22 "GET /placement/resource_providers?name=n-h1-803787-1" {{(pid=94767) __call__ /opt/stack/placement/placement/requestlog.py:55}}
Aug 06 20:12:43.056623 n-d-803787-1 devstack@placement-api.service[94767]: INFO placement.requestlog [req-ff90348c-031f-48d6-9d74-8ccd76a9c916 req-84530bc7-cde9-4ebf-a111-d39d16a4e698 service placement] 10.222.0.22 "GET /placement/resource_providers?name=n-h1-803787-1" status: 200 len: 441 microversion: 1.0
Aug 06 20:12:43.056623 n-d-803787-1 devstack@placement-api.service[94767]: [pid: 94767|app: 0|req: 37/71] 10.222.0.22 () {58 vars in 1275 bytes} [Fri Aug 6 20:12:43 2021] GET /placement/resource_providers?name=n-h1-803787-1 => generated 441 bytes in 11 msecs (HTTP/1.1 200) 6 headers in 224 bytes (1 switches on core 0)
Aug 06 20:12:43.063692 n-d-803787-1 devstack@placement-api.service[94768]: DEBUG placement.requestlog [req-ff90348c-031f-48d6-9d74-8ccd76a9c916 req-f40a1a5d-273a-4b4d-803c-c3d83880e699 None None] Starting request: 10.222.0.22 "GET /placement/resource_providers/6508b6e2-c288-4470-ac01-1a28f5152f5a/aggregates" {{(pid=94768) __call__ /opt/stack/placement/placement/requestlog.py:55}}
Aug 06 20:12:43.077643 n-d-803787-1 devstack@placement-api.service[94768]: INFO placement.requestlog [req-ff90348c-031f-48d6-9d74-8ccd76a9c916 req-f40a1a5d-273a-4b4d-803c-c3d83880e699 service placement] 10.222.0.22 "GET /placement/resource_providers/6508b6e2-c288-4470-ac01-1a28f5152f5a/aggregates" status: 200 len: 92 microversion: 1.19
Aug 06 20:12:43.077863 n-d-803787-1 devstack@placement-api.service[94768]: [pid: 94768|app: 0|req: 35/72] 10.222.0.22 () {60 vars in 1426 bytes} [Fri Aug 6 20:12:43 2021] GET /placement/resource_providers/6508b6e2-c288-4470-ac01-1a28f5152f5a/aggregates => generated 92 bytes in 14 msecs (HTTP/1.1 200) 8 headers in 295 bytes (1 switches on core 0)
Aug 06 20:12:43.084544 n-d-803787-1 devstack@placement-api.service[94767]: DEBUG placement.requestlog [req-ff90348c-031f-48d6-9d74-8ccd76a9c916 req-4f78b911-da3c-4736-b7ad-d0568011db15 None None] Starting request: 10.222.0.22 "PUT /placement/resource_providers/6508b6e2-c288-4470-ac01-1a28f5152f5a/aggregates" {{(pid=94767) __call__ /opt/stack/placement/placement/requestlog.py:55}}
Aug 06 20:12:43.100999 n-d-803787-1 devstack@placement-api.service[94767]: DEBUG placement.objects.resource_provider [req-ff90348c-031f-48d6-9d74-8ccd76a9c916 req-4f78b911-da3c-4736-b7ad-d0568011db15 service placement] Setting aggregates for provider 6508b6e2-c288-4470-ac01-1a28f5152f5a. Successfully disassociated aggregate d3b03a60-a609-43f4-b652-10440b78a514. {{(pid=94767) _set_aggregates /opt/stack/placement/placement/objects/resource_provider.py:403}}
Aug 06 20:12:43.105878 n-d-803787-1 devstack@placement-api.service[94767]: INFO placement.requestlog [req-ff90348c-031f-48d6-9d74-8ccd76a9c916 req-4f78b911-da3c-4736-b7ad-d0568011db15 service placement] 10.222.0.22 "PUT /placement/resource_providers/6508b6e2-c288-4470-ac01-1a28f5152f5a/aggregates" status: 200 len: 54 microversion: 1.19
Aug 06 20:12:43.106220 n-d-803787-1 devstack@placement-api.service[94767]: [pid: 94767|app: 0|req: 38/73] 10.222.0.22 () {64 vars in 1478 bytes} [Fri Aug 6 20:12:43 2021] PUT /placement/resource_providers/6508b6e2-c288-4470-ac01-1a28f5152f5a/aggregates => generated 54 bytes in 22 msecs (HTTP/1.1 200) 8 headers in 295 bytes (1 switches on core 0)
Aug 06 20:12:43.255776 n-d-803787-1 devstack@placement-api.service[94768]: DEBUG placement.requestlog [req-34262cea-20b6-4400-b5a8-c5de84b6d3e0 req-55107e69-792c-44a7-b86e-9d98275b8f0e None None] Starting request: 10.222.0.22 "GET /placement/resource_providers?name=n-h1-803787-1" {{(pid=94768) __call__ /opt/stack/placement/placement/requestlog.py:55}}
Aug 06 20:12:43.267774 n-d-803787-1 devstack@placement-api.service[94768]: INFO placement.requestlog [req-34262cea-20b6-4400-b5a8-c5de84b6d3e0 req-55107e69-792c-44a7-b86e-9d98275b8f0e service placement] 10.222.0.22 "GET /placement/resource_providers?name=n-h1-803787-1" status: 200 len: 441 microversion: 1.0
Aug 06 20:12:43.268030 n-d-803787-1 devstack@placement-api.service[94768]: [pid: 94768|app: 0|req: 36/74] 10.222.0.22 () {58 vars in 1275 bytes} [Fri Aug 6 20:12:43 2021] GET /placement/resource_providers?name=n-h1-803787-1 => generated 441 bytes in 13 msecs (HTTP/1.1 200) 6 headers in 224 bytes (2 switches on core 0)
Aug 06 20:12:43.276160 n-d-803787-1 devstack@placement-api.service[94767]: DEBUG placement.requestlog [req-34262cea-20b6-4400-b5a8-c5de84b6d3e0 req-d385b736-23fe-4ebd-88de-5fa15ef08426 None None] Starting request: 10.222.0.22 "GET /placement/resource_providers/6508b6e2-c288-4470-ac01-1a28f5152f5a/aggregates" {{(pid=94767) __call__ /opt/stack/placement/placement/requestlog.py:55}}
Aug 06 20:12:43.289401 n-d-803787-1 devstack@placement-api.service[94767]: INFO placement.requestlog [req-34262cea-20b6-4400-b5a8-c5de84b6d3e0 req-d385b736-23fe-4ebd-88de-5fa15ef08426 service placement] 10.222.0.22 "GET /placement/resource_providers/6508b6e2-c288-4470-ac01-1a28f5152f5a/aggregates" status: 200 len: 54 microversion: 1.19
Aug 06 20:12:43.289948 n-d-803787-1 devstack@placement-api.service[94767]: [pid: 94767|app: 0|req: 39/75] 10.222.0.22 () {60 vars in 1426 bytes} [Fri Aug 6 20:12:43 2021] GET /placement/resource_providers/6508b6e2-c288-4470-ac01-1a28f5152f5a/aggregates => generated 54 bytes in 14 msecs (HTTP/1.1 200) 8 headers in 295 bytes (1 switches on core 0)
Aug 06 20:12:43.296175 n-d-803787-1 devstack@placement-api.service[94768]: DEBUG placement.requestlog [req-34262cea-20b6-4400-b5a8-c5de84b6d3e0 req-abeb75e6-cb6b-4551-8fea-847bcbcdbdda None None] Starting request: 10.222.0.22 "PUT /placement/resource_providers/6508b6e2-c288-4470-ac01-1a28f5152f5a/aggregates" {{(pid=94768) __call__ /opt/stack/placement/placement/requestlog.py:55}}
Aug 06 20:12:43.310838 n-d-803787-1 devstack@placement-api.service[94768]: DEBUG placement.objects.resource_provider [req-34262cea-20b6-4400-b5a8-c5de84b6d3e0 req-abeb75e6-cb6b-4551-8fea-847bcbcdbdda service placement] _ensure_aggregate() did not find aggregate c9f191b6-e503-4582-ba4f-73dfbc83c4a1. Attempting to create it. {{(pid=94768) _ensure_aggregate /opt/stack/placement/placement/objects/resource_provider.py:320}}
Aug 06 20:12:43.312226 n-d-803787-1 devstack@placement-api.service[94768]: DEBUG placement.objects.resource_provider [req-34262cea-20b6-4400-b5a8-c5de84b6d3e0 req-abeb75e6-cb6b-4551-8fea-847bcbcdbdda service placement] _ensure_aggregate() created new aggregate c9f191b6-e503-4582-ba4f-73dfbc83c4a1 (id=5). {{(pid=94768) _ensure_aggregate /opt/stack/placement/placement/objects/resource_provider.py:326}}
Aug 06 20:12:43.313500 n-d-803787-1 devstack@placement-api.service[94768]: DEBUG placement.objects.resource_provider [req-34262cea-20b6-4400-b5a8-c5de84b6d3e0 req-abeb75e6-cb6b-4551-8fea-847bcbcdbdda service placement] Setting aggregates for provider 6508b6e2-c288-4470-ac01-1a28f5152f5a. Successfully associated aggregate c9f191b6-e503-4582-ba4f-73dfbc83c4a1. {{(pid=94768) _set_aggregates /opt/stack/placement/placement/objects/resource_provider.py:388}}
Aug 06 20:12:43.318451 n-d-803787-1 devstack@placement-api.service[94768]: INFO placement.requestlog [req-34262cea-20b6-4400-b5a8-c5de84b6d3e0 req-abeb75e6-cb6b-4551-8fea-847bcbcdbdda service placement] 10.222.0.22 "PUT /placement/resource_providers/6508b6e2-c288-4470-ac01-1a28f5152f5a/aggregates" status: 200 len: 92 microversion: 1.19
Aug 06 20:12:43.318797 n-d-803787-1 devstack@placement-api.service[94768]: [pid: 94768|app: 0|req: 37/76] 10.222.0.22 () {64 vars in 1478 bytes} [Fri Aug 6 20:12:43 2021] PUT /placement/resource_providers/6508b6e2-c288-4470-ac01-1a28f5152f5a/aggregates => generated 92 bytes in 23 msecs (HTTP/1.1 200) 8 headers in 295 bytes (1 switches on core 0)
Aug 06 20:12:43.377669 n-d-803787-1 devstack@placement-api.service[94767]: DEBUG placement.requestlog [req-9190934f-c582-4d46-b4aa-e9451509df44 req-f6db4785-7c6b-46b1-8738-08535e80919d None None] Starting request: 10.222.0.22 "GET /placement/resource_providers?name=n-h1-803787-1" {{(pid=94767) __call__ /opt/stack/placement/placement/requestlog.py:55}}
Aug 06 20:12:43.390872 n-d-803787-1 devstack@placement-api.service[94767]: INFO placement.requestlog [req-9190934f-c582-4d46-b4aa-e9451509df44 req-f6db4785-7c6b-46b1-8738-08535e80919d service placement] 10.222.0.22 "GET /placement/resource_providers?name=n-h1-803787-1" status: 200 len: 441 microversion: 1.0
Aug 06 20:12:43.391397 n-d-803787-1 devstack@placement-api.service[94767]: [pid: 94767|app: 0|req: 40/77] 10.222.0.22 () {58 vars in 1275 bytes} [Fri Aug 6 20:12:43 2021] GET /placement/resource_providers?name=n-h1-803787-1 => generated 441 bytes in 14 msecs (HTTP/1.1 200) 6 headers in 224 bytes (1 switches on core 0)
Aug 06 20:12:43.402764 n-d-803787-1 devstack@placement-api.service[94768]: DEBUG placement.requestlog [req-9190934f-c582-4d46-b4aa-e9451509df44 req-13139582-fd76-46b6-8c2b-7e86a3ae6cd5 None None] Starting request: 10.222.0.22 "GET /placement/resource_providers/6508b6e2-c288-4470-ac01-1a28f5152f5a/aggregates" {{(pid=94768) __call__ /opt/stack/placement/placement/requestlog.py:55}}
Aug 06 20:12:43.416195 n-d-803787-1 devstack@placement-api.service[94768]: INFO placement.requestlog [req-9190934f-c582-4d46-b4aa-e9451509df44 req-13139582-fd76-46b6-8c2b-7e86a3ae6cd5 service placement] 10.222.0.22 "GET /placement/resource_providers/6508b6e2-c288-4470-ac01-1a28f5152f5a/aggregates" status: 200 len: 92 microversion: 1.19
Aug 06 20:12:43.416415 n-d-803787-1 devstack@placement-api.service[94768]: [pid: 94768|app: 0|req: 38/78] 10.222.0.22 () {60 vars in 1426 bytes} [Fri Aug 6 20:12:43 2021] GET /placement/resource_providers/6508b6e2-c288-4470-ac01-1a28f5152f5a/aggregates => generated 92 bytes in 14 msecs (HTTP/1.1 200) 8 headers in 295 bytes (1 switches on core 0)
Aug 06 20:12:43.423063 n-d-803787-1 devstack@placement-api.service[94767]: DEBUG placement.requestlog [req-9190934f-c582-4d46-b4aa-e9451509df44 req-8dbefe4d-14c6-46a1-a837-b278e7c4400f None None] Starting request: 10.222.0.22 "PUT /placement/resource_providers/6508b6e2-c288-4470-ac01-1a28f5152f5a/aggregates" {{(pid=94767) __call__ /opt/stack/placement/placement/requestlog.py:55}}
Aug 06 20:12:43.438269 n-d-803787-1 devstack@placement-api.service[94767]: DEBUG placement.objects.resource_provider [req-9190934f-c582-4d46-b4aa-e9451509df44 req-8dbefe4d-14c6-46a1-a837-b278e7c4400f service placement] Setting aggregates for provider 6508b6e2-c288-4470-ac01-1a28f5152f5a. Successfully disassociated aggregate c9f191b6-e503-4582-ba4f-73dfbc83c4a1. {{(pid=94767) _set_aggregates /opt/stack/placement/placement/objects/resource_provider.py:403}}
Aug 06 20:12:43.444713 n-d-803787-1 devstack@placement-api.service[94767]: INFO placement.requestlog [req-9190934f-c582-4d46-b4aa-e9451509df44 req-8dbefe4d-14c6-46a1-a837-b278e7c4400f service placement] 10.222.0.22 "PUT /placement/resource_providers/6508b6e2-c288-4470-ac01-1a28f5152f5a/aggregates" status: 200 len: 54 microversion: 1.19
Aug 06 20:12:43.445166 n-d-803787-1 devstack@placement-api.service[94767]: [pid: 94767|app: 0|req: 41/79] 10.222.0.22 () {64 vars in 1478 bytes} [Fri Aug 6 20:12:43 2021] PUT /placement/resource_providers/6508b6e2-c288-4470-ac01-1a28f5152f5a/aggregates => generated 54 bytes in 22 msecs (HTTP/1.1 200) 8 headers in 295 bytes (2 switches on core 0)
Aug 06 20:12:44.146989 n-d-803787-1 devstack@placement-api.service[94768]: DEBUG placement.requestlog [req-0833d0f9-0b1a-462a-a64b-dc1e37b5af62 req-f5e4c87e-3a21-4013-8ea6-4d6db8ef870e None None] Starting request: 10.222.0.22 "GET /placement/resource_providers?name=n-h1-803787-1" {{(pid=94768) __call__ /opt/stack/placement/placement/requestlog.py:55}}
Aug 06 20:12:44.158981 n-d-803787-1 devstack@placement-api.service[94768]: INFO placement.requestlog [req-0833d0f9-0b1a-462a-a64b-dc1e37b5af62 req-f5e4c87e-3a21-4013-8ea6-4d6db8ef870e service placement] 10.222.0.22 "GET /placement/resource_providers?name=n-h1-803787-1" status: 200 len: 441 microversion: 1.0
Aug 06 20:12:44.159212 n-d-803787-1 devstack@placement-api.service[94768]: [pid: 94768|app: 0|req: 39/80] 10.222.0.22 () {58 vars in 1275 bytes} [Fri Aug 6 20:12:44 2021] GET /placement/resource_providers?name=n-h1-803787-1 => generated 441 bytes in 12 msecs (HTTP/1.1 200) 6 headers in 224 bytes (1 switches on core 0)
Aug 06 20:12:44.166875 n-d-803787-1 devstack@placement-api.service[94767]: DEBUG placement.requestlog [req-0833d0f9-0b1a-462a-a64b-dc1e37b5af62 req-0c9620cf-af2d-4d09-9082-7c67bdc0fc00 None None] Starting request: 10.222.0.22 "GET /placement/resource_providers/6508b6e2-c288-4470-ac01-1a28f5152f5a/aggregates" {{(pid=94767) __call__ /opt/stack/placement/placement/requestlog.py:55}}
Aug 06 20:12:44.179569 n-d-803787-1 devstack@placement-api.service[94767]: INFO placement.requestlog [req-0833d0f9-0b1a-462a-a64b-dc1e37b5af62 req-0c9620cf-af2d-4d09-9082-7c67bdc0fc00 service placement] 10.222.0.22 "GET /placement/resource_providers/6508b6e2-c288-4470-ac01-1a28f5152f5a/aggregates" status: 200 len: 54 microversion: 1.19
Aug 06 20:12:44.180119 n-d-803787-1 devstack@placement-api.service[94767]: [pid: 94767|app: 0|req: 42/81] 10.222.0.22 () {60 vars in 1426 bytes} [Fri Aug 6 20:12:44 2021] GET /placement/resource_providers/6508b6e2-c288-4470-ac01-1a28f5152f5a/aggregates => generated 54 bytes in 13 msecs (HTTP/1.1 200) 8 headers in 295 bytes (1 switches on core 0)
Aug 06 20:12:44.186506 n-d-803787-1 devstack@placement-api.service[94768]: DEBUG placement.requestlog [req-0833d0f9-0b1a-462a-a64b-dc1e37b5af62 req-ca4525c2-2dce-4d99-9ad6-1fa023eb8dc7 None None] Starting request: 10.222.0.22 "PUT /placement/resource_providers/6508b6e2-c288-4470-ac01-1a28f5152f5a/aggregates" {{(pid=94768) __call__ /opt/stack/placement/placement/requestlog.py:55}}
Aug 06 20:12:44.200533 n-d-803787-1 devstack@placement-api.service[94768]: DEBUG placement.objects.resource_provider [req-0833d0f9-0b1a-462a-a64b-dc1e37b5af62 req-ca4525c2-2dce-4d99-9ad6-1fa023eb8dc7 service placement] _ensure_aggregate() did not find aggregate ad02630a-1d68-4c29-8de8-63c069749a39. Attempting to create it. {{(pid=94768) _ensure_aggregate /opt/stack/placement/placement/objects/resource_provider.py:320}}
Aug 06 20:12:44.201805 n-d-803787-1 devstack@placement-api.service[94768]: DEBUG placement.objects.resource_provider [req-0833d0f9-0b1a-462a-a64b-dc1e37b5af62 req-ca4525c2-2dce-4d99-9ad6-1fa023eb8dc7 service placement] _ensure_aggregate() created new aggregate ad02630a-1d68-4c29-8de8-63c069749a39 (id=6). {{(pid=94768) _ensure_aggregate /opt/stack/placement/placement/objects/resource_provider.py:326}}
Aug 06 20:12:44.202966 n-d-803787-1 devstack@placement-api.service[94768]: DEBUG placement.objects.resource_provider [req-0833d0f9-0b1a-462a-a64b-dc1e37b5af62 req-ca4525c2-2dce-4d99-9ad6-1fa023eb8dc7 service placement] Setting aggregates for provider 6508b6e2-c288-4470-ac01-1a28f5152f5a. Successfully associated aggregate ad02630a-1d68-4c29-8de8-63c069749a39. {{(pid=94768) _set_aggregates /opt/stack/placement/placement/objects/resource_provider.py:388}}
Aug 06 20:12:44.207981 n-d-803787-1 devstack@placement-api.service[94768]: INFO placement.requestlog [req-0833d0f9-0b1a-462a-a64b-dc1e37b5af62 req-ca4525c2-2dce-4d99-9ad6-1fa023eb8dc7 service placement] 10.222.0.22 "PUT /placement/resource_providers/6508b6e2-c288-4470-ac01-1a28f5152f5a/aggregates" status: 200 len: 92 microversion: 1.19
Aug 06 20:12:44.208197 n-d-803787-1 devstack@placement-api.service[94768]: [pid: 94768|app: 0|req: 40/82] 10.222.0.22 () {64 vars in 1478 bytes} [Fri Aug 6 20:12:44 2021] PUT /placement/resource_providers/6508b6e2-c288-4470-ac01-1a28f5152f5a/aggregates => generated 92 bytes in 22 msecs (HTTP/1.1 200) 8 headers in 295 bytes (1 switches on core 0)
Aug 06 20:12:44.402952 n-d-803787-1 devstack@placement-api.service[94767]: DEBUG placement.requestlog [req-1a21b63a-163d-441b-b8a1-d978647435c6 req-9ca763f2-2057-4901-afb1-4dbc4f77dfac None None] Starting request: 10.222.0.22 "GET /placement/resource_providers?name=n-h1-803787-1" {{(pid=94767) __call__ /opt/stack/placement/placement/requestlog.py:55}}
Aug 06 20:12:44.415509 n-d-803787-1 devstack@placement-api.service[94767]: INFO placement.requestlog [req-1a21b63a-163d-441b-b8a1-d978647435c6 req-9ca763f2-2057-4901-afb1-4dbc4f77dfac service placement] 10.222.0.22 "GET /placement/resource_providers?name=n-h1-803787-1" status: 200 len: 441 microversion: 1.0
Aug 06 20:12:44.415916 n-d-803787-1 devstack@placement-api.service[94767]: [pid: 94767|app: 0|req: 43/83] 10.222.0.22 () {58 vars in 1275 bytes} [Fri Aug 6 20:12:44 2021] GET /placement/resource_providers?name=n-h1-803787-1 => generated 441 bytes in 13 msecs (HTTP/1.1 200) 6 headers in 224 bytes (1 switches on core 0)
Aug 06 20:12:44.422803 n-d-803787-1 devstack@placement-api.service[94768]: DEBUG placement.requestlog [req-1a21b63a-163d-441b-b8a1-d978647435c6 req-f8c2095b-c0d3-4e4c-9506-ad2d32693614 None None] Starting request: 10.222.0.22 "GET /placement/resource_providers/6508b6e2-c288-4470-ac01-1a28f5152f5a/aggregates" {{(pid=94768) __call__ /opt/stack/placement/placement/requestlog.py:55}}
Aug 06 20:12:44.438863 n-d-803787-1 devstack@placement-api.service[94768]: INFO placement.requestlog [req-1a21b63a-163d-441b-b8a1-d978647435c6 req-f8c2095b-c0d3-4e4c-9506-ad2d32693614 service placement] 10.222.0.22 "GET /placement/resource_providers/6508b6e2-c288-4470-ac01-1a28f5152f5a/aggregates" status: 200 len: 92 microversion: 1.19
Aug 06 20:12:44.439209 n-d-803787-1 devstack@placement-api.service[94768]: [pid: 94768|app: 0|req: 41/84] 10.222.0.22 () {60 vars in 1426 bytes} [Fri Aug 6 20:12:44 2021] GET /placement/resource_providers/6508b6e2-c288-4470-ac01-1a28f5152f5a/aggregates => generated 92 bytes in 17 msecs (HTTP/1.1 200) 8 headers in 295 bytes (1 switches on core 0)
Aug 06 20:12:44.456599 n-d-803787-1 devstack@placement-api.service[94767]: DEBUG placement.requestlog [req-1a21b63a-163d-441b-b8a1-d978647435c6 req-01bb480d-3ac2-4b72-8ce2-c51cb3a0784b None None] Starting request: 10.222.0.22 "PUT /placement/resource_providers/6508b6e2-c288-4470-ac01-1a28f5152f5a/aggregates" {{(pid=94767) __call__ /opt/stack/placement/placement/requestlog.py:55}}
Aug 06 20:12:44.478965 n-d-803787-1 devstack@placement-api.service[94767]: DEBUG placement.objects.resource_provider [req-1a21b63a-163d-441b-b8a1-d978647435c6 req-01bb480d-3ac2-4b72-8ce2-c51cb3a0784b service placement] Setting aggregates for provider 6508b6e2-c288-4470-ac01-1a28f5152f5a. Successfully disassociated aggregate ad02630a-1d68-4c29-8de8-63c069749a39. {{(pid=94767) _set_aggregates /opt/stack/placement/placement/objects/resource_provider.py:403}}
Aug 06 20:12:44.485973 n-d-803787-1 devstack@placement-api.service[94767]: INFO placement.requestlog [req-1a21b63a-163d-441b-b8a1-d978647435c6 req-01bb480d-3ac2-4b72-8ce2-c51cb3a0784b service placement] 10.222.0.22 "PUT /placement/resource_providers/6508b6e2-c288-4470-ac01-1a28f5152f5a/aggregates" status: 200 len: 54 microversion: 1.19
Aug 06 20:12:44.486534 n-d-803787-1 devstack@placement-api.service[94767]: [pid: 94767|app: 0|req: 44/85] 10.222.0.22 () {64 vars in 1478 bytes} [Fri Aug 6 20:12:44 2021] PUT /placement/resource_providers/6508b6e2-c288-4470-ac01-1a28f5152f5a/aggregates => generated 54 bytes in 30 msecs (HTTP/1.1 200) 8 headers in 295 bytes (1 switches on core 0)
Aug 06 20:12:46.738601 n-d-803787-1 devstack@placement-api.service[94768]: DEBUG placement.requestlog [None req-dc258b9c-7861-4520-8fce-710a376aa028 None None] Starting request: 10.222.0.22 "GET /placement/" {{(pid=94768) __call__ /opt/stack/placement/placement/requestlog.py:55}}
Aug 06 20:12:46.740437 n-d-803787-1 devstack@placement-api.service[94768]: INFO placement.requestlog [None req-dc258b9c-7861-4520-8fce-710a376aa028 None None] 10.222.0.22 "GET /placement/" status: 200 len: 136 microversion: 1.0
Aug 06 20:12:46.741153 n-d-803787-1 devstack@placement-api.service[94768]: [pid: 94768|app: 0|req: 42/86] 10.222.0.22 () {54 vars in 907 bytes} [Fri Aug 6 20:12:46 2021] GET /placement => generated 136 bytes in 3 msecs (HTTP/1.1 200) 6 headers in 224 bytes (1 switches on core 0)
Aug 06 20:12:46.752549 n-d-803787-1 devstack@placement-api.service[94767]: DEBUG placement.requestlog [req-5522e653-2285-442f-bde9-353ed50ad7d8 req-9a134a26-8fa0-4486-adf0-a1a409adc84a None None] Starting request: 10.222.0.22 "GET /placement/resource_providers/21f5c9e4-da0a-409c-90e6-a6385d22d8ba/traits" {{(pid=94767) __call__ /opt/stack/placement/placement/requestlog.py:55}}
Aug 06 20:12:46.842707 n-d-803787-1 devstack@placement-api.service[94767]: INFO placement.requestlog [req-5522e653-2285-442f-bde9-353ed50ad7d8 req-9a134a26-8fa0-4486-adf0-a1a409adc84a service placement] 10.222.0.22 "GET /placement/resource_providers/21f5c9e4-da0a-409c-90e6-a6385d22d8ba/traits" status: 200 len: 211 microversion: 1.6
Aug 06 20:12:46.842707 n-d-803787-1 devstack@placement-api.service[94767]: [pid: 94767|app: 0|req: 45/87] 10.222.0.22 () {60 vars in 1413 bytes} [Fri Aug 6 20:12:46 2021] GET /placement/resource_providers/21f5c9e4-da0a-409c-90e6-a6385d22d8ba/traits => generated 211 bytes in 90 msecs (HTTP/1.1 200) 6 headers in 224 bytes (1 switches on core 0)
Aug 06 20:12:46.899393 n-d-803787-1 devstack@placement-api.service[94768]: DEBUG placement.requestlog [req-fc2c9088-60fc-486b-9de8-05b20b558df2 req-3b0deed3-abf1-4698-a607-d3b03eb183c0 None None] Starting request: 10.222.0.22 "GET /placement/allocation_candidates?limit=1000&resources=DISK_GB%3A1%2CMEMORY_MB%3A1024%2CVCPU%3A1&root_required=%21COMPUTE_STATUS_DISABLED" {{(pid=94768) __call__ /opt/stack/placement/placement/requestlog.py:55}}
Aug 06 20:12:46.940690 n-d-803787-1 devstack@placement-api.service[94768]: DEBUG placement.objects.research_context [req-fc2c9088-60fc-486b-9de8-05b20b558df2 req-3b0deed3-abf1-4698-a607-d3b03eb183c0 service placement] getting providers with 1 DISK_GB {{(pid=94768) __init__ /opt/stack/placement/placement/objects/research_context.py:126}}
Aug 06 20:12:46.948747 n-d-803787-1 devstack@placement-api.service[94768]: DEBUG placement.objects.research_context [req-fc2c9088-60fc-486b-9de8-05b20b558df2 req-3b0deed3-abf1-4698-a607-d3b03eb183c0 service placement] getting providers with 1024 MEMORY_MB {{(pid=94768) __init__ /opt/stack/placement/placement/objects/research_context.py:126}}
Aug 06 20:12:46.958551 n-d-803787-1 devstack@placement-api.service[94768]: DEBUG placement.objects.research_context [req-fc2c9088-60fc-486b-9de8-05b20b558df2 req-3b0deed3-abf1-4698-a607-d3b03eb183c0 service placement] getting providers with 1 VCPU {{(pid=94768) __init__ /opt/stack/placement/placement/objects/research_context.py:126}}
Aug 06 20:12:46.966330 n-d-803787-1 devstack@placement-api.service[94768]: DEBUG placement.objects.research_context [req-fc2c9088-60fc-486b-9de8-05b20b558df2 req-3b0deed3-abf1-4698-a607-d3b03eb183c0 service placement] found 2 providers with available 1 DISK_GB {{(pid=94768) get_provider_ids_matching /opt/stack/placement/placement/objects/research_context.py:549}}
Aug 06 20:12:46.966710 n-d-803787-1 devstack@placement-api.service[94768]: DEBUG placement.objects.research_context [req-fc2c9088-60fc-486b-9de8-05b20b558df2 req-3b0deed3-abf1-4698-a607-d3b03eb183c0 service placement] found 2 providers with available 1024 MEMORY_MB {{(pid=94768) get_provider_ids_matching /opt/stack/placement/placement/objects/research_context.py:549}}
Aug 06 20:12:46.967125 n-d-803787-1 devstack@placement-api.service[94768]: DEBUG placement.objects.research_context [req-fc2c9088-60fc-486b-9de8-05b20b558df2 req-3b0deed3-abf1-4698-a607-d3b03eb183c0 service placement] found 2 providers after filtering by previous result {{(pid=94768) get_provider_ids_matching /opt/stack/placement/placement/objects/research_context.py:580}}
Aug 06 20:12:46.967596 n-d-803787-1 devstack@placement-api.service[94768]: DEBUG placement.objects.research_context [req-fc2c9088-60fc-486b-9de8-05b20b558df2 req-3b0deed3-abf1-4698-a607-d3b03eb183c0 service placement] found 2 providers with available 1 VCPU {{(pid=94768) get_provider_ids_matching /opt/stack/placement/placement/objects/research_context.py:549}}
Aug 06 20:12:46.967935 n-d-803787-1 devstack@placement-api.service[94768]: DEBUG placement.objects.research_context [req-fc2c9088-60fc-486b-9de8-05b20b558df2 req-3b0deed3-abf1-4698-a607-d3b03eb183c0 service placement] found 2 providers after filtering by previous result {{(pid=94768) get_provider_ids_matching /opt/stack/placement/placement/objects/research_context.py:580}}
Aug 06 20:12:46.981180 n-d-803787-1 devstack@placement-api.service[94768]: DEBUG placement.objects.allocation_candidate [req-fc2c9088-60fc-486b-9de8-05b20b558df2 req-3b0deed3-abf1-4698-a607-d3b03eb183c0 service placement] RequestGroup(use_same_provider=False, resources={DISK_GB:1, MEMORY_MB:1024, VCPU:1}, traits=[], aggregates=[]) (suffix '') returned 2 matches {{(pid=94768) _get_by_requests /opt/stack/placement/placement/objects/allocation_candidate.py:145}}
Aug 06 20:12:46.981794 n-d-803787-1 devstack@placement-api.service[94768]: DEBUG placement.objects.allocation_candidate [req-fc2c9088-60fc-486b-9de8-05b20b558df2 req-3b0deed3-abf1-4698-a607-d3b03eb183c0 service placement] Merging candidates yields 2 allocation requests and 2 provider summaries {{(pid=94768) _merge_candidates /opt/stack/placement/placement/objects/allocation_candidate.py:783}}
Aug 06 20:12:46.983532 n-d-803787-1 devstack@placement-api.service[94768]: INFO placement.requestlog [req-fc2c9088-60fc-486b-9de8-05b20b558df2 req-3b0deed3-abf1-4698-a607-d3b03eb183c0 service placement] 10.222.0.22 "GET /placement/allocation_candidates?limit=1000&resources=DISK_GB%3A1%2CMEMORY_MB%3A1024%2CVCPU%3A1&root_required=%21COMPUTE_STATUS_DISABLED" status: 200 len: 1309 microversion: 1.35
Aug 06 20:12:46.984565 n-d-803787-1 devstack@placement-api.service[94768]: [pid: 94768|app: 0|req: 43/88] 10.222.0.22 () {60 vars in 1507 bytes} [Fri Aug 6 20:12:46 2021] GET /placement/allocation_candidates?limit=1000&resources=DISK_GB%3A1%2CMEMORY_MB%3A1024%2CVCPU%3A1&root_required=%21COMPUTE_STATUS_DISABLED => generated 1309 bytes in 85 msecs (HTTP/1.1 200) 8 headers in 297 bytes (1 switches on core 0)
Aug 06 20:12:47.055028 n-d-803787-1 devstack@placement-api.service[94767]: DEBUG placement.requestlog [req-fc2c9088-60fc-486b-9de8-05b20b558df2 req-df4a16dc-cf2a-4b5d-bbcc-ac87cc32a6b3 None None] Starting request: 10.222.0.22 "GET /placement/allocations/89937de8-21af-47ec-aef5-e8db794bb49e" {{(pid=94767) __call__ /opt/stack/placement/placement/requestlog.py:55}}
Aug 06 20:12:47.065664 n-d-803787-1 devstack@placement-api.service[94767]: INFO placement.requestlog [req-fc2c9088-60fc-486b-9de8-05b20b558df2 req-df4a16dc-cf2a-4b5d-bbcc-ac87cc32a6b3 service placement] 10.222.0.22 "GET /placement/allocations/89937de8-21af-47ec-aef5-e8db794bb49e" status: 200 len: 19 microversion: 1.28
Aug 06 20:12:47.066393 n-d-803787-1 devstack@placement-api.service[94767]: [pid: 94767|app: 0|req: 46/89] 10.222.0.22 () {60 vars in 1381 bytes} [Fri Aug 6 20:12:47 2021] GET /placement/allocations/89937de8-21af-47ec-aef5-e8db794bb49e => generated 19 bytes in 12 msecs (HTTP/1.1 200) 8 headers in 295 bytes (1 switches on core 0)
Aug 06 20:12:47.072520 n-d-803787-1 devstack@placement-api.service[94768]: DEBUG placement.requestlog [req-fc2c9088-60fc-486b-9de8-05b20b558df2 req-f4f32b37-b150-43f6-8e34-eae8349c7eb0 None None] Starting request: 10.222.0.22 "PUT /placement/allocations/89937de8-21af-47ec-aef5-e8db794bb49e" {{(pid=94768) __call__ /opt/stack/placement/placement/requestlog.py:55}}
Aug 06 20:12:47.161102 n-d-803787-1 devstack@placement-api.service[94768]: DEBUG placement.handlers.allocation [req-fc2c9088-60fc-486b-9de8-05b20b558df2 req-f4f32b37-b150-43f6-8e34-eae8349c7eb0 service placement] Successfully wrote allocations [, , ] {{(pid=94768) _create_allocations /opt/stack/placement/placement/handlers/allocation.py:435}}
Aug 06 20:12:47.161948 n-d-803787-1 devstack@placement-api.service[94768]: INFO placement.requestlog [req-fc2c9088-60fc-486b-9de8-05b20b558df2 req-f4f32b37-b150-43f6-8e34-eae8349c7eb0 service placement] 10.222.0.22 "PUT /placement/allocations/89937de8-21af-47ec-aef5-e8db794bb49e" status: 204 len: 0 microversion: 1.35
Aug 06 20:12:47.171320 n-d-803787-1 devstack@placement-api.service[94768]: [pid: 94768|app: 0|req: 44/90] 10.222.0.22 () {64 vars in 1434 bytes} [Fri Aug 6 20:12:47 2021] PUT /placement/allocations/89937de8-21af-47ec-aef5-e8db794bb49e => generated 0 bytes in 91 msecs (HTTP/1.1 204) 5 headers in 199 bytes (1 switches on core 0)
Aug 06 20:12:47.550165 n-d-803787-1 devstack@placement-api.service[94767]: DEBUG placement.requestlog [req-fc2c9088-60fc-486b-9de8-05b20b558df2 req-6fadae42-e00b-4e9f-93d9-e016f14cfe94 None None] Starting request: 10.222.0.37 "GET /placement/allocations/89937de8-21af-47ec-aef5-e8db794bb49e" {{(pid=94767) __call__ /opt/stack/placement/placement/requestlog.py:55}}
Aug 06 20:12:47.585169 n-d-803787-1 devstack@placement-api.service[94767]: INFO placement.requestlog [req-fc2c9088-60fc-486b-9de8-05b20b558df2 req-6fadae42-e00b-4e9f-93d9-e016f14cfe94 service placement] 10.222.0.37 "GET /placement/allocations/89937de8-21af-47ec-aef5-e8db794bb49e" status: 200 len: 259 microversion: 1.28
Aug 06 20:12:47.585462 n-d-803787-1 devstack@placement-api.service[94767]: [pid: 94767|app: 0|req: 47/91] 10.222.0.37 () {60 vars in 1378 bytes} [Fri Aug 6 20:12:47 2021] GET /placement/allocations/89937de8-21af-47ec-aef5-e8db794bb49e => generated 259 bytes in 36 msecs (HTTP/1.1 200) 8 headers in 296 bytes (1 switches on core 0)
Aug 06 20:12:48.084515 n-d-803787-1 devstack@placement-api.service[94768]: DEBUG placement.requestlog [None req-ec9c0c38-f457-4fbb-92a0-33fc3df8a5c9 None None] Starting request: 10.222.0.22 "GET /placement/" {{(pid=94768) __call__ /opt/stack/placement/placement/requestlog.py:55}}
Aug 06 20:12:48.085688 n-d-803787-1 devstack@placement-api.service[94768]: INFO placement.requestlog [None req-ec9c0c38-f457-4fbb-92a0-33fc3df8a5c9 None None] 10.222.0.22 "GET /placement/" status: 200 len: 136 microversion: 1.0
Aug 06 20:12:48.086023 n-d-803787-1 devstack@placement-api.service[94768]: [pid: 94768|app: 0|req: 45/92] 10.222.0.22 () {54 vars in 916 bytes} [Fri Aug 6 20:12:48 2021] GET /placement => generated 136 bytes in 2 msecs (HTTP/1.1 200) 6 headers in 224 bytes (1 switches on core 0)
Aug 06 20:12:48.097360 n-d-803787-1 devstack@placement-api.service[94767]: DEBUG placement.requestlog [req-5522e653-2285-442f-bde9-353ed50ad7d8 req-0732aa6a-8c77-49f3-90a2-a04372184d32 None None] Starting request: 10.222.0.22 "GET /placement/allocations/4be7a932-bf51-42b2-9885-3dafc471d5e3" {{(pid=94767) __call__ /opt/stack/placement/placement/requestlog.py:55}}
Aug 06 20:12:48.172998 n-d-803787-1 devstack@placement-api.service[94767]: INFO placement.requestlog [req-5522e653-2285-442f-bde9-353ed50ad7d8 req-0732aa6a-8c77-49f3-90a2-a04372184d32 service placement] 10.222.0.22 "GET /placement/allocations/4be7a932-bf51-42b2-9885-3dafc471d5e3" status: 200 len: 258 microversion: 1.28
Aug 06 20:12:48.173965 n-d-803787-1 devstack@placement-api.service[94767]: [pid: 94767|app: 0|req: 48/93] 10.222.0.22 () {60 vars in 1381 bytes} [Fri Aug 6 20:12:48 2021] GET /placement/allocations/4be7a932-bf51-42b2-9885-3dafc471d5e3 => generated 258 bytes in 77 msecs (HTTP/1.1 200) 8 headers in 296 bytes (1 switches on core 0)
Aug 06 20:12:48.182001 n-d-803787-1 devstack@placement-api.service[94768]: DEBUG placement.requestlog [req-5522e653-2285-442f-bde9-353ed50ad7d8 req-03ff8c06-384c-42b0-94d3-5c87a8a64678 None None] Starting request: 10.222.0.22 "GET /placement/allocations/4be7a932-bf51-42b2-9885-3dafc471d5e3" {{(pid=94768) __call__ /opt/stack/placement/placement/requestlog.py:55}}
Aug 06 20:12:48.197600 n-d-803787-1 devstack@placement-api.service[94768]: INFO placement.requestlog [req-5522e653-2285-442f-bde9-353ed50ad7d8 req-03ff8c06-384c-42b0-94d3-5c87a8a64678 service placement] 10.222.0.22 "GET /placement/allocations/4be7a932-bf51-42b2-9885-3dafc471d5e3" status: 200 len: 258 microversion: 1.28
Aug 06 20:12:48.198213 n-d-803787-1 devstack@placement-api.service[94768]: [pid: 94768|app: 0|req: 46/94] 10.222.0.22 () {60 vars in 1381 bytes} [Fri Aug 6 20:12:48 2021] GET /placement/allocations/4be7a932-bf51-42b2-9885-3dafc471d5e3 => generated 258 bytes in 16 msecs (HTTP/1.1 200) 8 headers in 296 bytes (1 switches on core 0)
Aug 06 20:12:48.204512 n-d-803787-1 devstack@placement-api.service[94767]: DEBUG placement.requestlog [req-5522e653-2285-442f-bde9-353ed50ad7d8 req-5e8d9514-0613-4a0d-b25b-f66fdd44ad40 None None] Starting request: 10.222.0.22 "GET /placement/allocations/1bb4b6e0-4071-4cd1-8b8f-14a47648698f" {{(pid=94767) __call__ /opt/stack/placement/placement/requestlog.py:55}}
Aug 06 20:12:48.220254 n-d-803787-1 devstack@placement-api.service[94767]: INFO placement.requestlog [req-5522e653-2285-442f-bde9-353ed50ad7d8 req-5e8d9514-0613-4a0d-b25b-f66fdd44ad40 service placement] 10.222.0.22 "GET /placement/allocations/1bb4b6e0-4071-4cd1-8b8f-14a47648698f" status: 200 len: 19 microversion: 1.28
