Aug 06 20:12:32.228717 n-d-803787-1 devstack@n-api.service[109311]: DEBUG nova.compute.api [None req-07114b9c-9e27-4eea-a7ce-bef030c3ff08 tempest-DeleteServersAdminTestJSON-38031767 tempest-DeleteServersAdminTestJSON-38031767-project] [instance: 6db01010-8f36-443e-b099-a93e7016cb81] Fetching instance by UUID {{(pid=109311) get /opt/stack/nova/nova/compute/api.py:2791}}
Aug 06 20:12:32.243844 n-d-803787-1 devstack@n-api.service[109311]: DEBUG oslo_concurrency.lockutils [None req-07114b9c-9e27-4eea-a7ce-bef030c3ff08 tempest-DeleteServersAdminTestJSON-38031767 tempest-DeleteServersAdminTestJSON-38031767-project] Lock "07384efe-7ab8-41ee-93fe-7d27fe3bf75f" acquired by "nova.context.set_target_cell..get_or_set_cached_cell_and_set_connections" :: waited 0.000s {{(pid=109311) inner /usr/local/lib/python3.8/dist-packages/oslo_concurrency/lockutils.py:355}}
Aug 06 20:12:32.244312 n-d-803787-1 devstack@n-api.service[109311]: DEBUG oslo_concurrency.lockutils [None req-07114b9c-9e27-4eea-a7ce-bef030c3ff08 tempest-DeleteServersAdminTestJSON-38031767 tempest-DeleteServersAdminTestJSON-38031767-project] Lock "07384efe-7ab8-41ee-93fe-7d27fe3bf75f" released by "nova.context.set_target_cell..get_or_set_cached_cell_and_set_connections" :: held 0.001s {{(pid=109311) inner /usr/local/lib/python3.8/dist-packages/oslo_concurrency/lockutils.py:367}}
Aug 06 20:12:32.245176 n-d-803787-1 devstack@n-api.service[109311]: DEBUG oslo_concurrency.lockutils [None req-07114b9c-9e27-4eea-a7ce-bef030c3ff08 tempest-DeleteServersAdminTestJSON-38031767 tempest-DeleteServersAdminTestJSON-38031767-project] Lock "07384efe-7ab8-41ee-93fe-7d27fe3bf75f" acquired by "nova.context.set_target_cell..get_or_set_cached_cell_and_set_connections" :: waited 0.000s {{(pid=109311) inner /usr/local/lib/python3.8/dist-packages/oslo_concurrency/lockutils.py:355}}
Aug 06 20:12:32.245618 n-d-803787-1 devstack@n-api.service[109311]: DEBUG oslo_concurrency.lockutils [None req-07114b9c-9e27-4eea-a7ce-bef030c3ff08 tempest-DeleteServersAdminTestJSON-38031767 tempest-DeleteServersAdminTestJSON-38031767-project] Lock "07384efe-7ab8-41ee-93fe-7d27fe3bf75f" released by "nova.context.set_target_cell..get_or_set_cached_cell_and_set_connections" :: held 0.000s {{(pid=109311) inner /usr/local/lib/python3.8/dist-packages/oslo_concurrency/lockutils.py:367}}
Aug 06 20:12:32.323997 n-d-803787-1 devstack@n-api.service[109310]: DEBUG nova.policy [None req-071d1bc5-582a-4b70-b688-9ceecd6d1a6c tempest-AggregatesAdminTestJSON-661462309 tempest-AggregatesAdminTestJSON-661462309-project] Policy check for os_compute_api:os-extended-server-attributes failed with credentials {'is_admin': False, 'user_id': '2dd6b7a4f7914fac8d31b316c6a90ae7', 'user_domain_id': 'default', 'system_scope': None, 'domain_id': None, 'project_id': '081ccf4628f942adb02ae9c7eebb51bd', 'project_domain_id': 'default', 'roles': ['member', 'reader'], 'is_admin_project': True, 'service_user_id': None, 'service_user_domain_id': None, 'service_project_id': None, 'service_project_domain_id': None, 'service_roles': []} {{(pid=109310) authorize /opt/stack/nova/nova/policy.py:199}}
Aug 06 20:12:32.337116 n-d-803787-1 devstack@n-api.service[109310]: INFO nova.api.openstack.requestlog [None req-071d1bc5-582a-4b70-b688-9ceecd6d1a6c tempest-AggregatesAdminTestJSON-661462309 tempest-AggregatesAdminTestJSON-661462309-project] 10.222.0.22 "GET /compute/v2.1/servers/f72ba232-7849-4068-ac23-a317513db7cc" status: 200 len: 1338 microversion: 2.1 time: 0.240750
Aug 06 20:12:32.338300 n-d-803787-1 devstack@n-api.service[109310]: [pid: 109310|app: 0|req: 28/100] 10.222.0.22 () {58 vars in 1236 bytes} [Fri Aug 6 20:12:32 2021] GET /compute/v2.1/servers/f72ba232-7849-4068-ac23-a317513db7cc => generated 1338 bytes in 248 msecs (HTTP/1.1 200) 9 headers in 358 bytes (2 switches on core 0)
Aug 06 20:12:32.343751 n-d-803787-1 devstack@n-api.service[109310]: DEBUG nova.api.openstack.wsgi [None req-13151e21-068f-411a-b706-8404f7a51e4d tempest-HostsAdminNegativeTestJSON-1153414118 tempest-HostsAdminNegativeTestJSON-1153414118-project] Calling method '.version_select at 0x7f58c462ddc0>' {{(pid=109310) _process_stack /opt/stack/nova/nova/api/openstack/wsgi.py:513}}
Aug 06 20:12:32.351523 n-d-803787-1 devstack@n-api.service[109311]: DEBUG nova.policy [None req-07114b9c-9e27-4eea-a7ce-bef030c3ff08 tempest-DeleteServersAdminTestJSON-38031767 tempest-DeleteServersAdminTestJSON-38031767-project] Policy check for os_compute_api:os-extended-server-attributes failed with credentials {'is_admin': False, 'user_id': '1a761825905f48968bb441888ba1909d', 'user_domain_id': 'default', 'system_scope': None, 'domain_id': None, 'project_id': 'f28ae0bd157d430ea74d02cefea15156', 'project_domain_id': 'default', 'roles': ['member', 'reader'], 'is_admin_project': True, 'service_user_id': None, 'service_user_domain_id': None, 'service_project_id': None, 'service_project_domain_id': None, 'service_roles': []} {{(pid=109311) authorize /opt/stack/nova/nova/policy.py:199}}
Aug 06 20:12:32.352963 n-d-803787-1 devstack@n-api.service[109310]: /usr/local/lib/python3.8/dist-packages/oslo_policy/policy.py:1064: UserWarning: Policy os_compute_api:os-hosts:reboot failed scope check. The token used to make the request was project scoped but the policy requires ['system'] scope. This behavior may change in the future where using the intended scope is required
Aug 06 20:12:32.352963 n-d-803787-1 devstack@n-api.service[109310]: warnings.warn(msg)
Aug 06 20:12:32.354859 n-d-803787-1 devstack@n-api.service[109310]: DEBUG nova.policy [None req-13151e21-068f-411a-b706-8404f7a51e4d tempest-HostsAdminNegativeTestJSON-1153414118 tempest-HostsAdminNegativeTestJSON-1153414118-project] Policy check for os_compute_api:os-hosts:reboot failed with credentials {'is_admin': False, 'user_id': '506e1ce0633643ff914f9ba7035eeef9', 'user_domain_id': 'default', 'system_scope': None, 'domain_id': None, 'project_id': '43742872c23b4cba91abd8513d1b9f8b', 'project_domain_id': 'default', 'roles': ['member', 'reader'], 'is_admin_project': True, 'service_user_id': None, 'service_user_domain_id': None, 'service_project_id': None, 'service_project_domain_id': None, 'service_roles': []} {{(pid=109310) authorize /opt/stack/nova/nova/policy.py:199}}
Aug 06 20:12:32.355778 n-d-803787-1 devstack@n-api.service[109310]: DEBUG nova.api.openstack.wsgi [None req-13151e21-068f-411a-b706-8404f7a51e4d tempest-HostsAdminNegativeTestJSON-1153414118 tempest-HostsAdminNegativeTestJSON-1153414118-project] Returning 403 to user: Policy doesn't allow os_compute_api:os-hosts:reboot to be performed. {{(pid=109310) __call__ /opt/stack/nova/nova/api/openstack/wsgi.py:927}}
Aug 06 20:12:32.356852 n-d-803787-1 devstack@n-api.service[109310]: INFO nova.api.openstack.requestlog [None req-13151e21-068f-411a-b706-8404f7a51e4d tempest-HostsAdminNegativeTestJSON-1153414118 tempest-HostsAdminNegativeTestJSON-1153414118-project] 10.222.0.22 "GET /compute/v2.1/os-hosts/n-d-803787-1/reboot" status: 403 len: 111 microversion: 2.1 time: 0.017091
Aug 06 20:12:32.357906 n-d-803787-1 devstack@n-api.service[109310]: [pid: 109310|app: 0|req: 29/101] 10.222.0.22 () {58 vars in 1188 bytes} [Fri Aug 6 20:12:32 2021] GET /compute/v2.1/os-hosts/n-d-803787-1/reboot => generated 111 bytes in 18 msecs (HTTP/1.1 403) 9 headers in 379 bytes (1 switches on core 0)
Aug 06 20:12:32.359081 n-d-803787-1 devstack@n-api.service[109311]: INFO nova.api.openstack.requestlog [None req-07114b9c-9e27-4eea-a7ce-bef030c3ff08 tempest-DeleteServersAdminTestJSON-38031767 tempest-DeleteServersAdminTestJSON-38031767-project] 10.222.0.22 "GET /compute/v2.1/servers/6db01010-8f36-443e-b099-a93e7016cb81" status: 200 len: 1294 microversion: 2.1 time: 0.143582
Aug 06 20:12:32.366909 n-d-803787-1 devstack@n-api.service[109310]: DEBUG nova.api.openstack.wsgi [None req-0efb03f9-a34b-44ed-954b-38358e975072 tempest-ServersAdminNegativeTestJSON-104320158 tempest-ServersAdminNegativeTestJSON-104320158-project] Calling method '>' {{(pid=109310) _process_stack /opt/stack/nova/nova/api/openstack/wsgi.py:513}}
Aug 06 20:12:32.367933 n-d-803787-1 devstack@n-api.service[109310]: DEBUG nova.compute.api [None req-0efb03f9-a34b-44ed-954b-38358e975072 tempest-ServersAdminNegativeTestJSON-104320158 tempest-ServersAdminNegativeTestJSON-104320158-project] [instance: 1f9340b4-cfb3-47fb-967c-fa470eae65dd] Fetching instance by UUID {{(pid=109310) get /opt/stack/nova/nova/compute/api.py:2791}}
Aug 06 20:12:32.372419 n-d-803787-1 devstack@n-api.service[109311]: [pid: 109311|app: 0|req: 73/102] 10.222.0.22 () {58 vars in 1236 bytes} [Fri Aug 6 20:12:32 2021] GET /compute/v2.1/servers/6db01010-8f36-443e-b099-a93e7016cb81 => generated 1294 bytes in 157 msecs (HTTP/1.1 200) 9 headers in 358 bytes (1 switches on core 0)
Aug 06 20:12:32.377586 n-d-803787-1 devstack@n-api.service[109311]: DEBUG nova.api.openstack.wsgi [None req-f7041e8c-ed35-4139-850c-956c526ca77f tempest-HostsAdminNegativeTestJSON-812091324 tempest-HostsAdminNegativeTestJSON-812091324-project-admin] Calling method '.version_select at 0x7f58c461c8b0>' {{(pid=109311) _process_stack /opt/stack/nova/nova/api/openstack/wsgi.py:513}}
Aug 06 20:12:32.378542 n-d-803787-1 devstack@n-api.service[109311]: /usr/local/lib/python3.8/dist-packages/oslo_policy/policy.py:1064: UserWarning: Policy os_compute_api:os-hosts:reboot failed scope check. The token used to make the request was project scoped but the policy requires ['system'] scope. This behavior may change in the future where using the intended scope is required
Aug 06 20:12:32.378542 n-d-803787-1 devstack@n-api.service[109311]: warnings.warn(msg)
Aug 06 20:12:32.379094 n-d-803787-1 devstack@n-api.service[109310]: DEBUG oslo_concurrency.lockutils [None req-0efb03f9-a34b-44ed-954b-38358e975072 tempest-ServersAdminNegativeTestJSON-104320158 tempest-ServersAdminNegativeTestJSON-104320158-project] Lock "07384efe-7ab8-41ee-93fe-7d27fe3bf75f" acquired by "nova.context.set_target_cell..get_or_set_cached_cell_and_set_connections" :: waited 0.000s {{(pid=109310) inner /usr/local/lib/python3.8/dist-packages/oslo_concurrency/lockutils.py:355}}
Aug 06 20:12:32.379757 n-d-803787-1 devstack@n-api.service[109310]: DEBUG oslo_concurrency.lockutils [None req-0efb03f9-a34b-44ed-954b-38358e975072 tempest-ServersAdminNegativeTestJSON-104320158 tempest-ServersAdminNegativeTestJSON-104320158-project] Lock "07384efe-7ab8-41ee-93fe-7d27fe3bf75f" released by "nova.context.set_target_cell..get_or_set_cached_cell_and_set_connections" :: held 0.001s {{(pid=109310) inner /usr/local/lib/python3.8/dist-packages/oslo_concurrency/lockutils.py:367}}
Aug 06 20:12:32.381609 n-d-803787-1 devstack@n-api.service[109310]: DEBUG oslo_concurrency.lockutils [None req-0efb03f9-a34b-44ed-954b-38358e975072 tempest-ServersAdminNegativeTestJSON-104320158 tempest-ServersAdminNegativeTestJSON-104320158-project] Lock "07384efe-7ab8-41ee-93fe-7d27fe3bf75f" acquired by "nova.context.set_target_cell..get_or_set_cached_cell_and_set_connections" :: waited 0.000s {{(pid=109310) inner /usr/local/lib/python3.8/dist-packages/oslo_concurrency/lockutils.py:355}}
Aug 06 20:12:32.383788 n-d-803787-1 devstack@n-api.service[109310]: DEBUG oslo_concurrency.lockutils [None req-0efb03f9-a34b-44ed-954b-38358e975072 tempest-ServersAdminNegativeTestJSON-104320158 tempest-ServersAdminNegativeTestJSON-104320158-project] Lock "07384efe-7ab8-41ee-93fe-7d27fe3bf75f" released by "nova.context.set_target_cell..get_or_set_cached_cell_and_set_connections" :: held 0.001s {{(pid=109310) inner /usr/local/lib/python3.8/dist-packages/oslo_concurrency/lockutils.py:367}}
Aug 06 20:12:32.402786 n-d-803787-1 devstack@n-api.service[109311]: INFO nova.api.openstack.wsgi [None req-f7041e8c-ed35-4139-850c-956c526ca77f tempest-HostsAdminNegativeTestJSON-812091324 tempest-HostsAdminNegativeTestJSON-812091324-project-admin] HTTP exception thrown: Host 'nonexistent_hostname' is not mapped to any cell
Aug 06 20:12:32.403662 n-d-803787-1 devstack@n-api.service[109311]: DEBUG nova.api.openstack.wsgi [None req-f7041e8c-ed35-4139-850c-956c526ca77f tempest-HostsAdminNegativeTestJSON-812091324 tempest-HostsAdminNegativeTestJSON-812091324-project-admin] Returning 404 to user: Host 'nonexistent_hostname' is not mapped to any cell {{(pid=109311) __call__ /opt/stack/nova/nova/api/openstack/wsgi.py:927}}
Aug 06 20:12:32.404510 n-d-803787-1 devstack@n-api.service[109311]: INFO nova.api.openstack.requestlog [None req-f7041e8c-ed35-4139-850c-956c526ca77f tempest-HostsAdminNegativeTestJSON-812091324 tempest-HostsAdminNegativeTestJSON-812091324-project-admin] 10.222.0.22 "GET /compute/v2.1/os-hosts/nonexistent_hostname/reboot" status: 404 len: 99 microversion: 2.1 time: 0.031463
Aug 06 20:12:32.405390 n-d-803787-1 devstack@n-api.service[109311]: [pid: 109311|app: 0|req: 74/103] 10.222.0.22 () {58 vars in 1212 bytes} [Fri Aug 6 20:12:32 2021] GET /compute/v2.1/os-hosts/nonexistent_hostname/reboot => generated 99 bytes in 33 msecs (HTTP/1.1 404) 9 headers in 378 bytes (1 switches on core 0)
Aug 06 20:12:32.432197 n-d-803787-1 devstack@n-api.service[109311]: DEBUG nova.api.openstack.wsgi [None req-5b7dfcac-2b7e-4277-8018-ca0e377b9f8f tempest-HostsAdminNegativeTestJSON-1153414118 tempest-HostsAdminNegativeTestJSON-1153414118-project] Calling method '.version_select at 0x7f58c594f430>' {{(pid=109311) _process_stack /opt/stack/nova/nova/api/openstack/wsgi.py:513}}
Aug 06 20:12:32.433015 n-d-803787-1 devstack@n-api.service[109311]: /usr/local/lib/python3.8/dist-packages/oslo_policy/policy.py:1064: UserWarning: Policy os_compute_api:os-hosts:show failed scope check. The token used to make the request was project scoped but the policy requires ['system'] scope. This behavior may change in the future where using the intended scope is required
Aug 06 20:12:32.433015 n-d-803787-1 devstack@n-api.service[109311]: warnings.warn(msg)
Aug 06 20:12:32.434333 n-d-803787-1 devstack@n-api.service[109311]: DEBUG nova.policy [None req-5b7dfcac-2b7e-4277-8018-ca0e377b9f8f tempest-HostsAdminNegativeTestJSON-1153414118 tempest-HostsAdminNegativeTestJSON-1153414118-project] Policy check for os_compute_api:os-hosts:show failed with credentials {'is_admin': False, 'user_id': '506e1ce0633643ff914f9ba7035eeef9', 'user_domain_id': 'default', 'system_scope': None, 'domain_id': None, 'project_id': '43742872c23b4cba91abd8513d1b9f8b', 'project_domain_id': 'default', 'roles': ['member', 'reader'], 'is_admin_project': True, 'service_user_id': None, 'service_user_domain_id': None, 'service_project_id': None, 'service_project_domain_id': None, 'service_roles': []} {{(pid=109311) authorize /opt/stack/nova/nova/policy.py:199}}
Aug 06 20:12:32.434959 n-d-803787-1 devstack@n-api.service[109311]: DEBUG nova.api.openstack.wsgi [None req-5b7dfcac-2b7e-4277-8018-ca0e377b9f8f tempest-HostsAdminNegativeTestJSON-1153414118 tempest-HostsAdminNegativeTestJSON-1153414118-project] Returning 403 to user: Policy doesn't allow os_compute_api:os-hosts:show to be performed. {{(pid=109311) __call__ /opt/stack/nova/nova/api/openstack/wsgi.py:927}}
Aug 06 20:12:32.435831 n-d-803787-1 devstack@n-api.service[109311]: INFO nova.api.openstack.requestlog [None req-5b7dfcac-2b7e-4277-8018-ca0e377b9f8f tempest-HostsAdminNegativeTestJSON-1153414118 tempest-HostsAdminNegativeTestJSON-1153414118-project] 10.222.0.22 "GET /compute/v2.1/os-hosts/n-d-803787-1" status: 403 len: 109 microversion: 2.1 time: 0.022969
Aug 06 20:12:32.436280 n-d-803787-1 devstack@n-api.service[109311]: [pid: 109311|app: 0|req: 75/104] 10.222.0.22 () {58 vars in 1167 bytes} [Fri Aug 6 20:12:32 2021] GET /compute/v2.1/os-hosts/n-d-803787-1 => generated 109 bytes in 26 msecs (HTTP/1.1 403) 9 headers in 379 bytes (1 switches on core 0)
Aug 06 20:12:32.457329 n-d-803787-1 devstack@n-api.service[109311]: DEBUG nova.api.openstack.wsgi [None req-f59a0815-9953-41c2-ac10-2859288fa533 tempest-HostsAdminNegativeTestJSON-812091324 tempest-HostsAdminNegativeTestJSON-812091324-project-admin] Calling method '.version_select at 0x7f58c594f1f0>' {{(pid=109311) _process_stack /opt/stack/nova/nova/api/openstack/wsgi.py:513}}
Aug 06 20:12:32.474026 n-d-803787-1 devstack@n-api.service[109311]: INFO nova.api.openstack.wsgi [None req-f59a0815-9953-41c2-ac10-2859288fa533 tempest-HostsAdminNegativeTestJSON-812091324 tempest-HostsAdminNegativeTestJSON-812091324-project-admin] HTTP exception thrown: Host 'nonexistent_hostname' is not mapped to any cell
Aug 06 20:12:32.474633 n-d-803787-1 devstack@n-api.service[109311]: DEBUG nova.api.openstack.wsgi [None req-f59a0815-9953-41c2-ac10-2859288fa533 tempest-HostsAdminNegativeTestJSON-812091324 tempest-HostsAdminNegativeTestJSON-812091324-project-admin] Returning 404 to user: Host 'nonexistent_hostname' is not mapped to any cell {{(pid=109311) __call__ /opt/stack/nova/nova/api/openstack/wsgi.py:927}}
Aug 06 20:12:32.475479 n-d-803787-1 devstack@n-api.service[109311]: INFO nova.api.openstack.requestlog [None req-f59a0815-9953-41c2-ac10-2859288fa533 tempest-HostsAdminNegativeTestJSON-812091324 tempest-HostsAdminNegativeTestJSON-812091324-project-admin] 10.222.0.22 "GET /compute/v2.1/os-hosts/nonexistent_hostname" status: 404 len: 99 microversion: 2.1 time: 0.029804
Aug 06 20:12:32.476570 n-d-803787-1 devstack@n-api.service[109311]: [pid: 109311|app: 0|req: 76/105] 10.222.0.22 () {58 vars in 1191 bytes} [Fri Aug 6 20:12:32 2021] GET /compute/v2.1/os-hosts/nonexistent_hostname => generated 99 bytes in 31 msecs (HTTP/1.1 404) 9 headers in 378 bytes (1 switches on core 0)
Aug 06 20:12:32.487001 n-d-803787-1 devstack@n-api.service[109311]: DEBUG nova.api.openstack.wsgi [None req-80bdf608-926d-4aa6-ac75-4286f3fc81ec tempest-HostsAdminNegativeTestJSON-1153414118 tempest-HostsAdminNegativeTestJSON-1153414118-project] Calling method '.version_select at 0x7f58c4602d30>' {{(pid=109311) _process_stack /opt/stack/nova/nova/api/openstack/wsgi.py:513}}
Aug 06 20:12:32.487999 n-d-803787-1 devstack@n-api.service[109311]: /usr/local/lib/python3.8/dist-packages/oslo_policy/policy.py:1064: UserWarning: Policy os_compute_api:os-hosts:shutdown failed scope check. The token used to make the request was project scoped but the policy requires ['system'] scope. This behavior may change in the future where using the intended scope is required
Aug 06 20:12:32.487999 n-d-803787-1 devstack@n-api.service[109311]: warnings.warn(msg)
Aug 06 20:12:32.489427 n-d-803787-1 devstack@n-api.service[109311]: DEBUG nova.policy [None req-80bdf608-926d-4aa6-ac75-4286f3fc81ec tempest-HostsAdminNegativeTestJSON-1153414118 tempest-HostsAdminNegativeTestJSON-1153414118-project] Policy check for os_compute_api:os-hosts:shutdown failed with credentials {'is_admin': False, 'user_id': '506e1ce0633643ff914f9ba7035eeef9', 'user_domain_id': 'default', 'system_scope': None, 'domain_id': None, 'project_id': '43742872c23b4cba91abd8513d1b9f8b', 'project_domain_id': 'default', 'roles': ['member', 'reader'], 'is_admin_project': True, 'service_user_id': None, 'service_user_domain_id': None, 'service_project_id': None, 'service_project_domain_id': None, 'service_roles': []} {{(pid=109311) authorize /opt/stack/nova/nova/policy.py:199}}
Aug 06 20:12:32.490242 n-d-803787-1 devstack@n-api.service[109311]: DEBUG nova.api.openstack.wsgi [None req-80bdf608-926d-4aa6-ac75-4286f3fc81ec tempest-HostsAdminNegativeTestJSON-1153414118 tempest-HostsAdminNegativeTestJSON-1153414118-project] Returning 403 to user: Policy doesn't allow os_compute_api:os-hosts:shutdown to be performed. {{(pid=109311) __call__ /opt/stack/nova/nova/api/openstack/wsgi.py:927}}
Aug 06 20:12:32.491198 n-d-803787-1 devstack@n-api.service[109311]: INFO nova.api.openstack.requestlog [None req-80bdf608-926d-4aa6-ac75-4286f3fc81ec tempest-HostsAdminNegativeTestJSON-1153414118 tempest-HostsAdminNegativeTestJSON-1153414118-project] 10.222.0.22 "GET /compute/v2.1/os-hosts/n-d-803787-1/shutdown" status: 403 len: 113 microversion: 2.1 time: 0.009029
Aug 06 20:12:32.492737 n-d-803787-1 devstack@n-api.service[109311]: [pid: 109311|app: 0|req: 77/106] 10.222.0.22 () {58 vars in 1194 bytes} [Fri Aug 6 20:12:32 2021] GET /compute/v2.1/os-hosts/n-d-803787-1/shutdown => generated 113 bytes in 11 msecs (HTTP/1.1 403) 9 headers in 379 bytes (1 switches on core 0)
Aug 06 20:12:32.502715 n-d-803787-1 devstack@n-api.service[109311]: DEBUG nova.api.openstack.wsgi [None req-bec2588b-955a-4b5c-ac70-72e3a8fe8aa9 tempest-HostsAdminNegativeTestJSON-812091324 tempest-HostsAdminNegativeTestJSON-812091324-project-admin] Calling method '.version_select at 0x7f58c461ce50>' {{(pid=109311) _process_stack /opt/stack/nova/nova/api/openstack/wsgi.py:513}}
Aug 06 20:12:32.512464 n-d-803787-1 devstack@n-api.service[109311]: INFO nova.api.openstack.wsgi [None req-bec2588b-955a-4b5c-ac70-72e3a8fe8aa9 tempest-HostsAdminNegativeTestJSON-812091324 tempest-HostsAdminNegativeTestJSON-812091324-project-admin] HTTP exception thrown: Host 'nonexistent_hostname' is not mapped to any cell
Aug 06 20:12:32.513308 n-d-803787-1 devstack@n-api.service[109311]: DEBUG nova.api.openstack.wsgi [None req-bec2588b-955a-4b5c-ac70-72e3a8fe8aa9 tempest-HostsAdminNegativeTestJSON-812091324 tempest-HostsAdminNegativeTestJSON-812091324-project-admin] Returning 404 to user: Host 'nonexistent_hostname' is not mapped to any cell {{(pid=109311) __call__ /opt/stack/nova/nova/api/openstack/wsgi.py:927}}
Aug 06 20:12:32.514330 n-d-803787-1 devstack@n-api.service[109311]: INFO nova.api.openstack.requestlog [None req-bec2588b-955a-4b5c-ac70-72e3a8fe8aa9 tempest-HostsAdminNegativeTestJSON-812091324 tempest-HostsAdminNegativeTestJSON-812091324-project-admin] 10.222.0.22 "GET /compute/v2.1/os-hosts/nonexistent_hostname/shutdown" status: 404 len: 99 microversion: 2.1 time: 0.016690
Aug 06 20:12:32.515192 n-d-803787-1 devstack@n-api.service[109311]: [pid: 109311|app: 0|req: 78/107] 10.222.0.22 () {58 vars in 1218 bytes} [Fri Aug 6 20:12:32 2021] GET /compute/v2.1/os-hosts/nonexistent_hostname/shutdown => generated 99 bytes in 18 msecs (HTTP/1.1 404) 9 headers in 378 bytes (1 switches on core 0)
Aug 06 20:12:32.524731 n-d-803787-1 devstack@n-api.service[109311]: DEBUG nova.api.openstack.wsgi [None req-3faf9aa2-9b1f-4050-bcbd-8c596dd8620a tempest-HostsAdminNegativeTestJSON-1153414118 tempest-HostsAdminNegativeTestJSON-1153414118-project] Calling method '.version_select at 0x7f58c4602790>' {{(pid=109311) _process_stack /opt/stack/nova/nova/api/openstack/wsgi.py:513}}
Aug 06 20:12:32.525861 n-d-803787-1 devstack@n-api.service[109311]: /usr/local/lib/python3.8/dist-packages/oslo_policy/policy.py:1064: UserWarning: Policy os_compute_api:os-hosts:start failed scope check. The token used to make the request was project scoped but the policy requires ['system'] scope. This behavior may change in the future where using the intended scope is required
Aug 06 20:12:32.525861 n-d-803787-1 devstack@n-api.service[109311]: warnings.warn(msg)
Aug 06 20:12:32.527348 n-d-803787-1 devstack@n-api.service[109311]: DEBUG nova.policy [None req-3faf9aa2-9b1f-4050-bcbd-8c596dd8620a tempest-HostsAdminNegativeTestJSON-1153414118 tempest-HostsAdminNegativeTestJSON-1153414118-project] Policy check for os_compute_api:os-hosts:start failed with credentials {'is_admin': False, 'user_id': '506e1ce0633643ff914f9ba7035eeef9', 'user_domain_id': 'default', 'system_scope': None, 'domain_id': None, 'project_id': '43742872c23b4cba91abd8513d1b9f8b', 'project_domain_id': 'default', 'roles': ['member', 'reader'], 'is_admin_project': True, 'service_user_id': None, 'service_user_domain_id': None, 'service_project_id': None, 'service_project_domain_id': None, 'service_roles': []} {{(pid=109311) authorize /opt/stack/nova/nova/policy.py:199}}
Aug 06 20:12:32.528446 n-d-803787-1 devstack@n-api.service[109311]: DEBUG nova.api.openstack.wsgi [None req-3faf9aa2-9b1f-4050-bcbd-8c596dd8620a tempest-HostsAdminNegativeTestJSON-1153414118 tempest-HostsAdminNegativeTestJSON-1153414118-project] Returning 403 to user: Policy doesn't allow os_compute_api:os-hosts:start to be performed. {{(pid=109311) __call__ /opt/stack/nova/nova/api/openstack/wsgi.py:927}}
Aug 06 20:12:32.529371 n-d-803787-1 devstack@n-api.service[109311]: INFO nova.api.openstack.requestlog [None req-3faf9aa2-9b1f-4050-bcbd-8c596dd8620a tempest-HostsAdminNegativeTestJSON-1153414118 tempest-HostsAdminNegativeTestJSON-1153414118-project] 10.222.0.22 "GET /compute/v2.1/os-hosts/n-d-803787-1/startup" status: 403 len: 110 microversion: 2.1 time: 0.008394
Aug 06 20:12:32.530376 n-d-803787-1 devstack@n-api.service[109311]: [pid: 109311|app: 0|req: 79/108] 10.222.0.22 () {58 vars in 1191 bytes} [Fri Aug 6 20:12:32 2021] GET /compute/v2.1/os-hosts/n-d-803787-1/startup => generated 110 bytes in 10 msecs (HTTP/1.1 403) 9 headers in 379 bytes (1 switches on core 0)
Aug 06 20:12:32.530811 n-d-803787-1 devstack@n-api.service[109310]: DEBUG nova.policy [None req-0efb03f9-a34b-44ed-954b-38358e975072 tempest-ServersAdminNegativeTestJSON-104320158 tempest-ServersAdminNegativeTestJSON-104320158-project] Policy check for os_compute_api:os-extended-server-attributes failed with credentials {'is_admin': False, 'user_id': '6560deedf2634ecfbda6d46326ec7334', 'user_domain_id': 'default', 'system_scope': None, 'domain_id': None, 'project_id': '3757cfeb50034a5fa7b71ae59517de5e', 'project_domain_id': 'default', 'roles': ['member', 'reader'], 'is_admin_project': True, 'service_user_id': None, 'service_user_domain_id': None, 'service_project_id': None, 'service_project_domain_id': None, 'service_roles': []} {{(pid=109310) authorize /opt/stack/nova/nova/policy.py:199}}
Aug 06 20:12:32.540195 n-d-803787-1 devstack@n-api.service[109311]: DEBUG nova.api.openstack.wsgi [None req-1bbf21da-66d4-47f6-accf-3cc68ed501f4 tempest-HostsAdminNegativeTestJSON-812091324 tempest-HostsAdminNegativeTestJSON-812091324-project-admin] Calling method '.version_select at 0x7f58c45eb790>' {{(pid=109311) _process_stack /opt/stack/nova/nova/api/openstack/wsgi.py:513}}
Aug 06 20:12:32.540826 n-d-803787-1 devstack@n-api.service[109310]: INFO nova.api.openstack.requestlog [None req-0efb03f9-a34b-44ed-954b-38358e975072 tempest-ServersAdminNegativeTestJSON-104320158 tempest-ServersAdminNegativeTestJSON-104320158-project] 10.222.0.22 "GET /compute/v2.1/servers/1f9340b4-cfb3-47fb-967c-fa470eae65dd" status: 200 len: 1238 microversion: 2.1 time: 0.181309
Aug 06 20:12:32.541796 n-d-803787-1 devstack@n-api.service[109310]: [pid: 109310|app: 0|req: 30/109] 10.222.0.22 () {58 vars in 1236 bytes} [Fri Aug 6 20:12:32 2021] GET /compute/v2.1/servers/1f9340b4-cfb3-47fb-967c-fa470eae65dd => generated 1238 bytes in 183 msecs (HTTP/1.1 200) 9 headers in 358 bytes (1 switches on core 0)
Aug 06 20:12:32.564013 n-d-803787-1 devstack@n-api.service[109311]: INFO nova.api.openstack.wsgi [None req-1bbf21da-66d4-47f6-accf-3cc68ed501f4 tempest-HostsAdminNegativeTestJSON-812091324 tempest-HostsAdminNegativeTestJSON-812091324-project-admin] HTTP exception thrown: Host 'nonexistent_hostname' is not mapped to any cell
Aug 06 20:12:32.571110 n-d-803787-1 devstack@n-api.service[109311]: DEBUG nova.api.openstack.wsgi [None req-1bbf21da-66d4-47f6-accf-3cc68ed501f4 tempest-HostsAdminNegativeTestJSON-812091324 tempest-HostsAdminNegativeTestJSON-812091324-project-admin] Returning 404 to user: Host 'nonexistent_hostname' is not mapped to any cell {{(pid=109311) __call__ /opt/stack/nova/nova/api/openstack/wsgi.py:927}}
Aug 06 20:12:32.572116 n-d-803787-1 devstack@n-api.service[109311]: INFO nova.api.openstack.requestlog [None req-1bbf21da-66d4-47f6-accf-3cc68ed501f4 tempest-HostsAdminNegativeTestJSON-812091324 tempest-HostsAdminNegativeTestJSON-812091324-project-admin] 10.222.0.22 "GET /compute/v2.1/os-hosts/nonexistent_hostname/startup" status: 404 len: 99 microversion: 2.1 time: 0.036664
Aug 06 20:12:32.573066 n-d-803787-1 devstack@n-api.service[109311]: [pid: 109311|app: 0|req: 80/110] 10.222.0.22 () {58 vars in 1215 bytes} [Fri Aug 6 20:12:32 2021] GET /compute/v2.1/os-hosts/nonexistent_hostname/startup => generated 99 bytes in 38 msecs (HTTP/1.1 404) 9 headers in 378 bytes (1 switches on core 0)
Aug 06 20:12:32.583087 n-d-803787-1 devstack@n-api.service[109310]: DEBUG nova.api.openstack.wsgi [None req-4b3d2174-787b-4abb-a25e-04d7e72de044 tempest-HostsAdminNegativeTestJSON-812091324 tempest-HostsAdminNegativeTestJSON-812091324-project-admin] Action: 'update', calling method: .version_select at 0x7f58c4609430>, body: {"status": "enable", "maintenance_mode": "invalid"} {{(pid=109310) _process_stack /opt/stack/nova/nova/api/openstack/wsgi.py:511}}
Aug 06 20:12:32.591509 n-d-803787-1 devstack@n-api.service[109310]: DEBUG nova.api.openstack.wsgi [None req-4b3d2174-787b-4abb-a25e-04d7e72de044 tempest-HostsAdminNegativeTestJSON-812091324 tempest-HostsAdminNegativeTestJSON-812091324-project-admin] Returning 400 to user: Invalid input for field/attribute maintenance_mode. Value: invalid. 'invalid' is not one of ['enable', 'disable', 'Enable', 'Disable', 'ENABLE', 'DISABLE'] {{(pid=109310) __call__ /opt/stack/nova/nova/api/openstack/wsgi.py:927}}
Aug 06 20:12:32.595140 n-d-803787-1 devstack@n-api.service[109310]: INFO nova.api.openstack.requestlog [None req-4b3d2174-787b-4abb-a25e-04d7e72de044 tempest-HostsAdminNegativeTestJSON-812091324 tempest-HostsAdminNegativeTestJSON-812091324-project-admin] 10.222.0.22 "PUT /compute/v2.1/os-hosts/n-d-803787-1" status: 400 len: 199 microversion: 2.1 time: 0.014635
Aug 06 20:12:32.599424 n-d-803787-1 devstack@n-api.service[109310]: [pid: 109310|app: 0|req: 31/111] 10.222.0.22 () {60 vars in 1187 bytes} [Fri Aug 6 20:12:32 2021] PUT /compute/v2.1/os-hosts/n-d-803787-1 => generated 199 bytes in 22 msecs (HTTP/1.1 400) 9 headers in 381 bytes (1 switches on core 0)
Aug 06 20:12:32.609678 n-d-803787-1 devstack@n-api.service[109311]: DEBUG nova.api.openstack.wsgi [None req-3cbd0ccb-93f4-42d3-ac7a-73eace9d61f3 tempest-HostsAdminNegativeTestJSON-812091324 tempest-HostsAdminNegativeTestJSON-812091324-project-admin] Action: 'update', calling method: .version_select at 0x7f58c4602e50>, body: {"status": "invalid", "maintenance_mode": "enable"} {{(pid=109311) _process_stack /opt/stack/nova/nova/api/openstack/wsgi.py:511}}
Aug 06 20:12:32.611382 n-d-803787-1 devstack@n-api.service[109311]: DEBUG nova.api.openstack.wsgi [None req-3cbd0ccb-93f4-42d3-ac7a-73eace9d61f3 tempest-HostsAdminNegativeTestJSON-812091324 tempest-HostsAdminNegativeTestJSON-812091324-project-admin] Returning 400 to user: Invalid input for field/attribute status. Value: invalid. 'invalid' is not one of ['enable', 'disable', 'Enable', 'Disable', 'ENABLE', 'DISABLE'] {{(pid=109311) __call__ /opt/stack/nova/nova/api/openstack/wsgi.py:927}}
Aug 06 20:12:32.612478 n-d-803787-1 devstack@n-api.service[109311]: INFO nova.api.openstack.requestlog [None req-3cbd0ccb-93f4-42d3-ac7a-73eace9d61f3 tempest-HostsAdminNegativeTestJSON-812091324 tempest-HostsAdminNegativeTestJSON-812091324-project-admin] 10.222.0.22 "PUT /compute/v2.1/os-hosts/n-d-803787-1" status: 400 len: 189 microversion: 2.1 time: 0.007103
Aug 06 20:12:32.613424 n-d-803787-1 devstack@n-api.service[109311]: [pid: 109311|app: 0|req: 81/112] 10.222.0.22 () {60 vars in 1187 bytes} [Fri Aug 6 20:12:32 2021] PUT /compute/v2.1/os-hosts/n-d-803787-1 => generated 189 bytes in 8 msecs (HTTP/1.1 400) 9 headers in 381 bytes (1 switches on core 0)
Aug 06 20:12:32.624467 n-d-803787-1 devstack@n-api.service[109310]: DEBUG nova.api.openstack.wsgi [None req-c3c6f64c-4815-443d-bc36-29610d35c5d2 tempest-HostsAdminNegativeTestJSON-1153414118 tempest-HostsAdminNegativeTestJSON-1153414118-project] Action: 'update', calling method: .version_select at 0x7f58c46c3160>, body: {"status": "enable", "maintenance_mode": "enable"} {{(pid=109310) _process_stack /opt/stack/nova/nova/api/openstack/wsgi.py:511}}
Aug 06 20:12:32.626624 n-d-803787-1 devstack@n-api.service[109310]: /usr/local/lib/python3.8/dist-packages/oslo_policy/policy.py:1064: UserWarning: Policy os_compute_api:os-hosts:update failed scope check. The token used to make the request was project scoped but the policy requires ['system'] scope. This behavior may change in the future where using the intended scope is required
Aug 06 20:12:32.626624 n-d-803787-1 devstack@n-api.service[109310]: warnings.warn(msg)
Aug 06 20:12:32.628496 n-d-803787-1 devstack@n-api.service[109310]: DEBUG nova.policy [None req-c3c6f64c-4815-443d-bc36-29610d35c5d2 tempest-HostsAdminNegativeTestJSON-1153414118 tempest-HostsAdminNegativeTestJSON-1153414118-project] Policy check for os_compute_api:os-hosts:update failed with credentials {'is_admin': False, 'user_id': '506e1ce0633643ff914f9ba7035eeef9', 'user_domain_id': 'default', 'system_scope': None, 'domain_id': None, 'project_id': '43742872c23b4cba91abd8513d1b9f8b', 'project_domain_id': 'default', 'roles': ['member', 'reader'], 'is_admin_project': True, 'service_user_id': None, 'service_user_domain_id': None, 'service_project_id': None, 'service_project_domain_id': None, 'service_roles': []} {{(pid=109310) authorize /opt/stack/nova/nova/policy.py:199}}
Aug 06 20:12:32.629563 n-d-803787-1 devstack@n-api.service[109310]: DEBUG nova.api.openstack.wsgi [None req-c3c6f64c-4815-443d-bc36-29610d35c5d2 tempest-HostsAdminNegativeTestJSON-1153414118 tempest-HostsAdminNegativeTestJSON-1153414118-project] Returning 403 to user: Policy doesn't allow os_compute_api:os-hosts:update to be performed. {{(pid=109310) __call__ /opt/stack/nova/nova/api/openstack/wsgi.py:927}}
Aug 06 20:12:32.630684 n-d-803787-1 devstack@n-api.service[109310]: INFO nova.api.openstack.requestlog [None req-c3c6f64c-4815-443d-bc36-29610d35c5d2 tempest-HostsAdminNegativeTestJSON-1153414118 tempest-HostsAdminNegativeTestJSON-1153414118-project] 10.222.0.22 "PUT /compute/v2.1/os-hosts/n-d-803787-1" status: 403 len: 111 microversion: 2.1 time: 0.011708
Aug 06 20:12:32.631792 n-d-803787-1 devstack@n-api.service[109310]: [pid: 109310|app: 0|req: 32/113] 10.222.0.22 () {60 vars in 1187 bytes} [Fri Aug 6 20:12:32 2021] PUT /compute/v2.1/os-hosts/n-d-803787-1 => generated 111 bytes in 13 msecs (HTTP/1.1 403) 9 headers in 379 bytes (1 switches on core 0)
Aug 06 20:12:32.642047 n-d-803787-1 devstack@n-api.service[109311]: DEBUG nova.api.openstack.wsgi [None req-dfb03345-0911-402a-bdef-6e4df15425db tempest-HostsAdminNegativeTestJSON-812091324 tempest-HostsAdminNegativeTestJSON-812091324-project-admin] Action: 'update', calling method: .version_select at 0x7f58c461cee0>, body: {"status": null, "maintenance_mode": null} {{(pid=109311) _process_stack /opt/stack/nova/nova/api/openstack/wsgi.py:511}}
Aug 06 20:12:32.642907 n-d-803787-1 devstack@n-api.service[109310]: DEBUG nova.api.openstack.wsgi [None req-40b0eb7c-1e56-4871-9cf3-123c124f94b2 tempest-MigrationsAdminTest-1334292377 tempest-MigrationsAdminTest-1334292377-project] Calling method '>' {{(pid=109310) _process_stack /opt/stack/nova/nova/api/openstack/wsgi.py:513}}
Aug 06 20:12:32.643526 n-d-803787-1 devstack@n-api.service[109310]: DEBUG nova.compute.api [None req-40b0eb7c-1e56-4871-9cf3-123c124f94b2 tempest-MigrationsAdminTest-1334292377 tempest-MigrationsAdminTest-1334292377-project] [instance: 4be7a932-bf51-42b2-9885-3dafc471d5e3] Fetching instance by UUID {{(pid=109310) get /opt/stack/nova/nova/compute/api.py:2791}}
Aug 06 20:12:32.643751 n-d-803787-1 devstack@n-api.service[109311]: DEBUG nova.api.openstack.wsgi [None req-dfb03345-0911-402a-bdef-6e4df15425db tempest-HostsAdminNegativeTestJSON-812091324 tempest-HostsAdminNegativeTestJSON-812091324-project-admin] Returning 400 to user: Invalid input for field/attribute status. Value: None. None is not of type 'string' {{(pid=109311) __call__ /opt/stack/nova/nova/api/openstack/wsgi.py:927}}
Aug 06 20:12:32.644956 n-d-803787-1 devstack@n-api.service[109311]: INFO nova.api.openstack.requestlog [None req-dfb03345-0911-402a-bdef-6e4df15425db tempest-HostsAdminNegativeTestJSON-812091324 tempest-HostsAdminNegativeTestJSON-812091324-project-admin] 10.222.0.22 "PUT /compute/v2.1/os-hosts/n-d-803787-1" status: 400 len: 127 microversion: 2.1 time: 0.006702
Aug 06 20:12:32.645520 n-d-803787-1 devstack@n-api.service[109311]: [pid: 109311|app: 0|req: 82/114] 10.222.0.22 () {60 vars in 1187 bytes} [Fri Aug 6 20:12:32 2021] PUT /compute/v2.1/os-hosts/n-d-803787-1 => generated 127 bytes in 9 msecs (HTTP/1.1 400) 9 headers in 381 bytes (1 switches on core 0)
Aug 06 20:12:32.651185 n-d-803787-1 devstack@n-api.service[109310]: DEBUG oslo_concurrency.lockutils [None req-40b0eb7c-1e56-4871-9cf3-123c124f94b2 tempest-MigrationsAdminTest-1334292377 tempest-MigrationsAdminTest-1334292377-project] Lock "07384efe-7ab8-41ee-93fe-7d27fe3bf75f" acquired by "nova.context.set_target_cell..get_or_set_cached_cell_and_set_connections" :: waited 0.000s {{(pid=109310) inner /usr/local/lib/python3.8/dist-packages/oslo_concurrency/lockutils.py:355}}
Aug 06 20:12:32.651647 n-d-803787-1 devstack@n-api.service[109310]: DEBUG oslo_concurrency.lockutils [None req-40b0eb7c-1e56-4871-9cf3-123c124f94b2 tempest-MigrationsAdminTest-1334292377 tempest-MigrationsAdminTest-1334292377-project] Lock "07384efe-7ab8-41ee-93fe-7d27fe3bf75f" released by "nova.context.set_target_cell..get_or_set_cached_cell_and_set_connections" :: held 0.001s {{(pid=109310) inner /usr/local/lib/python3.8/dist-packages/oslo_concurrency/lockutils.py:367}}
Aug 06 20:12:32.652431 n-d-803787-1 devstack@n-api.service[109310]: DEBUG oslo_concurrency.lockutils [None req-40b0eb7c-1e56-4871-9cf3-123c124f94b2 tempest-MigrationsAdminTest-1334292377 tempest-MigrationsAdminTest-1334292377-project] Lock "07384efe-7ab8-41ee-93fe-7d27fe3bf75f" acquired by "nova.context.set_target_cell..get_or_set_cached_cell_and_set_connections" :: waited 0.000s {{(pid=109310) inner /usr/local/lib/python3.8/dist-packages/oslo_concurrency/lockutils.py:355}}
Aug 06 20:12:32.653332 n-d-803787-1 devstack@n-api.service[109310]: DEBUG oslo_concurrency.lockutils [None req-40b0eb7c-1e56-4871-9cf3-123c124f94b2 tempest-MigrationsAdminTest-1334292377 tempest-MigrationsAdminTest-1334292377-project] Lock "07384efe-7ab8-41ee-93fe-7d27fe3bf75f" released by "nova.context.set_target_cell..get_or_set_cached_cell_and_set_connections" :: held 0.001s {{(pid=109310) inner /usr/local/lib/python3.8/dist-packages/oslo_concurrency/lockutils.py:367}}
Aug 06 20:12:32.656741 n-d-803787-1 devstack@n-api.service[109311]: DEBUG nova.api.openstack.wsgi [None req-042188a1-8773-4082-a54d-49cafbcdc37b tempest-HostsAdminNegativeTestJSON-812091324 tempest-HostsAdminNegativeTestJSON-812091324-project-admin] Action: 'update', calling method: .version_select at 0x7f58c461c9d0>, body: {"status": "enable", "maintenance_mode": "enable"} {{(pid=109311) _process_stack /opt/stack/nova/nova/api/openstack/wsgi.py:511}}
Aug 06 20:12:32.658307 n-d-803787-1 devstack@n-api.service[109311]: /usr/local/lib/python3.8/dist-packages/oslo_policy/policy.py:1064: UserWarning: Policy os_compute_api:os-hosts:update failed scope check. The token used to make the request was project scoped but the policy requires ['system'] scope. This behavior may change in the future where using the intended scope is required
Aug 06 20:12:32.658307 n-d-803787-1 devstack@n-api.service[109311]: warnings.warn(msg)
Aug 06 20:12:32.659805 n-d-803787-1 devstack@n-api.service[109311]: INFO nova.api.openstack.compute.hosts [None req-042188a1-8773-4082-a54d-49cafbcdc37b tempest-HostsAdminNegativeTestJSON-812091324 tempest-HostsAdminNegativeTestJSON-812091324-project-admin] Enabling host nonexistent_hostname.
Aug 06 20:12:32.668771 n-d-803787-1 devstack@n-api.service[109311]: INFO nova.api.openstack.wsgi [None req-042188a1-8773-4082-a54d-49cafbcdc37b tempest-HostsAdminNegativeTestJSON-812091324 tempest-HostsAdminNegativeTestJSON-812091324-project-admin] HTTP exception thrown: Host 'nonexistent_hostname' is not mapped to any cell
Aug 06 20:12:32.669787 n-d-803787-1 devstack@n-api.service[109311]: DEBUG nova.api.openstack.wsgi [None req-042188a1-8773-4082-a54d-49cafbcdc37b tempest-HostsAdminNegativeTestJSON-812091324 tempest-HostsAdminNegativeTestJSON-812091324-project-admin] Returning 404 to user: Host 'nonexistent_hostname' is not mapped to any cell {{(pid=109311) __call__ /opt/stack/nova/nova/api/openstack/wsgi.py:927}}
Aug 06 20:12:32.670866 n-d-803787-1 devstack@n-api.service[109311]: INFO nova.api.openstack.requestlog [None req-042188a1-8773-4082-a54d-49cafbcdc37b tempest-HostsAdminNegativeTestJSON-812091324 tempest-HostsAdminNegativeTestJSON-812091324-project-admin] 10.222.0.22 "PUT /compute/v2.1/os-hosts/nonexistent_hostname" status: 404 len: 99 microversion: 2.1 time: 0.018101
Aug 06 20:12:32.672180 n-d-803787-1 devstack@n-api.service[109311]: [pid: 109311|app: 0|req: 83/115] 10.222.0.22 () {60 vars in 1211 bytes} [Fri Aug 6 20:12:32 2021] PUT /compute/v2.1/os-hosts/nonexistent_hostname => generated 99 bytes in 21 msecs (HTTP/1.1 404) 9 headers in 378 bytes (1 switches on core 0)
Aug 06 20:12:33.065480 n-d-803787-1 devstack@n-api.service[109310]: DEBUG nova.policy [None req-40b0eb7c-1e56-4871-9cf3-123c124f94b2 tempest-MigrationsAdminTest-1334292377 tempest-MigrationsAdminTest-1334292377-project] Policy check for os_compute_api:os-extended-server-attributes failed with credentials {'is_admin': False, 'user_id': 'f4d80b95666c4f20812aa4972e628262', 'user_domain_id': 'default', 'system_scope': None, 'domain_id': None, 'project_id': 'd5e96f59d2f94516989e20eebbc3e360', 'project_domain_id': 'default', 'roles': ['member', 'reader'], 'is_admin_project': True, 'service_user_id': None, 'service_user_domain_id': None, 'service_project_id': None, 'service_project_domain_id': None, 'service_roles': []} {{(pid=109310) authorize /opt/stack/nova/nova/policy.py:199}}
Aug 06 20:12:33.074353 n-d-803787-1 devstack@n-api.service[109310]: INFO nova.api.openstack.requestlog [None req-40b0eb7c-1e56-4871-9cf3-123c124f94b2 tempest-MigrationsAdminTest-1334292377 tempest-MigrationsAdminTest-1334292377-project] 10.222.0.22 "GET /compute/v2.1/servers/4be7a932-bf51-42b2-9885-3dafc471d5e3" status: 200 len: 1312 microversion: 2.1 time: 0.435909
Aug 06 20:12:33.086182 n-d-803787-1 devstack@n-api.service[109310]: [pid: 109310|app: 0|req: 33/116] 10.222.0.22 () {58 vars in 1236 bytes} [Fri Aug 6 20:12:32 2021] GET /compute/v2.1/servers/4be7a932-bf51-42b2-9885-3dafc471d5e3 => generated 1312 bytes in 448 msecs (HTTP/1.1 200) 9 headers in 358 bytes (1 switches on core 0)
Aug 06 20:12:33.355988 n-d-803787-1 devstack@n-api.service[109311]: DEBUG nova.api.openstack.wsgi [None req-1142ace9-e740-4feb-b41b-46467773af13 tempest-AggregatesAdminTestJSON-661462309 tempest-AggregatesAdminTestJSON-661462309-project] Calling method '>' {{(pid=109311) _process_stack /opt/stack/nova/nova/api/openstack/wsgi.py:513}}
Aug 06 20:12:33.356498 n-d-803787-1 devstack@n-api.service[109311]: DEBUG nova.compute.api [None req-1142ace9-e740-4feb-b41b-46467773af13 tempest-AggregatesAdminTestJSON-661462309 tempest-AggregatesAdminTestJSON-661462309-project] [instance: f72ba232-7849-4068-ac23-a317513db7cc] Fetching instance by UUID {{(pid=109311) get /opt/stack/nova/nova/compute/api.py:2791}}
Aug 06 20:12:33.362865 n-d-803787-1 devstack@n-api.service[109311]: DEBUG oslo_concurrency.lockutils [None req-1142ace9-e740-4feb-b41b-46467773af13 tempest-AggregatesAdminTestJSON-661462309 tempest-AggregatesAdminTestJSON-661462309-project] Lock "07384efe-7ab8-41ee-93fe-7d27fe3bf75f" acquired by "nova.context.set_target_cell..get_or_set_cached_cell_and_set_connections" :: waited 0.000s {{(pid=109311) inner /usr/local/lib/python3.8/dist-packages/oslo_concurrency/lockutils.py:355}}
Aug 06 20:12:33.363317 n-d-803787-1 devstack@n-api.service[109311]: DEBUG oslo_concurrency.lockutils [None req-1142ace9-e740-4feb-b41b-46467773af13 tempest-AggregatesAdminTestJSON-661462309 tempest-AggregatesAdminTestJSON-661462309-project] Lock "07384efe-7ab8-41ee-93fe-7d27fe3bf75f" released by "nova.context.set_target_cell..get_or_set_cached_cell_and_set_connections" :: held 0.001s {{(pid=109311) inner /usr/local/lib/python3.8/dist-packages/oslo_concurrency/lockutils.py:367}}
Aug 06 20:12:33.364097 n-d-803787-1 devstack@n-api.service[109311]: DEBUG oslo_concurrency.lockutils [None req-1142ace9-e740-4feb-b41b-46467773af13 tempest-AggregatesAdminTestJSON-661462309 tempest-AggregatesAdminTestJSON-661462309-project] Lock "07384efe-7ab8-41ee-93fe-7d27fe3bf75f" acquired by "nova.context.set_target_cell..get_or_set_cached_cell_and_set_connections" :: waited 0.000s {{(pid=109311) inner /usr/local/lib/python3.8/dist-packages/oslo_concurrency/lockutils.py:355}}
Aug 06 20:12:33.364533 n-d-803787-1 devstack@n-api.service[109311]: DEBUG oslo_concurrency.lockutils [None req-1142ace9-e740-4feb-b41b-46467773af13 tempest-AggregatesAdminTestJSON-661462309 tempest-AggregatesAdminTestJSON-661462309-project] Lock "07384efe-7ab8-41ee-93fe-7d27fe3bf75f" released by "nova.context.set_target_cell..get_or_set_cached_cell_and_set_connections" :: held 0.000s {{(pid=109311) inner /usr/local/lib/python3.8/dist-packages/oslo_concurrency/lockutils.py:367}}
Aug 06 20:12:33.380840 n-d-803787-1 devstack@n-api.service[109310]: DEBUG nova.api.openstack.wsgi [None req-cd8532f0-d9d8-428c-a5eb-e996405bb74a tempest-DeleteServersAdminTestJSON-38031767 tempest-DeleteServersAdminTestJSON-38031767-project] Calling method '>' {{(pid=109310) _process_stack /opt/stack/nova/nova/api/openstack/wsgi.py:513}}
Aug 06 20:12:33.384852 n-d-803787-1 devstack@n-api.service[109310]: DEBUG nova.compute.api [None req-cd8532f0-d9d8-428c-a5eb-e996405bb74a tempest-DeleteServersAdminTestJSON-38031767 tempest-DeleteServersAdminTestJSON-38031767-project] [instance: 6db01010-8f36-443e-b099-a93e7016cb81] Fetching instance by UUID {{(pid=109310) get /opt/stack/nova/nova/compute/api.py:2791}}
Aug 06 20:12:33.391565 n-d-803787-1 devstack@n-api.service[109310]: DEBUG oslo_concurrency.lockutils [None req-cd8532f0-d9d8-428c-a5eb-e996405bb74a tempest-DeleteServersAdminTestJSON-38031767 tempest-DeleteServersAdminTestJSON-38031767-project] Lock "07384efe-7ab8-41ee-93fe-7d27fe3bf75f" acquired by "nova.context.set_target_cell..get_or_set_cached_cell_and_set_connections" :: waited 0.000s {{(pid=109310) inner /usr/local/lib/python3.8/dist-packages/oslo_concurrency/lockutils.py:355}}
Aug 06 20:12:33.392167 n-d-803787-1 devstack@n-api.service[109310]: DEBUG oslo_concurrency.lockutils [None req-cd8532f0-d9d8-428c-a5eb-e996405bb74a tempest-DeleteServersAdminTestJSON-38031767 tempest-DeleteServersAdminTestJSON-38031767-project] Lock "07384efe-7ab8-41ee-93fe-7d27fe3bf75f" released by "nova.context.set_target_cell..get_or_set_cached_cell_and_set_connections" :: held 0.001s {{(pid=109310) inner /usr/local/lib/python3.8/dist-packages/oslo_concurrency/lockutils.py:367}}
Aug 06 20:12:33.393136 n-d-803787-1 devstack@n-api.service[109310]: DEBUG oslo_concurrency.lockutils [None req-cd8532f0-d9d8-428c-a5eb-e996405bb74a tempest-DeleteServersAdminTestJSON-38031767 tempest-DeleteServersAdminTestJSON-38031767-project] Lock "07384efe-7ab8-41ee-93fe-7d27fe3bf75f" acquired by "nova.context.set_target_cell..get_or_set_cached_cell_and_set_connections" :: waited 0.000s {{(pid=109310) inner /usr/local/lib/python3.8/dist-packages/oslo_concurrency/lockutils.py:355}}
Aug 06 20:12:33.394588 n-d-803787-1 devstack@n-api.service[109310]: DEBUG oslo_concurrency.lockutils [None req-cd8532f0-d9d8-428c-a5eb-e996405bb74a tempest-DeleteServersAdminTestJSON-38031767 tempest-DeleteServersAdminTestJSON-38031767-project] Lock "07384efe-7ab8-41ee-93fe-7d27fe3bf75f" released by "nova.context.set_target_cell..get_or_set_cached_cell_and_set_connections" :: held 0.001s {{(pid=109310) inner /usr/local/lib/python3.8/dist-packages/oslo_concurrency/lockutils.py:367}}
Aug 06 20:12:33.479680 n-d-803787-1 devstack@n-api.service[109310]: DEBUG nova.policy [None req-cd8532f0-d9d8-428c-a5eb-e996405bb74a tempest-DeleteServersAdminTestJSON-38031767 tempest-DeleteServersAdminTestJSON-38031767-project] Policy check for os_compute_api:os-extended-server-attributes failed with credentials {'is_admin': False, 'user_id': '1a761825905f48968bb441888ba1909d', 'user_domain_id': 'default', 'system_scope': None, 'domain_id': None, 'project_id': 'f28ae0bd157d430ea74d02cefea15156', 'project_domain_id': 'default', 'roles': ['member', 'reader'], 'is_admin_project': True, 'service_user_id': None, 'service_user_domain_id': None, 'service_project_id': None, 'service_project_domain_id': None, 'service_roles': []} {{(pid=109310) authorize /opt/stack/nova/nova/policy.py:199}}
Aug 06 20:12:33.487617 n-d-803787-1 devstack@n-api.service[109310]: INFO nova.api.openstack.requestlog [None req-cd8532f0-d9d8-428c-a5eb-e996405bb74a tempest-DeleteServersAdminTestJSON-38031767 tempest-DeleteServersAdminTestJSON-38031767-project] 10.222.0.22 "GET /compute/v2.1/servers/6db01010-8f36-443e-b099-a93e7016cb81" status: 200 len: 1300 microversion: 2.1 time: 0.112904
Aug 06 20:12:33.497497 n-d-803787-1 devstack@n-api.service[109310]: [pid: 109310|app: 0|req: 34/117] 10.222.0.22 () {58 vars in 1236 bytes} [Fri Aug 6 20:12:33 2021] GET /compute/v2.1/servers/6db01010-8f36-443e-b099-a93e7016cb81 => generated 1300 bytes in 124 msecs (HTTP/1.1 200) 9 headers in 358 bytes (2 switches on core 0)
Aug 06 20:12:33.558203 n-d-803787-1 devstack@n-api.service[109310]: DEBUG nova.api.openstack.wsgi [None req-d58e8b1c-63a2-4e17-a63d-726346dcd8e8 tempest-ServersAdminNegativeTestJSON-104320158 tempest-ServersAdminNegativeTestJSON-104320158-project] Calling method '>' {{(pid=109310) _process_stack /opt/stack/nova/nova/api/openstack/wsgi.py:513}}
Aug 06 20:12:33.559343 n-d-803787-1 devstack@n-api.service[109310]: DEBUG nova.compute.api [None req-d58e8b1c-63a2-4e17-a63d-726346dcd8e8 tempest-ServersAdminNegativeTestJSON-104320158 tempest-ServersAdminNegativeTestJSON-104320158-project] [instance: 1f9340b4-cfb3-47fb-967c-fa470eae65dd] Fetching instance by UUID {{(pid=109310) get /opt/stack/nova/nova/compute/api.py:2791}}
