Aug 06 20:20:07.553169 n-d-803787-1 devstack@g-api.service[102882]: [pid: 102882|app: 0|req: 272/525] 127.0.0.1 () {42 vars in 1051 bytes} [Fri Aug 6 20:20:07 2021] GET /v2/images/68ea90c3-c28f-4cd7-a93f-f6879d6a243e => generated 839 bytes in 19 msecs (HTTP/1.1 200) 4 headers in 157 bytes (1 switches on core 0)
Aug 06 20:20:07.572630 n-d-803787-1 devstack@g-api.service[102884]: [pid: 102884|app: 0|req: 254/526] 127.0.0.1 () {42 vars in 1051 bytes} [Fri Aug 6 20:20:07 2021] GET /v2/images/0e8a0224-1921-402e-80ad-f7350ccd0d7c => generated 946 bytes in 36 msecs (HTTP/1.1 200) 4 headers in 157 bytes (1 switches on core 0)
Aug 06 20:20:07.578451 n-d-803787-1 devstack@g-api.service[102882]: DEBUG glance.api.middleware.version_negotiation [None req-ca4b30c5-0240-41da-a752-d93bcbdce2cf tempest-ImagesMetadataTestJSON-2000263533 tempest-ImagesMetadataTestJSON-2000263533-project] Determining version of request: GET /v2/schemas/image Accept: */* {{(pid=102882) process_request /opt/stack/glance/glance/api/middleware/version_negotiation.py:44}}
Aug 06 20:20:07.579705 n-d-803787-1 devstack@g-api.service[102882]: DEBUG glance.api.middleware.version_negotiation [None req-ca4b30c5-0240-41da-a752-d93bcbdce2cf tempest-ImagesMetadataTestJSON-2000263533 tempest-ImagesMetadataTestJSON-2000263533-project] Using url versioning {{(pid=102882) process_request /opt/stack/glance/glance/api/middleware/version_negotiation.py:57}}
Aug 06 20:20:07.580311 n-d-803787-1 devstack@g-api.service[102882]: DEBUG glance.api.middleware.version_negotiation [None req-ca4b30c5-0240-41da-a752-d93bcbdce2cf tempest-ImagesMetadataTestJSON-2000263533 tempest-ImagesMetadataTestJSON-2000263533-project] Matched version: v2 {{(pid=102882) process_request /opt/stack/glance/glance/api/middleware/version_negotiation.py:69}}
Aug 06 20:20:07.580863 n-d-803787-1 devstack@g-api.service[102882]: DEBUG glance.api.middleware.version_negotiation [None req-ca4b30c5-0240-41da-a752-d93bcbdce2cf tempest-ImagesMetadataTestJSON-2000263533 tempest-ImagesMetadataTestJSON-2000263533-project] new path /v2/schemas/image {{(pid=102882) process_request /opt/stack/glance/glance/api/middleware/version_negotiation.py:70}}
Aug 06 20:20:07.587677 n-d-803787-1 devstack@g-api.service[102882]: [pid: 102882|app: 0|req: 273/527] 127.0.0.1 () {42 vars in 991 bytes} [Fri Aug 6 20:20:07 2021] GET /v2/schemas/image => generated 6083 bytes in 10 msecs (HTTP/1.1 200) 4 headers in 158 bytes (1 switches on core 0)
Aug 06 20:20:07.756998 n-d-803787-1 devstack@g-api.service[102884]: DEBUG glance.api.middleware.version_negotiation [None req-c60533c8-f525-4cf9-81eb-3348b1648c04 tempest-FloatingIPsAssociationTestJSON-2020266677 tempest-FloatingIPsAssociationTestJSON-2020266677-project] Determining version of request: DELETE /v2/images/31f62c88-2e3a-486a-a3fc-2cf8955ac66d Accept: */* {{(pid=102884) process_request /opt/stack/glance/glance/api/middleware/version_negotiation.py:44}}
Aug 06 20:20:07.757634 n-d-803787-1 devstack@g-api.service[102884]: DEBUG glance.api.middleware.version_negotiation [None req-c60533c8-f525-4cf9-81eb-3348b1648c04 tempest-FloatingIPsAssociationTestJSON-2020266677 tempest-FloatingIPsAssociationTestJSON-2020266677-project] Using url versioning {{(pid=102884) process_request /opt/stack/glance/glance/api/middleware/version_negotiation.py:57}}
Aug 06 20:20:07.758032 n-d-803787-1 devstack@g-api.service[102884]: DEBUG glance.api.middleware.version_negotiation [None req-c60533c8-f525-4cf9-81eb-3348b1648c04 tempest-FloatingIPsAssociationTestJSON-2020266677 tempest-FloatingIPsAssociationTestJSON-2020266677-project] Matched version: v2 {{(pid=102884) process_request /opt/stack/glance/glance/api/middleware/version_negotiation.py:69}}
Aug 06 20:20:07.758376 n-d-803787-1 devstack@g-api.service[102884]: DEBUG glance.api.middleware.version_negotiation [None req-c60533c8-f525-4cf9-81eb-3348b1648c04 tempest-FloatingIPsAssociationTestJSON-2020266677 tempest-FloatingIPsAssociationTestJSON-2020266677-project] new path /v2/images/31f62c88-2e3a-486a-a3fc-2cf8955ac66d {{(pid=102884) process_request /opt/stack/glance/glance/api/middleware/version_negotiation.py:70}}
Aug 06 20:20:07.792924 n-d-803787-1 devstack@g-api.service[102884]: WARNING glance.api.v2.images [None req-396d7845-c01c-4262-b97c-7813c2058012 tempest-ImagesOneServerTestJSON-1580676045 tempest-ImagesOneServerTestJSON-1580676045-project] After upload to backend, deletion of staged image data has failed because it cannot be found at /tmp/staging//31f62c88-2e3a-486a-a3fc-2cf8955ac66d
Aug 06 20:20:07.795173 n-d-803787-1 devstack@g-api.service[102884]: DEBUG glance_store.backend [None req-396d7845-c01c-4262-b97c-7813c2058012 tempest-ImagesOneServerTestJSON-1580676045 tempest-ImagesOneServerTestJSON-1580676045-project] Attempting to import store swift {{(pid=102884) _load_store /usr/local/lib/python3.8/dist-packages/glance_store/backend.py:217}}
Aug 06 20:20:07.801946 n-d-803787-1 devstack@g-api.service[102884]: DEBUG glance_store.capabilities [None req-396d7845-c01c-4262-b97c-7813c2058012 tempest-ImagesOneServerTestJSON-1580676045 tempest-ImagesOneServerTestJSON-1580676045-project] Store glance_store._drivers.swift.store.SingleTenantStore doesn't support updating dynamic storage capabilities. Please overwrite 'update_capabilities' method of the store to implement updating logics if needed. {{(pid=102884) update_capabilities /usr/local/lib/python3.8/dist-packages/glance_store/capabilities.py:91}}
Aug 06 20:20:07.802293 n-d-803787-1 devstack@g-api.service[102884]: DEBUG glance_store.driver [None req-396d7845-c01c-4262-b97c-7813c2058012 tempest-ImagesOneServerTestJSON-1580676045 tempest-ImagesOneServerTestJSON-1580676045-project] Late loading location class glance_store._drivers.swift.store.StoreLocation {{(pid=102884) get_store_location_class /usr/local/lib/python3.8/dist-packages/glance_store/driver.py:117}}
Aug 06 20:20:07.802636 n-d-803787-1 devstack@g-api.service[102884]: DEBUG glance_store.location [None req-396d7845-c01c-4262-b97c-7813c2058012 tempest-ImagesOneServerTestJSON-1580676045 tempest-ImagesOneServerTestJSON-1580676045-project] Registering scheme swift+https with {'store': , 'location_class': , 'store_entry': 'swift'} {{(pid=102884) register_scheme_map /usr/local/lib/python3.8/dist-packages/glance_store/location.py:146}}
Aug 06 20:20:07.802888 n-d-803787-1 devstack@g-api.service[102884]: DEBUG glance_store.location [None req-396d7845-c01c-4262-b97c-7813c2058012 tempest-ImagesOneServerTestJSON-1580676045 tempest-ImagesOneServerTestJSON-1580676045-project] Registering scheme swift+https with {'store': , 'location_class': , 'store_entry': 'swift'} {{(pid=102884) register_scheme_map /usr/local/lib/python3.8/dist-packages/glance_store/location.py:146}}
Aug 06 20:20:07.803390 n-d-803787-1 devstack@g-api.service[102884]: DEBUG glance_store.location [None req-396d7845-c01c-4262-b97c-7813c2058012 tempest-ImagesOneServerTestJSON-1580676045 tempest-ImagesOneServerTestJSON-1580676045-project] Registering scheme swift with {'store': , 'location_class': , 'store_entry': 'swift'} {{(pid=102884) register_scheme_map /usr/local/lib/python3.8/dist-packages/glance_store/location.py:146}}
Aug 06 20:20:07.803846 n-d-803787-1 devstack@g-api.service[102884]: DEBUG glance_store.location [None req-396d7845-c01c-4262-b97c-7813c2058012 tempest-ImagesOneServerTestJSON-1580676045 tempest-ImagesOneServerTestJSON-1580676045-project] Registering scheme swift+https with {'store': , 'location_class': , 'store_entry': 'swift'} {{(pid=102884) register_scheme_map /usr/local/lib/python3.8/dist-packages/glance_store/location.py:146}}
Aug 06 20:20:07.804290 n-d-803787-1 devstack@g-api.service[102884]: DEBUG glance_store.location [None req-396d7845-c01c-4262-b97c-7813c2058012 tempest-ImagesOneServerTestJSON-1580676045 tempest-ImagesOneServerTestJSON-1580676045-project] Registering scheme swift with {'store': , 'location_class': , 'store_entry': 'swift'} {{(pid=102884) register_scheme_map /usr/local/lib/python3.8/dist-packages/glance_store/location.py:146}}
Aug 06 20:20:07.804800 n-d-803787-1 devstack@g-api.service[102884]: DEBUG glance_store.location [None req-396d7845-c01c-4262-b97c-7813c2058012 tempest-ImagesOneServerTestJSON-1580676045 tempest-ImagesOneServerTestJSON-1580676045-project] Registering scheme swift+http with {'store': , 'location_class': , 'store_entry': 'swift'} {{(pid=102884) register_scheme_map /usr/local/lib/python3.8/dist-packages/glance_store/location.py:146}}
Aug 06 20:20:07.805249 n-d-803787-1 devstack@g-api.service[102884]: DEBUG glance_store.location [None req-396d7845-c01c-4262-b97c-7813c2058012 tempest-ImagesOneServerTestJSON-1580676045 tempest-ImagesOneServerTestJSON-1580676045-project] Registering scheme swift+https with {'store': , 'location_class': , 'store_entry': 'swift'} {{(pid=102884) register_scheme_map /usr/local/lib/python3.8/dist-packages/glance_store/location.py:146}}
Aug 06 20:20:07.805832 n-d-803787-1 devstack@g-api.service[102884]: DEBUG glance_store.location [None req-396d7845-c01c-4262-b97c-7813c2058012 tempest-ImagesOneServerTestJSON-1580676045 tempest-ImagesOneServerTestJSON-1580676045-project] Registering scheme swift with {'store': , 'location_class': , 'store_entry': 'swift'} {{(pid=102884) register_scheme_map /usr/local/lib/python3.8/dist-packages/glance_store/location.py:146}}
Aug 06 20:20:07.806137 n-d-803787-1 devstack@g-api.service[102884]: DEBUG glance_store.location [None req-396d7845-c01c-4262-b97c-7813c2058012 tempest-ImagesOneServerTestJSON-1580676045 tempest-ImagesOneServerTestJSON-1580676045-project] Registering scheme swift+http with {'store': , 'location_class': , 'store_entry': 'swift'} {{(pid=102884) register_scheme_map /usr/local/lib/python3.8/dist-packages/glance_store/location.py:146}}
Aug 06 20:20:07.806442 n-d-803787-1 devstack@g-api.service[102884]: DEBUG glance_store.location [None req-396d7845-c01c-4262-b97c-7813c2058012 tempest-ImagesOneServerTestJSON-1580676045 tempest-ImagesOneServerTestJSON-1580676045-project] Registering scheme swift+config with {'store': , 'location_class': , 'store_entry': 'swift'} {{(pid=102884) register_scheme_map /usr/local/lib/python3.8/dist-packages/glance_store/location.py:146}}
Aug 06 20:20:07.807515 n-d-803787-1 devstack@g-api.service[102884]: DEBUG keystoneclient.auth.identity.v3.base [None req-396d7845-c01c-4262-b97c-7813c2058012 tempest-ImagesOneServerTestJSON-1580676045 tempest-ImagesOneServerTestJSON-1580676045-project] Making authentication request to http://10.222.0.22/identity/v3/auth/tokens {{(pid=102884) get_auth_ref /usr/local/lib/python3.8/dist-packages/keystoneclient/auth/identity/v3/base.py:187}}
Aug 06 20:20:07.929243 n-d-803787-1 devstack@g-api.service[102884]: DEBUG keystoneclient.auth.identity.v3.base [None req-396d7845-c01c-4262-b97c-7813c2058012 tempest-ImagesOneServerTestJSON-1580676045 tempest-ImagesOneServerTestJSON-1580676045-project] {"token": {"methods": ["password"], "user": {"domain": {"id": "default", "name": "Default"}, "id": "4439fd516632417b8255697737412228", "name": "glance-swift", "password_expires_at": null}, "audit_ids": ["WG6tfW1TQKaymStK47O9Fw"], "expires_at": "2021-08-06T21:20:07.000000Z", "issued_at": "2021-08-06T20:20:07.000000Z", "project": {"domain": {"id": "default", "name": "Default"}, "id": "359b744fc4c14e0f8d548714057e6bc4", "name": "service"}, "is_domain": false, "roles": [{"id": "83b2cc19a9f54baf91d8bc825991c2b2", "name": "ResellerAdmin"}, {"id": "dbe9aa0af78645928b6147a9748952fa", "name": "service"}], "catalog": [{"endpoints": [{"id": "86316a6a56ff417185d6a9c5c0399eb3", "interface": "admin", "region_id": "RegionOne", "url": "http://10.222.0.22/identity", "region": "RegionOne"}, {"id": "db35f77ea6e347d79993a03e64752fa7", "interface": "public", "region_id": "RegionOne", "url": "http://10.222.0.22/identity", "region": "RegionOne"}], "id": "03d7029745a0480081d1a70147639399", "type": "identity", "name": "keystone"}, {"endpoints": [{"id": "508dfe59a9a04376b97bc3f211354c46", "interface": "public", "region_id": "RegionOne", "url": "http://10.222.0.22/volume/v3/359b744fc4c14e0f8d548714057e6bc4", "region": "RegionOne"}], "id": "09da7548f67a43849a24cf40481fd5e5", "type": "volumev3", "name": "cinderv3"}, {"endpoints": [{"id": "86a42b256ac744f9978b83eb9829f557", "interface": "public", "region_id": "RegionOne", "url": "http://10.222.0.22/placement", "region": "RegionOne"}], "id": "1cf11e68634b42a6927aca1c868fc130", "type": "placement", "name": "placement"}, {"endpoints": [{"id": "68e92d933a904cc484c3adcd15c80a6e", "interface": "public", "region_id": "RegionOne", "url": "http://10.222.0.22:9696/", "region": "RegionOne"}], "id": "22f253a3575a4a9bad8c153a1c578257", "type": "network", "name": "neutron"}, {"endpoints": [{"id": "a33b36b7e8ce48978fd3f531152eb2f1", "interface": "public", "region_id": "RegionOne", "url": "http://10.222.0.22/compute/v2/359b744fc4c14e0f8d548714057e6bc4", "region": "RegionOne"}], "id": "a73c38ade64c4fd4a156e4bfd13037bb", "type": "compute_legacy", "name": "nova_legacy"}, {"endpoints": [{"id": "1182a5deca4c448f9a98e1ce8a39c4a9", "interface": "public", "region_id": "RegionOne", "url": "http://10.222.0.22:8080/v1/AUTH_359b744fc4c14e0f8d548714057e6bc4", "region": "RegionOne"}, {"id": "20e07baefb904d22ae2029b7ee5199e3", "interface": "admin", "region_id": "RegionOne", "url": "http://10.222.0.22:8080", "region": "RegionOne"}], "id": "cda9602bef6e4aa2acf786f2c45d5efd", "type": "object-store", "name": "swift"}, {"endpoints": [{"id": "896bd5b6c86c426d863304370ae7f082", "interface": "public", "region_id": "RegionOne", "url": "http://10.222.0.22/compute/v2.1", "region": "RegionOne"}], "id": "cfec4bd6a6e64e6ca55aa9076bc085ea", "type": "compute", "name": "nova"}, {"endpoints": [{"id": "1c52df0f661f4eeba586c581c549c265", "interface": "public", "region_id": "RegionOne", "url": "http://10.222.0.22/image", "region": "RegionOne"}], "id": "d51ff9b9c963477e855ca7e624b35e7e", "type": "image", "name": "glance"}, {"endpoints": [{"id": "cc1ffed12f944d6b8489c1fefa3f7044", "interface": "public", "region_id": "RegionOne", "url": "http://10.222.0.22/volume/v3/359b744fc4c14e0f8d548714057e6bc4", "region": "RegionOne"}], "id": "e9c23bb914d940ff8d4e0740b423546f", "type": "block-storage", "name": "cinder"}]}} {{(pid=102884) get_auth_ref /usr/local/lib/python3.8/dist-packages/keystoneclient/auth/identity/v3/base.py:192}}
Aug 06 20:20:08.265614 n-d-803787-1 devstack@g-api.service[102884]: DEBUG swiftclient [None req-396d7845-c01c-4262-b97c-7813c2058012 tempest-ImagesOneServerTestJSON-1580676045 tempest-ImagesOneServerTestJSON-1580676045-project] REQ: curl -i http://10.222.0.22:8080/v1/AUTH_359b744fc4c14e0f8d548714057e6bc4/glance/31f62c88-2e3a-486a-a3fc-2cf8955ac66d -I -H "X-Auth-Token: gAAAAABhDZl3v3h5..." {{(pid=102884) http_log /usr/local/lib/python3.8/dist-packages/swiftclient/client.py:187}}
Aug 06 20:20:08.266231 n-d-803787-1 devstack@g-api.service[102884]: DEBUG swiftclient [None req-396d7845-c01c-4262-b97c-7813c2058012 tempest-ImagesOneServerTestJSON-1580676045 tempest-ImagesOneServerTestJSON-1580676045-project] RESP STATUS: 200 OK {{(pid=102884) http_log /usr/local/lib/python3.8/dist-packages/swiftclient/client.py:188}}
Aug 06 20:20:08.267044 n-d-803787-1 devstack@g-api.service[102884]: DEBUG swiftclient [None req-396d7845-c01c-4262-b97c-7813c2058012 tempest-ImagesOneServerTestJSON-1580676045 tempest-ImagesOneServerTestJSON-1580676045-project] RESP HEADERS: {'Content-Type': 'application/octet-stream', 'X-Object-Manifest': 'glance/31f62c88-2e3a-486a-a3fc-2cf8955ac66d-', 'Last-Modified': 'Fri, 06 Aug 2021 20:20:05 GMT', 'X-Timestamp': '1628281204.50425', 'Accept-Ranges': 'bytes', 'Content-Length': '662700032', 'Etag': '"a90c5df7c111ada88ab56045aa65424f"', 'X-Trans-Id': 'tx3dce2721238a42a490d6a-00610d9977', 'X-Openstack-Request-Id': 'tx3dce2721238a42a490d6a-00610d9977', 'Date': 'Fri, 06 Aug 2021 20:20:08 GMT'} {{(pid=102884) http_log /usr/local/lib/python3.8/dist-packages/swiftclient/client.py:189}}
Aug 06 20:20:08.292238 n-d-803787-1 devstack@g-api.service[102884]: DEBUG swiftclient [None req-396d7845-c01c-4262-b97c-7813c2058012 tempest-ImagesOneServerTestJSON-1580676045 tempest-ImagesOneServerTestJSON-1580676045-project] REQ: curl -i http://10.222.0.22:8080/v1/AUTH_359b744fc4c14e0f8d548714057e6bc4/glance?format=json&prefix=31f62c88-2e3a-486a-a3fc-2cf8955ac66d- -X GET -H "X-Auth-Token: gAAAAABhDZl3v3h5..." -H "Accept-Encoding: gzip" {{(pid=102884) http_log /usr/local/lib/python3.8/dist-packages/swiftclient/client.py:187}}
Aug 06 20:20:08.292770 n-d-803787-1 devstack@g-api.service[102884]: DEBUG swiftclient [None req-396d7845-c01c-4262-b97c-7813c2058012 tempest-ImagesOneServerTestJSON-1580676045 tempest-ImagesOneServerTestJSON-1580676045-project] RESP STATUS: 200 OK {{(pid=102884) http_log /usr/local/lib/python3.8/dist-packages/swiftclient/client.py:188}}
Aug 06 20:20:08.293248 n-d-803787-1 devstack@g-api.service[102884]: DEBUG swiftclient [None req-396d7845-c01c-4262-b97c-7813c2058012 tempest-ImagesOneServerTestJSON-1580676045 tempest-ImagesOneServerTestJSON-1580676045-project] RESP HEADERS: {'Content-Type': 'application/json; charset=utf-8', 'Content-Length': '843', 'X-Container-Object-Count': '7', 'X-Container-Bytes-Used': '1308623872', 'X-Timestamp': '1628280218.82300', 'Last-Modified': 'Fri, 06 Aug 2021 20:03:39 GMT', 'Accept-Ranges': 'bytes', 'X-Storage-Policy': 'Policy-0', 'X-Container-Sharding': 'False', 'X-Trans-Id': 'txdb2aba89f0a14244a66b1-00610d9978', 'X-Openstack-Request-Id': 'txdb2aba89f0a14244a66b1-00610d9978', 'Date': 'Fri, 06 Aug 2021 20:20:08 GMT'} {{(pid=102884) http_log /usr/local/lib/python3.8/dist-packages/swiftclient/client.py:189}}
Aug 06 20:20:08.293824 n-d-803787-1 devstack@g-api.service[102884]: DEBUG swiftclient [None req-396d7845-c01c-4262-b97c-7813c2058012 tempest-ImagesOneServerTestJSON-1580676045 tempest-ImagesOneServerTestJSON-1580676045-project] RESP BODY: b'[{"bytes": 204800000, "hash": "3a200e530db9f9bbeab22446d38bdcbc", "name": "31f62c88-2e3a-486a-a3fc-2cf8955ac66d-00001", "content_type": "application/octet-stream", "last_modified": "2021-08-06T20:19:43.315390"}, {"bytes": 204800000, "hash": "b8815028b184b97c6bf62555405ec2ee", "name": "31f62c88-2e3a-486a-a3fc-2cf8955ac66d-00002", "content_type": "application/octet-stream", "last_modified": "2021-08-06T20:19:49.133940"}, {"bytes": 204800000, "hash": "74d6c56389a5338fb381360201ba7465", "name": "31f62c88-2e3a-486a-a3fc-2cf8955ac66d-00003", "content_type": "application/octet-stream", "last_modified": "2021-08-06T20:19:55.061410"}, {"bytes": 48300032, "hash": "9394065e31e764b25dcbddb31eed0d8c", "name": "31f62c88-2e3a-486a-a3fc-2cf8955ac66d-00004", "content_type": "application/octet-stream", "last_modified": "2021-08-06T20:20:02.668970"}]' {{(pid=102884) http_log /usr/local/lib/python3.8/dist-packages/swiftclient/client.py:193}}
Aug 06 20:20:08.323483 n-d-803787-1 devstack@g-api.service[102882]: DEBUG glance.api.middleware.version_negotiation [None req-c60533c8-f525-4cf9-81eb-3348b1648c04 tempest-FloatingIPsAssociationTestJSON-2020266677 tempest-FloatingIPsAssociationTestJSON-2020266677-project] Determining version of request: GET /v2/images/68ea90c3-c28f-4cd7-a93f-f6879d6a243e Accept: */* {{(pid=102882) process_request /opt/stack/glance/glance/api/middleware/version_negotiation.py:44}}
Aug 06 20:20:08.324180 n-d-803787-1 devstack@g-api.service[102882]: DEBUG glance.api.middleware.version_negotiation [None req-c60533c8-f525-4cf9-81eb-3348b1648c04 tempest-FloatingIPsAssociationTestJSON-2020266677 tempest-FloatingIPsAssociationTestJSON-2020266677-project] Using url versioning {{(pid=102882) process_request /opt/stack/glance/glance/api/middleware/version_negotiation.py:57}}
Aug 06 20:20:08.324180 n-d-803787-1 devstack@g-api.service[102882]: DEBUG glance.api.middleware.version_negotiation [None req-c60533c8-f525-4cf9-81eb-3348b1648c04 tempest-FloatingIPsAssociationTestJSON-2020266677 tempest-FloatingIPsAssociationTestJSON-2020266677-project] Matched version: v2 {{(pid=102882) process_request /opt/stack/glance/glance/api/middleware/version_negotiation.py:69}}
Aug 06 20:20:08.324180 n-d-803787-1 devstack@g-api.service[102882]: DEBUG glance.api.middleware.version_negotiation [None req-c60533c8-f525-4cf9-81eb-3348b1648c04 tempest-FloatingIPsAssociationTestJSON-2020266677 tempest-FloatingIPsAssociationTestJSON-2020266677-project] new path /v2/images/68ea90c3-c28f-4cd7-a93f-f6879d6a243e {{(pid=102882) process_request /opt/stack/glance/glance/api/middleware/version_negotiation.py:70}}
Aug 06 20:20:08.325936 n-d-803787-1 devstack@g-api.service[102884]: DEBUG swiftclient [None req-396d7845-c01c-4262-b97c-7813c2058012 tempest-ImagesOneServerTestJSON-1580676045 tempest-ImagesOneServerTestJSON-1580676045-project] REQ: curl -i http://10.222.0.22:8080/v1/AUTH_359b744fc4c14e0f8d548714057e6bc4/glance/31f62c88-2e3a-486a-a3fc-2cf8955ac66d-00001 DELETE -H "X-Auth-Token: gAAAAABhDZl3v3h5..." {{(pid=102884) http_log /usr/local/lib/python3.8/dist-packages/swiftclient/client.py:187}}
Aug 06 20:20:08.326183 n-d-803787-1 devstack@g-api.service[102884]: DEBUG swiftclient [None req-396d7845-c01c-4262-b97c-7813c2058012 tempest-ImagesOneServerTestJSON-1580676045 tempest-ImagesOneServerTestJSON-1580676045-project] RESP STATUS: 204 No Content {{(pid=102884) http_log /usr/local/lib/python3.8/dist-packages/swiftclient/client.py:188}}
Aug 06 20:20:08.326500 n-d-803787-1 devstack@g-api.service[102884]: DEBUG swiftclient [None req-396d7845-c01c-4262-b97c-7813c2058012 tempest-ImagesOneServerTestJSON-1580676045 tempest-ImagesOneServerTestJSON-1580676045-project] RESP HEADERS: {'Content-Type': 'text/html; charset=UTF-8', 'Content-Length': '0', 'X-Trans-Id': 'tx6257db2ec6c44aaea92f6-00610d9978', 'X-Openstack-Request-Id': 'tx6257db2ec6c44aaea92f6-00610d9978', 'Date': 'Fri, 06 Aug 2021 20:20:08 GMT'} {{(pid=102884) http_log /usr/local/lib/python3.8/dist-packages/swiftclient/client.py:189}}
Aug 06 20:20:08.352723 n-d-803787-1 devstack@g-api.service[102882]: [pid: 102882|app: 0|req: 274/528] 127.0.0.1 () {42 vars in 1051 bytes} [Fri Aug 6 20:20:08 2021] GET /v2/images/68ea90c3-c28f-4cd7-a93f-f6879d6a243e => generated 839 bytes in 27 msecs (HTTP/1.1 200) 4 headers in 157 bytes (1 switches on core 0)
Aug 06 20:20:08.360495 n-d-803787-1 devstack@g-api.service[102884]: DEBUG swiftclient [None req-396d7845-c01c-4262-b97c-7813c2058012 tempest-ImagesOneServerTestJSON-1580676045 tempest-ImagesOneServerTestJSON-1580676045-project] REQ: curl -i http://10.222.0.22:8080/v1/AUTH_359b744fc4c14e0f8d548714057e6bc4/glance/31f62c88-2e3a-486a-a3fc-2cf8955ac66d-00002 DELETE -H "X-Auth-Token: gAAAAABhDZl3v3h5..." {{(pid=102884) http_log /usr/local/lib/python3.8/dist-packages/swiftclient/client.py:187}}
Aug 06 20:20:08.360991 n-d-803787-1 devstack@g-api.service[102884]: DEBUG swiftclient [None req-396d7845-c01c-4262-b97c-7813c2058012 tempest-ImagesOneServerTestJSON-1580676045 tempest-ImagesOneServerTestJSON-1580676045-project] RESP STATUS: 204 No Content {{(pid=102884) http_log /usr/local/lib/python3.8/dist-packages/swiftclient/client.py:188}}
Aug 06 20:20:08.361339 n-d-803787-1 devstack@g-api.service[102884]: DEBUG swiftclient [None req-396d7845-c01c-4262-b97c-7813c2058012 tempest-ImagesOneServerTestJSON-1580676045 tempest-ImagesOneServerTestJSON-1580676045-project] RESP HEADERS: {'Content-Type': 'text/html; charset=UTF-8', 'Content-Length': '0', 'X-Trans-Id': 'tx23acc256321a4655a4a70-00610d9978', 'X-Openstack-Request-Id': 'tx23acc256321a4655a4a70-00610d9978', 'Date': 'Fri, 06 Aug 2021 20:20:08 GMT'} {{(pid=102884) http_log /usr/local/lib/python3.8/dist-packages/swiftclient/client.py:189}}
Aug 06 20:20:08.367926 n-d-803787-1 devstack@g-api.service[102882]: DEBUG glance.api.middleware.version_negotiation [None req-43369e46-994d-4d88-aa0f-0915b118cc00 tempest-ImagesMetadataTestJSON-2000263533 tempest-ImagesMetadataTestJSON-2000263533-project] Determining version of request: GET /v2/schemas/image Accept: */* {{(pid=102882) process_request /opt/stack/glance/glance/api/middleware/version_negotiation.py:44}}
Aug 06 20:20:08.368262 n-d-803787-1 devstack@g-api.service[102882]: DEBUG glance.api.middleware.version_negotiation [None req-43369e46-994d-4d88-aa0f-0915b118cc00 tempest-ImagesMetadataTestJSON-2000263533 tempest-ImagesMetadataTestJSON-2000263533-project] Using url versioning {{(pid=102882) process_request /opt/stack/glance/glance/api/middleware/version_negotiation.py:57}}
Aug 06 20:20:08.368579 n-d-803787-1 devstack@g-api.service[102882]: DEBUG glance.api.middleware.version_negotiation [None req-43369e46-994d-4d88-aa0f-0915b118cc00 tempest-ImagesMetadataTestJSON-2000263533 tempest-ImagesMetadataTestJSON-2000263533-project] Matched version: v2 {{(pid=102882) process_request /opt/stack/glance/glance/api/middleware/version_negotiation.py:69}}
Aug 06 20:20:08.368889 n-d-803787-1 devstack@g-api.service[102882]: DEBUG glance.api.middleware.version_negotiation [None req-43369e46-994d-4d88-aa0f-0915b118cc00 tempest-ImagesMetadataTestJSON-2000263533 tempest-ImagesMetadataTestJSON-2000263533-project] new path /v2/schemas/image {{(pid=102882) process_request /opt/stack/glance/glance/api/middleware/version_negotiation.py:70}}
Aug 06 20:20:08.382252 n-d-803787-1 devstack@g-api.service[102882]: [pid: 102882|app: 0|req: 275/529] 127.0.0.1 () {42 vars in 991 bytes} [Fri Aug 6 20:20:08 2021] GET /v2/schemas/image => generated 6083 bytes in 15 msecs (HTTP/1.1 200) 4 headers in 158 bytes (1 switches on core 0)
Aug 06 20:20:08.406065 n-d-803787-1 devstack@g-api.service[102884]: DEBUG swiftclient [None req-396d7845-c01c-4262-b97c-7813c2058012 tempest-ImagesOneServerTestJSON-1580676045 tempest-ImagesOneServerTestJSON-1580676045-project] REQ: curl -i http://10.222.0.22:8080/v1/AUTH_359b744fc4c14e0f8d548714057e6bc4/glance/31f62c88-2e3a-486a-a3fc-2cf8955ac66d-00003 DELETE -H "X-Auth-Token: gAAAAABhDZl3v3h5..." {{(pid=102884) http_log /usr/local/lib/python3.8/dist-packages/swiftclient/client.py:187}}
Aug 06 20:20:08.406065 n-d-803787-1 devstack@g-api.service[102884]: DEBUG swiftclient [None req-396d7845-c01c-4262-b97c-7813c2058012 tempest-ImagesOneServerTestJSON-1580676045 tempest-ImagesOneServerTestJSON-1580676045-project] RESP STATUS: 204 No Content {{(pid=102884) http_log /usr/local/lib/python3.8/dist-packages/swiftclient/client.py:188}}
Aug 06 20:20:08.406262 n-d-803787-1 devstack@g-api.service[102884]: DEBUG swiftclient [None req-396d7845-c01c-4262-b97c-7813c2058012 tempest-ImagesOneServerTestJSON-1580676045 tempest-ImagesOneServerTestJSON-1580676045-project] RESP HEADERS: {'Content-Type': 'text/html; charset=UTF-8', 'Content-Length': '0', 'X-Trans-Id': 'tx36ff3ae254c947609a463-00610d9978', 'X-Openstack-Request-Id': 'tx36ff3ae254c947609a463-00610d9978', 'Date': 'Fri, 06 Aug 2021 20:20:08 GMT'} {{(pid=102884) http_log /usr/local/lib/python3.8/dist-packages/swiftclient/client.py:189}}
Aug 06 20:20:08.450961 n-d-803787-1 devstack@g-api.service[102884]: DEBUG swiftclient [None req-396d7845-c01c-4262-b97c-7813c2058012 tempest-ImagesOneServerTestJSON-1580676045 tempest-ImagesOneServerTestJSON-1580676045-project] REQ: curl -i http://10.222.0.22:8080/v1/AUTH_359b744fc4c14e0f8d548714057e6bc4/glance/31f62c88-2e3a-486a-a3fc-2cf8955ac66d-00004 DELETE -H "X-Auth-Token: gAAAAABhDZl3v3h5..." {{(pid=102884) http_log /usr/local/lib/python3.8/dist-packages/swiftclient/client.py:187}}
Aug 06 20:20:08.451207 n-d-803787-1 devstack@g-api.service[102884]: DEBUG swiftclient [None req-396d7845-c01c-4262-b97c-7813c2058012 tempest-ImagesOneServerTestJSON-1580676045 tempest-ImagesOneServerTestJSON-1580676045-project] RESP STATUS: 204 No Content {{(pid=102884) http_log /usr/local/lib/python3.8/dist-packages/swiftclient/client.py:188}}
Aug 06 20:20:08.451531 n-d-803787-1 devstack@g-api.service[102884]: DEBUG swiftclient [None req-396d7845-c01c-4262-b97c-7813c2058012 tempest-ImagesOneServerTestJSON-1580676045 tempest-ImagesOneServerTestJSON-1580676045-project] RESP HEADERS: {'Content-Type': 'text/html; charset=UTF-8', 'Content-Length': '0', 'X-Trans-Id': 'tx32af7bceaf724a70a93e4-00610d9978', 'X-Openstack-Request-Id': 'tx32af7bceaf724a70a93e4-00610d9978', 'Date': 'Fri, 06 Aug 2021 20:20:08 GMT'} {{(pid=102884) http_log /usr/local/lib/python3.8/dist-packages/swiftclient/client.py:189}}
Aug 06 20:20:08.485929 n-d-803787-1 devstack@g-api.service[102884]: DEBUG swiftclient [None req-396d7845-c01c-4262-b97c-7813c2058012 tempest-ImagesOneServerTestJSON-1580676045 tempest-ImagesOneServerTestJSON-1580676045-project] REQ: curl -i http://10.222.0.22:8080/v1/AUTH_359b744fc4c14e0f8d548714057e6bc4/glance/31f62c88-2e3a-486a-a3fc-2cf8955ac66d DELETE -H "X-Auth-Token: gAAAAABhDZl3v3h5..." {{(pid=102884) http_log /usr/local/lib/python3.8/dist-packages/swiftclient/client.py:187}}
Aug 06 20:20:08.486950 n-d-803787-1 devstack@g-api.service[102884]: DEBUG swiftclient [None req-396d7845-c01c-4262-b97c-7813c2058012 tempest-ImagesOneServerTestJSON-1580676045 tempest-ImagesOneServerTestJSON-1580676045-project] RESP STATUS: 204 No Content {{(pid=102884) http_log /usr/local/lib/python3.8/dist-packages/swiftclient/client.py:188}}
Aug 06 20:20:08.487522 n-d-803787-1 devstack@g-api.service[102884]: DEBUG swiftclient [None req-396d7845-c01c-4262-b97c-7813c2058012 tempest-ImagesOneServerTestJSON-1580676045 tempest-ImagesOneServerTestJSON-1580676045-project] RESP HEADERS: {'Content-Type': 'text/html; charset=UTF-8', 'Content-Length': '0', 'X-Trans-Id': 'txa3094a4ce78a46129c485-00610d9978', 'X-Openstack-Request-Id': 'txa3094a4ce78a46129c485-00610d9978', 'Date': 'Fri, 06 Aug 2021 20:20:08 GMT'} {{(pid=102884) http_log /usr/local/lib/python3.8/dist-packages/swiftclient/client.py:189}}
Aug 06 20:20:08.688801 n-d-803787-1 devstack@g-api.service[102884]: [pid: 102884|app: 0|req: 255/530] 127.0.0.1 () {44 vars in 1073 bytes} [Fri Aug 6 20:20:07 2021] DELETE /v2/images/31f62c88-2e3a-486a-a3fc-2cf8955ac66d => generated 0 bytes in 919 msecs (HTTP/1.1 204) 4 headers in 171 bytes (1 switches on core 0)
Aug 06 20:20:08.707111 n-d-803787-1 devstack@g-api.service[102882]: DEBUG glance.api.middleware.version_negotiation [None req-43369e46-994d-4d88-aa0f-0915b118cc00 tempest-ImagesMetadataTestJSON-2000263533 tempest-ImagesMetadataTestJSON-2000263533-project] Determining version of request: GET /v2/images/68ea90c3-c28f-4cd7-a93f-f6879d6a243e Accept: */* {{(pid=102882) process_request /opt/stack/glance/glance/api/middleware/version_negotiation.py:44}}
Aug 06 20:20:08.707465 n-d-803787-1 devstack@g-api.service[102882]: DEBUG glance.api.middleware.version_negotiation [None req-43369e46-994d-4d88-aa0f-0915b118cc00 tempest-ImagesMetadataTestJSON-2000263533 tempest-ImagesMetadataTestJSON-2000263533-project] Using url versioning {{(pid=102882) process_request /opt/stack/glance/glance/api/middleware/version_negotiation.py:57}}
Aug 06 20:20:08.707779 n-d-803787-1 devstack@g-api.service[102882]: DEBUG glance.api.middleware.version_negotiation [None req-43369e46-994d-4d88-aa0f-0915b118cc00 tempest-ImagesMetadataTestJSON-2000263533 tempest-ImagesMetadataTestJSON-2000263533-project] Matched version: v2 {{(pid=102882) process_request /opt/stack/glance/glance/api/middleware/version_negotiation.py:69}}
Aug 06 20:20:08.708055 n-d-803787-1 devstack@g-api.service[102882]: DEBUG glance.api.middleware.version_negotiation [None req-43369e46-994d-4d88-aa0f-0915b118cc00 tempest-ImagesMetadataTestJSON-2000263533 tempest-ImagesMetadataTestJSON-2000263533-project] new path /v2/images/68ea90c3-c28f-4cd7-a93f-f6879d6a243e {{(pid=102882) process_request /opt/stack/glance/glance/api/middleware/version_negotiation.py:70}}
Aug 06 20:20:08.733309 n-d-803787-1 devstack@g-api.service[102882]: [pid: 102882|app: 0|req: 276/531] 127.0.0.1 () {42 vars in 1051 bytes} [Fri Aug 6 20:20:08 2021] GET /v2/images/68ea90c3-c28f-4cd7-a93f-f6879d6a243e => generated 839 bytes in 26 msecs (HTTP/1.1 200) 4 headers in 157 bytes (1 switches on core 0)
Aug 06 20:20:08.739653 n-d-803787-1 devstack@g-api.service[102884]: DEBUG glance.api.middleware.version_negotiation [None req-396d7845-c01c-4262-b97c-7813c2058012 tempest-ImagesOneServerTestJSON-1580676045 tempest-ImagesOneServerTestJSON-1580676045-project] Determining version of request: GET /v2/schemas/image Accept: */* {{(pid=102884) process_request /opt/stack/glance/glance/api/middleware/version_negotiation.py:44}}
Aug 06 20:20:08.740084 n-d-803787-1 devstack@g-api.service[102884]: DEBUG glance.api.middleware.version_negotiation [None req-396d7845-c01c-4262-b97c-7813c2058012 tempest-ImagesOneServerTestJSON-1580676045 tempest-ImagesOneServerTestJSON-1580676045-project] Using url versioning {{(pid=102884) process_request /opt/stack/glance/glance/api/middleware/version_negotiation.py:57}}
Aug 06 20:20:08.740510 n-d-803787-1 devstack@g-api.service[102884]: DEBUG glance.api.middleware.version_negotiation [None req-396d7845-c01c-4262-b97c-7813c2058012 tempest-ImagesOneServerTestJSON-1580676045 tempest-ImagesOneServerTestJSON-1580676045-project] Matched version: v2 {{(pid=102884) process_request /opt/stack/glance/glance/api/middleware/version_negotiation.py:69}}
Aug 06 20:20:08.740889 n-d-803787-1 devstack@g-api.service[102884]: DEBUG glance.api.middleware.version_negotiation [None req-396d7845-c01c-4262-b97c-7813c2058012 tempest-ImagesOneServerTestJSON-1580676045 tempest-ImagesOneServerTestJSON-1580676045-project] new path /v2/schemas/image {{(pid=102884) process_request /opt/stack/glance/glance/api/middleware/version_negotiation.py:70}}
Aug 06 20:20:08.753219 n-d-803787-1 devstack@g-api.service[102884]: [pid: 102884|app: 0|req: 256/532] 127.0.0.1 () {42 vars in 991 bytes} [Fri Aug 6 20:20:08 2021] GET /v2/schemas/image => generated 6083 bytes in 13 msecs (HTTP/1.1 200) 4 headers in 158 bytes (1 switches on core 0)
Aug 06 20:20:08.808222 n-d-803787-1 devstack@g-api.service[102882]: DEBUG glance.api.middleware.version_negotiation [None req-ca8fa483-440f-4b06-807f-6d2e09be536f tempest-ImagesMetadataTestJSON-2000263533 tempest-ImagesMetadataTestJSON-2000263533-project] Determining version of request: GET /v2/images/68ea90c3-c28f-4cd7-a93f-f6879d6a243e Accept: */* {{(pid=102882) process_request /opt/stack/glance/glance/api/middleware/version_negotiation.py:44}}
Aug 06 20:20:08.809120 n-d-803787-1 devstack@g-api.service[102882]: DEBUG glance.api.middleware.version_negotiation [None req-ca8fa483-440f-4b06-807f-6d2e09be536f tempest-ImagesMetadataTestJSON-2000263533 tempest-ImagesMetadataTestJSON-2000263533-project] Using url versioning {{(pid=102882) process_request /opt/stack/glance/glance/api/middleware/version_negotiation.py:57}}
Aug 06 20:20:08.809715 n-d-803787-1 devstack@g-api.service[102882]: DEBUG glance.api.middleware.version_negotiation [None req-ca8fa483-440f-4b06-807f-6d2e09be536f tempest-ImagesMetadataTestJSON-2000263533 tempest-ImagesMetadataTestJSON-2000263533-project] Matched version: v2 {{(pid=102882) process_request /opt/stack/glance/glance/api/middleware/version_negotiation.py:69}}
Aug 06 20:20:08.810296 n-d-803787-1 devstack@g-api.service[102882]: DEBUG glance.api.middleware.version_negotiation [None req-ca8fa483-440f-4b06-807f-6d2e09be536f tempest-ImagesMetadataTestJSON-2000263533 tempest-ImagesMetadataTestJSON-2000263533-project] new path /v2/images/68ea90c3-c28f-4cd7-a93f-f6879d6a243e {{(pid=102882) process_request /opt/stack/glance/glance/api/middleware/version_negotiation.py:70}}
Aug 06 20:20:08.840360 n-d-803787-1 devstack@g-api.service[102882]: [pid: 102882|app: 0|req: 277/533] 127.0.0.1 () {42 vars in 1051 bytes} [Fri Aug 6 20:20:08 2021] GET /v2/images/68ea90c3-c28f-4cd7-a93f-f6879d6a243e => generated 839 bytes in 32 msecs (HTTP/1.1 200) 4 headers in 157 bytes (1 switches on core 0)
Aug 06 20:20:08.846456 n-d-803787-1 devstack@g-api.service[102884]: DEBUG glance.api.middleware.version_negotiation [None req-ca8fa483-440f-4b06-807f-6d2e09be536f tempest-ImagesMetadataTestJSON-2000263533 tempest-ImagesMetadataTestJSON-2000263533-project] Determining version of request: GET /v2/schemas/image Accept: */* {{(pid=102884) process_request /opt/stack/glance/glance/api/middleware/version_negotiation.py:44}}
Aug 06 20:20:08.846790 n-d-803787-1 devstack@g-api.service[102884]: DEBUG glance.api.middleware.version_negotiation [None req-ca8fa483-440f-4b06-807f-6d2e09be536f tempest-ImagesMetadataTestJSON-2000263533 tempest-ImagesMetadataTestJSON-2000263533-project] Using url versioning {{(pid=102884) process_request /opt/stack/glance/glance/api/middleware/version_negotiation.py:57}}
Aug 06 20:20:08.847106 n-d-803787-1 devstack@g-api.service[102884]: DEBUG glance.api.middleware.version_negotiation [None req-ca8fa483-440f-4b06-807f-6d2e09be536f tempest-ImagesMetadataTestJSON-2000263533 tempest-ImagesMetadataTestJSON-2000263533-project] Matched version: v2 {{(pid=102884) process_request /opt/stack/glance/glance/api/middleware/version_negotiation.py:69}}
Aug 06 20:20:08.847384 n-d-803787-1 devstack@g-api.service[102884]: DEBUG glance.api.middleware.version_negotiation [None req-ca8fa483-440f-4b06-807f-6d2e09be536f tempest-ImagesMetadataTestJSON-2000263533 tempest-ImagesMetadataTestJSON-2000263533-project] new path /v2/schemas/image {{(pid=102884) process_request /opt/stack/glance/glance/api/middleware/version_negotiation.py:70}}
Aug 06 20:20:08.854882 n-d-803787-1 devstack@g-api.service[102884]: [pid: 102884|app: 0|req: 257/534] 127.0.0.1 () {42 vars in 991 bytes} [Fri Aug 6 20:20:08 2021] GET /v2/schemas/image => generated 6083 bytes in 9 msecs (HTTP/1.1 200) 4 headers in 158 bytes (1 switches on core 0)
Aug 06 20:20:08.866202 n-d-803787-1 devstack@g-api.service[102882]: DEBUG glance.api.middleware.version_negotiation [None req-ca8fa483-440f-4b06-807f-6d2e09be536f tempest-ImagesMetadataTestJSON-2000263533 tempest-ImagesMetadataTestJSON-2000263533-project] Determining version of request: GET /v2/images/68ea90c3-c28f-4cd7-a93f-f6879d6a243e Accept: */* {{(pid=102882) process_request /opt/stack/glance/glance/api/middleware/version_negotiation.py:44}}
Aug 06 20:20:08.866679 n-d-803787-1 devstack@g-api.service[102882]: DEBUG glance.api.middleware.version_negotiation [None req-ca8fa483-440f-4b06-807f-6d2e09be536f tempest-ImagesMetadataTestJSON-2000263533 tempest-ImagesMetadataTestJSON-2000263533-project] Using url versioning {{(pid=102882) process_request /opt/stack/glance/glance/api/middleware/version_negotiation.py:57}}
Aug 06 20:20:08.867142 n-d-803787-1 devstack@g-api.service[102882]: DEBUG glance.api.middleware.version_negotiation [None req-ca8fa483-440f-4b06-807f-6d2e09be536f tempest-ImagesMetadataTestJSON-2000263533 tempest-ImagesMetadataTestJSON-2000263533-project] Matched version: v2 {{(pid=102882) process_request /opt/stack/glance/glance/api/middleware/version_negotiation.py:69}}
Aug 06 20:20:08.867533 n-d-803787-1 devstack@g-api.service[102882]: DEBUG glance.api.middleware.version_negotiation [None req-ca8fa483-440f-4b06-807f-6d2e09be536f tempest-ImagesMetadataTestJSON-2000263533 tempest-ImagesMetadataTestJSON-2000263533-project] new path /v2/images/68ea90c3-c28f-4cd7-a93f-f6879d6a243e {{(pid=102882) process_request /opt/stack/glance/glance/api/middleware/version_negotiation.py:70}}
Aug 06 20:20:08.888864 n-d-803787-1 devstack@g-api.service[102882]: [pid: 102882|app: 0|req: 278/535] 127.0.0.1 () {42 vars in 1051 bytes} [Fri Aug 6 20:20:08 2021] GET /v2/images/68ea90c3-c28f-4cd7-a93f-f6879d6a243e => generated 839 bytes in 23 msecs (HTTP/1.1 200) 4 headers in 157 bytes (1 switches on core 0)
Aug 06 20:20:08.897516 n-d-803787-1 devstack@g-api.service[102884]: DEBUG glance.api.middleware.version_negotiation [None req-ca8fa483-440f-4b06-807f-6d2e09be536f tempest-ImagesMetadataTestJSON-2000263533 tempest-ImagesMetadataTestJSON-2000263533-project] Determining version of request: GET /v2/schemas/image Accept: */* {{(pid=102884) process_request /opt/stack/glance/glance/api/middleware/version_negotiation.py:44}}
Aug 06 20:20:08.898603 n-d-803787-1 devstack@g-api.service[102884]: DEBUG glance.api.middleware.version_negotiation [None req-ca8fa483-440f-4b06-807f-6d2e09be536f tempest-ImagesMetadataTestJSON-2000263533 tempest-ImagesMetadataTestJSON-2000263533-project] Using url versioning {{(pid=102884) process_request /opt/stack/glance/glance/api/middleware/version_negotiation.py:57}}
Aug 06 20:20:08.899228 n-d-803787-1 devstack@g-api.service[102884]: DEBUG glance.api.middleware.version_negotiation [None req-ca8fa483-440f-4b06-807f-6d2e09be536f tempest-ImagesMetadataTestJSON-2000263533 tempest-ImagesMetadataTestJSON-2000263533-project] Matched version: v2 {{(pid=102884) process_request /opt/stack/glance/glance/api/middleware/version_negotiation.py:69}}
Aug 06 20:20:08.900100 n-d-803787-1 devstack@g-api.service[102884]: DEBUG glance.api.middleware.version_negotiation [None req-ca8fa483-440f-4b06-807f-6d2e09be536f tempest-ImagesMetadataTestJSON-2000263533 tempest-ImagesMetadataTestJSON-2000263533-project] new path /v2/schemas/image {{(pid=102884) process_request /opt/stack/glance/glance/api/middleware/version_negotiation.py:70}}
Aug 06 20:20:08.906095 n-d-803787-1 devstack@g-api.service[102884]: [pid: 102884|app: 0|req: 258/536] 127.0.0.1 () {42 vars in 991 bytes} [Fri Aug 6 20:20:08 2021] GET /v2/schemas/image => generated 6083 bytes in 9 msecs (HTTP/1.1 200) 4 headers in 158 bytes (1 switches on core 0)
Aug 06 20:20:08.914433 n-d-803787-1 devstack@g-api.service[102882]: DEBUG glance.api.middleware.version_negotiation [None req-ca8fa483-440f-4b06-807f-6d2e09be536f tempest-ImagesMetadataTestJSON-2000263533 tempest-ImagesMetadataTestJSON-2000263533-project] Determining version of request: GET /v2/schemas/image Accept: */* {{(pid=102882) process_request /opt/stack/glance/glance/api/middleware/version_negotiation.py:44}}
Aug 06 20:20:08.914764 n-d-803787-1 devstack@g-api.service[102882]: DEBUG glance.api.middleware.version_negotiation [None req-ca8fa483-440f-4b06-807f-6d2e09be536f tempest-ImagesMetadataTestJSON-2000263533 tempest-ImagesMetadataTestJSON-2000263533-project] Using url versioning {{(pid=102882) process_request /opt/stack/glance/glance/api/middleware/version_negotiation.py:57}}
Aug 06 20:20:08.915076 n-d-803787-1 devstack@g-api.service[102882]: DEBUG glance.api.middleware.version_negotiation [None req-ca8fa483-440f-4b06-807f-6d2e09be536f tempest-ImagesMetadataTestJSON-2000263533 tempest-ImagesMetadataTestJSON-2000263533-project] Matched version: v2 {{(pid=102882) process_request /opt/stack/glance/glance/api/middleware/version_negotiation.py:69}}
Aug 06 20:20:08.915544 n-d-803787-1 devstack@g-api.service[102882]: DEBUG glance.api.middleware.version_negotiation [None req-ca8fa483-440f-4b06-807f-6d2e09be536f tempest-ImagesMetadataTestJSON-2000263533 tempest-ImagesMetadataTestJSON-2000263533-project] new path /v2/schemas/image {{(pid=102882) process_request /opt/stack/glance/glance/api/middleware/version_negotiation.py:70}}
Aug 06 20:20:08.928779 n-d-803787-1 devstack@g-api.service[102882]: [pid: 102882|app: 0|req: 279/537] 127.0.0.1 () {42 vars in 991 bytes} [Fri Aug 6 20:20:08 2021] GET /v2/schemas/image => generated 6083 bytes in 8 msecs (HTTP/1.1 200) 4 headers in 158 bytes (1 switches on core 0)
Aug 06 20:20:09.031377 n-d-803787-1 devstack@g-api.service[102884]: DEBUG glance.api.middleware.version_negotiation [None req-ca8fa483-440f-4b06-807f-6d2e09be536f tempest-ImagesMetadataTestJSON-2000263533 tempest-ImagesMetadataTestJSON-2000263533-project] Determining version of request: DELETE /v2/images/c6bbeb49-b917-4ce7-9e32-c7cc3f77f8e1 Accept: */* {{(pid=102884) process_request /opt/stack/glance/glance/api/middleware/version_negotiation.py:44}}
Aug 06 20:20:09.032973 n-d-803787-1 devstack@g-api.service[102884]: DEBUG glance.api.middleware.version_negotiation [None req-ca8fa483-440f-4b06-807f-6d2e09be536f tempest-ImagesMetadataTestJSON-2000263533 tempest-ImagesMetadataTestJSON-2000263533-project] Using url versioning {{(pid=102884) process_request /opt/stack/glance/glance/api/middleware/version_negotiation.py:57}}
Aug 06 20:20:09.033528 n-d-803787-1 devstack@g-api.service[102884]: DEBUG glance.api.middleware.version_negotiation [None req-ca8fa483-440f-4b06-807f-6d2e09be536f tempest-ImagesMetadataTestJSON-2000263533 tempest-ImagesMetadataTestJSON-2000263533-project] Matched version: v2 {{(pid=102884) process_request /opt/stack/glance/glance/api/middleware/version_negotiation.py:69}}
Aug 06 20:20:09.034086 n-d-803787-1 devstack@g-api.service[102884]: DEBUG glance.api.middleware.version_negotiation [None req-ca8fa483-440f-4b06-807f-6d2e09be536f tempest-ImagesMetadataTestJSON-2000263533 tempest-ImagesMetadataTestJSON-2000263533-project] new path /v2/images/c6bbeb49-b917-4ce7-9e32-c7cc3f77f8e1 {{(pid=102884) process_request /opt/stack/glance/glance/api/middleware/version_negotiation.py:70}}
Aug 06 20:20:09.046308 n-d-803787-1 devstack@g-api.service[102884]: DEBUG glance.db.sqlalchemy.api [None req-60a63a83-4e1c-43a4-8b26-1815c6496075 tempest-ImagesOneServerTestJSON-1580676045 tempest-ImagesOneServerTestJSON-1580676045-project] No image found with ID c6bbeb49-b917-4ce7-9e32-c7cc3f77f8e1 {{(pid=102884) _image_get /opt/stack/glance/glance/db/sqlalchemy/api.py:283}}
Aug 06 20:20:09.047556 n-d-803787-1 devstack@g-api.service[102884]: WARNING glance.api.v2.images [None req-60a63a83-4e1c-43a4-8b26-1815c6496075 tempest-ImagesOneServerTestJSON-1580676045 tempest-ImagesOneServerTestJSON-1580676045-project] Failed to find image c6bbeb49-b917-4ce7-9e32-c7cc3f77f8e1 to delete: glance.common.exception.ImageNotFound: No image found with ID c6bbeb49-b917-4ce7-9e32-c7cc3f77f8e1
Aug 06 20:20:09.049594 n-d-803787-1 devstack@g-api.service[102882]: DEBUG glance.api.middleware.version_negotiation [None req-ca8fa483-440f-4b06-807f-6d2e09be536f tempest-ImagesMetadataTestJSON-2000263533 tempest-ImagesMetadataTestJSON-2000263533-project] Determining version of request: PATCH /v2/images/68ea90c3-c28f-4cd7-a93f-f6879d6a243e Accept: */* {{(pid=102882) process_request /opt/stack/glance/glance/api/middleware/version_negotiation.py:44}}
Aug 06 20:20:09.049926 n-d-803787-1 devstack@g-api.service[102882]: DEBUG glance.api.middleware.version_negotiation [None req-ca8fa483-440f-4b06-807f-6d2e09be536f tempest-ImagesMetadataTestJSON-2000263533 tempest-ImagesMetadataTestJSON-2000263533-project] Using url versioning {{(pid=102882) process_request /opt/stack/glance/glance/api/middleware/version_negotiation.py:57}}
Aug 06 20:20:09.050244 n-d-803787-1 devstack@g-api.service[102882]: DEBUG glance.api.middleware.version_negotiation [None req-ca8fa483-440f-4b06-807f-6d2e09be536f tempest-ImagesMetadataTestJSON-2000263533 tempest-ImagesMetadataTestJSON-2000263533-project] Matched version: v2 {{(pid=102882) process_request /opt/stack/glance/glance/api/middleware/version_negotiation.py:69}}
Aug 06 20:20:09.050522 n-d-803787-1 devstack@g-api.service[102882]: DEBUG glance.api.middleware.version_negotiation [None req-ca8fa483-440f-4b06-807f-6d2e09be536f tempest-ImagesMetadataTestJSON-2000263533 tempest-ImagesMetadataTestJSON-2000263533-project] new path /v2/images/68ea90c3-c28f-4cd7-a93f-f6879d6a243e {{(pid=102882) process_request /opt/stack/glance/glance/api/middleware/version_negotiation.py:70}}
Aug 06 20:20:09.052037 n-d-803787-1 devstack@g-api.service[102884]: [pid: 102884|app: 0|req: 259/538] 127.0.0.1 () {44 vars in 1073 bytes} [Fri Aug 6 20:20:09 2021] DELETE /v2/images/c6bbeb49-b917-4ce7-9e32-c7cc3f77f8e1 => generated 189 bytes in 22 msecs (HTTP/1.1 404) 4 headers in 172 bytes (1 switches on core 0)
Aug 06 20:20:09.076062 n-d-803787-1 devstack@g-api.service[102882]: [pid: 102882|app: 0|req: 280/539] 127.0.0.1 () {44 vars in 1092 bytes} [Fri Aug 6 20:20:09 2021] PATCH /v2/images/68ea90c3-c28f-4cd7-a93f-f6879d6a243e => generated 839 bytes in 27 msecs (HTTP/1.1 200) 4 headers in 157 bytes (1 switches on core 0)
Aug 06 20:20:09.084291 n-d-803787-1 devstack@g-api.service[102884]: DEBUG glance.api.middleware.version_negotiation [None req-60a63a83-4e1c-43a4-8b26-1815c6496075 tempest-ImagesOneServerTestJSON-1580676045 tempest-ImagesOneServerTestJSON-1580676045-project] Determining version of request: GET /v2/images/68ea90c3-c28f-4cd7-a93f-f6879d6a243e Accept: */* {{(pid=102884) process_request /opt/stack/glance/glance/api/middleware/version_negotiation.py:44}}
Aug 06 20:20:09.085000 n-d-803787-1 devstack@g-api.service[102884]: DEBUG glance.api.middleware.version_negotiation [None req-60a63a83-4e1c-43a4-8b26-1815c6496075 tempest-ImagesOneServerTestJSON-1580676045 tempest-ImagesOneServerTestJSON-1580676045-project] Using url versioning {{(pid=102884) process_request /opt/stack/glance/glance/api/middleware/version_negotiation.py:57}}
Aug 06 20:20:09.085545 n-d-803787-1 devstack@g-api.service[102884]: DEBUG glance.api.middleware.version_negotiation [None req-60a63a83-4e1c-43a4-8b26-1815c6496075 tempest-ImagesOneServerTestJSON-1580676045 tempest-ImagesOneServerTestJSON-1580676045-project] Matched version: v2 {{(pid=102884) process_request /opt/stack/glance/glance/api/middleware/version_negotiation.py:69}}
Aug 06 20:20:09.085990 n-d-803787-1 devstack@g-api.service[102884]: DEBUG glance.api.middleware.version_negotiation [None req-60a63a83-4e1c-43a4-8b26-1815c6496075 tempest-ImagesOneServerTestJSON-1580676045 tempest-ImagesOneServerTestJSON-1580676045-project] new path /v2/images/68ea90c3-c28f-4cd7-a93f-f6879d6a243e {{(pid=102884) process_request /opt/stack/glance/glance/api/middleware/version_negotiation.py:70}}
Aug 06 20:20:09.110662 n-d-803787-1 devstack@g-api.service[102884]: [pid: 102884|app: 0|req: 260/540] 127.0.0.1 () {42 vars in 1051 bytes} [Fri Aug 6 20:20:09 2021] GET /v2/images/68ea90c3-c28f-4cd7-a93f-f6879d6a243e => generated 839 bytes in 27 msecs (HTTP/1.1 200) 4 headers in 157 bytes (1 switches on core 0)
