Aug 09 15:37:54.682715 n-d-803778-2 neutron-server[94289]: DEBUG neutron.pecan_wsgi.hooks.policy_enforcement [req-4f3272a9-bc70-43fa-9606-9bbb28ac1260 req-0fedc126-63dc-4331-bc3a-d9a7a98d7fb4 service neutron] Attributes excluded by policy engine: ['standard_attr_id'] {{(pid=94289) _exclude_attributes_by_policy /opt/stack/neutron/neutron/pecan_wsgi/hooks/policy_enforcement.py:255}}
Aug 09 15:37:54.684255 n-d-803778-2 neutron-server[94289]: INFO neutron.wsgi [req-4f3272a9-bc70-43fa-9606-9bbb28ac1260 req-0fedc126-63dc-4331-bc3a-d9a7a98d7fb4 service neutron] 10.222.0.53 "GET /v2.0/ports?tenant_id=3db5924556fe4b23b861d1e4e4681575&device_id=2ea5800f-4655-4a32-8a39-d23418cef2f5 HTTP/1.1" status: 200 len: 1121 time: 0.3395092
Aug 09 15:37:54.695076 n-d-803778-2 neutron-server[94290]: DEBUG novaclient.v2.client [-] RESP: [200] Connection: close Content-Length: 179 Content-Type: application/json Date: Mon, 09 Aug 2021 15:37:54 GMT OpenStack-API-Version: compute 2.1 Server: Apache/2.4.41 (Ubuntu) Vary: OpenStack-API-Version,X-OpenStack-Nova-API-Version X-OpenStack-Nova-API-Version: 2.1 x-compute-request-id: req-d192da59-af1b-44e3-8e65-c3e86143cb6f x-openstack-request-id: req-d192da59-af1b-44e3-8e65-c3e86143cb6f {{(pid=94290) _http_log_response /usr/local/lib/python3.8/dist-packages/keystoneauth1/session.py:550}}
Aug 09 15:37:54.695652 n-d-803778-2 neutron-server[94290]: DEBUG novaclient.v2.client [-] RESP BODY: {"events": [{"name": "network-changed", "server_uuid": "e0e6da23-b044-4b28-8a7d-ee4fdfd9b628", "tag": "018768f1-f00f-4d1d-9675-ecc186a132a2", "status": "completed", "code": 200}]} {{(pid=94290) _http_log_response /usr/local/lib/python3.8/dist-packages/keystoneauth1/session.py:582}}
Aug 09 15:37:54.695906 n-d-803778-2 neutron-server[94290]: DEBUG novaclient.v2.client [-] POST call to compute for http://10.222.0.81/compute/v2.1/os-server-external-events used request id req-d192da59-af1b-44e3-8e65-c3e86143cb6f {{(pid=94290) request /usr/local/lib/python3.8/dist-packages/keystoneauth1/session.py:954}}
Aug 09 15:37:54.696526 n-d-803778-2 neutron-server[94290]: INFO neutron.notifiers.nova [-] Nova event response: {'name': 'network-changed', 'server_uuid': 'e0e6da23-b044-4b28-8a7d-ee4fdfd9b628', 'tag': '018768f1-f00f-4d1d-9675-ecc186a132a2', 'status': 'completed', 'code': 200}
Aug 09 15:37:54.705263 n-d-803778-2 neutron-server[94289]: DEBUG neutron_lib.callbacks.manager [None req-9ce29760-ec6d-441c-bf11-69ae96e2deb5 admin admin] Notify callbacks [] for security_group, before_delete {{(pid=94289) _notify_loop /usr/local/lib/python3.8/dist-packages/neutron_lib/callbacks/manager.py:192}}
Aug 09 15:37:54.781572 n-d-803778-2 neutron-server[94290]: DEBUG neutron.pecan_wsgi.hooks.policy_enforcement [req-1b6a7ee7-694f-4539-a2b0-4b10aef135a5 req-c72d79f5-a95a-4f13-b7b6-169c2d57cd04 service neutron] Attributes excluded by policy engine: ['standard_attr_id'] {{(pid=94290) _exclude_attributes_by_policy /opt/stack/neutron/neutron/pecan_wsgi/hooks/policy_enforcement.py:255}}
Aug 09 15:37:54.787613 n-d-803778-2 neutron-server[94290]: INFO neutron.wsgi [req-1b6a7ee7-694f-4539-a2b0-4b10aef135a5 req-c72d79f5-a95a-4f13-b7b6-169c2d57cd04 service neutron] 10.222.0.53 "GET /v2.0/ports?tenant_id=c126caad2f2b40d5995eda4abaffbf72&device_id=e0e6da23-b044-4b28-8a7d-ee4fdfd9b628 HTTP/1.1" status: 200 len: 1121 time: 0.0692141
Aug 09 15:37:54.847169 n-d-803778-2 neutron-server[94289]: DEBUG neutron.pecan_wsgi.hooks.policy_enforcement [req-015f4b20-fcb1-4720-9d22-14d96e8ff324 req-cbe50300-51b9-49aa-9060-93d4e86e3bf4 tempest-MigrationsAdminTest-672031055 tempest-MigrationsAdminTest-672031055-project] Attributes excluded by policy engine: ['standard_attr_id', 'binding:profile', 'binding:host_id', 'binding:vif_type', 'binding:vif_details'] {{(pid=94289) _exclude_attributes_by_policy /opt/stack/neutron/neutron/pecan_wsgi/hooks/policy_enforcement.py:255}}
Aug 09 15:37:54.848892 n-d-803778-2 neutron-server[94289]: INFO neutron.wsgi [req-015f4b20-fcb1-4720-9d22-14d96e8ff324 req-cbe50300-51b9-49aa-9060-93d4e86e3bf4 tempest-MigrationsAdminTest-672031055 tempest-MigrationsAdminTest-672031055-project] 10.222.0.81 "GET /v2.0/ports?device_id=2ea5800f-4655-4a32-8a39-d23418cef2f5 HTTP/1.1" status: 200 len: 970 time: 0.2882199
Aug 09 15:37:54.861725 n-d-803778-2 neutron-server[94289]: DEBUG neutron_lib.callbacks.manager [None req-9ce29760-ec6d-441c-bf11-69ae96e2deb5 admin admin] Notify callbacks [] for security_group, precommit_delete {{(pid=94289) _notify_loop /usr/local/lib/python3.8/dist-packages/neutron_lib/callbacks/manager.py:192}}
Aug 09 15:37:54.947654 n-d-803778-2 neutron-server[94290]: DEBUG neutron.pecan_wsgi.hooks.policy_enforcement [req-1b6a7ee7-694f-4539-a2b0-4b10aef135a5 req-7774890a-89b0-4874-ac96-7313f9b014ff service neutron] Attributes excluded by policy engine: ['standard_attr_id', 'vlan_transparent'] {{(pid=94290) _exclude_attributes_by_policy /opt/stack/neutron/neutron/pecan_wsgi/hooks/policy_enforcement.py:255}}
Aug 09 15:37:54.950251 n-d-803778-2 neutron-server[94290]: INFO neutron.wsgi [req-1b6a7ee7-694f-4539-a2b0-4b10aef135a5 req-7774890a-89b0-4874-ac96-7313f9b014ff service neutron] 10.222.0.53 "GET /v2.0/networks?id=93fc6782-998d-466f-90e8-d8a82f8aae7b HTTP/1.1" status: 200 len: 870 time: 0.1551931
Aug 09 15:37:54.997396 n-d-803778-2 neutron-server[94289]: INFO neutron.wsgi [req-015f4b20-fcb1-4720-9d22-14d96e8ff324 req-0ddfb4b6-b8a3-4491-a26d-370e1f7a7714 tempest-MigrationsAdminTest-672031055 tempest-MigrationsAdminTest-672031055-project] 10.222.0.81 "GET /v2.0/security-groups?id=f2ca2202-c663-4427-b1a5-7609df9ed5cd&fields=id&fields=name HTTP/1.1" status: 200 len: 286 time: 0.1271613
Aug 09 15:37:55.086178 n-d-803778-2 neutron-server[94290]: INFO neutron.wsgi [req-1b6a7ee7-694f-4539-a2b0-4b10aef135a5 req-c6c67d42-48b1-43bd-a661-c57e7d802b16 service neutron] 10.222.0.53 "GET /v2.0/floatingips?fixed_ip_address=192.168.233.103&port_id=018768f1-f00f-4d1d-9675-ecc186a132a2 HTTP/1.1" status: 200 len: 217 time: 0.1264300
Aug 09 15:37:55.127277 n-d-803778-2 neutron-server[94291]: DEBUG neutron.plugins.ml2.rpc [None req-8dd69fb0-3646-4fc5-8be5-0620d0145845 None None] Device 256eddf3-e306-4359-b23e-3a96dea74d6d up at agent ovs-agent-n-d-803778-2 {{(pid=94291) update_device_up /opt/stack/neutron/neutron/plugins/ml2/rpc.py:296}}
Aug 09 15:37:55.143410 n-d-803778-2 neutron-server[94289]: DEBUG neutron.pecan_wsgi.hooks.policy_enforcement [req-4f3272a9-bc70-43fa-9606-9bbb28ac1260 req-c49ba078-443c-4ba1-baf8-b9c9d2adee45 service neutron] Attributes excluded by policy engine: ['standard_attr_id', 'vlan_transparent'] {{(pid=94289) _exclude_attributes_by_policy /opt/stack/neutron/neutron/pecan_wsgi/hooks/policy_enforcement.py:255}}
Aug 09 15:37:55.145169 n-d-803778-2 neutron-server[94289]: INFO neutron.wsgi [req-4f3272a9-bc70-43fa-9606-9bbb28ac1260 req-c49ba078-443c-4ba1-baf8-b9c9d2adee45 service neutron] 10.222.0.53 "GET /v2.0/networks?id=93fc6782-998d-466f-90e8-d8a82f8aae7b HTTP/1.1" status: 200 len: 870 time: 0.4417012
Aug 09 15:37:55.174006 n-d-803778-2 neutron-server[94291]: DEBUG neutron.api.rpc.handlers.dhcp_rpc [None req-77d9ee7c-3db6-4b0e-bbe0-714e87b9420b None None] Network 13fb27af-5331-49b6-8f26-41d449fdf2b8 requested from n-d-803778-2 {{(pid=94291) get_network_info /opt/stack/neutron/neutron/api/rpc/handlers/dhcp_rpc.py:218}}
Aug 09 15:37:55.204032 n-d-803778-2 neutron-server[94289]: INFO neutron.wsgi [req-4f3272a9-bc70-43fa-9606-9bbb28ac1260 req-07ef6e5c-d355-4bef-9a71-7fe02fa9e34b service neutron] 10.222.0.53 "GET /v2.0/floatingips?fixed_ip_address=192.168.233.138&port_id=8a3bf99a-0506-4d47-9c9d-fafed99f2971 HTTP/1.1" status: 200 len: 217 time: 0.0483954
Aug 09 15:37:55.204568 n-d-803778-2 neutron-server[94289]: DEBUG neutron_lib.callbacks.manager [None req-cd3d09bf-a7f1-4db1-b3eb-13dfaee393f6 admin admin] Notify callbacks [] for router_gateway, after_create {{(pid=94289) _notify_loop /usr/local/lib/python3.8/dist-packages/neutron_lib/callbacks/manager.py:192}}
Aug 09 15:37:55.216399 n-d-803778-2 neutron-server[94290]: DEBUG neutron.wsgi [-] (94290) accepted ('10.222.0.81', 46936) {{(pid=94290) server /usr/local/lib/python3.8/dist-packages/eventlet/wsgi.py:982}}
Aug 09 15:37:55.263997 n-d-803778-2 neutron-server[94290]: DEBUG neutron_lib.callbacks.manager [None req-9c6bab50-2f75-4cff-8c07-37f5a01c17df admin admin] Notify callbacks [] for security_group, before_create {{(pid=94290) _notify_loop /usr/local/lib/python3.8/dist-packages/neutron_lib/callbacks/manager.py:192}}
Aug 09 15:37:55.266806 n-d-803778-2 neutron-server[94291]: DEBUG neutron.db.provisioning_blocks [None req-08c4c74f-2ffd-4780-a67f-1758a62df714 None None] Provisioning for port 256eddf3-e306-4359-b23e-3a96dea74d6d completed by entity DHCP. {{(pid=94291) provisioning_complete /opt/stack/neutron/neutron/db/provisioning_blocks.py:133}}
Aug 09 15:37:55.288063 n-d-803778-2 neutron-server[94291]: DEBUG neutron.db.provisioning_blocks [None req-8dd69fb0-3646-4fc5-8be5-0620d0145845 None None] Provisioning for port 256eddf3-e306-4359-b23e-3a96dea74d6d completed by entity L2. {{(pid=94291) provisioning_complete /opt/stack/neutron/neutron/db/provisioning_blocks.py:133}}
Aug 09 15:37:55.298975 n-d-803778-2 neutron-server[94290]: DEBUG neutron.pecan_wsgi.hooks.policy_enforcement [req-1b6a7ee7-694f-4539-a2b0-4b10aef135a5 req-64b0aa87-d4b5-4048-a7a2-bd1532de3e78 service neutron] Attributes excluded by policy engine: ['standard_attr_id', 'shared'] {{(pid=94290) _exclude_attributes_by_policy /opt/stack/neutron/neutron/pecan_wsgi/hooks/policy_enforcement.py:255}}
Aug 09 15:37:55.299222 n-d-803778-2 neutron-server[94291]: DEBUG neutron.db.provisioning_blocks [None req-8dd69fb0-3646-4fc5-8be5-0620d0145845 None None] Provisioning complete for port 256eddf3-e306-4359-b23e-3a96dea74d6d triggered by entity L2. {{(pid=94291) provisioning_complete /opt/stack/neutron/neutron/db/provisioning_blocks.py:139}}
Aug 09 15:37:55.299598 n-d-803778-2 neutron-server[94291]: DEBUG neutron_lib.callbacks.manager [None req-8dd69fb0-3646-4fc5-8be5-0620d0145845 None None] Notify callbacks ['neutron.plugins.ml2.plugin.Ml2Plugin._port_provisioned-903268'] for port, provisioning_complete {{(pid=94291) _notify_loop /usr/local/lib/python3.8/dist-packages/neutron_lib/callbacks/manager.py:192}}
Aug 09 15:37:55.301117 n-d-803778-2 neutron-server[94290]: INFO neutron.wsgi [req-1b6a7ee7-694f-4539-a2b0-4b10aef135a5 req-64b0aa87-d4b5-4048-a7a2-bd1532de3e78 service neutron] 10.222.0.53 "GET /v2.0/subnets?id=4444c197-8a4f-45f0-89a6-519cde67a053 HTTP/1.1" status: 200 len: 843 time: 0.1852262
Aug 09 15:37:55.408496 n-d-803778-2 neutron-server[94290]: DEBUG neutron_lib.callbacks.manager [None req-9c6bab50-2f75-4cff-8c07-37f5a01c17df admin admin] Notify callbacks [] for security_group, precommit_create {{(pid=94290) _notify_loop /usr/local/lib/python3.8/dist-packages/neutron_lib/callbacks/manager.py:192}}
Aug 09 15:37:55.422997 n-d-803778-2 neutron-server[94290]: DEBUG neutron_lib.callbacks.manager [None req-9c6bab50-2f75-4cff-8c07-37f5a01c17df admin admin] Notify callbacks ['neutron.plugins.ml2.ovo_rpc._ObjectChangeHandler.handle_event-1601468'] for security_group, after_create {{(pid=94290) _notify_loop /usr/local/lib/python3.8/dist-packages/neutron_lib/callbacks/manager.py:192}}
Aug 09 15:37:55.435857 n-d-803778-2 neutron-server[94290]: DEBUG neutron.pecan_wsgi.hooks.policy_enforcement [req-31fcc2d6-96b3-40fb-a89a-52265e36c7c5 req-43c0fbf0-c6e7-4102-9b82-17c70f6c4fdf tempest-AggregatesAdminTestJSON-430240487 tempest-AggregatesAdminTestJSON-430240487-project] Attributes excluded by policy engine: ['standard_attr_id', 'binding:profile', 'binding:host_id', 'binding:vif_type', 'binding:vif_details'] {{(pid=94290) _exclude_attributes_by_policy /opt/stack/neutron/neutron/pecan_wsgi/hooks/policy_enforcement.py:255}}
Aug 09 15:37:55.437777 n-d-803778-2 neutron-server[94290]: INFO neutron.wsgi [req-31fcc2d6-96b3-40fb-a89a-52265e36c7c5 req-43c0fbf0-c6e7-4102-9b82-17c70f6c4fdf tempest-AggregatesAdminTestJSON-430240487 tempest-AggregatesAdminTestJSON-430240487-project] 10.222.0.81 "GET /v2.0/ports?device_id=e0e6da23-b044-4b28-8a7d-ee4fdfd9b628 HTTP/1.1" status: 200 len: 970 time: 0.3555486
Aug 09 15:37:55.449146 n-d-803778-2 neutron-server[94291]: DEBUG neutron_lib.callbacks.manager [None req-8dd69fb0-3646-4fc5-8be5-0620d0145845 None None] Notify callbacks ['neutron.plugins.ml2.plugin.SecurityGroupDbMixin._ensure_default_security_group_handler-973351'] for port, before_update {{(pid=94291) _notify_loop /usr/local/lib/python3.8/dist-packages/neutron_lib/callbacks/manager.py:192}}
Aug 09 15:37:55.501397 n-d-803778-2 neutron-server[94291]: DEBUG neutron.plugins.ml2.db [None req-8dd69fb0-3646-4fc5-8be5-0620d0145845 None None] For port 256eddf3-e306-4359-b23e-3a96dea74d6d, host n-d-803778-2, got binding levels [PortBindingLevel(driver='openvswitch',host='n-d-803778-2',level=0,port_id=256eddf3-e306-4359-b23e-3a96dea74d6d,segment=NetworkSegment(88cf3b27-6a04-4c51-a018-f1b909ba9604),segment_id=88cf3b27-6a04-4c51-a018-f1b909ba9604)] {{(pid=94291) get_binding_level_objs /opt/stack/neutron/neutron/plugins/ml2/db.py:74}}
Aug 09 15:37:55.508537 n-d-803778-2 neutron-server[94291]: DEBUG neutron_lib.callbacks.manager [None req-8dd69fb0-3646-4fc5-8be5-0620d0145845 None None] Notify callbacks ['neutron.plugins.ml2.plugin.SecurityGroupServerNotifierRpcMixin._notify_sg_on_port_change-973193', 'neutron.plugins.ml2.ovo_rpc._ObjectChangeHandler.handle_event-397202', 'neutron.api.rpc.agentnotifiers.dhcp_rpc_agent_api.DhcpAgentNotifyAPI._native_event_send_dhcp_notification-2079551', 'neutron.db.l3_db.L3RpcNotifierMixin._notify_gateway_port_ip_changed-8765756868253', 'neutron.db.l3_dvrscheduler_db._notify_l3_agent_port_update-8765756396301', 'neutron.db.l3_hascheduler_db._notify_l3_agent_ha_port_update-8765756396319'] for port, after_update {{(pid=94291) _notify_loop /usr/local/lib/python3.8/dist-packages/neutron_lib/callbacks/manager.py:192}}
Aug 09 15:37:55.510229 n-d-803778-2 neutron-server[94291]: DEBUG neutron.plugins.ml2.rpc [None req-8dd69fb0-3646-4fc5-8be5-0620d0145845 None None] Device ebb9b62f-1ab1-4679-b407-2072660014e4 up at agent ovs-agent-n-d-803778-2 {{(pid=94291) update_device_up /opt/stack/neutron/neutron/plugins/ml2/rpc.py:296}}
Aug 09 15:37:55.521624 n-d-803778-2 neutron-server[94290]: INFO neutron.wsgi [None req-9c6bab50-2f75-4cff-8c07-37f5a01c17df admin admin] 10.222.0.81 "GET /v2.0/security-groups?tenant_id=cc748a1c34e44cbe9c41d09527f0c33c&name=default HTTP/1.1" status: 200 len: 2979 time: 0.2987254
Aug 09 15:37:55.521624 n-d-803778-2 neutron-server[94290]: DEBUG neutron.api.rpc.handlers.resources_rpc [None req-9c6bab50-2f75-4cff-8c07-37f5a01c17df admin admin] Pushing event updated for resources: {'SecurityGroup': ['ID=fd51f477-5002-4782-8c9a-20d0c3afe4ae,revision_number=1']} {{(pid=94290) push /opt/stack/neutron/neutron/api/rpc/handlers/resources_rpc.py:237}}
Aug 09 15:37:55.524387 n-d-803778-2 neutron-server[94290]: DEBUG neutron.wsgi [-] (94290) accepted ('10.222.0.81', 46940) {{(pid=94290) server /usr/local/lib/python3.8/dist-packages/eventlet/wsgi.py:982}}
Aug 09 15:37:55.533030 n-d-803778-2 neutron-server[94289]: DEBUG neutron_lib.callbacks.manager [None req-9ce29760-ec6d-441c-bf11-69ae96e2deb5 admin admin] Notify callbacks ['neutron.plugins.ml2.ovo_rpc._ObjectChangeHandler.handle_event-1601468'] for security_group, after_delete {{(pid=94289) _notify_loop /usr/local/lib/python3.8/dist-packages/neutron_lib/callbacks/manager.py:192}}
Aug 09 15:37:55.535767 n-d-803778-2 neutron-server[94289]: DEBUG neutron_lib.callbacks.manager [None req-9ce29760-ec6d-441c-bf11-69ae96e2deb5 admin admin] Notify callbacks [] for security_group, before_response {{(pid=94289) _notify_loop /usr/local/lib/python3.8/dist-packages/neutron_lib/callbacks/manager.py:192}}
Aug 09 15:37:55.537487 n-d-803778-2 neutron-server[94289]: INFO neutron.wsgi [None req-9ce29760-ec6d-441c-bf11-69ae96e2deb5 admin admin] 10.222.0.81 "DELETE /v2.0/security-groups/a086ac84-ff00-43c1-ab84-6390fb3a1237 HTTP/1.1" status: 204 len: 168 time: 0.9707987
Aug 09 15:37:55.561254 n-d-803778-2 neutron-server[94290]: INFO neutron.wsgi [req-31fcc2d6-96b3-40fb-a89a-52265e36c7c5 req-e5739509-ea5c-41c6-b17c-ab4b3b7e66c9 tempest-AggregatesAdminTestJSON-430240487 tempest-AggregatesAdminTestJSON-430240487-project] 10.222.0.81 "GET /v2.0/security-groups?id=62b9c499-459d-4907-98ee-063b787dacd4&fields=id&fields=name HTTP/1.1" status: 200 len: 286 time: 0.1066139
Aug 09 15:37:55.568089 n-d-803778-2 neutron-server[94290]: DEBUG neutron.pecan_wsgi.hooks.policy_enforcement [req-1b6a7ee7-694f-4539-a2b0-4b10aef135a5 req-6f49bbe8-f5d9-443a-bc5d-4626bc1b29e2 service neutron] Attributes excluded by policy engine: ['standard_attr_id'] {{(pid=94290) _exclude_attributes_by_policy /opt/stack/neutron/neutron/pecan_wsgi/hooks/policy_enforcement.py:255}}
Aug 09 15:37:55.569622 n-d-803778-2 neutron-server[94290]: INFO neutron.wsgi [req-1b6a7ee7-694f-4539-a2b0-4b10aef135a5 req-6f49bbe8-f5d9-443a-bc5d-4626bc1b29e2 service neutron] 10.222.0.53 "GET /v2.0/ports?network_id=93fc6782-998d-466f-90e8-d8a82f8aae7b&device_owner=network%3Adhcp HTTP/1.1" status: 200 len: 1166 time: 0.1565800
Aug 09 15:37:55.644717 n-d-803778-2 neutron-server[94289]: DEBUG neutron.api.rpc.handlers.resources_rpc [None req-9ce29760-ec6d-441c-bf11-69ae96e2deb5 admin admin] Pushing event deleted for resources: {'SecurityGroup': ['ID=a086ac84-ff00-43c1-ab84-6390fb3a1237,revision_number=None']} {{(pid=94289) push /opt/stack/neutron/neutron/api/rpc/handlers/resources_rpc.py:237}}
Aug 09 15:37:55.693419 n-d-803778-2 neutron-server[94290]: DEBUG neutron_lib.callbacks.manager [None req-65389a50-6df8-4859-bdcd-adfdcfa81a75 admin admin] Notify callbacks [] for security_group, before_delete {{(pid=94290) _notify_loop /usr/local/lib/python3.8/dist-packages/neutron_lib/callbacks/manager.py:192}}
Aug 09 15:37:55.704765 n-d-803778-2 neutron-server[94291]: DEBUG neutron.db.provisioning_blocks [None req-8dd69fb0-3646-4fc5-8be5-0620d0145845 None None] Provisioning for port ebb9b62f-1ab1-4679-b407-2072660014e4 completed by entity L2. {{(pid=94291) provisioning_complete /opt/stack/neutron/neutron/db/provisioning_blocks.py:133}}
Aug 09 15:37:55.708397 n-d-803778-2 neutron-server[94289]: DEBUG neutron.pecan_wsgi.hooks.policy_enforcement [req-4f3272a9-bc70-43fa-9606-9bbb28ac1260 req-09827ee6-d35b-4027-90f4-c935d4d96aa3 service neutron] Attributes excluded by policy engine: ['standard_attr_id', 'shared'] {{(pid=94289) _exclude_attributes_by_policy /opt/stack/neutron/neutron/pecan_wsgi/hooks/policy_enforcement.py:255}}
Aug 09 15:37:55.709931 n-d-803778-2 neutron-server[94291]: DEBUG neutron.api.rpc.handlers.resources_rpc [None req-8dd69fb0-3646-4fc5-8be5-0620d0145845 None None] Pushing event updated for resources: {'Port': ['ID=256eddf3-e306-4359-b23e-3a96dea74d6d,revision_number=3']} {{(pid=94291) push /opt/stack/neutron/neutron/api/rpc/handlers/resources_rpc.py:237}}
Aug 09 15:37:55.710070 n-d-803778-2 neutron-server[94289]: INFO neutron.wsgi [req-4f3272a9-bc70-43fa-9606-9bbb28ac1260 req-09827ee6-d35b-4027-90f4-c935d4d96aa3 service neutron] 10.222.0.53 "GET /v2.0/subnets?id=4444c197-8a4f-45f0-89a6-519cde67a053 HTTP/1.1" status: 200 len: 843 time: 0.4656820
Aug 09 15:37:55.729565 n-d-803778-2 neutron-server[94291]: DEBUG neutron.db.provisioning_blocks [None req-8dd69fb0-3646-4fc5-8be5-0620d0145845 None None] Provisioning complete for port ebb9b62f-1ab1-4679-b407-2072660014e4 triggered by entity L2. {{(pid=94291) provisioning_complete /opt/stack/neutron/neutron/db/provisioning_blocks.py:139}}
Aug 09 15:37:55.730750 n-d-803778-2 neutron-server[94291]: DEBUG neutron_lib.callbacks.manager [None req-8dd69fb0-3646-4fc5-8be5-0620d0145845 None None] Notify callbacks ['neutron.plugins.ml2.plugin.Ml2Plugin._port_provisioned-903268'] for port, provisioning_complete {{(pid=94291) _notify_loop /usr/local/lib/python3.8/dist-packages/neutron_lib/callbacks/manager.py:192}}
Aug 09 15:37:55.757201 n-d-803778-2 neutron-server[94290]: DEBUG neutron_lib.callbacks.manager [None req-65389a50-6df8-4859-bdcd-adfdcfa81a75 admin admin] Notify callbacks [] for security_group, precommit_delete {{(pid=94290) _notify_loop /usr/local/lib/python3.8/dist-packages/neutron_lib/callbacks/manager.py:192}}
Aug 09 15:37:55.776176 n-d-803778-2 neutron-server[94290]: INFO neutron.wsgi [req-1b6a7ee7-694f-4539-a2b0-4b10aef135a5 req-30c3b2ee-6029-440b-8d92-d2a2260c70d1 service neutron] 10.222.0.53 "GET /v2.0/networks/93fc6782-998d-466f-90e8-d8a82f8aae7b?fields=segments HTTP/1.1" status: 200 len: 212 time: 0.1910381
Aug 09 15:37:55.786853 n-d-803778-2 neutron-server[94289]: DEBUG neutron.pecan_wsgi.hooks.policy_enforcement [req-565530d5-6c55-4e44-ba73-1c91161d150a req-89a1c9f1-a4ca-4f25-b5b0-404da19e24d9 tempest-DeleteServersAdminTestJSON-1870209717 tempest-DeleteServersAdminTestJSON-1870209717-project] Attributes excluded by policy engine: ['standard_attr_id', 'binding:profile', 'binding:host_id', 'binding:vif_type', 'binding:vif_details'] {{(pid=94289) _exclude_attributes_by_policy /opt/stack/neutron/neutron/pecan_wsgi/hooks/policy_enforcement.py:255}}
Aug 09 15:37:55.788400 n-d-803778-2 neutron-server[94289]: INFO neutron.wsgi [req-565530d5-6c55-4e44-ba73-1c91161d150a req-89a1c9f1-a4ca-4f25-b5b0-404da19e24d9 tempest-DeleteServersAdminTestJSON-1870209717 tempest-DeleteServersAdminTestJSON-1870209717-project] 10.222.0.81 "GET /v2.0/ports?device_id=a2ee3a41-581a-4ce7-b5df-3f0251c549ba HTTP/1.1" status: 200 len: 970 time: 0.2497425
Aug 09 15:37:55.857052 n-d-803778-2 neutron-server[94291]: DEBUG neutron.db.provisioning_blocks [None req-160738f9-5eb5-48ac-a033-5444cf5c6cc9 None None] Provisioning complete for port 256eddf3-e306-4359-b23e-3a96dea74d6d triggered by entity DHCP. {{(pid=94291) provisioning_complete /opt/stack/neutron/neutron/db/provisioning_blocks.py:139}}
Aug 09 15:37:55.857856 n-d-803778-2 neutron-server[94291]: DEBUG neutron_lib.callbacks.manager [None req-160738f9-5eb5-48ac-a033-5444cf5c6cc9 None None] Notify callbacks ['neutron.plugins.ml2.plugin.Ml2Plugin._port_provisioned-903268'] for port, provisioning_complete {{(pid=94291) _notify_loop /usr/local/lib/python3.8/dist-packages/neutron_lib/callbacks/manager.py:192}}
Aug 09 15:37:55.863778 n-d-803778-2 neutron-server[94291]: DEBUG neutron_lib.callbacks.manager [None req-8dd69fb0-3646-4fc5-8be5-0620d0145845 None None] Notify callbacks ['neutron.plugins.ml2.plugin.SecurityGroupDbMixin._ensure_default_security_group_handler-973351'] for port, before_update {{(pid=94291) _notify_loop /usr/local/lib/python3.8/dist-packages/neutron_lib/callbacks/manager.py:192}}
Aug 09 15:37:55.917054 n-d-803778-2 neutron-server[94291]: DEBUG neutron.plugins.ml2.rpc [None req-4cef02af-cb99-4c49-a0a4-e4e7b1b97238 None None] Device 8dc4c806-45de-4fb8-ae40-883cc85ad263 details requested by agent hyperv_n-h1-803778-2 with host n-h1-803778-2 {{(pid=94291) get_device_details /opt/stack/neutron/neutron/plugins/ml2/rpc.py:102}}
Aug 09 15:37:55.922360 n-d-803778-2 neutron-server[94290]: DEBUG neutron_lib.callbacks.manager [None req-65389a50-6df8-4859-bdcd-adfdcfa81a75 admin admin] Notify callbacks ['neutron.plugins.ml2.ovo_rpc._ObjectChangeHandler.handle_event-1601468'] for security_group, after_delete {{(pid=94290) _notify_loop /usr/local/lib/python3.8/dist-packages/neutron_lib/callbacks/manager.py:192}}
Aug 09 15:37:55.927293 n-d-803778-2 neutron-server[94290]: DEBUG neutron_lib.callbacks.manager [None req-65389a50-6df8-4859-bdcd-adfdcfa81a75 admin admin] Notify callbacks [] for security_group, before_response {{(pid=94290) _notify_loop /usr/local/lib/python3.8/dist-packages/neutron_lib/callbacks/manager.py:192}}
Aug 09 15:37:55.931176 n-d-803778-2 neutron-server[94290]: INFO neutron.wsgi [None req-65389a50-6df8-4859-bdcd-adfdcfa81a75 admin admin] 10.222.0.81 "DELETE /v2.0/security-groups/fd51f477-5002-4782-8c9a-20d0c3afe4ae HTTP/1.1" status: 204 len: 168 time: 0.4013844
Aug 09 15:37:55.941552 n-d-803778-2 neutron-server[94289]: INFO neutron.wsgi [req-565530d5-6c55-4e44-ba73-1c91161d150a req-91b725c4-486e-446d-9d85-3c9ce5af1a9a tempest-DeleteServersAdminTestJSON-1870209717 tempest-DeleteServersAdminTestJSON-1870209717-project] 10.222.0.81 "GET /v2.0/security-groups?id=5a296dc6-921e-4484-9ae7-8b7e49e7222d&fields=id&fields=name HTTP/1.1" status: 200 len: 286 time: 0.1415098
Aug 09 15:37:55.946328 n-d-803778-2 neutron-server[94289]: DEBUG neutron.pecan_wsgi.hooks.policy_enforcement [req-4f3272a9-bc70-43fa-9606-9bbb28ac1260 req-f610b2d4-f563-4c54-bf13-29bee1ee4009 service neutron] Attributes excluded by policy engine: ['standard_attr_id'] {{(pid=94289) _exclude_attributes_by_policy /opt/stack/neutron/neutron/pecan_wsgi/hooks/policy_enforcement.py:255}}
Aug 09 15:37:55.947390 n-d-803778-2 neutron-server[94289]: INFO neutron.wsgi [req-4f3272a9-bc70-43fa-9606-9bbb28ac1260 req-f610b2d4-f563-4c54-bf13-29bee1ee4009 service neutron] 10.222.0.53 "GET /v2.0/ports?network_id=93fc6782-998d-466f-90e8-d8a82f8aae7b&device_owner=network%3Adhcp HTTP/1.1" status: 200 len: 1166 time: 0.1969941
Aug 09 15:37:55.955217 n-d-803778-2 neutron-server[94289]: DEBUG neutron_lib.callbacks.manager [None req-cd3d09bf-a7f1-4db1-b3eb-13dfaee393f6 admin admin] Notify callbacks ['neutron.services.l3_router.l3_router_plugin.L3_HA_NAT_db_mixin._after_router_create-2049906', 'neutron.services.l3_router.l3_router_plugin.DVRResourceOperationHandler._create_snat_interfaces_after_change-2052857'] for router, after_create {{(pid=94289) _notify_loop /usr/local/lib/python3.8/dist-packages/neutron_lib/callbacks/manager.py:192}}
Aug 09 15:37:55.967032 n-d-803778-2 neutron-server[94291]: DEBUG neutron.plugins.ml2.db [None req-8dd69fb0-3646-4fc5-8be5-0620d0145845 None None] For port ebb9b62f-1ab1-4679-b407-2072660014e4, host n-d-803778-2, got binding levels [PortBindingLevel(driver='openvswitch',host='n-d-803778-2',level=0,port_id=ebb9b62f-1ab1-4679-b407-2072660014e4,segment=NetworkSegment(1267f897-a01b-4a52-b7d0-d79ea0e7f4bd),segment_id=1267f897-a01b-4a52-b7d0-d79ea0e7f4bd)] {{(pid=94291) get_binding_level_objs /opt/stack/neutron/neutron/plugins/ml2/db.py:74}}
Aug 09 15:37:55.978555 n-d-803778-2 neutron-server[94291]: DEBUG neutron_lib.callbacks.manager [None req-8dd69fb0-3646-4fc5-8be5-0620d0145845 None None] Notify callbacks ['neutron.plugins.ml2.plugin.SecurityGroupServerNotifierRpcMixin._notify_sg_on_port_change-973193', 'neutron.plugins.ml2.ovo_rpc._ObjectChangeHandler.handle_event-397202', 'neutron.api.rpc.agentnotifiers.dhcp_rpc_agent_api.DhcpAgentNotifyAPI._native_event_send_dhcp_notification-2079551', 'neutron.db.l3_db.L3RpcNotifierMixin._notify_gateway_port_ip_changed-8765756868253', 'neutron.db.l3_dvrscheduler_db._notify_l3_agent_port_update-8765756396301', 'neutron.db.l3_hascheduler_db._notify_l3_agent_ha_port_update-8765756396319'] for port, after_update {{(pid=94291) _notify_loop /usr/local/lib/python3.8/dist-packages/neutron_lib/callbacks/manager.py:192}}
Aug 09 15:37:55.985669 n-d-803778-2 neutron-server[94290]: DEBUG neutron.api.rpc.handlers.resources_rpc [None req-65389a50-6df8-4859-bdcd-adfdcfa81a75 admin admin] Pushing event deleted for resources: {'SecurityGroup': ['ID=fd51f477-5002-4782-8c9a-20d0c3afe4ae,revision_number=None']} {{(pid=94290) push /opt/stack/neutron/neutron/api/rpc/handlers/resources_rpc.py:237}}
Aug 09 15:37:56.004111 n-d-803778-2 neutron-server[94290]: INFO neutron.wsgi [req-1b6a7ee7-694f-4539-a2b0-4b10aef135a5 req-e14759d1-3634-4b6c-8791-5443473ef82e service neutron] 10.222.0.53 "GET /v2.0/networks/93fc6782-998d-466f-90e8-d8a82f8aae7b?fields=provider%3Aphysical_network&fields=provider%3Anetwork_type HTTP/1.1" status: 200 len: 281 time: 0.2202361
Aug 09 15:37:56.159247 n-d-803778-2 neutron-server[94291]: DEBUG neutron.api.rpc.handlers.resources_rpc [None req-8dd69fb0-3646-4fc5-8be5-0620d0145845 None None] Pushing event updated for resources: {'Port': ['ID=ebb9b62f-1ab1-4679-b407-2072660014e4,revision_number=5']} {{(pid=94291) push /opt/stack/neutron/neutron/api/rpc/handlers/resources_rpc.py:237}}
Aug 09 15:37:56.183303 n-d-803778-2 neutron-server[94291]: DEBUG neutron.plugins.ml2.db [None req-4cef02af-cb99-4c49-a0a4-e4e7b1b97238 None None] For port 8dc4c806-45de-4fb8-ae40-883cc85ad263, host n-h1-803778-2, got binding levels [PortBindingLevel(driver='hyperv',host='n-h1-803778-2',level=0,port_id=8dc4c806-45de-4fb8-ae40-883cc85ad263,segment=NetworkSegment(04c371e9-a087-4af4-b2e6-b1b12d197f3e),segment_id=04c371e9-a087-4af4-b2e6-b1b12d197f3e)] {{(pid=94291) get_binding_level_objs /opt/stack/neutron/neutron/plugins/ml2/db.py:74}}
Aug 09 15:37:56.192569 n-d-803778-2 neutron-server[94289]: INFO neutron.wsgi [req-4f3272a9-bc70-43fa-9606-9bbb28ac1260 req-932f3049-e13c-400a-864d-4f7ff7355578 service neutron] 10.222.0.53 "GET /v2.0/networks/93fc6782-998d-466f-90e8-d8a82f8aae7b?fields=segments HTTP/1.1" status: 200 len: 212 time: 0.2349408
Aug 09 15:37:56.198884 n-d-803778-2 neutron-server[94291]: DEBUG neutron.plugins.ml2.rpc [None req-4cef02af-cb99-4c49-a0a4-e4e7b1b97238 None None] Returning: {'device': '8dc4c806-45de-4fb8-ae40-883cc85ad263', 'network_id': '93fc6782-998d-466f-90e8-d8a82f8aae7b', 'port_id': '8dc4c806-45de-4fb8-ae40-883cc85ad263', 'mac_address': 'fa:16:3e:9d:32:f4', 'admin_state_up': True, 'network_type': 'vlan', 'segmentation_id': 687, 'physical_network': 'physnet1', 'mtu': 1500, 'fixed_ips': [{'subnet_id': '4444c197-8a4f-45f0-89a6-519cde67a053', 'ip_address': '192.168.233.202'}], 'device_owner': 'compute:tempest-test_az-1635693599', 'allowed_address_pairs': [], 'port_security_enabled': True, 'qos_policy_id': None, 'network_qos_policy_id': None, 'profile': {}, 'propagate_uplink_status': False} {{(pid=94291) _get_device_details /opt/stack/neutron/neutron/plugins/ml2/rpc.py:184}}
Aug 09 15:37:56.219825 n-d-803778-2 neutron-server[94290]: DEBUG neutron.wsgi [-] (94290) accepted ('10.222.0.81', 46952) {{(pid=94290) server /usr/local/lib/python3.8/dist-packages/eventlet/wsgi.py:982}}
Aug 09 15:37:56.241580 n-d-803778-2 neutron-server[94291]: DEBUG neutron_lib.callbacks.manager [None req-4cef02af-cb99-4c49-a0a4-e4e7b1b97238 None None] Notify callbacks ['neutron.plugins.ml2.plugin.SecurityGroupDbMixin._ensure_default_security_group_handler-973351'] for port, before_update {{(pid=94291) _notify_loop /usr/local/lib/python3.8/dist-packages/neutron_lib/callbacks/manager.py:192}}
Aug 09 15:37:56.251112 n-d-803778-2 neutron-server[94290]: DEBUG neutron.pecan_wsgi.hooks.policy_enforcement [req-b0ccf074-9b6f-44b8-a464-e6ca294253e0 req-e2786ce7-f6e5-444a-986b-d930bca1541f tempest-MigrationsAdminTest-672031055 tempest-MigrationsAdminTest-672031055-project] Attributes excluded by policy engine: ['standard_attr_id', 'binding:profile', 'binding:host_id', 'binding:vif_type', 'binding:vif_details'] {{(pid=94290) _exclude_attributes_by_policy /opt/stack/neutron/neutron/pecan_wsgi/hooks/policy_enforcement.py:255}}
Aug 09 15:37:56.253880 n-d-803778-2 neutron-server[94290]: INFO neutron.wsgi [req-b0ccf074-9b6f-44b8-a464-e6ca294253e0 req-e2786ce7-f6e5-444a-986b-d930bca1541f tempest-MigrationsAdminTest-672031055 tempest-MigrationsAdminTest-672031055-project] 10.222.0.81 "GET /v2.0/ports?device_id=2ea5800f-4655-4a32-8a39-d23418cef2f5 HTTP/1.1" status: 200 len: 970 time: 0.1119761
Aug 09 15:37:56.255195 n-d-803778-2 neutron-server[94290]: DEBUG neutron_lib.callbacks.manager [None req-18b2737f-915e-47a0-b8ce-74efd04f336d admin admin] Notify callbacks [] for security_group, before_create {{(pid=94290) _notify_loop /usr/local/lib/python3.8/dist-packages/neutron_lib/callbacks/manager.py:192}}
Aug 09 15:37:56.262725 n-d-803778-2 neutron-server[94291]: DEBUG neutron.notifiers.nova [None req-4cef02af-cb99-4c49-a0a4-e4e7b1b97238 None None] Ignoring state change previous_port_status: DOWN current_port_status: BUILD port_id 8dc4c806-45de-4fb8-ae40-883cc85ad263 {{(pid=94291) record_port_status_changed /opt/stack/neutron/neutron/notifiers/nova.py:224}}
Aug 09 15:37:56.287311 n-d-803778-2 neutron-server[94291]: DEBUG neutron.plugins.ml2.db [None req-4cef02af-cb99-4c49-a0a4-e4e7b1b97238 None None] For port 8dc4c806-45de-4fb8-ae40-883cc85ad263, host n-h1-803778-2, got binding levels [PortBindingLevel(driver='hyperv',host='n-h1-803778-2',level=0,port_id=8dc4c806-45de-4fb8-ae40-883cc85ad263,segment=NetworkSegment(04c371e9-a087-4af4-b2e6-b1b12d197f3e),segment_id=04c371e9-a087-4af4-b2e6-b1b12d197f3e)] {{(pid=94291) get_binding_level_objs /opt/stack/neutron/neutron/plugins/ml2/db.py:74}}
Aug 09 15:37:56.293075 n-d-803778-2 neutron-server[94291]: DEBUG neutron_lib.callbacks.manager [None req-4cef02af-cb99-4c49-a0a4-e4e7b1b97238 None None] Notify callbacks ['neutron.plugins.ml2.plugin.SecurityGroupServerNotifierRpcMixin._notify_sg_on_port_change-973193', 'neutron.plugins.ml2.ovo_rpc._ObjectChangeHandler.handle_event-397202', 'neutron.api.rpc.agentnotifiers.dhcp_rpc_agent_api.DhcpAgentNotifyAPI._native_event_send_dhcp_notification-2079551', 'neutron.db.l3_db.L3RpcNotifierMixin._notify_gateway_port_ip_changed-8765756868253', 'neutron.db.l3_dvrscheduler_db._notify_l3_agent_port_update-8765756396301', 'neutron.db.l3_hascheduler_db._notify_l3_agent_ha_port_update-8765756396319'] for port, after_update {{(pid=94291) _notify_loop /usr/local/lib/python3.8/dist-packages/neutron_lib/callbacks/manager.py:192}}
Aug 09 15:37:56.294015 n-d-803778-2 neutron-server[94291]: DEBUG neutron.plugins.ml2.rpc [None req-4cef02af-cb99-4c49-a0a4-e4e7b1b97238 None None] Device 018768f1-f00f-4d1d-9675-ecc186a132a2 details requested by agent hyperv_n-h1-803778-2 with host n-h1-803778-2 {{(pid=94291) get_device_details /opt/stack/neutron/neutron/plugins/ml2/rpc.py:102}}
Aug 09 15:37:56.329227 n-d-803778-2 neutron-server[94289]: DEBUG neutron.scheduler.l3_agent_scheduler [None req-cd3d09bf-a7f1-4db1-b3eb-13dfaee393f6 admin admin] Router ffc946ca-1cdc-47d0-baa9-7f0033ff6b46 is scheduled to L3 agent 65ff7825-3a59-4bae-a3c4-039f70bc1589 with binding_index 1 {{(pid=94289) bind_router /opt/stack/neutron/neutron/scheduler/l3_agent_scheduler.py:210}}
Aug 09 15:37:56.337426 n-d-803778-2 neutron-server[94290]: INFO neutron.wsgi [req-b0ccf074-9b6f-44b8-a464-e6ca294253e0 req-e69ef5d0-fcf1-4c01-b7c8-4b5ec302b8aa tempest-MigrationsAdminTest-672031055 tempest-MigrationsAdminTest-672031055-project] 10.222.0.81 "GET /v2.0/security-groups?id=f2ca2202-c663-4427-b1a5-7609df9ed5cd&fields=id&fields=name HTTP/1.1" status: 200 len: 286 time: 0.0630724
Aug 09 15:37:56.342691 n-d-803778-2 neutron-server[94289]: INFO neutron.wsgi [req-4f3272a9-bc70-43fa-9606-9bbb28ac1260 req-d8384870-b6ce-49a0-b36e-7abb69e33413 service neutron] 10.222.0.53 "GET /v2.0/networks/93fc6782-998d-466f-90e8-d8a82f8aae7b?fields=provider%3Aphysical_network&fields=provider%3Anetwork_type HTTP/1.1" status: 200 len: 281 time: 0.1356230
Aug 09 15:37:56.382394 n-d-803778-2 neutron-server[94291]: DEBUG neutron.plugins.ml2.db [None req-4cef02af-cb99-4c49-a0a4-e4e7b1b97238 None None] For port 018768f1-f00f-4d1d-9675-ecc186a132a2, host n-h1-803778-2, got binding levels [PortBindingLevel(driver='hyperv',host='n-h1-803778-2',level=0,port_id=018768f1-f00f-4d1d-9675-ecc186a132a2,segment=NetworkSegment(04c371e9-a087-4af4-b2e6-b1b12d197f3e),segment_id=04c371e9-a087-4af4-b2e6-b1b12d197f3e)] {{(pid=94291) get_binding_level_objs /opt/stack/neutron/neutron/plugins/ml2/db.py:74}}
Aug 09 15:37:56.401638 n-d-803778-2 neutron-server[94291]: DEBUG neutron.api.rpc.handlers.resources_rpc [None req-4cef02af-cb99-4c49-a0a4-e4e7b1b97238 None None] Pushing event updated for resources: {'Port': ['ID=8dc4c806-45de-4fb8-ae40-883cc85ad263,revision_number=4']} {{(pid=94291) push /opt/stack/neutron/neutron/api/rpc/handlers/resources_rpc.py:237}}
Aug 09 15:37:56.404746 n-d-803778-2 neutron-server[94291]: DEBUG neutron.plugins.ml2.rpc [None req-4cef02af-cb99-4c49-a0a4-e4e7b1b97238 None None] Returning: {'device': '018768f1-f00f-4d1d-9675-ecc186a132a2', 'network_id': '93fc6782-998d-466f-90e8-d8a82f8aae7b', 'port_id': '018768f1-f00f-4d1d-9675-ecc186a132a2', 'mac_address': 'fa:16:3e:9a:4d:70', 'admin_state_up': True, 'network_type': 'vlan', 'segmentation_id': 687, 'physical_network': 'physnet1', 'mtu': 1500, 'fixed_ips': [{'subnet_id': '4444c197-8a4f-45f0-89a6-519cde67a053', 'ip_address': '192.168.233.103'}], 'device_owner': 'compute:tempest-test_az-1635693599', 'allowed_address_pairs': [], 'port_security_enabled': True, 'qos_policy_id': None, 'network_qos_policy_id': None, 'profile': {}, 'propagate_uplink_status': False} {{(pid=94291) _get_device_details /opt/stack/neutron/neutron/plugins/ml2/rpc.py:184}}
Aug 09 15:37:56.440934 n-d-803778-2 neutron-server[94290]: DEBUG neutron_lib.callbacks.manager [None req-18b2737f-915e-47a0-b8ce-74efd04f336d admin admin] Notify callbacks [] for security_group, precommit_create {{(pid=94290) _notify_loop /usr/local/lib/python3.8/dist-packages/neutron_lib/callbacks/manager.py:192}}
Aug 09 15:37:56.448189 n-d-803778-2 neutron-server[94290]: DEBUG neutron_lib.callbacks.manager [None req-18b2737f-915e-47a0-b8ce-74efd04f336d admin admin] Notify callbacks ['neutron.plugins.ml2.ovo_rpc._ObjectChangeHandler.handle_event-1601468'] for security_group, after_create {{(pid=94290) _notify_loop /usr/local/lib/python3.8/dist-packages/neutron_lib/callbacks/manager.py:192}}
Aug 09 15:37:56.450003 n-d-803778-2 neutron-server[94291]: DEBUG neutron_lib.callbacks.manager [None req-4cef02af-cb99-4c49-a0a4-e4e7b1b97238 None None] Notify callbacks ['neutron.plugins.ml2.plugin.SecurityGroupDbMixin._ensure_default_security_group_handler-973351'] for port, before_update {{(pid=94291) _notify_loop /usr/local/lib/python3.8/dist-packages/neutron_lib/callbacks/manager.py:192}}
Aug 09 15:37:56.464338 n-d-803778-2 neutron-server[94291]: DEBUG neutron.notifiers.nova [None req-4cef02af-cb99-4c49-a0a4-e4e7b1b97238 None None] Ignoring state change previous_port_status: DOWN current_port_status: BUILD port_id 018768f1-f00f-4d1d-9675-ecc186a132a2 {{(pid=94291) record_port_status_changed /opt/stack/neutron/neutron/notifiers/nova.py:224}}
Aug 09 15:37:56.491693 n-d-803778-2 neutron-server[94291]: DEBUG neutron.plugins.ml2.db [None req-4cef02af-cb99-4c49-a0a4-e4e7b1b97238 None None] For port 018768f1-f00f-4d1d-9675-ecc186a132a2, host n-h1-803778-2, got binding levels [PortBindingLevel(driver='hyperv',host='n-h1-803778-2',level=0,port_id=018768f1-f00f-4d1d-9675-ecc186a132a2,segment=NetworkSegment(04c371e9-a087-4af4-b2e6-b1b12d197f3e),segment_id=04c371e9-a087-4af4-b2e6-b1b12d197f3e)] {{(pid=94291) get_binding_level_objs /opt/stack/neutron/neutron/plugins/ml2/db.py:74}}
Aug 09 15:37:56.497982 n-d-803778-2 neutron-server[94291]: DEBUG neutron_lib.callbacks.manager [None req-4cef02af-cb99-4c49-a0a4-e4e7b1b97238 None None] Notify callbacks ['neutron.plugins.ml2.plugin.SecurityGroupServerNotifierRpcMixin._notify_sg_on_port_change-973193', 'neutron.plugins.ml2.ovo_rpc._ObjectChangeHandler.handle_event-397202', 'neutron.api.rpc.agentnotifiers.dhcp_rpc_agent_api.DhcpAgentNotifyAPI._native_event_send_dhcp_notification-2079551', 'neutron.db.l3_db.L3RpcNotifierMixin._notify_gateway_port_ip_changed-8765756868253', 'neutron.db.l3_dvrscheduler_db._notify_l3_agent_port_update-8765756396301', 'neutron.db.l3_hascheduler_db._notify_l3_agent_ha_port_update-8765756396319'] for port, after_update {{(pid=94291) _notify_loop /usr/local/lib/python3.8/dist-packages/neutron_lib/callbacks/manager.py:192}}
Aug 09 15:37:56.499831 n-d-803778-2 neutron-server[94290]: INFO neutron.wsgi [None req-18b2737f-915e-47a0-b8ce-74efd04f336d admin admin] 10.222.0.81 "GET /v2.0/security-groups?tenant_id=f77f905337d54903a798984a8fa9b6a1&name=default HTTP/1.1" status: 200 len: 2979 time: 0.2783897
Aug 09 15:37:56.504315 n-d-803778-2 neutron-server[94289]: DEBUG neutron.wsgi [-] (94289) accepted ('10.222.0.81', 46960) {{(pid=94289) server /usr/local/lib/python3.8/dist-packages/eventlet/wsgi.py:982}}
Aug 09 15:37:56.507575 n-d-803778-2 neutron-server[94290]: DEBUG neutron.api.rpc.handlers.resources_rpc [None req-18b2737f-915e-47a0-b8ce-74efd04f336d admin admin] Pushing event updated for resources: {'SecurityGroup': ['ID=4f881de8-e15f-4d43-9a23-c4fc33aba061,revision_number=1']} {{(pid=94290) push /opt/stack/neutron/neutron/api/rpc/handlers/resources_rpc.py:237}}
Aug 09 15:37:56.518426 n-d-803778-2 neutron-server[94289]: DEBUG neutron.api.rpc.agentnotifiers.l3_rpc_agent_api [None req-cd3d09bf-a7f1-4db1-b3eb-13dfaee393f6 admin admin] Notify agent at l3_agent.n-d-803778-2 the message routers_updated {{(pid=94289) _agent_notification /opt/stack/neutron/neutron/api/rpc/agentnotifiers/l3_rpc_agent_api.py:65}}
Aug 09 15:37:56.529803 n-d-803778-2 neutron-server[94292]: DEBUG neutron.api.rpc.handlers.l3_rpc [None req-43259b9e-f460-4980-a998-9e63b70eaead None None] Sync routers for ids ['ffc946ca-1cdc-47d0-baa9-7f0033ff6b46'] in n-d-803778-2 {{(pid=94292) sync_routers /opt/stack/neutron/neutron/api/rpc/handlers/l3_rpc.py:125}}
Aug 09 15:37:56.542640 n-d-803778-2 neutron-server[94292]: DEBUG neutron.db.l3_dvrscheduler_db [None req-43259b9e-f460-4980-a998-9e63b70eaead None None] Routers {'ffc946ca-1cdc-47d0-baa9-7f0033ff6b46'} bound to L3 agent in host n-d-803778-2 {{(pid=94292) _get_router_ids_for_agent /opt/stack/neutron/neutron/db/l3_dvrscheduler_db.py:420}}
Aug 09 15:37:56.543516 n-d-803778-2 neutron-server[94292]: DEBUG neutron.db.l3_hamode_db [None req-43259b9e-f460-4980-a998-9e63b70eaead None None] neutron.services.l3_router.l3_router_plugin.L3RouterPlugin method get_ha_sync_data_for_host called with arguments (, 'n-d-803778-2', Agent(admin_state_up=True,agent_type='L3 agent',availability_zone='nova',binary='neutron-l3-agent',configurations={"agent_mode": "legacy", "ex_gw_ports": 1, "extensions": [], "floating_ips": 0, "handle_internal_only_routers": true, "interface_driver": "openvswitch", "interfaces": 1, "log_agent_heartbeats": false, "routers": 1},created_at=2021-08-09T15:27:40Z,description=,heartbeat_timestamp=2021-08-09T15:37:40Z,host='n-d-803778-2',id=65ff7825-3a59-4bae-a3c4-039f70bc1589,load=0,resource_versions=,resources_synced=,started_at=2021-08-09T15:27:40Z,topic='l3_agent')) {'router_ids': ['ffc946ca-1cdc-47d0-baa9-7f0033ff6b46'], 'active': True} {{(pid=94292) wrapper /usr/local/lib/python3.8/dist-packages/oslo_log/helpers.py:65}}
Aug 09 15:37:56.562393 n-d-803778-2 neutron-server[94291]: DEBUG neutron.api.rpc.handlers.resources_rpc [None req-4cef02af-cb99-4c49-a0a4-e4e7b1b97238 None None] Pushing event updated for resources: {'Port': ['ID=018768f1-f00f-4d1d-9675-ecc186a132a2,revision_number=4']} {{(pid=94291) push /opt/stack/neutron/neutron/api/rpc/handlers/resources_rpc.py:237}}
Aug 09 15:37:56.576242 n-d-803778-2 neutron-server[94289]: DEBUG neutron_lib.callbacks.manager [None req-cd3d09bf-a7f1-4db1-b3eb-13dfaee393f6 admin admin] Notify callbacks [] for router, before_response {{(pid=94289) _notify_loop /usr/local/lib/python3.8/dist-packages/neutron_lib/callbacks/manager.py:192}}
Aug 09 15:37:56.580421 n-d-803778-2 neutron-server[94289]: INFO neutron.wsgi [None req-cd3d09bf-a7f1-4db1-b3eb-13dfaee393f6 admin admin] 10.222.0.81 "POST /v2.0/routers HTTP/1.1" status: 201 len: 935 time: 5.3613055
Aug 09 15:37:56.580543 n-d-803778-2 neutron-server[94289]: DEBUG neutron.wsgi [-] (94289) accepted ('10.222.0.81', 46964) {{(pid=94289) server /usr/local/lib/python3.8/dist-packages/eventlet/wsgi.py:982}}
Aug 09 15:37:56.646863 n-d-803778-2 neutron-server[94289]: DEBUG neutron_lib.callbacks.manager [None req-ccf83398-57f3-4098-b661-e52688e888e4 admin admin] Notify callbacks [] for security_group, before_delete {{(pid=94289) _notify_loop /usr/local/lib/python3.8/dist-packages/neutron_lib/callbacks/manager.py:192}}
Aug 09 15:37:56.667027 n-d-803778-2 neutron-server[94292]: DEBUG neutron.db.l3_dvr_db [None req-43259b9e-f460-4980-a998-9e63b70eaead None None] Set router ffc946ca-1cdc-47d0-baa9-7f0033ff6b46 gateway port host: n-d-803778-2 {{(pid=94292) _build_routers_list /opt/stack/neutron/neutron/db/l3_dvr_db.py:899}}
Aug 09 15:37:56.729397 n-d-803778-2 neutron-server[94289]: DEBUG neutron_lib.callbacks.manager [None req-ccf83398-57f3-4098-b661-e52688e888e4 admin admin] Notify callbacks [] for security_group, precommit_delete {{(pid=94289) _notify_loop /usr/local/lib/python3.8/dist-packages/neutron_lib/callbacks/manager.py:192}}
Aug 09 15:37:56.805464 n-d-803778-2 neutron-server[94289]: DEBUG neutron.pecan_wsgi.hooks.policy_enforcement [req-94f9e1e3-2ba5-4c7f-a449-01e3e3928e7a req-d837eac8-a165-42a7-b70c-5f11dc65a108 tempest-AggregatesAdminTestJSON-430240487 tempest-AggregatesAdminTestJSON-430240487-project] Attributes excluded by policy engine: ['standard_attr_id', 'binding:profile', 'binding:host_id', 'binding:vif_type', 'binding:vif_details'] {{(pid=94289) _exclude_attributes_by_policy /opt/stack/neutron/neutron/pecan_wsgi/hooks/policy_enforcement.py:255}}
Aug 09 15:37:56.807464 n-d-803778-2 neutron-server[94289]: INFO neutron.wsgi [req-94f9e1e3-2ba5-4c7f-a449-01e3e3928e7a req-d837eac8-a165-42a7-b70c-5f11dc65a108 tempest-AggregatesAdminTestJSON-430240487 tempest-AggregatesAdminTestJSON-430240487-project] 10.222.0.81 "GET /v2.0/ports?device_id=e0e6da23-b044-4b28-8a7d-ee4fdfd9b628 HTTP/1.1" status: 200 len: 971 time: 0.1455748
Aug 09 15:37:56.864597 n-d-803778-2 neutron-server[94292]: DEBUG neutron.db.l3_hamode_db [None req-43259b9e-f460-4980-a998-9e63b70eaead None None] neutron.services.l3_router.l3_router_plugin.L3RouterPlugin method _process_sync_ha_data called with arguments (, [{'id': 'ffc946ca-1cdc-47d0-baa9-7f0033ff6b46', 'name': 'tempest-ServersWithSpecificFlavorTestJSON-543342563-router', 'tenant_id': '12ab74e2a35a4685b71318ee5465316c', 'admin_state_up': True, 'status': 'ACTIVE', 'external_gateway_info': {'network_id': '520e6828-545a-4a8b-86d6-f1c6904f8404', 'external_fixed_ips': [{'subnet_id': '6403bc3f-6ed1-4e98-a074-45868065fffd', 'ip_address': '172.25.2.115'}], 'enable_snat': True}, 'gw_port_id': 'ed4a92ac-297e-4d95-9017-1e63e91bad30', 'description': '', 'availability_zones': ['nova'], 'distributed': False, 'ha': False, 'ha_vr_id': 0, 'availability_zone_hints': [], 'routes': [], 'flavor_id': None, 'tags': [], 'created_at': '2021-08-09T15:37:51Z', 'updated_at': '2021-08-09T15:37:54Z', 'revision_number': 3, 'project_id': '12ab74e2a35a4685b71318ee5465316c', 'gw_port': {'id': 'ed4a92ac-297e-4d95-9017-1e63e91bad30', 'name': '', 'network_id': '520e6828-545a-4a8b-86d6-f1c6904f8404', 'tenant_id': '', 'mac_address': 'fa:16:3e:71:75:51', 'admin_state_up': True, 'status': 'DOWN', 'device_id': 'ffc946ca-1cdc-47d0-baa9-7f0033ff6b46', 'device_owner': 'network:router_gateway', 'standard_attr_id': 121, 'fixed_ips': [{'subnet_id': '6403bc3f-6ed1-4e98-a074-45868065fffd', 'ip_address': '172.25.2.115', 'prefixlen': 24}], 'allowed_address_pairs': [], 'extra_dhcp_opts': [], 'security_groups': [], 'description': '', 'binding:vnic_type': 'normal', 'binding:profile': {}, 'binding:host_id': '', 'binding:vif_type': 'unbound', 'binding:vif_details': {}, 'port_security_enabled': False, 'tags': [], 'created_at': '2021-08-09T15:37:53Z', 'updated_at': '2021-08-09T15:37:54Z', 'revision_number': 1, 'project_id': '', 'subnets': [{'id': '6403bc3f-6ed1-4e98-a074-45868065fffd', 'cidr': '172.25.2.0/24', 'gateway_ip': '172.25.2.1', 'dns_nameservers': [], 'ipv6_ra_mode': None, 'subnetpool_id': None}], 'extra_subnets': [], 'address_scopes': {4: None, 6: None}, 'mtu': 1500}, 'enable_snat': True, 'gw_port_host': 'n-d-803778-2'}], 'n-d-803778-2', False) {} {{(pid=94292) wrapper /usr/local/lib/python3.8/dist-packages/oslo_log/helpers.py:65}}
Aug 09 15:37:56.879463 n-d-803778-2 neutron-server[94291]: DEBUG neutron.plugins.ml2.db [None req-4cef02af-cb99-4c49-a0a4-e4e7b1b97238 None None] get_ports_and_sgs() called for port_ids ['018768f1-f00f-4d1d-9675-ecc186a132a2'] {{(pid=94291) get_ports_and_sgs /opt/stack/neutron/neutron/plugins/ml2/db.py:156}}
Aug 09 15:37:56.888299 n-d-803778-2 neutron-server[94291]: DEBUG neutron.plugins.ml2.db [None req-4cef02af-cb99-4c49-a0a4-e4e7b1b97238 None None] get_ports_and_sgs() called for port_ids ['8dc4c806-45de-4fb8-ae40-883cc85ad263'] {{(pid=94291) get_ports_and_sgs /opt/stack/neutron/neutron/plugins/ml2/db.py:156}}
Aug 09 15:37:56.896172 n-d-803778-2 neutron-server[94292]: DEBUG neutron.api.rpc.handlers.l3_rpc [None req-43259b9e-f460-4980-a998-9e63b70eaead None None] Checking router: ffc946ca-1cdc-47d0-baa9-7f0033ff6b46 for host: n-d-803778-2 {{(pid=94292) _ensure_host_set_on_ports /opt/stack/neutron/neutron/api/rpc/handlers/l3_rpc.py:155}}
Aug 09 15:37:56.896856 n-d-803778-2 neutron-server[94292]: DEBUG neutron.api.rpc.handlers.l3_rpc [None req-43259b9e-f460-4980-a998-9e63b70eaead None None] Updating router ffc946ca-1cdc-47d0-baa9-7f0033ff6b46 port ed4a92ac-297e-4d95-9017-1e63e91bad30 binding host n-d-803778-2 {{(pid=94292) _ensure_host_set_on_port /opt/stack/neutron/neutron/api/rpc/handlers/l3_rpc.py:205}}
Aug 09 15:37:56.922242 n-d-803778-2 neutron-server[94289]: DEBUG neutron_lib.callbacks.manager [None req-ccf83398-57f3-4098-b661-e52688e888e4 admin admin] Notify callbacks ['neutron.plugins.ml2.ovo_rpc._ObjectChangeHandler.handle_event-1601468'] for security_group, after_delete {{(pid=94289) _notify_loop /usr/local/lib/python3.8/dist-packages/neutron_lib/callbacks/manager.py:192}}
Aug 09 15:37:56.924141 n-d-803778-2 neutron-server[94292]: DEBUG neutron_lib.callbacks.manager [None req-43259b9e-f460-4980-a998-9e63b70eaead None None] Notify callbacks ['neutron.plugins.ml2.plugin.SecurityGroupDbMixin._ensure_default_security_group_handler-973351'] for port, before_update {{(pid=94292) _notify_loop /usr/local/lib/python3.8/dist-packages/neutron_lib/callbacks/manager.py:192}}
Aug 09 15:37:56.924824 n-d-803778-2 neutron-server[94289]: DEBUG neutron_lib.callbacks.manager [None req-ccf83398-57f3-4098-b661-e52688e888e4 admin admin] Notify callbacks [] for security_group, before_response {{(pid=94289) _notify_loop /usr/local/lib/python3.8/dist-packages/neutron_lib/callbacks/manager.py:192}}
