Aug 09 15:38:43.018412 n-d-803778-2 neutron-server[94289]: DEBUG neutron.api.v2.base [None req-a1e17f0e-846e-44ef-9b1b-5eb28841488a admin admin] Request body: {'network': {'name': 'tempest-LiveMigrationTest-454886562-network', 'tenant_id': '17d0c9690fc2408fafe1e882cfa3b0b2'}} {{(pid=94289) prepare_request_body /opt/stack/neutron/neutron/api/v2/base.py:729}}
Aug 09 15:38:43.024650 n-d-803778-2 neutron-server[94290]: DEBUG neutron.plugins.ml2.drivers.mech_agent [req-c83444bc-e2ad-4075-8e37-7308e30bac5a req-71f0694a-4f1c-485b-a9d9-05038cc7a64a service neutron] Checking agent: {'id': '1363527c-142d-47bb-aca4-ba6cfd9dddc4', 'agent_type': 'HyperV agent', 'binary': 'neutron-hyperv-agent', 'topic': 'N/A', 'host': 'n-h2-803778-2', 'admin_state_up': True, 'created_at': datetime.datetime(2021, 8, 9, 15, 35, 13), 'started_at': datetime.datetime(2021, 8, 9, 15, 35, 13), 'heartbeat_timestamp': datetime.datetime(2021, 8, 9, 15, 38, 43), 'description': None, 'resources_synced': None, 'availability_zone': None, 'alive': True, 'configurations': {'vswitch_mappings': {'physnet1$': 'br-data'}}, 'resource_versions': {}} {{(pid=94290) bind_port /opt/stack/neutron/neutron/plugins/ml2/drivers/mech_agent.py:104}}
Aug 09 15:38:43.025073 n-d-803778-2 neutron-server[94290]: DEBUG neutron.plugins.ml2.drivers.mech_agent [req-c83444bc-e2ad-4075-8e37-7308e30bac5a req-71f0694a-4f1c-485b-a9d9-05038cc7a64a service neutron] Checking segment: {'id': '04c371e9-a087-4af4-b2e6-b1b12d197f3e', 'network_type': 'vlan', 'physical_network': 'physnet1', 'segmentation_id': 687, 'network_id': '93fc6782-998d-466f-90e8-d8a82f8aae7b'} for mappings: {'physnet1$': 'br-data'} with network types: ['local', 'flat', 'vlan'] {{(pid=94290) check_segment_for_agent /opt/stack/neutron/neutron/plugins/ml2/drivers/mech_agent.py:352}}
Aug 09 15:38:43.025526 n-d-803778-2 neutron-server[94290]: DEBUG neutron.plugins.ml2.drivers.mech_agent [req-c83444bc-e2ad-4075-8e37-7308e30bac5a req-71f0694a-4f1c-485b-a9d9-05038cc7a64a service neutron] Bound using segment: {'id': '04c371e9-a087-4af4-b2e6-b1b12d197f3e', 'network_type': 'vlan', 'physical_network': 'physnet1', 'segmentation_id': 687, 'network_id': '93fc6782-998d-466f-90e8-d8a82f8aae7b'} {{(pid=94290) bind_port /opt/stack/neutron/neutron/plugins/ml2/drivers/mech_agent.py:114}}
Aug 09 15:38:43.026189 n-d-803778-2 neutron-server[94290]: DEBUG neutron.plugins.ml2.managers [req-c83444bc-e2ad-4075-8e37-7308e30bac5a req-71f0694a-4f1c-485b-a9d9-05038cc7a64a service neutron] Bound port: 8a3bf99a-0506-4d47-9c9d-fafed99f2971, host: n-h2-803778-2, vif_type: hyperv, vif_details: {"connectivity": "legacy", "port_filter": false}, binding_levels: [{'bound_driver': 'hyperv', 'bound_segment': {'id': '04c371e9-a087-4af4-b2e6-b1b12d197f3e', 'network_type': 'vlan', 'physical_network': 'physnet1', 'segmentation_id': 687, 'network_id': '93fc6782-998d-466f-90e8-d8a82f8aae7b'}}] {{(pid=94290) _bind_port_level /opt/stack/neutron/neutron/plugins/ml2/managers.py:928}}
Aug 09 15:38:43.026517 n-d-803778-2 neutron-server[94290]: DEBUG neutron_lib.callbacks.manager [req-c83444bc-e2ad-4075-8e37-7308e30bac5a req-71f0694a-4f1c-485b-a9d9-05038cc7a64a service neutron] Notify callbacks ['neutron.plugins.ml2.plugin.SecurityGroupDbMixin._ensure_default_security_group_handler-973351'] for port, before_update {{(pid=94290) _notify_loop /usr/local/lib/python3.8/dist-packages/neutron_lib/callbacks/manager.py:192}}
Aug 09 15:38:43.050717 n-d-803778-2 neutron-server[94289]: DEBUG neutron_lib.callbacks.manager [None req-9081dcc4-cde3-4ab5-8a85-b44c21f5bb82 admin admin] Notify callbacks [] for security_group, before_delete {{(pid=94289) _notify_loop /usr/local/lib/python3.8/dist-packages/neutron_lib/callbacks/manager.py:192}}
Aug 09 15:38:43.070332 n-d-803778-2 neutron-server[94289]: DEBUG neutron.pecan_wsgi.hooks.quota_enforcement [None req-a1e17f0e-846e-44ef-9b1b-5eb28841488a admin admin] Made reservation on behalf of 17d0c9690fc2408fafe1e882cfa3b0b2 for: {'network': 1} {{(pid=94289) before /opt/stack/neutron/neutron/pecan_wsgi/hooks/quota_enforcement.py:53}}
Aug 09 15:38:43.073658 n-d-803778-2 neutron-server[94289]: DEBUG neutron_lib.callbacks.manager [None req-a1e17f0e-846e-44ef-9b1b-5eb28841488a admin admin] Notify callbacks ['neutron.plugins.ml2.plugin.SecurityGroupDbMixin._ensure_default_security_group_handler-973351'] for network, before_create {{(pid=94289) _notify_loop /usr/local/lib/python3.8/dist-packages/neutron_lib/callbacks/manager.py:192}}
Aug 09 15:38:43.104519 n-d-803778-2 neutron-server[94289]: DEBUG neutron_lib.callbacks.manager [None req-a1e17f0e-846e-44ef-9b1b-5eb28841488a admin admin] Notify callbacks [] for security_group, before_create {{(pid=94289) _notify_loop /usr/local/lib/python3.8/dist-packages/neutron_lib/callbacks/manager.py:192}}
Aug 09 15:38:43.110757 n-d-803778-2 neutron-server[94289]: DEBUG neutron_lib.callbacks.manager [None req-9081dcc4-cde3-4ab5-8a85-b44c21f5bb82 admin admin] Notify callbacks [] for security_group, precommit_delete {{(pid=94289) _notify_loop /usr/local/lib/python3.8/dist-packages/neutron_lib/callbacks/manager.py:192}}
Aug 09 15:38:43.159705 n-d-803778-2 neutron-server[94289]: DEBUG neutron.wsgi [-] (94289) accepted ('10.222.0.81', 48744) {{(pid=94289) server /usr/local/lib/python3.8/dist-packages/eventlet/wsgi.py:982}}
Aug 09 15:38:43.189135 n-d-803778-2 neutron-server[94290]: DEBUG neutron_lib.callbacks.manager [None req-c9b1dbda-c50d-4d2f-b621-5435ca5563a9 admin admin] Notify callbacks ['neutron.plugins.ml2.plugin.Ml2Plugin._network_delete_precommit_handler-920857', 'neutron.services.segments.db._delete_segments_for_network-8765756906608'] for network, precommit_delete {{(pid=94290) _notify_loop /usr/local/lib/python3.8/dist-packages/neutron_lib/callbacks/manager.py:192}}
Aug 09 15:38:43.197131 n-d-803778-2 neutron-server[94290]: DEBUG neutron_lib.callbacks.manager [None req-79579ee3-181e-4af4-9723-54f8b6372f27 admin admin] Notify callbacks [] for security_group, before_delete {{(pid=94290) _notify_loop /usr/local/lib/python3.8/dist-packages/neutron_lib/callbacks/manager.py:192}}
Aug 09 15:38:43.232801 n-d-803778-2 neutron-server[94289]: DEBUG neutron_lib.callbacks.manager [None req-9081dcc4-cde3-4ab5-8a85-b44c21f5bb82 admin admin] Notify callbacks ['neutron.plugins.ml2.ovo_rpc._ObjectChangeHandler.handle_event-1601468'] for security_group, after_delete {{(pid=94289) _notify_loop /usr/local/lib/python3.8/dist-packages/neutron_lib/callbacks/manager.py:192}}
Aug 09 15:38:43.236498 n-d-803778-2 neutron-server[94289]: DEBUG neutron_lib.callbacks.manager [None req-9081dcc4-cde3-4ab5-8a85-b44c21f5bb82 admin admin] Notify callbacks [] for security_group, before_response {{(pid=94289) _notify_loop /usr/local/lib/python3.8/dist-packages/neutron_lib/callbacks/manager.py:192}}
Aug 09 15:38:43.237358 n-d-803778-2 neutron-server[94290]: DEBUG neutron_lib.callbacks.manager [None req-c9b1dbda-c50d-4d2f-b621-5435ca5563a9 admin admin] Subscribe: > segment before_delete 55550000 {{(pid=94290) subscribe /usr/local/lib/python3.8/dist-packages/neutron_lib/callbacks/manager.py:45}}
Aug 09 15:38:43.237820 n-d-803778-2 neutron-server[94290]: DEBUG neutron_lib.callbacks.manager [None req-c9b1dbda-c50d-4d2f-b621-5435ca5563a9 admin admin] Subscribe: > subnet precommit_delete_associations 55550000 {{(pid=94290) subscribe /usr/local/lib/python3.8/dist-packages/neutron_lib/callbacks/manager.py:45}}
Aug 09 15:38:43.238742 n-d-803778-2 neutron-server[94290]: DEBUG neutron_lib.callbacks.manager [None req-c9b1dbda-c50d-4d2f-b621-5435ca5563a9 admin admin] Subscribe: > segment_host_mapping after_create 55550000 {{(pid=94290) subscribe /usr/local/lib/python3.8/dist-packages/neutron_lib/callbacks/manager.py:45}}
Aug 09 15:38:43.239112 n-d-803778-2 neutron-server[94290]: DEBUG neutron_lib.callbacks.manager [None req-c9b1dbda-c50d-4d2f-b621-5435ca5563a9 admin admin] Subscribe: > port after_create 55550000 {{(pid=94290) subscribe /usr/local/lib/python3.8/dist-packages/neutron_lib/callbacks/manager.py:45}}
Aug 09 15:38:43.239565 n-d-803778-2 neutron-server[94290]: DEBUG neutron_lib.callbacks.manager [None req-c9b1dbda-c50d-4d2f-b621-5435ca5563a9 admin admin] Subscribe: > port after_delete 55550000 {{(pid=94290) subscribe /usr/local/lib/python3.8/dist-packages/neutron_lib/callbacks/manager.py:45}}
Aug 09 15:38:43.240002 n-d-803778-2 neutron-server[94290]: DEBUG neutron_lib.callbacks.manager [None req-c9b1dbda-c50d-4d2f-b621-5435ca5563a9 admin admin] Subscribe: > port after_update 55550000 {{(pid=94290) subscribe /usr/local/lib/python3.8/dist-packages/neutron_lib/callbacks/manager.py:45}}
Aug 09 15:38:43.240429 n-d-803778-2 neutron-server[94290]: DEBUG neutron_lib.callbacks.manager [None req-c9b1dbda-c50d-4d2f-b621-5435ca5563a9 admin admin] Subscribe: > segment after_delete 55550000 {{(pid=94290) subscribe /usr/local/lib/python3.8/dist-packages/neutron_lib/callbacks/manager.py:45}}
Aug 09 15:38:43.240571 n-d-803778-2 neutron-server[94289]: INFO neutron.wsgi [None req-9081dcc4-cde3-4ab5-8a85-b44c21f5bb82 admin admin] 10.222.0.81 "DELETE /v2.0/security-groups/5a296dc6-921e-4484-9ae7-8b7e49e7222d HTTP/1.1" status: 204 len: 168 time: 0.3033044
Aug 09 15:38:43.240909 n-d-803778-2 neutron-server[94290]: DEBUG neutron_lib.callbacks.manager [None req-c9b1dbda-c50d-4d2f-b621-5435ca5563a9 admin admin] Subscribe: > subnet after_create 55550000 {{(pid=94290) subscribe /usr/local/lib/python3.8/dist-packages/neutron_lib/callbacks/manager.py:45}}
Aug 09 15:38:43.241246 n-d-803778-2 neutron-server[94290]: DEBUG neutron_lib.callbacks.manager [None req-c9b1dbda-c50d-4d2f-b621-5435ca5563a9 admin admin] Subscribe: > subnet after_delete 55550000 {{(pid=94290) subscribe /usr/local/lib/python3.8/dist-packages/neutron_lib/callbacks/manager.py:45}}
Aug 09 15:38:43.241702 n-d-803778-2 neutron-server[94290]: DEBUG neutron_lib.callbacks.manager [None req-c9b1dbda-c50d-4d2f-b621-5435ca5563a9 admin admin] Subscribe: > subnet after_update 55550000 {{(pid=94290) subscribe /usr/local/lib/python3.8/dist-packages/neutron_lib/callbacks/manager.py:45}}
Aug 09 15:38:43.254103 n-d-803778-2 neutron-server[94289]: DEBUG neutron.api.rpc.handlers.resources_rpc [None req-9081dcc4-cde3-4ab5-8a85-b44c21f5bb82 admin admin] Pushing event deleted for resources: {'SecurityGroup': ['ID=5a296dc6-921e-4484-9ae7-8b7e49e7222d,revision_number=None']} {{(pid=94289) push /opt/stack/neutron/neutron/api/rpc/handlers/resources_rpc.py:237}}
Aug 09 15:38:43.267717 n-d-803778-2 neutron-server[94291]: DEBUG neutron_lib.callbacks.manager [None req-a023452b-f8c3-45eb-933c-1deb4d7b8cef None None] Notify callbacks ['neutron.services.segments.db._update_segment_host_mapping_for_agent-8765756906500', 'neutron.plugins.ml2.plugin.Ml2Plugin._retry_binding_revived_agents-903319'] for agent, after_update {{(pid=94291) _notify_loop /usr/local/lib/python3.8/dist-packages/neutron_lib/callbacks/manager.py:192}}
Aug 09 15:38:43.300434 n-d-803778-2 neutron-server[94289]: DEBUG neutron_lib.callbacks.manager [None req-a1e17f0e-846e-44ef-9b1b-5eb28841488a admin admin] Notify callbacks [] for security_group, precommit_create {{(pid=94289) _notify_loop /usr/local/lib/python3.8/dist-packages/neutron_lib/callbacks/manager.py:192}}
Aug 09 15:38:43.304913 n-d-803778-2 neutron-server[94289]: DEBUG neutron_lib.callbacks.manager [None req-a1e17f0e-846e-44ef-9b1b-5eb28841488a admin admin] Notify callbacks ['neutron.plugins.ml2.ovo_rpc._ObjectChangeHandler.handle_event-1601468'] for security_group, after_create {{(pid=94289) _notify_loop /usr/local/lib/python3.8/dist-packages/neutron_lib/callbacks/manager.py:192}}
Aug 09 15:38:43.313066 n-d-803778-2 neutron-server[94290]: DEBUG neutron_lib.callbacks.manager [None req-c9b1dbda-c50d-4d2f-b621-5435ca5563a9 admin admin] Subscribe: > subnet after_create 55550000 {{(pid=94290) subscribe /usr/local/lib/python3.8/dist-packages/neutron_lib/callbacks/manager.py:45}}
Aug 09 15:38:43.313413 n-d-803778-2 neutron-server[94290]: DEBUG neutron_lib.callbacks.manager [None req-c9b1dbda-c50d-4d2f-b621-5435ca5563a9 admin admin] Subscribe: > subnet after_delete 55550000 {{(pid=94290) subscribe /usr/local/lib/python3.8/dist-packages/neutron_lib/callbacks/manager.py:45}}
Aug 09 15:38:43.313790 n-d-803778-2 neutron-server[94290]: DEBUG neutron_lib.callbacks.manager [None req-c9b1dbda-c50d-4d2f-b621-5435ca5563a9 admin admin] Subscribe: > subnet before_create 55550000 {{(pid=94290) subscribe /usr/local/lib/python3.8/dist-packages/neutron_lib/callbacks/manager.py:45}}
Aug 09 15:38:43.314285 n-d-803778-2 neutron-server[94290]: DEBUG neutron_lib.callbacks.manager [None req-c9b1dbda-c50d-4d2f-b621-5435ca5563a9 admin admin] Subscribe: > subnet before_update 55550000 {{(pid=94290) subscribe /usr/local/lib/python3.8/dist-packages/neutron_lib/callbacks/manager.py:45}}
Aug 09 15:38:43.314853 n-d-803778-2 neutron-server[94290]: DEBUG neutron.services.segments.db [None req-c9b1dbda-c50d-4d2f-b621-5435ca5563a9 admin admin] neutron.services.segments.plugin.Plugin method get_segments called with arguments (,) {'filters': {'network_id': ['eb8cd4b0-94e5-42ee-962f-1e0197cde0ae']}} {{(pid=94290) wrapper /usr/local/lib/python3.8/dist-packages/oslo_log/helpers.py:65}}
Aug 09 15:38:43.330179 n-d-803778-2 neutron-server[94289]: DEBUG neutron.plugins.ml2.drivers.helpers [None req-a1e17f0e-846e-44ef-9b1b-5eb28841488a admin admin] vlan segment allocate from pool success with {'vlan_id': 680, 'physical_network': 'physnet1'} {{(pid=94289) allocate_partially_specified_segment /opt/stack/neutron/neutron/plugins/ml2/drivers/helpers.py:153}}
Aug 09 15:38:43.348764 n-d-803778-2 neutron-server[94289]: DEBUG neutron_lib.callbacks.manager [None req-a1e17f0e-846e-44ef-9b1b-5eb28841488a admin admin] Notify callbacks ['neutron.plugins.ml2.plugin.Ml2Plugin._handle_segment_change-921567'] for segment, precommit_create {{(pid=94289) _notify_loop /usr/local/lib/python3.8/dist-packages/neutron_lib/callbacks/manager.py:192}}
Aug 09 15:38:43.349113 n-d-803778-2 neutron-server[94289]: INFO neutron.db.segments_db [None req-a1e17f0e-846e-44ef-9b1b-5eb28841488a admin admin] Added segment 4a0abb8d-6579-4db9-8b93-80d3d83b43e9 of type vlan for network 02b7a47e-926b-4905-ac77-387155aa5645
Aug 09 15:38:43.349325 n-d-803778-2 neutron-server[94290]: DEBUG neutron.services.segments.db [None req-c9b1dbda-c50d-4d2f-b621-5435ca5563a9 admin admin] neutron.services.segments.plugin.Plugin method delete_segment called with arguments (, 'cc04d9cc-66d0-4330-84bd-fb7f441a5f97') {'for_net_delete': True} {{(pid=94290) wrapper /usr/local/lib/python3.8/dist-packages/oslo_log/helpers.py:65}}
Aug 09 15:38:43.349817 n-d-803778-2 neutron-server[94290]: DEBUG neutron.services.segments.db [None req-c9b1dbda-c50d-4d2f-b621-5435ca5563a9 admin admin] neutron.services.segments.plugin.Plugin method get_segment called with arguments (, 'cc04d9cc-66d0-4330-84bd-fb7f441a5f97') {} {{(pid=94290) wrapper /usr/local/lib/python3.8/dist-packages/oslo_log/helpers.py:65}}
Aug 09 15:38:43.350377 n-d-803778-2 neutron-server[94289]: DEBUG neutron.api.rpc.handlers.resources_rpc [None req-a1e17f0e-846e-44ef-9b1b-5eb28841488a admin admin] Pushing event updated for resources: {'SecurityGroup': ['ID=35a71b39-c040-4b32-894d-452e925776e4,revision_number=1']} {{(pid=94289) push /opt/stack/neutron/neutron/api/rpc/handlers/resources_rpc.py:237}}
Aug 09 15:38:43.384798 n-d-803778-2 neutron-server[94290]: DEBUG neutron_lib.callbacks.manager [None req-c9b1dbda-c50d-4d2f-b621-5435ca5563a9 admin admin] Notify callbacks ['neutron.plugins.ml2.db._prevent_segment_delete_with_port_bound-8765756908921', 'neutron.services.segments.plugin.Plugin._prevent_segment_delete_with_subnet_associated-4391123'] for segment, before_delete {{(pid=94290) _notify_loop /usr/local/lib/python3.8/dist-packages/neutron_lib/callbacks/manager.py:192}}
Aug 09 15:38:43.401496 n-d-803778-2 neutron-server[94289]: DEBUG neutron_lib.callbacks.manager [None req-a1e17f0e-846e-44ef-9b1b-5eb28841488a admin admin] Notify callbacks ['neutron.services.auto_allocate.db._ensure_external_network_default_value_callback-8765756383829'] for network, precommit_create {{(pid=94289) _notify_loop /usr/local/lib/python3.8/dist-packages/neutron_lib/callbacks/manager.py:192}}
Aug 09 15:38:43.407798 n-d-803778-2 neutron-server[94290]: DEBUG neutron_lib.callbacks.manager [None req-79579ee3-181e-4af4-9723-54f8b6372f27 admin admin] Notify callbacks [] for security_group, precommit_delete {{(pid=94290) _notify_loop /usr/local/lib/python3.8/dist-packages/neutron_lib/callbacks/manager.py:192}}
Aug 09 15:38:43.414012 n-d-803778-2 neutron-server[94290]: DEBUG neutron.plugins.ml2.db [req-c83444bc-e2ad-4075-8e37-7308e30bac5a req-71f0694a-4f1c-485b-a9d9-05038cc7a64a service neutron] For port 8a3bf99a-0506-4d47-9c9d-fafed99f2971, host n-h2-803778-2, cleared binding levels {{(pid=94290) clear_binding_levels /opt/stack/neutron/neutron/plugins/ml2/db.py:87}}
Aug 09 15:38:43.439130 n-d-803778-2 neutron-server[94290]: DEBUG neutron_lib.callbacks.manager [None req-c9b1dbda-c50d-4d2f-b621-5435ca5563a9 admin admin] Notify callbacks ['neutron.plugins.ml2.plugin.Ml2Plugin._handle_segment_change-921567'] for segment, precommit_delete {{(pid=94290) _notify_loop /usr/local/lib/python3.8/dist-packages/neutron_lib/callbacks/manager.py:192}}
Aug 09 15:38:43.446300 n-d-803778-2 neutron-server[94289]: DEBUG neutron_lib.callbacks.manager [None req-a1e17f0e-846e-44ef-9b1b-5eb28841488a admin admin] Notify callbacks ['neutron.plugins.ml2.ovo_rpc._ObjectChangeHandler.handle_event-1603875', 'neutron.api.rpc.agentnotifiers.dhcp_rpc_agent_api.DhcpAgentNotifyAPI._native_event_send_dhcp_notification-2079551'] for network, after_create {{(pid=94289) _notify_loop /usr/local/lib/python3.8/dist-packages/neutron_lib/callbacks/manager.py:192}}
Aug 09 15:38:43.447381 n-d-803778-2 neutron-server[94289]: DEBUG neutron.pecan_wsgi.hooks.policy_enforcement [None req-a1e17f0e-846e-44ef-9b1b-5eb28841488a admin admin] Attributes excluded by policy engine: ['standard_attr_id', 'vlan_transparent'] {{(pid=94289) _exclude_attributes_by_policy /opt/stack/neutron/neutron/pecan_wsgi/hooks/policy_enforcement.py:255}}
Aug 09 15:38:43.448254 n-d-803778-2 neutron-server[94289]: DEBUG neutron_lib.callbacks.manager [None req-a1e17f0e-846e-44ef-9b1b-5eb28841488a admin admin] Notify callbacks ['neutron.api.rpc.agentnotifiers.dhcp_rpc_agent_api.DhcpAgentNotifyAPI._send_dhcp_notification-2079521'] for network, before_response {{(pid=94289) _notify_loop /usr/local/lib/python3.8/dist-packages/neutron_lib/callbacks/manager.py:192}}
Aug 09 15:38:43.457143 n-d-803778-2 neutron-server[94290]: DEBUG neutron.plugins.ml2.db [req-c83444bc-e2ad-4075-8e37-7308e30bac5a req-71f0694a-4f1c-485b-a9d9-05038cc7a64a service neutron] For port 8a3bf99a-0506-4d47-9c9d-fafed99f2971, host n-h2-803778-2, set binding levels [PortBindingLevel(driver='hyperv',host='n-h2-803778-2',level=0,port_id=8a3bf99a-0506-4d47-9c9d-fafed99f2971,segment=NetworkSegment(04c371e9-a087-4af4-b2e6-b1b12d197f3e),segment_id=04c371e9-a087-4af4-b2e6-b1b12d197f3e)] {{(pid=94290) set_binding_levels /opt/stack/neutron/neutron/plugins/ml2/db.py:59}}
Aug 09 15:38:43.493842 n-d-803778-2 neutron-server[94290]: DEBUG neutron.pecan_wsgi.hooks.policy_enforcement [req-d5374c94-9f31-4339-915a-b8ed6ffac97f req-1a467c52-14ff-4bc0-867f-d45e162c33b6 tempest-MigrationsAdminTest-672031055 tempest-MigrationsAdminTest-672031055-project] Attributes excluded by policy engine: ['standard_attr_id', 'binding:profile', 'binding:host_id', 'binding:vif_type', 'binding:vif_details'] {{(pid=94290) _exclude_attributes_by_policy /opt/stack/neutron/neutron/pecan_wsgi/hooks/policy_enforcement.py:255}}
Aug 09 15:38:43.495824 n-d-803778-2 neutron-server[94290]: INFO neutron.wsgi [req-d5374c94-9f31-4339-915a-b8ed6ffac97f req-1a467c52-14ff-4bc0-867f-d45e162c33b6 tempest-MigrationsAdminTest-672031055 tempest-MigrationsAdminTest-672031055-project] 10.222.0.81 "GET /v2.0/ports?device_id=2ea5800f-4655-4a32-8a39-d23418cef2f5 HTTP/1.1" status: 200 len: 948 time: 0.3093257
Aug 09 15:38:43.500313 n-d-803778-2 neutron-server[94290]: DEBUG neutron.plugins.ml2.drivers.type_vlan [None req-c9b1dbda-c50d-4d2f-b621-5435ca5563a9 admin admin] Releasing vlan 694 on physical network physnet1 to pool {{(pid=94290) release_segment /opt/stack/neutron/neutron/plugins/ml2/drivers/type_vlan.py:304}}
Aug 09 15:38:43.503718 n-d-803778-2 neutron-server[94290]: DEBUG neutron_lib.callbacks.manager [None req-c9b1dbda-c50d-4d2f-b621-5435ca5563a9 admin admin] Notify callbacks ['neutron.plugins.ml2.plugin.Ml2Plugin._handle_segment_change-921567', 'neutron.services.segments.plugin.NovaSegmentNotifier._notify_segment_deleted-4792912'] for segment, after_delete {{(pid=94290) _notify_loop /usr/local/lib/python3.8/dist-packages/neutron_lib/callbacks/manager.py:192}}
Aug 09 15:38:43.516519 n-d-803778-2 neutron-server[94290]: /usr/lib/python3/dist-packages/secretstorage/dhcrypto.py:15: CryptographyDeprecationWarning: int_from_bytes is deprecated, use int.from_bytes instead
Aug 09 15:38:43.516519 n-d-803778-2 neutron-server[94290]: from cryptography.utils import int_from_bytes
Aug 09 15:38:43.516519 n-d-803778-2 neutron-server[94290]: /usr/lib/python3/dist-packages/secretstorage/util.py:19: CryptographyDeprecationWarning: int_from_bytes is deprecated, use int.from_bytes instead
Aug 09 15:38:43.516519 n-d-803778-2 neutron-server[94290]: from cryptography.utils import int_from_bytes
Aug 09 15:38:43.516519 n-d-803778-2 neutron-server[94290]: Traceback (most recent call last):
Aug 09 15:38:43.516519 n-d-803778-2 neutron-server[94290]: File "/usr/local/lib/python3.8/dist-packages/eventlet/hubs/hub.py", line 476, in fire_timers
Aug 09 15:38:43.516519 n-d-803778-2 neutron-server[94290]: timer()
Aug 09 15:38:43.516519 n-d-803778-2 neutron-server[94290]: File "/usr/local/lib/python3.8/dist-packages/eventlet/hubs/timer.py", line 59, in __call__
Aug 09 15:38:43.516519 n-d-803778-2 neutron-server[94290]: cb(*args, **kw)
Aug 09 15:38:43.516519 n-d-803778-2 neutron-server[94290]: File "/opt/stack/neutron/neutron/common/utils.py", line 905, in wrapper
Aug 09 15:38:43.516519 n-d-803778-2 neutron-server[94290]: return func(*args, **kwargs)
Aug 09 15:38:43.516519 n-d-803778-2 neutron-server[94290]: File "/opt/stack/neutron/neutron/notifiers/batch_notifier.py", line 58, in synced_send
Aug 09 15:38:43.516519 n-d-803778-2 neutron-server[94290]: self._notify()
Aug 09 15:38:43.516519 n-d-803778-2 neutron-server[94290]: File "/opt/stack/neutron/neutron/notifiers/batch_notifier.py", line 69, in _notify
Aug 09 15:38:43.516519 n-d-803778-2 neutron-server[94290]: self.callback(batched_events)
Aug 09 15:38:43.516519 n-d-803778-2 neutron-server[94290]: File "/opt/stack/neutron/neutron/services/segments/plugin.py", line 211, in _send_notifications
Aug 09 15:38:43.516519 n-d-803778-2 neutron-server[94290]: event.method(event)
Aug 09 15:38:43.516519 n-d-803778-2 neutron-server[94290]: File "/opt/stack/neutron/neutron/services/segments/plugin.py", line 383, in _delete_nova_inventory
Aug 09 15:38:43.516519 n-d-803778-2 neutron-server[94290]: aggregate_id = self._get_aggregate_id(event.segment_id)
Aug 09 15:38:43.516519 n-d-803778-2 neutron-server[94290]: File "/opt/stack/neutron/neutron/services/segments/plugin.py", line 370, in _get_aggregate_id
Aug 09 15:38:43.516519 n-d-803778-2 neutron-server[94290]: aggregate_uuid = self.p_client.list_aggregates(
Aug 09 15:38:43.516519 n-d-803778-2 neutron-server[94290]: File "/usr/local/lib/python3.8/dist-packages/neutron_lib/placement/client.py", line 57, in wrapper
Aug 09 15:38:43.516519 n-d-803778-2 neutron-server[94290]: return f(self, *a, **k)
Aug 09 15:38:43.516519 n-d-803778-2 neutron-server[94290]: File "/usr/local/lib/python3.8/dist-packages/neutron_lib/placement/client.py", line 553, in list_aggregates
Aug 09 15:38:43.516519 n-d-803778-2 neutron-server[94290]: return self._get(url).json()
Aug 09 15:38:43.516519 n-d-803778-2 neutron-server[94290]: File "/usr/local/lib/python3.8/dist-packages/neutron_lib/placement/client.py", line 189, in _get
Aug 09 15:38:43.516519 n-d-803778-2 neutron-server[94290]: return self._client.get(url, endpoint_filter=self._ks_filter,
Aug 09 15:38:43.516519 n-d-803778-2 neutron-server[94290]: File "/usr/local/lib/python3.8/dist-packages/keystoneauth1/session.py", line 1141, in get
Aug 09 15:38:43.516519 n-d-803778-2 neutron-server[94290]: return self.request(url, 'GET', **kwargs)
Aug 09 15:38:43.516519 n-d-803778-2 neutron-server[94290]: File "/usr/local/lib/python3.8/dist-packages/keystoneauth1/session.py", line 811, in request
Aug 09 15:38:43.516519 n-d-803778-2 neutron-server[94290]: base_url = self.get_endpoint(auth, allow=allow,
Aug 09 15:38:43.516519 n-d-803778-2 neutron-server[94290]: File "/usr/local/lib/python3.8/dist-packages/keystoneauth1/session.py", line 1241, in get_endpoint
Aug 09 15:38:43.516519 n-d-803778-2 neutron-server[94290]: auth = self._auth_required(auth, 'determine endpoint URL')
Aug 09 15:38:43.516519 n-d-803778-2 neutron-server[94290]: File "/usr/local/lib/python3.8/dist-packages/keystoneauth1/session.py", line 1181, in _auth_required
Aug 09 15:38:43.516519 n-d-803778-2 neutron-server[94290]: raise exceptions.MissingAuthPlugin(msg_fmt % msg)
Aug 09 15:38:43.516519 n-d-803778-2 neutron-server[94290]: keystoneauth1.exceptions.auth_plugins.MissingAuthPlugin: An auth plugin is required to determine endpoint URL
Aug 09 15:38:43.522923 n-d-803778-2 neutron-server[94289]: DEBUG neutron_lib.callbacks.manager [None req-f47fd048-e088-4134-80b6-89a18f944fca admin admin] Notify callbacks [] for security_group, before_create {{(pid=94289) _notify_loop /usr/local/lib/python3.8/dist-packages/neutron_lib/callbacks/manager.py:192}}
Aug 09 15:38:43.545411 n-d-803778-2 neutron-server[94290]: DEBUG neutron_lib.callbacks.manager [req-c83444bc-e2ad-4075-8e37-7308e30bac5a req-71f0694a-4f1c-485b-a9d9-05038cc7a64a service neutron] Notify callbacks ['neutron.plugins.ml2.plugin.SecurityGroupServerNotifierRpcMixin._notify_sg_on_port_change-973193', 'neutron.plugins.ml2.ovo_rpc._ObjectChangeHandler.handle_event-397202', 'neutron.api.rpc.agentnotifiers.dhcp_rpc_agent_api.DhcpAgentNotifyAPI._native_event_send_dhcp_notification-2079551', 'neutron.db.l3_db.L3RpcNotifierMixin._notify_gateway_port_ip_changed-8765756868253', 'neutron.db.l3_dvrscheduler_db._notify_l3_agent_port_update-8765756396301', 'neutron.db.l3_hascheduler_db._notify_l3_agent_ha_port_update-8765756396319', 'neutron.services.segments.plugin.NovaSegmentNotifier._notify_port_updated-4793012'] for port, after_update {{(pid=94290) _notify_loop /usr/local/lib/python3.8/dist-packages/neutron_lib/callbacks/manager.py:192}}
Aug 09 15:38:43.559230 n-d-803778-2 neutron-server[94289]: INFO neutron.wsgi [None req-a1e17f0e-846e-44ef-9b1b-5eb28841488a admin admin] 10.222.0.81 "POST /v2.0/networks HTTP/1.1" status: 201 len: 880 time: 0.5479677
Aug 09 15:38:43.563267 n-d-803778-2 neutron-server[94289]: DEBUG neutron.wsgi [-] (94289) accepted ('10.222.0.81', 48756) {{(pid=94289) server /usr/local/lib/python3.8/dist-packages/eventlet/wsgi.py:982}}
Aug 09 15:38:43.589992 n-d-803778-2 neutron-server[94289]: DEBUG neutron.api.v2.base [None req-5e5acb02-ae43-4878-bd51-d4c735eddba7 admin admin] Request body: {'subnet': {'network_id': '02b7a47e-926b-4905-ac77-387155aa5645', 'cidr': '172.20.0.0/28', 'name': 'tempest-LiveMigrationTest-454886562-subnet', 'tenant_id': '17d0c9690fc2408fafe1e882cfa3b0b2', 'enable_dhcp': False, 'ip_version': 4}} {{(pid=94289) prepare_request_body /opt/stack/neutron/neutron/api/v2/base.py:729}}
Aug 09 15:38:43.594857 n-d-803778-2 neutron-server[94289]: DEBUG neutron.api.rpc.handlers.resources_rpc [None req-a1e17f0e-846e-44ef-9b1b-5eb28841488a admin admin] Pushing event updated for resources: {'Network': ['ID=02b7a47e-926b-4905-ac77-387155aa5645,revision_number=1']} {{(pid=94289) push /opt/stack/neutron/neutron/api/rpc/handlers/resources_rpc.py:237}}
Aug 09 15:38:43.609793 n-d-803778-2 neutron-server[94291]: DEBUG neutron.plugins.ml2.rpc [None req-8dd69fb0-3646-4fc5-8be5-0620d0145845 None None] Network 02b7a47e-926b-4905-ac77-387155aa5645 details requested by agent ovs-agent-n-d-803778-2 with host n-d-803778-2 {{(pid=94291) get_network_details /opt/stack/neutron/neutron/plugins/ml2/rpc.py:248}}
Aug 09 15:38:43.660055 n-d-803778-2 neutron-server[94290]: DEBUG neutron.pecan_wsgi.hooks.policy_enforcement [req-c83444bc-e2ad-4075-8e37-7308e30bac5a req-71f0694a-4f1c-485b-a9d9-05038cc7a64a service neutron] Attributes excluded by policy engine: ['standard_attr_id'] {{(pid=94290) _exclude_attributes_by_policy /opt/stack/neutron/neutron/pecan_wsgi/hooks/policy_enforcement.py:255}}
Aug 09 15:38:43.660965 n-d-803778-2 neutron-server[94290]: DEBUG neutron_lib.callbacks.manager [req-c83444bc-e2ad-4075-8e37-7308e30bac5a req-71f0694a-4f1c-485b-a9d9-05038cc7a64a service neutron] Notify callbacks ['neutron.notifiers.nova.Notifier._send_nova_notification-55499'] for port, before_response {{(pid=94290) _notify_loop /usr/local/lib/python3.8/dist-packages/neutron_lib/callbacks/manager.py:192}}
Aug 09 15:38:43.662718 n-d-803778-2 neutron-server[94290]: INFO neutron.wsgi [req-c83444bc-e2ad-4075-8e37-7308e30bac5a req-71f0694a-4f1c-485b-a9d9-05038cc7a64a service neutron] 10.222.0.60 "PUT /v2.0/ports/8a3bf99a-0506-4d47-9c9d-fafed99f2971 HTTP/1.1" status: 200 len: 1096 time: 1.6647980
Aug 09 15:38:43.692828 n-d-803778-2 neutron-server[94290]: DEBUG neutron_lib.callbacks.manager [None req-c9b1dbda-c50d-4d2f-b621-5435ca5563a9 admin admin] Notify callbacks ['neutron.plugins.ml2.plugin.Ml2Plugin._network_delete_after_delete_handler-920832', 'neutron.plugins.ml2.ovo_rpc._ObjectChangeHandler.handle_event-1603875', 'neutron.api.rpc.agentnotifiers.dhcp_rpc_agent_api.DhcpAgentNotifyAPI._native_event_send_dhcp_notification-2079551', 'neutron.services.l3_router.l3_router_plugin.DVRResourceOperationHandler.delete_fip_namespaces_for_ext_net-2052785'] for network, after_delete {{(pid=94290) _notify_loop /usr/local/lib/python3.8/dist-packages/neutron_lib/callbacks/manager.py:192}}
Aug 09 15:38:43.708561 n-d-803778-2 neutron-server[94290]: INFO neutron.wsgi [req-d5374c94-9f31-4339-915a-b8ed6ffac97f req-b55a49ad-ffe7-4711-8598-e4060c609f77 tempest-MigrationsAdminTest-672031055 tempest-MigrationsAdminTest-672031055-project] 10.222.0.81 "GET /v2.0/security-groups?id=f2ca2202-c663-4427-b1a5-7609df9ed5cd&fields=id&fields=name HTTP/1.1" status: 200 len: 286 time: 0.1885734
Aug 09 15:38:43.738886 n-d-803778-2 neutron-server[94290]: DEBUG neutron_lib.callbacks.manager [None req-79579ee3-181e-4af4-9723-54f8b6372f27 admin admin] Notify callbacks ['neutron.plugins.ml2.ovo_rpc._ObjectChangeHandler.handle_event-1601468'] for security_group, after_delete {{(pid=94290) _notify_loop /usr/local/lib/python3.8/dist-packages/neutron_lib/callbacks/manager.py:192}}
Aug 09 15:38:43.741849 n-d-803778-2 neutron-server[94290]: DEBUG neutron_lib.callbacks.manager [None req-79579ee3-181e-4af4-9723-54f8b6372f27 admin admin] Notify callbacks [] for security_group, before_response {{(pid=94290) _notify_loop /usr/local/lib/python3.8/dist-packages/neutron_lib/callbacks/manager.py:192}}
Aug 09 15:38:43.750608 n-d-803778-2 neutron-server[94290]: INFO neutron.wsgi [None req-79579ee3-181e-4af4-9723-54f8b6372f27 admin admin] 10.222.0.81 "DELETE /v2.0/security-groups/1f75ead9-1568-4006-8f29-680f0dfbabcc HTTP/1.1" status: 204 len: 168 time: 0.7731760
Aug 09 15:38:43.752057 n-d-803778-2 neutron-server[94290]: DEBUG neutron_lib.callbacks.manager [None req-c9b1dbda-c50d-4d2f-b621-5435ca5563a9 admin admin] Notify callbacks ['neutron.api.rpc.agentnotifiers.dhcp_rpc_agent_api.DhcpAgentNotifyAPI._send_dhcp_notification-2079521'] for network, before_response {{(pid=94290) _notify_loop /usr/local/lib/python3.8/dist-packages/neutron_lib/callbacks/manager.py:192}}
Aug 09 15:38:43.757026 n-d-803778-2 neutron-server[94290]: INFO neutron.wsgi [None req-c9b1dbda-c50d-4d2f-b621-5435ca5563a9 admin admin] 10.222.0.81 "DELETE /v2.0/networks/eb8cd4b0-94e5-42ee-962f-1e0197cde0ae HTTP/1.1" status: 204 len: 168 time: 1.0243769
Aug 09 15:38:43.763235 n-d-803778-2 neutron-server[94289]: DEBUG neutron_lib.callbacks.manager [None req-f47fd048-e088-4134-80b6-89a18f944fca admin admin] Notify callbacks [] for security_group, precommit_create {{(pid=94289) _notify_loop /usr/local/lib/python3.8/dist-packages/neutron_lib/callbacks/manager.py:192}}
Aug 09 15:38:43.778072 n-d-803778-2 neutron-server[94289]: DEBUG neutron_lib.callbacks.manager [None req-f47fd048-e088-4134-80b6-89a18f944fca admin admin] Notify callbacks ['neutron.plugins.ml2.ovo_rpc._ObjectChangeHandler.handle_event-1601468'] for security_group, after_create {{(pid=94289) _notify_loop /usr/local/lib/python3.8/dist-packages/neutron_lib/callbacks/manager.py:192}}
Aug 09 15:38:43.783054 n-d-803778-2 neutron-server[94290]: DEBUG neutron.api.rpc.handlers.resources_rpc [None req-c9b1dbda-c50d-4d2f-b621-5435ca5563a9 admin admin] Pushing event deleted for resources: {'Network': ['ID=eb8cd4b0-94e5-42ee-962f-1e0197cde0ae,revision_number=None']} {{(pid=94290) push /opt/stack/neutron/neutron/api/rpc/handlers/resources_rpc.py:237}}
Aug 09 15:38:43.784817 n-d-803778-2 neutron-server[94290]: DEBUG neutron.api.rpc.handlers.resources_rpc [None req-71f0694a-4f1c-485b-a9d9-05038cc7a64a service neutron] Pushing event updated for resources: {'Port': ['ID=8a3bf99a-0506-4d47-9c9d-fafed99f2971,revision_number=7']} {{(pid=94290) push /opt/stack/neutron/neutron/api/rpc/handlers/resources_rpc.py:237}}
Aug 09 15:38:43.809633 n-d-803778-2 neutron-server[94290]: DEBUG neutron.api.rpc.handlers.resources_rpc [None req-79579ee3-181e-4af4-9723-54f8b6372f27 admin admin] Pushing event deleted for resources: {'SecurityGroup': ['ID=1f75ead9-1568-4006-8f29-680f0dfbabcc,revision_number=None']} {{(pid=94290) push /opt/stack/neutron/neutron/api/rpc/handlers/resources_rpc.py:237}}
Aug 09 15:38:43.828676 n-d-803778-2 neutron-server[94290]: DEBUG neutron.pecan_wsgi.hooks.policy_enforcement [req-c83444bc-e2ad-4075-8e37-7308e30bac5a req-88e9d242-4171-43c0-b5b6-4559f4661626 service neutron] Attributes excluded by policy engine: ['standard_attr_id'] {{(pid=94290) _exclude_attributes_by_policy /opt/stack/neutron/neutron/pecan_wsgi/hooks/policy_enforcement.py:255}}
Aug 09 15:38:43.830455 n-d-803778-2 neutron-server[94290]: INFO neutron.wsgi [req-c83444bc-e2ad-4075-8e37-7308e30bac5a req-88e9d242-4171-43c0-b5b6-4559f4661626 service neutron] 10.222.0.60 "GET /v2.0/ports?tenant_id=3db5924556fe4b23b861d1e4e4681575&device_id=2ea5800f-4655-4a32-8a39-d23418cef2f5 HTTP/1.1" status: 200 len: 1099 time: 0.0699828
Aug 09 15:38:43.881800 n-d-803778-2 neutron-server[94289]: DEBUG neutron.api.rpc.handlers.resources_rpc [None req-f47fd048-e088-4134-80b6-89a18f944fca admin admin] Pushing event updated for resources: {'SecurityGroup': ['ID=f856ded3-1c41-4ba4-b436-2c77ac8b60f4,revision_number=1']} {{(pid=94289) push /opt/stack/neutron/neutron/api/rpc/handlers/resources_rpc.py:237}}
Aug 09 15:38:43.887113 n-d-803778-2 neutron-server[94289]: INFO neutron.wsgi [None req-f47fd048-e088-4134-80b6-89a18f944fca admin admin] 10.222.0.81 "GET /v2.0/security-groups?tenant_id=b89d102b4ddb43e0b7dc02db80b5162e&name=default HTTP/1.1" status: 200 len: 2979 time: 0.7252917
Aug 09 15:38:43.891185 n-d-803778-2 neutron-server[94289]: DEBUG neutron.wsgi [-] (94289) accepted ('10.222.0.81', 48768) {{(pid=94289) server /usr/local/lib/python3.8/dist-packages/eventlet/wsgi.py:982}}
Aug 09 15:38:43.915719 n-d-803778-2 neutron-server[94289]: DEBUG neutron.pecan_wsgi.hooks.quota_enforcement [None req-5e5acb02-ae43-4878-bd51-d4c735eddba7 admin admin] Made reservation on behalf of 17d0c9690fc2408fafe1e882cfa3b0b2 for: {'subnet': 1} {{(pid=94289) before /opt/stack/neutron/neutron/pecan_wsgi/hooks/quota_enforcement.py:53}}
Aug 09 15:38:43.916853 n-d-803778-2 neutron-server[94290]: DEBUG neutron.wsgi [-] (94290) accepted ('10.222.0.81', 48770) {{(pid=94290) server /usr/local/lib/python3.8/dist-packages/eventlet/wsgi.py:982}}
Aug 09 15:38:43.917375 n-d-803778-2 neutron-server[94289]: DEBUG neutron_lib.callbacks.manager [None req-5e5acb02-ae43-4878-bd51-d4c735eddba7 admin admin] Notify callbacks ['neutron.services.segments.plugin.SegmentHostRoutes.host_routes_before_create-4361174'] for subnet, before_create {{(pid=94289) _notify_loop /usr/local/lib/python3.8/dist-packages/neutron_lib/callbacks/manager.py:192}}
Aug 09 15:38:43.942744 n-d-803778-2 neutron-server[94290]: DEBUG neutron_lib.callbacks.manager [None req-f63c6cd0-9775-4245-a613-74e2babc8f1f admin admin] Notify callbacks [] for security_group, before_create {{(pid=94290) _notify_loop /usr/local/lib/python3.8/dist-packages/neutron_lib/callbacks/manager.py:192}}
Aug 09 15:38:44.033429 n-d-803778-2 neutron-server[94289]: DEBUG neutron_lib.callbacks.manager [None req-de809178-ff19-403f-adb3-ee8f901845ef admin admin] Notify callbacks [] for security_group, before_delete {{(pid=94289) _notify_loop /usr/local/lib/python3.8/dist-packages/neutron_lib/callbacks/manager.py:192}}
Aug 09 15:38:44.069912 n-d-803778-2 neutron-server[94290]: DEBUG neutron.pecan_wsgi.hooks.policy_enforcement [req-c83444bc-e2ad-4075-8e37-7308e30bac5a req-68c15d2a-4cb8-4137-b171-b05c7d5357bd service neutron] Attributes excluded by policy engine: ['standard_attr_id', 'vlan_transparent'] {{(pid=94290) _exclude_attributes_by_policy /opt/stack/neutron/neutron/pecan_wsgi/hooks/policy_enforcement.py:255}}
Aug 09 15:38:44.071533 n-d-803778-2 neutron-server[94290]: INFO neutron.wsgi [req-c83444bc-e2ad-4075-8e37-7308e30bac5a req-68c15d2a-4cb8-4137-b171-b05c7d5357bd service neutron] 10.222.0.60 "GET /v2.0/networks?id=93fc6782-998d-466f-90e8-d8a82f8aae7b HTTP/1.1" status: 200 len: 870 time: 0.2331190
Aug 09 15:38:44.098966 n-d-803778-2 neutron-server[94289]: DEBUG neutron_lib.callbacks.manager [None req-de809178-ff19-403f-adb3-ee8f901845ef admin admin] Notify callbacks [] for security_group, precommit_delete {{(pid=94289) _notify_loop /usr/local/lib/python3.8/dist-packages/neutron_lib/callbacks/manager.py:192}}
Aug 09 15:38:44.162016 n-d-803778-2 neutron-server[94290]: INFO neutron.wsgi [req-c83444bc-e2ad-4075-8e37-7308e30bac5a req-6bd2c1c9-4ff7-4c71-983f-3e9106afb694 service neutron] 10.222.0.60 "GET /v2.0/floatingips?fixed_ip_address=192.168.233.138&port_id=8a3bf99a-0506-4d47-9c9d-fafed99f2971 HTTP/1.1" status: 200 len: 217 time: 0.0822606
Aug 09 15:38:44.209821 n-d-803778-2 neutron-server[94289]: DEBUG neutron_lib.callbacks.manager [None req-de809178-ff19-403f-adb3-ee8f901845ef admin admin] Notify callbacks ['neutron.plugins.ml2.ovo_rpc._ObjectChangeHandler.handle_event-1601468'] for security_group, after_delete {{(pid=94289) _notify_loop /usr/local/lib/python3.8/dist-packages/neutron_lib/callbacks/manager.py:192}}
Aug 09 15:38:44.215860 n-d-803778-2 neutron-server[94289]: DEBUG neutron_lib.callbacks.manager [None req-de809178-ff19-403f-adb3-ee8f901845ef admin admin] Notify callbacks [] for security_group, before_response {{(pid=94289) _notify_loop /usr/local/lib/python3.8/dist-packages/neutron_lib/callbacks/manager.py:192}}
Aug 09 15:38:44.215860 n-d-803778-2 neutron-server[94289]: INFO neutron.wsgi [None req-de809178-ff19-403f-adb3-ee8f901845ef admin admin] 10.222.0.81 "DELETE /v2.0/security-groups/f856ded3-1c41-4ba4-b436-2c77ac8b60f4 HTTP/1.1" status: 204 len: 168 time: 0.3218601
Aug 09 15:38:44.247192 n-d-803778-2 neutron-server[94290]: DEBUG neutron.pecan_wsgi.hooks.policy_enforcement [req-c83444bc-e2ad-4075-8e37-7308e30bac5a req-87d71742-e063-47d9-96c3-39b8d1d5e3e7 service neutron] Attributes excluded by policy engine: ['standard_attr_id', 'shared', 'segment_id'] {{(pid=94290) _exclude_attributes_by_policy /opt/stack/neutron/neutron/pecan_wsgi/hooks/policy_enforcement.py:255}}
Aug 09 15:38:44.253943 n-d-803778-2 neutron-server[94290]: INFO neutron.wsgi [req-c83444bc-e2ad-4075-8e37-7308e30bac5a req-87d71742-e063-47d9-96c3-39b8d1d5e3e7 service neutron] 10.222.0.60 "GET /v2.0/subnets?id=4444c197-8a4f-45f0-89a6-519cde67a053 HTTP/1.1" status: 200 len: 843 time: 0.0759113
Aug 09 15:38:44.255366 n-d-803778-2 neutron-server[94290]: DEBUG neutron.wsgi [-] (94290) accepted ('10.222.0.81', 48810) {{(pid=94290) server /usr/local/lib/python3.8/dist-packages/eventlet/wsgi.py:982}}
Aug 09 15:38:44.258172 n-d-803778-2 neutron-server[94289]: DEBUG neutron.api.rpc.handlers.resources_rpc [None req-de809178-ff19-403f-adb3-ee8f901845ef admin admin] Pushing event deleted for resources: {'SecurityGroup': ['ID=f856ded3-1c41-4ba4-b436-2c77ac8b60f4,revision_number=None']} {{(pid=94289) push /opt/stack/neutron/neutron/api/rpc/handlers/resources_rpc.py:237}}
Aug 09 15:38:44.280279 n-d-803778-2 neutron-server[94289]: DEBUG neutron_lib.callbacks.manager [None req-5e5acb02-ae43-4878-bd51-d4c735eddba7 admin admin] Notify callbacks ['neutron.plugins.ml2.ovo_rpc._ObjectChangeHandler.handle_event-1603906', 'neutron.api.rpc.agentnotifiers.dhcp_rpc_agent_api.DhcpAgentNotifyAPI._native_event_send_dhcp_notification-2079551', 'neutron.services.segments.plugin.NovaSegmentNotifier._notify_subnet_created-7867071', 'neutron.services.segments.plugin.SegmentHostRoutes.host_routes_after_create-4361188'] for subnet, after_create {{(pid=94289) _notify_loop /usr/local/lib/python3.8/dist-packages/neutron_lib/callbacks/manager.py:192}}
Aug 09 15:38:44.358058 n-d-803778-2 neutron-server[94289]: DEBUG neutron.plugins.ml2.drivers.mech_agent [None req-5e5acb02-ae43-4878-bd51-d4c735eddba7 admin admin] Checking segment: {'id': '4a0abb8d-6579-4db9-8b93-80d3d83b43e9', 'network_type': 'vlan', 'physical_network': 'physnet1', 'segmentation_id': 680, 'network_id': '02b7a47e-926b-4905-ac77-387155aa5645'} for mappings: {'physnet1': 'br-data'} with network types: ['local', 'flat', 'vlan'] {{(pid=94289) check_segment_for_agent /opt/stack/neutron/neutron/plugins/ml2/drivers/mech_agent.py:352}}
Aug 09 15:38:44.358451 n-d-803778-2 neutron-server[94289]: DEBUG neutron.scheduler.dhcp_agent_scheduler [None req-5e5acb02-ae43-4878-bd51-d4c735eddba7 admin admin] Network hostable DHCP agents. Network: 02b7a47e-926b-4905-ac77-387155aa5645, hostable agents: ['a03f0ed0-8cc6-4406-b164-a3b0cfd8fef4'], hosted agents: [] {{(pid=94289) _get_network_hostable_dhcp_agents /opt/stack/neutron/neutron/scheduler/dhcp_agent_scheduler.py:329}}
Aug 09 15:38:44.380529 n-d-803778-2 neutron-server[94289]: DEBUG neutron.api.rpc.handlers.resources_rpc [None req-5e5acb02-ae43-4878-bd51-d4c735eddba7 admin admin] Pushing event updated for resources: {'Subnet': ['ID=8755e6ce-7dfd-4d75-82b1-3c0f2df339a9,revision_number=0']} {{(pid=94289) push /opt/stack/neutron/neutron/api/rpc/handlers/resources_rpc.py:237}}
Aug 09 15:38:44.386123 n-d-803778-2 neutron-server[94290]: DEBUG neutron.pecan_wsgi.hooks.policy_enforcement [req-c83444bc-e2ad-4075-8e37-7308e30bac5a req-e23db7fd-b7e0-4f0b-90f0-9e5e859783f6 service neutron] Attributes excluded by policy engine: ['standard_attr_id'] {{(pid=94290) _exclude_attributes_by_policy /opt/stack/neutron/neutron/pecan_wsgi/hooks/policy_enforcement.py:255}}
Aug 09 15:38:44.388350 n-d-803778-2 neutron-server[94289]: DEBUG neutron.scheduler.dhcp_agent_scheduler [None req-5e5acb02-ae43-4878-bd51-d4c735eddba7 admin admin] Network 02b7a47e-926b-4905-ac77-387155aa5645 is scheduled to be hosted by DHCP agent a03f0ed0-8cc6-4406-b164-a3b0cfd8fef4 with binding_index 1 {{(pid=94289) bind /opt/stack/neutron/neutron/scheduler/dhcp_agent_scheduler.py:227}}
Aug 09 15:38:44.389959 n-d-803778-2 neutron-server[94290]: INFO neutron.wsgi [req-c83444bc-e2ad-4075-8e37-7308e30bac5a req-e23db7fd-b7e0-4f0b-90f0-9e5e859783f6 service neutron] 10.222.0.60 "GET /v2.0/ports?network_id=93fc6782-998d-466f-90e8-d8a82f8aae7b&device_owner=network%3Adhcp HTTP/1.1" status: 200 len: 1166 time: 0.0919952
Aug 09 15:38:44.394890 n-d-803778-2 neutron-server[94290]: INFO neutron.wsgi [None req-1b62266a-4d38-43a3-9736-65b74a009bcf admin admin] 10.222.0.81 "GET /v2.0/security-groups?tenant_id=251efce9fc1a4fdc95785b66d30f762a&name=default HTTP/1.1" status: 200 len: 2979 time: 0.1363807
Aug 09 15:38:44.399620 n-d-803778-2 neutron-server[94290]: DEBUG neutron.wsgi [-] (94290) accepted ('10.222.0.81', 48816) {{(pid=94290) server /usr/local/lib/python3.8/dist-packages/eventlet/wsgi.py:982}}
Aug 09 15:38:44.409752 n-d-803778-2 neutron-server[94289]: DEBUG neutron.scheduler.base_scheduler [None req-5e5acb02-ae43-4878-bd51-d4c735eddba7 admin admin] Resources bound (agent type, host, resource id): (DHCP agent, n-d-803778-2, 02b7a47e-926b-4905-ac77-387155aa5645) {{(pid=94289) schedule /opt/stack/neutron/neutron/scheduler/base_scheduler.py:57}}
Aug 09 15:38:44.414902 n-d-803778-2 neutron-server[94289]: DEBUG neutron.pecan_wsgi.hooks.policy_enforcement [None req-5e5acb02-ae43-4878-bd51-d4c735eddba7 admin admin] Attributes excluded by policy engine: ['standard_attr_id', 'shared', 'segment_id', 'network'] {{(pid=94289) _exclude_attributes_by_policy /opt/stack/neutron/neutron/pecan_wsgi/hooks/policy_enforcement.py:255}}
Aug 09 15:38:44.417988 n-d-803778-2 neutron-server[94289]: DEBUG neutron_lib.callbacks.manager [None req-5e5acb02-ae43-4878-bd51-d4c735eddba7 admin admin] Notify callbacks [] for subnet, before_response {{(pid=94289) _notify_loop /usr/local/lib/python3.8/dist-packages/neutron_lib/callbacks/manager.py:192}}
Aug 09 15:38:44.421281 n-d-803778-2 neutron-server[94291]: DEBUG neutron.api.rpc.handlers.dhcp_rpc [None req-3f222421-2a9c-4854-89ff-e7abd4cef850 None None] Network 02b7a47e-926b-4905-ac77-387155aa5645 requested from n-d-803778-2 {{(pid=94291) get_network_info /opt/stack/neutron/neutron/api/rpc/handlers/dhcp_rpc.py:218}}
Aug 09 15:38:44.496116 n-d-803778-2 neutron-server[94290]: DEBUG neutron_lib.callbacks.manager [None req-f63c6cd0-9775-4245-a613-74e2babc8f1f admin admin] Notify callbacks [] for security_group, precommit_create {{(pid=94290) _notify_loop /usr/local/lib/python3.8/dist-packages/neutron_lib/callbacks/manager.py:192}}
Aug 09 15:38:44.515610 n-d-803778-2 neutron-server[94290]: DEBUG neutron_lib.callbacks.manager [None req-f63c6cd0-9775-4245-a613-74e2babc8f1f admin admin] Notify callbacks ['neutron.plugins.ml2.ovo_rpc._ObjectChangeHandler.handle_event-1601468'] for security_group, after_create {{(pid=94290) _notify_loop /usr/local/lib/python3.8/dist-packages/neutron_lib/callbacks/manager.py:192}}
Aug 09 15:38:44.526512 n-d-803778-2 neutron-server[94289]: INFO neutron.wsgi [None req-5e5acb02-ae43-4878-bd51-d4c735eddba7 admin admin] 10.222.0.81 "POST /v2.0/subnets HTTP/1.1" status: 201 len: 844 time: 0.9617286
Aug 09 15:38:44.594870 n-d-803778-2 neutron-server[94291]: DEBUG neutron.api.rpc.handlers.dhcp_rpc [None req-3960880a-870f-426d-a02f-86e73fdfa193 None None] Network 02b7a47e-926b-4905-ac77-387155aa5645 requested from n-d-803778-2 {{(pid=94291) get_network_info /opt/stack/neutron/neutron/api/rpc/handlers/dhcp_rpc.py:218}}
Aug 09 15:38:44.602635 n-d-803778-2 neutron-server[94290]: INFO neutron.wsgi [None req-f63c6cd0-9775-4245-a613-74e2babc8f1f admin admin] 10.222.0.81 "GET /v2.0/security-groups?tenant_id=68bd364a2f194a2e8f0c39502e4800db&name=default HTTP/1.1" status: 200 len: 2979 time: 0.6841917
Aug 09 15:38:44.605236 n-d-803778-2 neutron-server[94289]: DEBUG neutron.wsgi [-] (94289) accepted ('10.222.0.81', 48826) {{(pid=94289) server /usr/local/lib/python3.8/dist-packages/eventlet/wsgi.py:982}}
Aug 09 15:38:44.627684 n-d-803778-2 neutron-server[94290]: DEBUG neutron.api.rpc.handlers.resources_rpc [None req-f63c6cd0-9775-4245-a613-74e2babc8f1f admin admin] Pushing event updated for resources: {'SecurityGroup': ['ID=393bfcdc-710d-4288-b5bb-d3a41f0a9980,revision_number=1']} {{(pid=94290) push /opt/stack/neutron/neutron/api/rpc/handlers/resources_rpc.py:237}}
Aug 09 15:38:44.636972 n-d-803778-2 neutron-server[94290]: INFO neutron.wsgi [req-c83444bc-e2ad-4075-8e37-7308e30bac5a req-ce98f3c3-811f-425b-a191-090ae019419f service neutron] 10.222.0.60 "GET /v2.0/networks/93fc6782-998d-466f-90e8-d8a82f8aae7b?fields=segments HTTP/1.1" status: 200 len: 212 time: 0.2381029
Aug 09 15:38:44.638107 n-d-803778-2 neutron-server[94290]: DEBUG neutron_lib.callbacks.manager [None req-7ffb9831-3771-42fd-a895-90d7a1da56ce admin admin] Notify callbacks [] for security_group, before_delete {{(pid=94290) _notify_loop /usr/local/lib/python3.8/dist-packages/neutron_lib/callbacks/manager.py:192}}
Aug 09 15:38:44.682511 n-d-803778-2 neutron-server[94290]: DEBUG neutron.notifiers.nova [-] Sending events: [{'name': 'network-changed', 'server_uuid': '2ea5800f-4655-4a32-8a39-d23418cef2f5', 'tag': '8a3bf99a-0506-4d47-9c9d-fafed99f2971'}] {{(pid=94290) send_events /opt/stack/neutron/neutron/notifiers/nova.py:262}}
Aug 09 15:38:44.684898 n-d-803778-2 neutron-server[94290]: DEBUG novaclient.v2.client [-] REQ: curl -g -i --cacert "/opt/stack/data/ca-bundle.pem" -X POST http://10.222.0.81/compute/v2.1/os-server-external-events -H "Accept: application/json" -H "Content-Type: application/json" -H "User-Agent: python-novaclient" -H "X-Auth-Token: {SHA256}02afd4ab478e06e53f6684aa8835c39fb4bd634094ed80f89022859bf16abec6" -H "X-OpenStack-Nova-API-Version: 2.1" -H "X-OpenStack-Request-ID: req-0cb663d0-3ace-430f-97de-82c26a7f6641" -d '{"events": [{"name": "network-changed", "server_uuid": "2ea5800f-4655-4a32-8a39-d23418cef2f5", "tag": "8a3bf99a-0506-4d47-9c9d-fafed99f2971"}]}' {{(pid=94290) _http_log_request /usr/local/lib/python3.8/dist-packages/keystoneauth1/session.py:519}}
Aug 09 15:38:44.711417 n-d-803778-2 neutron-server[94289]: DEBUG neutron.wsgi [-] (94289) accepted ('10.222.0.81', 48832) {{(pid=94289) server /usr/local/lib/python3.8/dist-packages/eventlet/wsgi.py:982}}
Aug 09 15:38:44.753094 n-d-803778-2 neutron-server[94289]: DEBUG neutron_lib.callbacks.manager [None req-d1891f63-3422-4a31-9fe7-9157abf76787 admin admin] Notify callbacks [] for security_group, before_delete {{(pid=94289) _notify_loop /usr/local/lib/python3.8/dist-packages/neutron_lib/callbacks/manager.py:192}}
