Aug 06 10:07:55.189501 n-d-803714-1 devstack@n-api.service[109732]: DEBUG nova.quota [None req-3c1b966f-ea9e-4eb7-bd52-72a579394817 tempest-KeyPairsV2TestJSON-1415073564 tempest-KeyPairsV2TestJSON-1415073564-project] Getting quotas for project 5b2466bf7d3f43b1b8d42070462711ab. Resources: {'key_pairs'} {{(pid=109732) _get_quotas /opt/stack/nova/nova/quota.py:384}}
Aug 06 10:07:55.191166 n-d-803714-1 devstack@n-api.service[109731]: DEBUG oslo_concurrency.lockutils [None req-11d5e7c8-3035-416b-b0b2-227479b4f15d tempest-ServersWithSpecificFlavorTestJSON-1036336187 tempest-ServersWithSpecificFlavorTestJSON-1036336187-project] Lock "c8da1866-563b-48b0-8700-80e53dc35d6a" acquired by "nova.context.set_target_cell..get_or_set_cached_cell_and_set_connections" :: waited 0.000s {{(pid=109731) inner /usr/local/lib/python3.8/dist-packages/oslo_concurrency/lockutils.py:355}}
Aug 06 10:07:55.194645 n-d-803714-1 devstack@n-api.service[109731]: DEBUG oslo_concurrency.lockutils [None req-11d5e7c8-3035-416b-b0b2-227479b4f15d tempest-ServersWithSpecificFlavorTestJSON-1036336187 tempest-ServersWithSpecificFlavorTestJSON-1036336187-project] Lock "c8da1866-563b-48b0-8700-80e53dc35d6a" released by "nova.context.set_target_cell..get_or_set_cached_cell_and_set_connections" :: held 0.004s {{(pid=109731) inner /usr/local/lib/python3.8/dist-packages/oslo_concurrency/lockutils.py:367}}
Aug 06 10:07:55.197168 n-d-803714-1 devstack@n-api.service[109731]: DEBUG oslo_concurrency.lockutils [None req-11d5e7c8-3035-416b-b0b2-227479b4f15d tempest-ServersWithSpecificFlavorTestJSON-1036336187 tempest-ServersWithSpecificFlavorTestJSON-1036336187-project] Lock "c8da1866-563b-48b0-8700-80e53dc35d6a" acquired by "nova.context.set_target_cell..get_or_set_cached_cell_and_set_connections" :: waited 0.000s {{(pid=109731) inner /usr/local/lib/python3.8/dist-packages/oslo_concurrency/lockutils.py:355}}
Aug 06 10:07:55.197698 n-d-803714-1 devstack@n-api.service[109732]: DEBUG nova.quota [None req-3c1b966f-ea9e-4eb7-bd52-72a579394817 tempest-KeyPairsV2TestJSON-1415073564 tempest-KeyPairsV2TestJSON-1415073564-project] Getting quotas for user 4d3046a0cff64d9e90eacb49bd09757e and project 5b2466bf7d3f43b1b8d42070462711ab. Resources: {'key_pairs'} {{(pid=109732) _get_quotas /opt/stack/nova/nova/quota.py:374}}
Aug 06 10:07:55.198055 n-d-803714-1 devstack@n-api.service[109731]: DEBUG oslo_concurrency.lockutils [None req-11d5e7c8-3035-416b-b0b2-227479b4f15d tempest-ServersWithSpecificFlavorTestJSON-1036336187 tempest-ServersWithSpecificFlavorTestJSON-1036336187-project] Lock "c8da1866-563b-48b0-8700-80e53dc35d6a" released by "nova.context.set_target_cell..get_or_set_cached_cell_and_set_connections" :: held 0.002s {{(pid=109731) inner /usr/local/lib/python3.8/dist-packages/oslo_concurrency/lockutils.py:367}}
Aug 06 10:07:55.283580 n-d-803714-1 devstack@n-api.service[109731]: INFO nova.api.openstack.requestlog [None req-11d5e7c8-3035-416b-b0b2-227479b4f15d tempest-ServersWithSpecificFlavorTestJSON-1036336187 tempest-ServersWithSpecificFlavorTestJSON-1036336187-project] 10.222.0.25 "POST /compute/v2.1/servers/7faeafa5-020a-40cb-ba75-12b9136ea241/action" status: 200 len: 24568 microversion: 2.1 time: 0.113387
Aug 06 10:07:55.288454 n-d-803714-1 devstack@n-api.service[109731]: [pid: 109731|app: 0|req: 209/421] 10.222.0.25 () {60 vars in 1278 bytes} [Fri Aug 6 10:07:55 2021] POST /compute/v2.1/servers/7faeafa5-020a-40cb-ba75-12b9136ea241/action => generated 24568 bytes in 119 msecs (HTTP/1.1 200) 9 headers in 359 bytes (1 switches on core 0)
Aug 06 10:07:55.300756 n-d-803714-1 devstack@n-api.service[109731]: DEBUG nova.api.openstack.wsgi [None req-25cd6fb5-7b82-43ba-8ff6-2545cc05c86f tempest-FlavorsAdminTestJSON-1961996062 tempest-FlavorsAdminTestJSON-1961996062-project-admin] Calling method '>' {{(pid=109731) _process_stack /opt/stack/nova/nova/api/openstack/wsgi.py:513}}
Aug 06 10:07:55.323130 n-d-803714-1 devstack@n-api.service[109731]: INFO nova.api.openstack.requestlog [None req-25cd6fb5-7b82-43ba-8ff6-2545cc05c86f tempest-FlavorsAdminTestJSON-1961996062 tempest-FlavorsAdminTestJSON-1961996062-project-admin] 10.222.0.25 "GET /compute/v2.1/flavors/detail?is_public=f" status: 200 len: 417 microversion: 2.1 time: 0.032543
Aug 06 10:07:55.324395 n-d-803714-1 devstack@n-api.service[109731]: [pid: 109731|app: 0|req: 210/422] 10.222.0.25 () {58 vars in 1169 bytes} [Fri Aug 6 10:07:55 2021] GET /compute/v2.1/flavors/detail?is_public=f => generated 417 bytes in 35 msecs (HTTP/1.1 200) 9 headers in 357 bytes (1 switches on core 0)
Aug 06 10:07:55.329533 n-d-803714-1 devstack@n-api.service[109731]: DEBUG nova.api.openstack.wsgi [None req-e694045c-6bd7-4f98-ada5-668adfa603ab tempest-FlavorsAccessNegativeTestJSON-1958099801 tempest-FlavorsAccessNegativeTestJSON-1958099801-project-admin] Calling method '>' {{(pid=109731) _process_stack /opt/stack/nova/nova/api/openstack/wsgi.py:513}}
Aug 06 10:07:55.354464 n-d-803714-1 devstack@n-api.service[109731]: INFO nova.api.openstack.requestlog [None req-e694045c-6bd7-4f98-ada5-668adfa603ab tempest-FlavorsAccessNegativeTestJSON-1958099801 tempest-FlavorsAccessNegativeTestJSON-1958099801-project-admin] 10.222.0.25 "GET /compute/v2.1/flavors/detail" status: 200 len: 6215 microversion: 2.1 time: 0.028686
Aug 06 10:07:55.355633 n-d-803714-1 devstack@n-api.service[109731]: [pid: 109731|app: 0|req: 211/423] 10.222.0.25 () {58 vars in 1146 bytes} [Fri Aug 6 10:07:55 2021] GET /compute/v2.1/flavors/detail => generated 6215 bytes in 30 msecs (HTTP/1.1 200) 9 headers in 358 bytes (1 switches on core 0)
Aug 06 10:07:55.363322 n-d-803714-1 devstack@n-api.service[109731]: DEBUG nova.api.openstack.wsgi [None req-71194c3c-5db8-4229-bf7d-3a52ea24f427 tempest-FlavorsAdminTestJSON-1961996062 tempest-FlavorsAdminTestJSON-1961996062-project-admin] Calling method '>' {{(pid=109731) _process_stack /opt/stack/nova/nova/api/openstack/wsgi.py:513}}
Aug 06 10:07:55.374304 n-d-803714-1 devstack@n-api.service[109731]: INFO nova.api.openstack.requestlog [None req-71194c3c-5db8-4229-bf7d-3a52ea24f427 tempest-FlavorsAdminTestJSON-1961996062 tempest-FlavorsAdminTestJSON-1961996062-project-admin] 10.222.0.25 "GET /compute/v2.1/flavors/detail?is_public=false" status: 200 len: 417 microversion: 2.1 time: 0.015905
Aug 06 10:07:55.386384 n-d-803714-1 devstack@n-api.service[109731]: [pid: 109731|app: 0|req: 212/424] 10.222.0.25 () {58 vars in 1177 bytes} [Fri Aug 6 10:07:55 2021] GET /compute/v2.1/flavors/detail?is_public=false => generated 417 bytes in 26 msecs (HTTP/1.1 200) 9 headers in 357 bytes (1 switches on core 0)
Aug 06 10:07:55.410613 n-d-803714-1 devstack@n-api.service[109731]: DEBUG nova.api.openstack.wsgi [None req-d274860e-1df8-4714-9421-a54f6184076c tempest-FlavorsAdminTestJSON-1961996062 tempest-FlavorsAdminTestJSON-1961996062-project-admin] Calling method '>' {{(pid=109731) _process_stack /opt/stack/nova/nova/api/openstack/wsgi.py:513}}
Aug 06 10:07:55.441739 n-d-803714-1 devstack@n-api.service[109731]: INFO nova.api.openstack.requestlog [None req-d274860e-1df8-4714-9421-a54f6184076c tempest-FlavorsAdminTestJSON-1961996062 tempest-FlavorsAdminTestJSON-1961996062-project-admin] 10.222.0.25 "GET /compute/v2.1/flavors/detail?is_public=no" status: 200 len: 417 microversion: 2.1 time: 0.044167
Aug 06 10:07:55.443087 n-d-803714-1 devstack@n-api.service[109731]: [pid: 109731|app: 0|req: 213/425] 10.222.0.25 () {58 vars in 1171 bytes} [Fri Aug 6 10:07:55 2021] GET /compute/v2.1/flavors/detail?is_public=no => generated 417 bytes in 53 msecs (HTTP/1.1 200) 9 headers in 357 bytes (1 switches on core 0)
Aug 06 10:07:55.453983 n-d-803714-1 devstack@n-api.service[109731]: DEBUG nova.api.openstack.wsgi [None req-24abf2e3-025a-458d-81f8-66f3d6093e30 tempest-LiveMigrationTest-266714035 tempest-LiveMigrationTest-266714035-project] Calling method '>' {{(pid=109731) _process_stack /opt/stack/nova/nova/api/openstack/wsgi.py:513}}
Aug 06 10:07:55.454729 n-d-803714-1 devstack@n-api.service[109731]: DEBUG nova.compute.api [None req-24abf2e3-025a-458d-81f8-66f3d6093e30 tempest-LiveMigrationTest-266714035 tempest-LiveMigrationTest-266714035-project] [instance: 355661f5-d855-4a9e-a75c-a52a4bb53dd0] Fetching instance by UUID {{(pid=109731) get /opt/stack/nova/nova/compute/api.py:2791}}
Aug 06 10:07:55.473728 n-d-803714-1 devstack@n-api.service[109731]: DEBUG oslo_concurrency.lockutils [None req-24abf2e3-025a-458d-81f8-66f3d6093e30 tempest-LiveMigrationTest-266714035 tempest-LiveMigrationTest-266714035-project] Lock "c8da1866-563b-48b0-8700-80e53dc35d6a" acquired by "nova.context.set_target_cell..get_or_set_cached_cell_and_set_connections" :: waited 0.000s {{(pid=109731) inner /usr/local/lib/python3.8/dist-packages/oslo_concurrency/lockutils.py:355}}
Aug 06 10:07:55.474188 n-d-803714-1 devstack@n-api.service[109731]: DEBUG oslo_concurrency.lockutils [None req-24abf2e3-025a-458d-81f8-66f3d6093e30 tempest-LiveMigrationTest-266714035 tempest-LiveMigrationTest-266714035-project] Lock "c8da1866-563b-48b0-8700-80e53dc35d6a" released by "nova.context.set_target_cell..get_or_set_cached_cell_and_set_connections" :: held 0.001s {{(pid=109731) inner /usr/local/lib/python3.8/dist-packages/oslo_concurrency/lockutils.py:367}}
Aug 06 10:07:55.475008 n-d-803714-1 devstack@n-api.service[109731]: DEBUG oslo_concurrency.lockutils [None req-24abf2e3-025a-458d-81f8-66f3d6093e30 tempest-LiveMigrationTest-266714035 tempest-LiveMigrationTest-266714035-project] Lock "c8da1866-563b-48b0-8700-80e53dc35d6a" acquired by "nova.context.set_target_cell..get_or_set_cached_cell_and_set_connections" :: waited 0.000s {{(pid=109731) inner /usr/local/lib/python3.8/dist-packages/oslo_concurrency/lockutils.py:355}}
Aug 06 10:07:55.475500 n-d-803714-1 devstack@n-api.service[109731]: DEBUG oslo_concurrency.lockutils [None req-24abf2e3-025a-458d-81f8-66f3d6093e30 tempest-LiveMigrationTest-266714035 tempest-LiveMigrationTest-266714035-project] Lock "c8da1866-563b-48b0-8700-80e53dc35d6a" released by "nova.context.set_target_cell..get_or_set_cached_cell_and_set_connections" :: held 0.000s {{(pid=109731) inner /usr/local/lib/python3.8/dist-packages/oslo_concurrency/lockutils.py:367}}
Aug 06 10:07:55.631228 n-d-803714-1 devstack@n-api.service[109731]: DEBUG nova.policy [None req-24abf2e3-025a-458d-81f8-66f3d6093e30 tempest-LiveMigrationTest-266714035 tempest-LiveMigrationTest-266714035-project] Policy check for os_compute_api:os-extended-server-attributes failed with credentials {'is_admin': False, 'user_id': '74781acc82fc49e487715859e0ef5455', 'user_domain_id': 'default', 'system_scope': None, 'domain_id': None, 'project_id': '25a8467157d7494281f88760ea92dad8', 'project_domain_id': 'default', 'roles': ['reader', 'member'], 'is_admin_project': True, 'service_user_id': None, 'service_user_domain_id': None, 'service_project_id': None, 'service_project_domain_id': None, 'service_roles': []} {{(pid=109731) authorize /opt/stack/nova/nova/policy.py:199}}
Aug 06 10:07:55.632424 n-d-803714-1 devstack@n-api.service[109732]: DEBUG nova.quota [None req-3c1b966f-ea9e-4eb7-bd52-72a579394817 tempest-KeyPairsV2TestJSON-1415073564 tempest-KeyPairsV2TestJSON-1415073564-project] Getting quotas for project 5b2466bf7d3f43b1b8d42070462711ab. Resources: {'key_pairs'} {{(pid=109732) _get_quotas /opt/stack/nova/nova/quota.py:384}}
Aug 06 10:07:55.643004 n-d-803714-1 devstack@n-api.service[109732]: DEBUG nova.quota [None req-3c1b966f-ea9e-4eb7-bd52-72a579394817 tempest-KeyPairsV2TestJSON-1415073564 tempest-KeyPairsV2TestJSON-1415073564-project] Getting quotas for user 4d3046a0cff64d9e90eacb49bd09757e and project 5b2466bf7d3f43b1b8d42070462711ab. Resources: {'key_pairs'} {{(pid=109732) _get_quotas /opt/stack/nova/nova/quota.py:374}}
Aug 06 10:07:55.643469 n-d-803714-1 devstack@n-api.service[109731]: INFO nova.api.openstack.requestlog [None req-24abf2e3-025a-458d-81f8-66f3d6093e30 tempest-LiveMigrationTest-266714035 tempest-LiveMigrationTest-266714035-project] 10.222.0.25 "GET /compute/v2.1/servers/355661f5-d855-4a9e-a75c-a52a4bb53dd0" status: 200 len: 1271 microversion: 2.1 time: 0.195320
Aug 06 10:07:55.645929 n-d-803714-1 devstack@n-api.service[109731]: [pid: 109731|app: 0|req: 214/426] 10.222.0.25 () {58 vars in 1236 bytes} [Fri Aug 6 10:07:55 2021] GET /compute/v2.1/servers/355661f5-d855-4a9e-a75c-a52a4bb53dd0 => generated 1271 bytes in 202 msecs (HTTP/1.1 200) 9 headers in 358 bytes (1 switches on core 0)
Aug 06 10:07:55.651509 n-d-803714-1 devstack@n-api.service[109731]: DEBUG nova.api.openstack.wsgi [None req-b0244890-c656-4811-acaf-7386eeaccd42 tempest-FlavorsAdminTestJSON-1961996062 tempest-FlavorsAdminTestJSON-1961996062-project-admin] Calling method '>' {{(pid=109731) _process_stack /opt/stack/nova/nova/api/openstack/wsgi.py:513}}
Aug 06 10:07:55.690721 n-d-803714-1 devstack@n-api.service[109731]: INFO nova.api.openstack.requestlog [None req-b0244890-c656-4811-acaf-7386eeaccd42 tempest-FlavorsAdminTestJSON-1961996062 tempest-FlavorsAdminTestJSON-1961996062-project-admin] 10.222.0.25 "GET /compute/v2.1/flavors/detail?is_public=0" status: 200 len: 417 microversion: 2.1 time: 0.027998
Aug 06 10:07:55.691351 n-d-803714-1 devstack@n-api.service[109732]: INFO nova.api.openstack.requestlog [None req-3c1b966f-ea9e-4eb7-bd52-72a579394817 tempest-KeyPairsV2TestJSON-1415073564 tempest-KeyPairsV2TestJSON-1415073564-project] 10.222.0.25 "POST /compute/v2.1/os-keypairs" status: 200 len: 2320 microversion: 2.1 time: 0.526562
Aug 06 10:07:55.691565 n-d-803714-1 devstack@n-api.service[109731]: [pid: 109731|app: 0|req: 215/427] 10.222.0.25 () {58 vars in 1169 bytes} [Fri Aug 6 10:07:55 2021] GET /compute/v2.1/flavors/detail?is_public=0 => generated 417 bytes in 32 msecs (HTTP/1.1 200) 9 headers in 357 bytes (1 switches on core 0)
Aug 06 10:07:55.691645 n-d-803714-1 devstack@n-api.service[109732]: [pid: 109732|app: 0|req: 213/428] 10.222.0.25 () {60 vars in 1158 bytes} [Fri Aug 6 10:07:55 2021] POST /compute/v2.1/os-keypairs => generated 2320 bytes in 528 msecs (HTTP/1.1 200) 9 headers in 358 bytes (1 switches on core 0)
Aug 06 10:07:55.700127 n-d-803714-1 devstack@n-api.service[109732]: DEBUG nova.api.openstack.wsgi [None req-7de006f3-0a38-420e-8e5c-b9a605997dec tempest-FlavorsAdminTestJSON-1961996062 tempest-FlavorsAdminTestJSON-1961996062-project-admin] Calling method '>' {{(pid=109732) _process_stack /opt/stack/nova/nova/api/openstack/wsgi.py:513}}
Aug 06 10:07:55.700809 n-d-803714-1 devstack@n-api.service[109731]: DEBUG nova.api.openstack.wsgi [None req-c8f873fc-3f29-42b4-866b-04cdc69e85c0 tempest-KeyPairsV2TestJSON-1415073564 tempest-KeyPairsV2TestJSON-1415073564-project] Action: 'create', calling method: .version_select at 0x7ffb2e4bf940>, body: {"keypair": {"name": "tempest-KeyPairsV2TestJSON-keypair-1234014840"}} {{(pid=109731) _process_stack /opt/stack/nova/nova/api/openstack/wsgi.py:511}}
Aug 06 10:07:55.724838 n-d-803714-1 devstack@n-api.service[109731]: DEBUG nova.quota [None req-c8f873fc-3f29-42b4-866b-04cdc69e85c0 tempest-KeyPairsV2TestJSON-1415073564 tempest-KeyPairsV2TestJSON-1415073564-project] Getting quotas for project 5b2466bf7d3f43b1b8d42070462711ab. Resources: {'key_pairs'} {{(pid=109731) _get_quotas /opt/stack/nova/nova/quota.py:384}}
Aug 06 10:07:55.738157 n-d-803714-1 devstack@n-api.service[109731]: DEBUG nova.quota [None req-c8f873fc-3f29-42b4-866b-04cdc69e85c0 tempest-KeyPairsV2TestJSON-1415073564 tempest-KeyPairsV2TestJSON-1415073564-project] Getting quotas for user 4d3046a0cff64d9e90eacb49bd09757e and project 5b2466bf7d3f43b1b8d42070462711ab. Resources: {'key_pairs'} {{(pid=109731) _get_quotas /opt/stack/nova/nova/quota.py:374}}
Aug 06 10:07:55.751355 n-d-803714-1 devstack@n-api.service[109732]: INFO nova.api.openstack.requestlog [None req-7de006f3-0a38-420e-8e5c-b9a605997dec tempest-FlavorsAdminTestJSON-1961996062 tempest-FlavorsAdminTestJSON-1961996062-project-admin] 10.222.0.25 "GET /compute/v2.1/flavors/detail?is_public=t" status: 200 len: 6215 microversion: 2.1 time: 0.049475
Aug 06 10:07:55.751355 n-d-803714-1 devstack@n-api.service[109732]: [pid: 109732|app: 0|req: 214/429] 10.222.0.25 () {58 vars in 1169 bytes} [Fri Aug 6 10:07:55 2021] GET /compute/v2.1/flavors/detail?is_public=t => generated 6215 bytes in 53 msecs (HTTP/1.1 200) 9 headers in 358 bytes (1 switches on core 0)
Aug 06 10:07:55.765024 n-d-803714-1 devstack@n-api.service[109732]: DEBUG nova.api.openstack.wsgi [None req-d2c491b4-ad6a-4e4a-bfa9-bba83612904d tempest-FlavorsAdminTestJSON-1961996062 tempest-FlavorsAdminTestJSON-1961996062-project-admin] Calling method '>' {{(pid=109732) _process_stack /opt/stack/nova/nova/api/openstack/wsgi.py:513}}
Aug 06 10:07:55.788703 n-d-803714-1 devstack@n-api.service[109732]: INFO nova.api.openstack.requestlog [None req-d2c491b4-ad6a-4e4a-bfa9-bba83612904d tempest-FlavorsAdminTestJSON-1961996062 tempest-FlavorsAdminTestJSON-1961996062-project-admin] 10.222.0.25 "GET /compute/v2.1/flavors/detail?is_public=true" status: 200 len: 6215 microversion: 2.1 time: 0.029564
Aug 06 10:07:55.794547 n-d-803714-1 devstack@n-api.service[109732]: [pid: 109732|app: 0|req: 215/430] 10.222.0.25 () {58 vars in 1175 bytes} [Fri Aug 6 10:07:55 2021] GET /compute/v2.1/flavors/detail?is_public=true => generated 6215 bytes in 31 msecs (HTTP/1.1 200) 9 headers in 358 bytes (2 switches on core 0)
Aug 06 10:07:55.808671 n-d-803714-1 devstack@n-api.service[109732]: DEBUG nova.api.openstack.wsgi [None req-0cfadcbc-811d-45ba-946d-27979756d524 tempest-FlavorsAdminTestJSON-1961996062 tempest-FlavorsAdminTestJSON-1961996062-project-admin] Calling method '>' {{(pid=109732) _process_stack /opt/stack/nova/nova/api/openstack/wsgi.py:513}}
Aug 06 10:07:55.832681 n-d-803714-1 devstack@n-api.service[109732]: INFO nova.api.openstack.requestlog [None req-0cfadcbc-811d-45ba-946d-27979756d524 tempest-FlavorsAdminTestJSON-1961996062 tempest-FlavorsAdminTestJSON-1961996062-project-admin] 10.222.0.25 "GET /compute/v2.1/flavors/detail?is_public=yes" status: 200 len: 6215 microversion: 2.1 time: 0.028390
Aug 06 10:07:55.833635 n-d-803714-1 devstack@n-api.service[109732]: [pid: 109732|app: 0|req: 216/431] 10.222.0.25 () {58 vars in 1173 bytes} [Fri Aug 6 10:07:55 2021] GET /compute/v2.1/flavors/detail?is_public=yes => generated 6215 bytes in 30 msecs (HTTP/1.1 200) 9 headers in 358 bytes (1 switches on core 0)
Aug 06 10:07:55.848352 n-d-803714-1 devstack@n-api.service[109732]: DEBUG nova.api.openstack.wsgi [None req-f15dec1c-7a5e-4ec9-ad12-942e49cf2a9c tempest-FlavorsAdminTestJSON-1961996062 tempest-FlavorsAdminTestJSON-1961996062-project-admin] Calling method '>' {{(pid=109732) _process_stack /opt/stack/nova/nova/api/openstack/wsgi.py:513}}
Aug 06 10:07:55.869845 n-d-803714-1 devstack@n-api.service[109732]: INFO nova.api.openstack.requestlog [None req-f15dec1c-7a5e-4ec9-ad12-942e49cf2a9c tempest-FlavorsAdminTestJSON-1961996062 tempest-FlavorsAdminTestJSON-1961996062-project-admin] 10.222.0.25 "GET /compute/v2.1/flavors/detail?is_public=1" status: 200 len: 6215 microversion: 2.1 time: 0.025127
Aug 06 10:07:55.870633 n-d-803714-1 devstack@n-api.service[109732]: [pid: 109732|app: 0|req: 217/432] 10.222.0.25 () {58 vars in 1169 bytes} [Fri Aug 6 10:07:55 2021] GET /compute/v2.1/flavors/detail?is_public=1 => generated 6215 bytes in 26 msecs (HTTP/1.1 200) 9 headers in 358 bytes (2 switches on core 0)
Aug 06 10:07:55.884610 n-d-803714-1 devstack@n-api.service[109732]: DEBUG nova.api.openstack.wsgi [None req-998ec038-8ce7-46ec-b115-df422dd91c01 tempest-FlavorsAdminTestJSON-1961996062 tempest-FlavorsAdminTestJSON-1961996062-project-admin] Calling method '>' {{(pid=109732) _process_stack /opt/stack/nova/nova/api/openstack/wsgi.py:513}}
Aug 06 10:07:56.005870 n-d-803714-1 devstack@n-api.service[109732]: INFO nova.api.openstack.requestlog [None req-998ec038-8ce7-46ec-b115-df422dd91c01 tempest-FlavorsAdminTestJSON-1961996062 tempest-FlavorsAdminTestJSON-1961996062-project-admin] 10.222.0.25 "DELETE /compute/v2.1/flavors/324353324" status: 202 len: 0 microversion: 2.1 time: 0.124203
Aug 06 10:07:56.009823 n-d-803714-1 devstack@n-api.service[109732]: [pid: 109732|app: 0|req: 218/433] 10.222.0.25 () {58 vars in 1158 bytes} [Fri Aug 6 10:07:55 2021] DELETE /compute/v2.1/flavors/324353324 => generated 0 bytes in 129 msecs (HTTP/1.1 202) 9 headers in 361 bytes (1 switches on core 0)
Aug 06 10:07:56.015667 n-d-803714-1 devstack@n-api.service[109732]: DEBUG nova.api.openstack.wsgi [None req-8988132e-a3fc-472a-a7df-0990965c1bb5 tempest-FlavorsAdminTestJSON-1961996062 tempest-FlavorsAdminTestJSON-1961996062-project-admin] Calling method '>' {{(pid=109732) _process_stack /opt/stack/nova/nova/api/openstack/wsgi.py:513}}
Aug 06 10:07:56.052215 n-d-803714-1 devstack@n-api.service[109732]: INFO nova.api.openstack.requestlog [None req-8988132e-a3fc-472a-a7df-0990965c1bb5 tempest-FlavorsAdminTestJSON-1961996062 tempest-FlavorsAdminTestJSON-1961996062-project-admin] 10.222.0.25 "GET /compute/v2.1/flavors/detail" status: 200 len: 5815 microversion: 2.1 time: 0.040922
Aug 06 10:07:56.062308 n-d-803714-1 devstack@n-api.service[109732]: [pid: 109732|app: 0|req: 219/434] 10.222.0.25 () {58 vars in 1146 bytes} [Fri Aug 6 10:07:56 2021] GET /compute/v2.1/flavors/detail => generated 5815 bytes in 52 msecs (HTTP/1.1 200) 9 headers in 358 bytes (1 switches on core 0)
Aug 06 10:07:56.066996 n-d-803714-1 devstack@n-api.service[109732]: DEBUG nova.api.openstack.wsgi [None req-f1013df1-9a00-49db-af8b-e14737a802d9 tempest-FlavorsAdminTestJSON-1961996062 tempest-FlavorsAdminTestJSON-1961996062-project-admin] Calling method '>' {{(pid=109732) _process_stack /opt/stack/nova/nova/api/openstack/wsgi.py:513}}
Aug 06 10:07:56.223971 n-d-803714-1 devstack@n-api.service[109732]: INFO nova.api.openstack.requestlog [None req-f1013df1-9a00-49db-af8b-e14737a802d9 tempest-FlavorsAdminTestJSON-1961996062 tempest-FlavorsAdminTestJSON-1961996062-project-admin] 10.222.0.25 "DELETE /compute/v2.1/flavors/1629390319" status: 202 len: 0 microversion: 2.1 time: 0.160490
Aug 06 10:07:56.224828 n-d-803714-1 devstack@n-api.service[109732]: [pid: 109732|app: 0|req: 220/435] 10.222.0.25 () {58 vars in 1161 bytes} [Fri Aug 6 10:07:56 2021] DELETE /compute/v2.1/flavors/1629390319 => generated 0 bytes in 162 msecs (HTTP/1.1 202) 9 headers in 361 bytes (1 switches on core 0)
Aug 06 10:07:56.236782 n-d-803714-1 devstack@n-api.service[109732]: DEBUG nova.api.openstack.wsgi [None req-63497e6c-271d-4ca2-95e7-6697ae9b7112 tempest-FlavorsAdminTestJSON-1961996062 tempest-FlavorsAdminTestJSON-1961996062-project-admin] Calling method '>' {{(pid=109732) _process_stack /opt/stack/nova/nova/api/openstack/wsgi.py:513}}
Aug 06 10:07:56.303157 n-d-803714-1 devstack@n-api.service[109732]: INFO nova.api.openstack.requestlog [None req-63497e6c-271d-4ca2-95e7-6697ae9b7112 tempest-FlavorsAdminTestJSON-1961996062 tempest-FlavorsAdminTestJSON-1961996062-project-admin] 10.222.0.25 "GET /compute/v2.1/flavors/detail" status: 200 len: 5815 microversion: 2.1 time: 0.069791
Aug 06 10:07:56.305981 n-d-803714-1 devstack@n-api.service[109732]: [pid: 109732|app: 0|req: 221/436] 10.222.0.25 () {58 vars in 1146 bytes} [Fri Aug 6 10:07:56 2021] GET /compute/v2.1/flavors/detail => generated 5815 bytes in 73 msecs (HTTP/1.1 200) 9 headers in 358 bytes (1 switches on core 0)
Aug 06 10:07:56.333603 n-d-803714-1 devstack@n-api.service[109732]: DEBUG nova.api.openstack.wsgi [None req-3701d08d-2e5f-4105-97fd-84977c2bcf9d tempest-ServersWithSpecificFlavorTestJSON-1036336187 tempest-ServersWithSpecificFlavorTestJSON-1036336187-project] Action: 'action', calling method: >, body: {"os-getConsoleOutput": {}} {{(pid=109732) _process_stack /opt/stack/nova/nova/api/openstack/wsgi.py:511}}
Aug 06 10:07:56.334614 n-d-803714-1 devstack@n-api.service[109732]: DEBUG nova.compute.api [None req-3701d08d-2e5f-4105-97fd-84977c2bcf9d tempest-ServersWithSpecificFlavorTestJSON-1036336187 tempest-ServersWithSpecificFlavorTestJSON-1036336187-project] [instance: 7faeafa5-020a-40cb-ba75-12b9136ea241] Fetching instance by UUID {{(pid=109732) get /opt/stack/nova/nova/compute/api.py:2791}}
Aug 06 10:07:56.349337 n-d-803714-1 devstack@n-api.service[109732]: DEBUG oslo_concurrency.lockutils [None req-3701d08d-2e5f-4105-97fd-84977c2bcf9d tempest-ServersWithSpecificFlavorTestJSON-1036336187 tempest-ServersWithSpecificFlavorTestJSON-1036336187-project] Lock "c8da1866-563b-48b0-8700-80e53dc35d6a" acquired by "nova.context.set_target_cell..get_or_set_cached_cell_and_set_connections" :: waited 0.000s {{(pid=109732) inner /usr/local/lib/python3.8/dist-packages/oslo_concurrency/lockutils.py:355}}
Aug 06 10:07:56.349749 n-d-803714-1 devstack@n-api.service[109732]: DEBUG oslo_concurrency.lockutils [None req-3701d08d-2e5f-4105-97fd-84977c2bcf9d tempest-ServersWithSpecificFlavorTestJSON-1036336187 tempest-ServersWithSpecificFlavorTestJSON-1036336187-project] Lock "c8da1866-563b-48b0-8700-80e53dc35d6a" released by "nova.context.set_target_cell..get_or_set_cached_cell_and_set_connections" :: held 0.001s {{(pid=109732) inner /usr/local/lib/python3.8/dist-packages/oslo_concurrency/lockutils.py:367}}
Aug 06 10:07:56.350540 n-d-803714-1 devstack@n-api.service[109732]: DEBUG oslo_concurrency.lockutils [None req-3701d08d-2e5f-4105-97fd-84977c2bcf9d tempest-ServersWithSpecificFlavorTestJSON-1036336187 tempest-ServersWithSpecificFlavorTestJSON-1036336187-project] Lock "c8da1866-563b-48b0-8700-80e53dc35d6a" acquired by "nova.context.set_target_cell..get_or_set_cached_cell_and_set_connections" :: waited 0.000s {{(pid=109732) inner /usr/local/lib/python3.8/dist-packages/oslo_concurrency/lockutils.py:355}}
Aug 06 10:07:56.355199 n-d-803714-1 devstack@n-api.service[109732]: DEBUG oslo_concurrency.lockutils [None req-3701d08d-2e5f-4105-97fd-84977c2bcf9d tempest-ServersWithSpecificFlavorTestJSON-1036336187 tempest-ServersWithSpecificFlavorTestJSON-1036336187-project] Lock "c8da1866-563b-48b0-8700-80e53dc35d6a" released by "nova.context.set_target_cell..get_or_set_cached_cell_and_set_connections" :: held 0.000s {{(pid=109732) inner /usr/local/lib/python3.8/dist-packages/oslo_concurrency/lockutils.py:367}}
Aug 06 10:07:56.437808 n-d-803714-1 devstack@n-api.service[109732]: INFO nova.api.openstack.requestlog [None req-3701d08d-2e5f-4105-97fd-84977c2bcf9d tempest-ServersWithSpecificFlavorTestJSON-1036336187 tempest-ServersWithSpecificFlavorTestJSON-1036336187-project] 10.222.0.25 "POST /compute/v2.1/servers/7faeafa5-020a-40cb-ba75-12b9136ea241/action" status: 200 len: 24568 microversion: 2.1 time: 0.116645
Aug 06 10:07:56.438967 n-d-803714-1 devstack@n-api.service[109732]: [pid: 109732|app: 0|req: 222/437] 10.222.0.25 () {60 vars in 1278 bytes} [Fri Aug 6 10:07:56 2021] POST /compute/v2.1/servers/7faeafa5-020a-40cb-ba75-12b9136ea241/action => generated 24568 bytes in 132 msecs (HTTP/1.1 200) 9 headers in 359 bytes (1 switches on core 0)
Aug 06 10:07:56.453326 n-d-803714-1 devstack@n-api.service[109732]: DEBUG nova.api.openstack.wsgi [None req-928cc5fb-b97e-4be7-b18a-708366c4b93d tempest-FlavorsAdminTestJSON-1961996062 tempest-FlavorsAdminTestJSON-1961996062-project-admin] Action: 'create', calling method: >, body: {"flavor": {"ram": 512, "vcpus": 1, "disk": 10, "name": "tempest-test_flavor_-1313547958", "id": 349194142, "os-flavor-access:is_public": "False"}} {{(pid=109732) _process_stack /opt/stack/nova/nova/api/openstack/wsgi.py:511}}
Aug 06 10:07:56.453326 n-d-803714-1 devstack@n-api.service[109732]: /usr/local/lib/python3.8/dist-packages/oslo_policy/policy.py:1064: UserWarning: Policy os_compute_api:os-flavor-manage:create failed scope check. The token used to make the request was project scoped but the policy requires ['system'] scope. This behavior may change in the future where using the intended scope is required
Aug 06 10:07:56.453326 n-d-803714-1 devstack@n-api.service[109732]: warnings.warn(msg)
Aug 06 10:07:56.713240 n-d-803714-1 devstack@n-api.service[109731]: DEBUG nova.quota [None req-c8f873fc-3f29-42b4-866b-04cdc69e85c0 tempest-KeyPairsV2TestJSON-1415073564 tempest-KeyPairsV2TestJSON-1415073564-project] Getting quotas for project 5b2466bf7d3f43b1b8d42070462711ab. Resources: {'key_pairs'} {{(pid=109731) _get_quotas /opt/stack/nova/nova/quota.py:384}}
Aug 06 10:07:56.718639 n-d-803714-1 devstack@n-api.service[109731]: DEBUG nova.quota [None req-c8f873fc-3f29-42b4-866b-04cdc69e85c0 tempest-KeyPairsV2TestJSON-1415073564 tempest-KeyPairsV2TestJSON-1415073564-project] Getting quotas for user 4d3046a0cff64d9e90eacb49bd09757e and project 5b2466bf7d3f43b1b8d42070462711ab. Resources: {'key_pairs'} {{(pid=109731) _get_quotas /opt/stack/nova/nova/quota.py:374}}
Aug 06 10:07:56.725051 n-d-803714-1 devstack@n-api.service[109732]: INFO nova.api.openstack.requestlog [None req-928cc5fb-b97e-4be7-b18a-708366c4b93d tempest-FlavorsAdminTestJSON-1961996062 tempest-FlavorsAdminTestJSON-1961996062-project-admin] 10.222.0.25 "POST /compute/v2.1/flavors" status: 200 len: 412 microversion: 2.1 time: 0.279397
Aug 06 10:07:56.725422 n-d-803714-1 devstack@n-api.service[109732]: [pid: 109732|app: 0|req: 223/438] 10.222.0.25 () {60 vars in 1147 bytes} [Fri Aug 6 10:07:56 2021] POST /compute/v2.1/flavors => generated 412 bytes in 285 msecs (HTTP/1.1 200) 9 headers in 357 bytes (1 switches on core 0)
Aug 06 10:07:56.751637 n-d-803714-1 devstack@n-api.service[109731]: INFO nova.api.openstack.requestlog [None req-c8f873fc-3f29-42b4-866b-04cdc69e85c0 tempest-KeyPairsV2TestJSON-1415073564 tempest-KeyPairsV2TestJSON-1415073564-project] 10.222.0.25 "POST /compute/v2.1/os-keypairs" status: 200 len: 2320 microversion: 2.1 time: 1.047630
Aug 06 10:07:56.751637 n-d-803714-1 devstack@n-api.service[109731]: [pid: 109731|app: 0|req: 216/439] 10.222.0.25 () {60 vars in 1158 bytes} [Fri Aug 6 10:07:55 2021] POST /compute/v2.1/os-keypairs => generated 2320 bytes in 1054 msecs (HTTP/1.1 200) 9 headers in 358 bytes (1 switches on core 0)
Aug 06 10:07:56.753497 n-d-803714-1 devstack@n-api.service[109732]: DEBUG nova.api.openstack.wsgi [None req-0ab7f8b1-983c-473a-9a55-71a907703329 tempest-LiveMigrationTest-266714035 tempest-LiveMigrationTest-266714035-project] Calling method '>' {{(pid=109732) _process_stack /opt/stack/nova/nova/api/openstack/wsgi.py:513}}
Aug 06 10:07:56.754246 n-d-803714-1 devstack@n-api.service[109732]: DEBUG nova.compute.api [None req-0ab7f8b1-983c-473a-9a55-71a907703329 tempest-LiveMigrationTest-266714035 tempest-LiveMigrationTest-266714035-project] [instance: 355661f5-d855-4a9e-a75c-a52a4bb53dd0] Fetching instance by UUID {{(pid=109732) get /opt/stack/nova/nova/compute/api.py:2791}}
Aug 06 10:07:56.763306 n-d-803714-1 devstack@n-api.service[109731]: DEBUG nova.api.openstack.wsgi [None req-27ef5199-fcfa-4fe2-95c0-fd9ec106b4eb tempest-FlavorsAdminTestJSON-1961996062 tempest-FlavorsAdminTestJSON-1961996062-project-admin] Calling method '>' {{(pid=109731) _process_stack /opt/stack/nova/nova/api/openstack/wsgi.py:513}}
Aug 06 10:07:56.789531 n-d-803714-1 devstack@n-api.service[109732]: DEBUG oslo_concurrency.lockutils [None req-0ab7f8b1-983c-473a-9a55-71a907703329 tempest-LiveMigrationTest-266714035 tempest-LiveMigrationTest-266714035-project] Lock "c8da1866-563b-48b0-8700-80e53dc35d6a" acquired by "nova.context.set_target_cell..get_or_set_cached_cell_and_set_connections" :: waited 0.000s {{(pid=109732) inner /usr/local/lib/python3.8/dist-packages/oslo_concurrency/lockutils.py:355}}
Aug 06 10:07:56.795824 n-d-803714-1 devstack@n-api.service[109732]: DEBUG oslo_concurrency.lockutils [None req-0ab7f8b1-983c-473a-9a55-71a907703329 tempest-LiveMigrationTest-266714035 tempest-LiveMigrationTest-266714035-project] Lock "c8da1866-563b-48b0-8700-80e53dc35d6a" released by "nova.context.set_target_cell..get_or_set_cached_cell_and_set_connections" :: held 0.001s {{(pid=109732) inner /usr/local/lib/python3.8/dist-packages/oslo_concurrency/lockutils.py:367}}
Aug 06 10:07:56.797023 n-d-803714-1 devstack@n-api.service[109732]: DEBUG oslo_concurrency.lockutils [None req-0ab7f8b1-983c-473a-9a55-71a907703329 tempest-LiveMigrationTest-266714035 tempest-LiveMigrationTest-266714035-project] Lock "c8da1866-563b-48b0-8700-80e53dc35d6a" acquired by "nova.context.set_target_cell..get_or_set_cached_cell_and_set_connections" :: waited 0.000s {{(pid=109732) inner /usr/local/lib/python3.8/dist-packages/oslo_concurrency/lockutils.py:355}}
Aug 06 10:07:56.797482 n-d-803714-1 devstack@n-api.service[109732]: DEBUG oslo_concurrency.lockutils [None req-0ab7f8b1-983c-473a-9a55-71a907703329 tempest-LiveMigrationTest-266714035 tempest-LiveMigrationTest-266714035-project] Lock "c8da1866-563b-48b0-8700-80e53dc35d6a" released by "nova.context.set_target_cell..get_or_set_cached_cell_and_set_connections" :: held 0.000s {{(pid=109732) inner /usr/local/lib/python3.8/dist-packages/oslo_concurrency/lockutils.py:367}}
Aug 06 10:07:56.814512 n-d-803714-1 devstack@n-api.service[109731]: INFO nova.api.openstack.requestlog [None req-27ef5199-fcfa-4fe2-95c0-fd9ec106b4eb tempest-FlavorsAdminTestJSON-1961996062 tempest-FlavorsAdminTestJSON-1961996062-project-admin] 10.222.0.25 "GET /compute/v2.1/flavors/detail" status: 200 len: 5815 microversion: 2.1 time: 0.063373
Aug 06 10:07:56.829431 n-d-803714-1 devstack@n-api.service[109731]: [pid: 109731|app: 0|req: 217/440] 10.222.0.25 () {58 vars in 1146 bytes} [Fri Aug 6 10:07:56 2021] GET /compute/v2.1/flavors/detail => generated 5815 bytes in 78 msecs (HTTP/1.1 200) 9 headers in 358 bytes (1 switches on core 0)
Aug 06 10:07:56.835276 n-d-803714-1 devstack@n-api.service[109731]: DEBUG nova.api.openstack.wsgi [None req-3793bd16-57b4-4edb-9895-35c83dff18af tempest-KeyPairsV2TestJSON-1415073564 tempest-KeyPairsV2TestJSON-1415073564-project] Action: 'create', calling method: .version_select at 0x7ffb2e531670>, body: {"keypair": {"name": "tempest-KeyPairsV2TestJSON-keypair-1896080319"}} {{(pid=109731) _process_stack /opt/stack/nova/nova/api/openstack/wsgi.py:511}}
Aug 06 10:07:56.869829 n-d-803714-1 devstack@n-api.service[109731]: DEBUG nova.quota [None req-3793bd16-57b4-4edb-9895-35c83dff18af tempest-KeyPairsV2TestJSON-1415073564 tempest-KeyPairsV2TestJSON-1415073564-project] Getting quotas for project 5b2466bf7d3f43b1b8d42070462711ab. Resources: {'key_pairs'} {{(pid=109731) _get_quotas /opt/stack/nova/nova/quota.py:384}}
Aug 06 10:07:56.875546 n-d-803714-1 devstack@n-api.service[109731]: DEBUG nova.quota [None req-3793bd16-57b4-4edb-9895-35c83dff18af tempest-KeyPairsV2TestJSON-1415073564 tempest-KeyPairsV2TestJSON-1415073564-project] Getting quotas for user 4d3046a0cff64d9e90eacb49bd09757e and project 5b2466bf7d3f43b1b8d42070462711ab. Resources: {'key_pairs'} {{(pid=109731) _get_quotas /opt/stack/nova/nova/quota.py:374}}
Aug 06 10:07:57.346619 n-d-803714-1 devstack@n-api.service[109732]: DEBUG nova.policy [None req-0ab7f8b1-983c-473a-9a55-71a907703329 tempest-LiveMigrationTest-266714035 tempest-LiveMigrationTest-266714035-project] Policy check for os_compute_api:os-extended-server-attributes failed with credentials {'is_admin': False, 'user_id': '74781acc82fc49e487715859e0ef5455', 'user_domain_id': 'default', 'system_scope': None, 'domain_id': None, 'project_id': '25a8467157d7494281f88760ea92dad8', 'project_domain_id': 'default', 'roles': ['reader', 'member'], 'is_admin_project': True, 'service_user_id': None, 'service_user_domain_id': None, 'service_project_id': None, 'service_project_domain_id': None, 'service_roles': []} {{(pid=109732) authorize /opt/stack/nova/nova/policy.py:199}}
Aug 06 10:07:57.354106 n-d-803714-1 devstack@n-api.service[109732]: INFO nova.api.openstack.requestlog [None req-0ab7f8b1-983c-473a-9a55-71a907703329 tempest-LiveMigrationTest-266714035 tempest-LiveMigrationTest-266714035-project] 10.222.0.25 "GET /compute/v2.1/servers/355661f5-d855-4a9e-a75c-a52a4bb53dd0" status: 200 len: 1311 microversion: 2.1 time: 0.627677
Aug 06 10:07:57.354705 n-d-803714-1 devstack@n-api.service[109732]: [pid: 109732|app: 0|req: 224/441] 10.222.0.25 () {58 vars in 1236 bytes} [Fri Aug 6 10:07:56 2021] GET /compute/v2.1/servers/355661f5-d855-4a9e-a75c-a52a4bb53dd0 => generated 1311 bytes in 629 msecs (HTTP/1.1 200) 9 headers in 358 bytes (1 switches on core 0)
Aug 06 10:07:57.360084 n-d-803714-1 devstack@n-api.service[109732]: DEBUG nova.api.openstack.wsgi [None req-a2951950-8285-4073-ba77-9c5b10c1cabc tempest-FlavorsAdminTestJSON-1300833972 tempest-FlavorsAdminTestJSON-1300833972-project] Calling method '>' {{(pid=109732) _process_stack /opt/stack/nova/nova/api/openstack/wsgi.py:513}}
Aug 06 10:07:57.381154 n-d-803714-1 devstack@n-api.service[109732]: INFO nova.api.openstack.requestlog [None req-a2951950-8285-4073-ba77-9c5b10c1cabc tempest-FlavorsAdminTestJSON-1300833972 tempest-FlavorsAdminTestJSON-1300833972-project] 10.222.0.25 "GET /compute/v2.1/flavors/detail" status: 200 len: 5815 microversion: 2.1 time: 0.025335
Aug 06 10:07:57.381753 n-d-803714-1 devstack@n-api.service[109732]: [pid: 109732|app: 0|req: 225/442] 10.222.0.25 () {58 vars in 1146 bytes} [Fri Aug 6 10:07:57 2021] GET /compute/v2.1/flavors/detail => generated 5815 bytes in 26 msecs (HTTP/1.1 200) 9 headers in 358 bytes (1 switches on core 0)
Aug 06 10:07:57.803688 n-d-803714-1 devstack@n-api.service[109732]: DEBUG nova.api.openstack.wsgi [None req-b5f28c0b-0c19-4c3c-8fd2-66a4f2fa9598 tempest-ServersAdminTestJSON-1382784849 tempest-ServersAdminTestJSON-1382784849-project] Action: 'create', calling method: >, body: {"server": {"name": "tempest-ServersAdminTestJSON-server-1690828805", "imageRef": "10c06e20-38bc-45dd-9073-2161d74ade40", "flavorRef": "452"}} {{(pid=109732) _process_stack /opt/stack/nova/nova/api/openstack/wsgi.py:511}}
Aug 06 10:07:57.804359 n-d-803714-1 devstack@n-api.service[109731]: DEBUG nova.quota [None req-3793bd16-57b4-4edb-9895-35c83dff18af tempest-KeyPairsV2TestJSON-1415073564 tempest-KeyPairsV2TestJSON-1415073564-project] Getting quotas for project 5b2466bf7d3f43b1b8d42070462711ab. Resources: {'key_pairs'} {{(pid=109731) _get_quotas /opt/stack/nova/nova/quota.py:384}}
Aug 06 10:07:57.804359 n-d-803714-1 devstack@n-api.service[109731]: DEBUG nova.quota [None req-3793bd16-57b4-4edb-9895-35c83dff18af tempest-KeyPairsV2TestJSON-1415073564 tempest-KeyPairsV2TestJSON-1415073564-project] Getting quotas for user 4d3046a0cff64d9e90eacb49bd09757e and project 5b2466bf7d3f43b1b8d42070462711ab. Resources: {'key_pairs'} {{(pid=109731) _get_quotas /opt/stack/nova/nova/quota.py:374}}
Aug 06 10:07:57.818975 n-d-803714-1 devstack@n-api.service[109731]: INFO nova.api.openstack.requestlog [None req-3793bd16-57b4-4edb-9895-35c83dff18af tempest-KeyPairsV2TestJSON-1415073564 tempest-KeyPairsV2TestJSON-1415073564-project] 10.222.0.25 "POST /compute/v2.1/os-keypairs" status: 200 len: 2324 microversion: 2.1 time: 0.988909
Aug 06 10:07:57.823893 n-d-803714-1 devstack@n-api.service[109731]: [pid: 109731|app: 0|req: 218/443] 10.222.0.25 () {60 vars in 1158 bytes} [Fri Aug 6 10:07:56 2021] POST /compute/v2.1/os-keypairs => generated 2324 bytes in 990 msecs (HTTP/1.1 200) 9 headers in 358 bytes (1 switches on core 0)
Aug 06 10:07:57.825939 n-d-803714-1 devstack@n-api.service[109731]: DEBUG nova.api.openstack.wsgi [None req-027ee6a3-b2c6-417d-9050-0b20a5d07d2b tempest-FlavorsAdminTestJSON-1961996062 tempest-FlavorsAdminTestJSON-1961996062-project-admin] Calling method '>' {{(pid=109731) _process_stack /opt/stack/nova/nova/api/openstack/wsgi.py:513}}
Aug 06 10:07:57.827395 n-d-803714-1 devstack@n-api.service[109731]: /usr/local/lib/python3.8/dist-packages/oslo_policy/policy.py:1064: UserWarning: Policy os_compute_api:os-flavor-manage:delete failed scope check. The token used to make the request was project scoped but the policy requires ['system'] scope. This behavior may change in the future where using the intended scope is required
Aug 06 10:07:57.827395 n-d-803714-1 devstack@n-api.service[109731]: warnings.warn(msg)
Aug 06 10:07:57.878633 n-d-803714-1 devstack@n-api.service[109732]: DEBUG nova.network.neutron [None req-b5f28c0b-0c19-4c3c-8fd2-66a4f2fa9598 tempest-ServersAdminTestJSON-1382784849 tempest-ServersAdminTestJSON-1382784849-project] validate_networks() for None {{(pid=109732) validate_networks /opt/stack/nova/nova/network/neutron.py:2255}}
Aug 06 10:07:57.940084 n-d-803714-1 devstack@n-api.service[109731]: INFO nova.api.openstack.requestlog [None req-027ee6a3-b2c6-417d-9050-0b20a5d07d2b tempest-FlavorsAdminTestJSON-1961996062 tempest-FlavorsAdminTestJSON-1961996062-project-admin] 10.222.0.25 "DELETE /compute/v2.1/flavors/349194142" status: 202 len: 0 microversion: 2.1 time: 0.118680
Aug 06 10:07:57.941609 n-d-803714-1 devstack@n-api.service[109731]: [pid: 109731|app: 0|req: 219/444] 10.222.0.25 () {58 vars in 1158 bytes} [Fri Aug 6 10:07:57 2021] DELETE /compute/v2.1/flavors/349194142 => generated 0 bytes in 121 msecs (HTTP/1.1 202) 9 headers in 361 bytes (1 switches on core 0)
Aug 06 10:07:57.947300 n-d-803714-1 devstack@n-api.service[109731]: DEBUG nova.api.openstack.wsgi [None req-5749c5e4-9948-4805-bdb6-8d5b2159e06b tempest-ServersWithSpecificFlavorTestJSON-1036336187 tempest-ServersWithSpecificFlavorTestJSON-1036336187-project] Action: 'action', calling method: >, body: {"os-getConsoleOutput": {}} {{(pid=109731) _process_stack /opt/stack/nova/nova/api/openstack/wsgi.py:511}}
Aug 06 10:07:57.948240 n-d-803714-1 devstack@n-api.service[109731]: DEBUG nova.compute.api [None req-5749c5e4-9948-4805-bdb6-8d5b2159e06b tempest-ServersWithSpecificFlavorTestJSON-1036336187 tempest-ServersWithSpecificFlavorTestJSON-1036336187-project] [instance: 7faeafa5-020a-40cb-ba75-12b9136ea241] Fetching instance by UUID {{(pid=109731) get /opt/stack/nova/nova/compute/api.py:2791}}
Aug 06 10:07:57.955527 n-d-803714-1 devstack@n-api.service[109731]: DEBUG oslo_concurrency.lockutils [None req-5749c5e4-9948-4805-bdb6-8d5b2159e06b tempest-ServersWithSpecificFlavorTestJSON-1036336187 tempest-ServersWithSpecificFlavorTestJSON-1036336187-project] Lock "c8da1866-563b-48b0-8700-80e53dc35d6a" acquired by "nova.context.set_target_cell..get_or_set_cached_cell_and_set_connections" :: waited 0.000s {{(pid=109731) inner /usr/local/lib/python3.8/dist-packages/oslo_concurrency/lockutils.py:355}}
Aug 06 10:07:57.956251 n-d-803714-1 devstack@n-api.service[109731]: DEBUG oslo_concurrency.lockutils [None req-5749c5e4-9948-4805-bdb6-8d5b2159e06b tempest-ServersWithSpecificFlavorTestJSON-1036336187 tempest-ServersWithSpecificFlavorTestJSON-1036336187-project] Lock "c8da1866-563b-48b0-8700-80e53dc35d6a" released by "nova.context.set_target_cell..get_or_set_cached_cell_and_set_connections" :: held 0.001s {{(pid=109731) inner /usr/local/lib/python3.8/dist-packages/oslo_concurrency/lockutils.py:367}}
Aug 06 10:07:57.957068 n-d-803714-1 devstack@n-api.service[109731]: DEBUG oslo_concurrency.lockutils [None req-5749c5e4-9948-4805-bdb6-8d5b2159e06b tempest-ServersWithSpecificFlavorTestJSON-1036336187 tempest-ServersWithSpecificFlavorTestJSON-1036336187-project] Lock "c8da1866-563b-48b0-8700-80e53dc35d6a" acquired by "nova.context.set_target_cell..get_or_set_cached_cell_and_set_connections" :: waited 0.000s {{(pid=109731) inner /usr/local/lib/python3.8/dist-packages/oslo_concurrency/lockutils.py:355}}
Aug 06 10:07:57.957508 n-d-803714-1 devstack@n-api.service[109731]: DEBUG oslo_concurrency.lockutils [None req-5749c5e4-9948-4805-bdb6-8d5b2159e06b tempest-ServersWithSpecificFlavorTestJSON-1036336187 tempest-ServersWithSpecificFlavorTestJSON-1036336187-project] Lock "c8da1866-563b-48b0-8700-80e53dc35d6a" released by "nova.context.set_target_cell..get_or_set_cached_cell_and_set_connections" :: held 0.000s {{(pid=109731) inner /usr/local/lib/python3.8/dist-packages/oslo_concurrency/lockutils.py:367}}
Aug 06 10:07:58.031972 n-d-803714-1 devstack@n-api.service[109731]: INFO nova.api.openstack.requestlog [None req-5749c5e4-9948-4805-bdb6-8d5b2159e06b tempest-ServersWithSpecificFlavorTestJSON-1036336187 tempest-ServersWithSpecificFlavorTestJSON-1036336187-project] 10.222.0.25 "POST /compute/v2.1/servers/7faeafa5-020a-40cb-ba75-12b9136ea241/action" status: 200 len: 24568 microversion: 2.1 time: 0.088837
Aug 06 10:07:58.033093 n-d-803714-1 devstack@n-api.service[109731]: [pid: 109731|app: 0|req: 220/445] 10.222.0.25 () {60 vars in 1278 bytes} [Fri Aug 6 10:07:57 2021] POST /compute/v2.1/servers/7faeafa5-020a-40cb-ba75-12b9136ea241/action => generated 24568 bytes in 91 msecs (HTTP/1.1 200) 9 headers in 359 bytes (1 switches on core 0)
Aug 06 10:07:58.110588 n-d-803714-1 devstack@n-api.service[109731]: DEBUG nova.api.openstack.wsgi [None req-c6399f87-6e4c-4fe4-9f87-2e3e45a5536e tempest-FlavorsV2NegativeTest-1140073284 tempest-FlavorsV2NegativeTest-1140073284-project] Calling method '>' {{(pid=109731) _process_stack /opt/stack/nova/nova/api/openstack/wsgi.py:513}}
Aug 06 10:07:58.149810 n-d-803714-1 devstack@n-api.service[109731]: INFO nova.api.openstack.requestlog [None req-c6399f87-6e4c-4fe4-9f87-2e3e45a5536e tempest-FlavorsV2NegativeTest-1140073284 tempest-FlavorsV2NegativeTest-1140073284-project] 10.222.0.25 "GET /compute/v2.1/flavors/452" status: 200 len: 370 microversion: 2.1 time: 0.113441
Aug 06 10:07:58.149810 n-d-803714-1 devstack@n-api.service[109731]: [pid: 109731|app: 0|req: 221/446] 10.222.0.25 () {58 vars in 1137 bytes} [Fri Aug 6 10:07:58 2021] GET /compute/v2.1/flavors/452 => generated 370 bytes in 116 msecs (HTTP/1.1 200) 9 headers in 357 bytes (1 switches on core 0)
Aug 06 10:07:58.154869 n-d-803714-1 devstack@n-api.service[109731]: DEBUG nova.api.openstack.wsgi [None req-9acefee9-c236-4b2f-bd05-6048a8888eb5 tempest-KeyPairsV2TestJSON-1415073564 tempest-KeyPairsV2TestJSON-1415073564-project] Calling method '.version_select at 0x7ffb2e5beee0>' {{(pid=109731) _process_stack /opt/stack/nova/nova/api/openstack/wsgi.py:513}}
Aug 06 10:07:58.157957 n-d-803714-1 devstack@n-api.service[109731]: WARNING oslo_db.sqlalchemy.utils [None req-9acefee9-c236-4b2f-bd05-6048a8888eb5 tempest-KeyPairsV2TestJSON-1415073564 tempest-KeyPairsV2TestJSON-1415073564-project] Unique keys not in sort_keys. The sorting order may be unstable.
Aug 06 10:07:58.168644 n-d-803714-1 devstack@n-api.service[109731]: WARNING oslo_db.sqlalchemy.utils [None req-9acefee9-c236-4b2f-bd05-6048a8888eb5 tempest-KeyPairsV2TestJSON-1415073564 tempest-KeyPairsV2TestJSON-1415073564-project] Unique keys not in sort_keys. The sorting order may be unstable.
Aug 06 10:07:58.175539 n-d-803714-1 devstack@n-api.service[109731]: INFO nova.api.openstack.requestlog [None req-9acefee9-c236-4b2f-bd05-6048a8888eb5 tempest-KeyPairsV2TestJSON-1415073564 tempest-KeyPairsV2TestJSON-1415073564-project] 10.222.0.25 "GET /compute/v2.1/os-keypairs" status: 200 len: 1676 microversion: 2.1 time: 0.025177
Aug 06 10:07:58.181022 n-d-803714-1 devstack@n-api.service[109731]: [pid: 109731|app: 0|req: 222/447] 10.222.0.25 () {58 vars in 1137 bytes} [Fri Aug 6 10:07:58 2021] GET /compute/v2.1/os-keypairs => generated 1676 bytes in 27 msecs (HTTP/1.1 200) 9 headers in 358 bytes (1 switches on core 0)
Aug 06 10:07:58.181022 n-d-803714-1 devstack@n-api.service[109731]: DEBUG nova.api.openstack.wsgi [None req-200b2f09-4183-4c96-8626-c66f4492f619 tempest-FlavorsAdminTestJSON-1961996062 tempest-FlavorsAdminTestJSON-1961996062-project-admin] Calling method '>' {{(pid=109731) _process_stack /opt/stack/nova/nova/api/openstack/wsgi.py:513}}
Aug 06 10:07:58.202207 n-d-803714-1 devstack@n-api.service[109731]: INFO nova.api.openstack.requestlog [None req-200b2f09-4183-4c96-8626-c66f4492f619 tempest-FlavorsAdminTestJSON-1961996062 tempest-FlavorsAdminTestJSON-1961996062-project-admin] 10.222.0.25 "GET /compute/v2.1/flavors/detail" status: 200 len: 5815 microversion: 2.1 time: 0.024458
Aug 06 10:07:58.202830 n-d-803714-1 devstack@n-api.service[109731]: [pid: 109731|app: 0|req: 223/448] 10.222.0.25 () {58 vars in 1146 bytes} [Fri Aug 6 10:07:58 2021] GET /compute/v2.1/flavors/detail => generated 5815 bytes in 26 msecs (HTTP/1.1 200) 9 headers in 358 bytes (1 switches on core 0)
Aug 06 10:07:58.207191 n-d-803714-1 devstack@n-api.service[109731]: DEBUG nova.api.openstack.wsgi [None req-79fdb30a-d5ae-4d82-8f12-bb54ebc5d3bd tempest-KeyPairsV2TestJSON-1415073564 tempest-KeyPairsV2TestJSON-1415073564-project] Calling method '.version_select at 0x7ffb2e5bee50>' {{(pid=109731) _process_stack /opt/stack/nova/nova/api/openstack/wsgi.py:513}}
Aug 06 10:07:58.328897 n-d-803714-1 devstack@n-api.service[109732]: DEBUG nova.virt.hardware [None req-b5f28c0b-0c19-4c3c-8fd2-66a4f2fa9598 tempest-ServersAdminTestJSON-1382784849 tempest-ServersAdminTestJSON-1382784849-project] Flavor limits 0:0:0 {{(pid=109732) get_cpu_topology_constraints /opt/stack/nova/nova/virt/hardware.py:343}}
Aug 06 10:07:58.329323 n-d-803714-1 devstack@n-api.service[109732]: DEBUG nova.virt.hardware [None req-b5f28c0b-0c19-4c3c-8fd2-66a4f2fa9598 tempest-ServersAdminTestJSON-1382784849 tempest-ServersAdminTestJSON-1382784849-project] Image limits 0:0:0 {{(pid=109732) get_cpu_topology_constraints /opt/stack/nova/nova/virt/hardware.py:347}}
Aug 06 10:07:58.329851 n-d-803714-1 devstack@n-api.service[109732]: DEBUG nova.virt.hardware [None req-b5f28c0b-0c19-4c3c-8fd2-66a4f2fa9598 tempest-ServersAdminTestJSON-1382784849 tempest-ServersAdminTestJSON-1382784849-project] Flavor pref 0:0:0 {{(pid=109732) get_cpu_topology_constraints /opt/stack/nova/nova/virt/hardware.py:383}}
Aug 06 10:07:58.330266 n-d-803714-1 devstack@n-api.service[109732]: DEBUG nova.virt.hardware [None req-b5f28c0b-0c19-4c3c-8fd2-66a4f2fa9598 tempest-ServersAdminTestJSON-1382784849 tempest-ServersAdminTestJSON-1382784849-project] Image pref 0:0:0 {{(pid=109732) get_cpu_topology_constraints /opt/stack/nova/nova/virt/hardware.py:387}}
Aug 06 10:07:58.330677 n-d-803714-1 devstack@n-api.service[109732]: DEBUG nova.virt.hardware [None req-b5f28c0b-0c19-4c3c-8fd2-66a4f2fa9598 tempest-ServersAdminTestJSON-1382784849 tempest-ServersAdminTestJSON-1382784849-project] Chose sockets=0, cores=0, threads=0; limits were sockets=65536, cores=65536, threads=65536 {{(pid=109732) get_cpu_topology_constraints /opt/stack/nova/nova/virt/hardware.py:425}}
