Mar 01 11:17:21.989433 n-d-803713-3 devstack@placement-api.service[104173]: DEBUG placement.handlers.allocation [req-ab82f85e-a627-4f3f-941d-780eaab909fc req-7cba97c5-ea1f-4d41-84a7-c5e361e8ae04 service placement] Successfully deleted allocations [, ] {{(pid=104173) delete_allocations /opt/stack/placement/placement/handlers/allocation.py:627}}
Mar 01 11:17:21.989956 n-d-803713-3 devstack@placement-api.service[104173]: INFO placement.requestlog [req-ab82f85e-a627-4f3f-941d-780eaab909fc req-7cba97c5-ea1f-4d41-84a7-c5e361e8ae04 service placement] 10.222.0.30 "DELETE /placement/allocations/a22737d1-2a20-4cd4-9375-45aefe4dba9b" status: 204 len: 0 microversion: 1.0
Mar 01 11:17:21.990459 n-d-803713-3 devstack@placement-api.service[104173]: [pid: 104173|app: 0|req: 184/368] 10.222.0.30 () {60 vars in 1355 bytes} [Tue Mar 1 11:17:21 2022] DELETE /placement/allocations/a22737d1-2a20-4cd4-9375-45aefe4dba9b => generated 0 bytes in 85 msecs (HTTP/1.1 204) 5 headers in 198 bytes (2 switches on core 0)
Mar 01 11:17:22.450000 n-d-803713-3 devstack@placement-api.service[104174]: DEBUG placement.requestlog [None req-899a7fb2-eba5-4058-ad11-0cdb79c6b8f2 None None] Starting request: 10.222.0.10 "GET /placement/" {{(pid=104174) __call__ /opt/stack/placement/placement/requestlog.py:55}}
Mar 01 11:17:22.451800 n-d-803713-3 devstack@placement-api.service[104174]: INFO placement.requestlog [None req-899a7fb2-eba5-4058-ad11-0cdb79c6b8f2 None None] 10.222.0.10 "GET /placement/" status: 200 len: 136 microversion: 1.0
Mar 01 11:17:22.452319 n-d-803713-3 devstack@placement-api.service[104174]: [pid: 104174|app: 0|req: 185/369] 10.222.0.10 () {54 vars in 916 bytes} [Tue Mar 1 11:17:22 2022] GET /placement => generated 136 bytes in 3 msecs (HTTP/1.1 200) 6 headers in 224 bytes (1 switches on core 0)
Mar 01 11:17:22.468884 n-d-803713-3 devstack@placement-api.service[104173]: DEBUG placement.requestlog [req-d87490f3-ea02-4758-a16d-3ac5e841378e req-c76fefb8-42eb-4756-991b-4f49234703fa None None] Starting request: 10.222.0.10 "GET /placement/allocations/59678da3-093a-451f-a37e-5aa429181782" {{(pid=104173) __call__ /opt/stack/placement/placement/requestlog.py:55}}
Mar 01 11:17:22.606810 n-d-803713-3 devstack@placement-api.service[104173]: INFO placement.requestlog [req-d87490f3-ea02-4758-a16d-3ac5e841378e req-c76fefb8-42eb-4756-991b-4f49234703fa service placement] 10.222.0.10 "GET /placement/allocations/59678da3-093a-451f-a37e-5aa429181782" status: 200 len: 245 microversion: 1.28
Mar 01 11:17:22.608817 n-d-803713-3 devstack@placement-api.service[104173]: [pid: 104173|app: 0|req: 185/370] 10.222.0.10 () {60 vars in 1380 bytes} [Tue Mar 1 11:17:22 2022] GET /placement/allocations/59678da3-093a-451f-a37e-5aa429181782 => generated 245 bytes in 140 msecs (HTTP/1.1 200) 8 headers in 296 bytes (2 switches on core 0)
Mar 01 11:17:22.615888 n-d-803713-3 devstack@placement-api.service[104174]: DEBUG placement.requestlog [req-d87490f3-ea02-4758-a16d-3ac5e841378e req-bbc3e419-b841-4ef6-90e2-a40d85231ca0 None None] Starting request: 10.222.0.10 "GET /placement/allocations/59678da3-093a-451f-a37e-5aa429181782" {{(pid=104174) __call__ /opt/stack/placement/placement/requestlog.py:55}}
Mar 01 11:17:22.639353 n-d-803713-3 devstack@placement-api.service[104174]: INFO placement.requestlog [req-d87490f3-ea02-4758-a16d-3ac5e841378e req-bbc3e419-b841-4ef6-90e2-a40d85231ca0 service placement] 10.222.0.10 "GET /placement/allocations/59678da3-093a-451f-a37e-5aa429181782" status: 200 len: 245 microversion: 1.28
Mar 01 11:17:22.640465 n-d-803713-3 devstack@placement-api.service[104174]: [pid: 104174|app: 0|req: 186/371] 10.222.0.10 () {60 vars in 1380 bytes} [Tue Mar 1 11:17:22 2022] GET /placement/allocations/59678da3-093a-451f-a37e-5aa429181782 => generated 245 bytes in 25 msecs (HTTP/1.1 200) 8 headers in 296 bytes (1 switches on core 0)
Mar 01 11:17:22.647293 n-d-803713-3 devstack@placement-api.service[104173]: DEBUG placement.requestlog [req-d87490f3-ea02-4758-a16d-3ac5e841378e req-19c55741-f9f2-4a1f-97cf-53dc6f292eb0 None None] Starting request: 10.222.0.10 "GET /placement/allocations/111ce236-3843-453e-9863-46e9c7488f22" {{(pid=104173) __call__ /opt/stack/placement/placement/requestlog.py:55}}
Mar 01 11:17:22.665915 n-d-803713-3 devstack@placement-api.service[104173]: INFO placement.requestlog [req-d87490f3-ea02-4758-a16d-3ac5e841378e req-19c55741-f9f2-4a1f-97cf-53dc6f292eb0 service placement] 10.222.0.10 "GET /placement/allocations/111ce236-3843-453e-9863-46e9c7488f22" status: 200 len: 19 microversion: 1.28
Mar 01 11:17:22.672594 n-d-803713-3 devstack@placement-api.service[104174]: DEBUG placement.requestlog [req-d87490f3-ea02-4758-a16d-3ac5e841378e req-a281cccc-54d3-43e6-818a-b584f7d3d15c None None] Starting request: 10.222.0.10 "POST /placement/allocations" {{(pid=104174) __call__ /opt/stack/placement/placement/requestlog.py:55}}
Mar 01 11:17:22.683805 n-d-803713-3 devstack@placement-api.service[104173]: [pid: 104173|app: 0|req: 186/372] 10.222.0.10 () {60 vars in 1380 bytes} [Tue Mar 1 11:17:22 2022] GET /placement/allocations/111ce236-3843-453e-9863-46e9c7488f22 => generated 19 bytes in 37 msecs (HTTP/1.1 200) 8 headers in 295 bytes (1 switches on core 0)
Mar 01 11:17:22.840303 n-d-803713-3 devstack@placement-api.service[104174]: DEBUG placement.handlers.allocation [req-d87490f3-ea02-4758-a16d-3ac5e841378e req-a281cccc-54d3-43e6-818a-b584f7d3d15c service placement] Successfully wrote allocations [, , , ] {{(pid=104174) _update_consumers_and_create_allocations /opt/stack/placement/placement/handlers/allocation.py:572}}
Mar 01 11:17:22.850082 n-d-803713-3 devstack@placement-api.service[104174]: INFO placement.requestlog [req-d87490f3-ea02-4758-a16d-3ac5e841378e req-a281cccc-54d3-43e6-818a-b584f7d3d15c service placement] 10.222.0.10 "POST /placement/allocations" status: 204 len: 0 microversion: 1.28
Mar 01 11:17:22.850573 n-d-803713-3 devstack@placement-api.service[104174]: [pid: 104174|app: 0|req: 187/373] 10.222.0.10 () {64 vars in 1323 bytes} [Tue Mar 1 11:17:22 2022] POST /placement/allocations => generated 0 bytes in 179 msecs (HTTP/1.1 204) 5 headers in 199 bytes (2 switches on core 0)
Mar 01 11:17:22.916605 n-d-803713-3 devstack@placement-api.service[104173]: DEBUG placement.requestlog [req-d87490f3-ea02-4758-a16d-3ac5e841378e req-d2b5ef23-a86a-4b3b-9891-592ee9f17395 None None] Starting request: 10.222.0.10 "GET /placement/allocations/59678da3-093a-451f-a37e-5aa429181782" {{(pid=104173) __call__ /opt/stack/placement/placement/requestlog.py:55}}
Mar 01 11:17:23.108671 n-d-803713-3 devstack@placement-api.service[104173]: INFO placement.requestlog [req-d87490f3-ea02-4758-a16d-3ac5e841378e req-d2b5ef23-a86a-4b3b-9891-592ee9f17395 service placement] 10.222.0.10 "GET /placement/allocations/59678da3-093a-451f-a37e-5aa429181782" status: 200 len: 19 microversion: 1.28
Mar 01 11:17:23.112446 n-d-803713-3 devstack@placement-api.service[104173]: [pid: 104173|app: 0|req: 187/374] 10.222.0.10 () {60 vars in 1380 bytes} [Tue Mar 1 11:17:22 2022] GET /placement/allocations/59678da3-093a-451f-a37e-5aa429181782 => generated 19 bytes in 197 msecs (HTTP/1.1 200) 8 headers in 295 bytes (1 switches on core 0)
Mar 01 11:17:23.119081 n-d-803713-3 devstack@placement-api.service[104174]: DEBUG placement.requestlog [req-d87490f3-ea02-4758-a16d-3ac5e841378e req-fa00ef5f-4529-4309-a5a5-c15b0aa73ee0 None None] Starting request: 10.222.0.10 "PUT /placement/allocations/59678da3-093a-451f-a37e-5aa429181782" {{(pid=104174) __call__ /opt/stack/placement/placement/requestlog.py:55}}
Mar 01 11:17:23.289015 n-d-803713-3 devstack@placement-api.service[104174]: DEBUG placement.handlers.allocation [req-d87490f3-ea02-4758-a16d-3ac5e841378e req-fa00ef5f-4529-4309-a5a5-c15b0aa73ee0 service placement] Successfully wrote allocations [, ] {{(pid=104174) _update_consumers_and_create_allocations /opt/stack/placement/placement/handlers/allocation.py:462}}
Mar 01 11:17:23.301465 n-d-803713-3 devstack@placement-api.service[104174]: INFO placement.requestlog [req-d87490f3-ea02-4758-a16d-3ac5e841378e req-fa00ef5f-4529-4309-a5a5-c15b0aa73ee0 service placement] 10.222.0.10 "PUT /placement/allocations/59678da3-093a-451f-a37e-5aa429181782" status: 204 len: 0 microversion: 1.28
Mar 01 11:17:23.302241 n-d-803713-3 devstack@placement-api.service[104174]: [pid: 104174|app: 0|req: 188/375] 10.222.0.10 () {64 vars in 1433 bytes} [Tue Mar 1 11:17:23 2022] PUT /placement/allocations/59678da3-093a-451f-a37e-5aa429181782 => generated 0 bytes in 183 msecs (HTTP/1.1 204) 5 headers in 199 bytes (1 switches on core 0)
Mar 01 11:17:23.474110 n-d-803713-3 devstack@placement-api.service[104173]: DEBUG placement.requestlog [req-d87490f3-ea02-4758-a16d-3ac5e841378e req-7f0c2678-df46-43eb-add7-5148c63d39b2 None None] Starting request: 10.222.0.30 "GET /placement/allocations/59678da3-093a-451f-a37e-5aa429181782" {{(pid=104173) __call__ /opt/stack/placement/placement/requestlog.py:55}}
Mar 01 11:17:23.510009 n-d-803713-3 devstack@placement-api.service[104173]: INFO placement.requestlog [req-d87490f3-ea02-4758-a16d-3ac5e841378e req-7f0c2678-df46-43eb-add7-5148c63d39b2 service placement] 10.222.0.30 "GET /placement/allocations/59678da3-093a-451f-a37e-5aa429181782" status: 200 len: 245 microversion: 1.28
Mar 01 11:17:23.510835 n-d-803713-3 devstack@placement-api.service[104173]: [pid: 104173|app: 0|req: 188/376] 10.222.0.30 () {60 vars in 1377 bytes} [Tue Mar 1 11:17:23 2022] GET /placement/allocations/59678da3-093a-451f-a37e-5aa429181782 => generated 245 bytes in 37 msecs (HTTP/1.1 200) 8 headers in 296 bytes (1 switches on core 0)
Mar 01 11:17:34.882913 n-d-803713-3 devstack@placement-api.service[104174]: DEBUG placement.requestlog [req-41b4a5ad-fbd6-45e2-b131-6debc12a12ca req-f1fb300e-7f37-4a69-830d-6ef499dd46a0 None None] Starting request: 10.222.0.20 "DELETE /placement/allocations/a4112b36-c21d-4f99-b05c-e37ce418ae59" {{(pid=104174) __call__ /opt/stack/placement/placement/requestlog.py:55}}
Mar 01 11:17:34.981118 n-d-803713-3 devstack@placement-api.service[104174]: DEBUG placement.handlers.allocation [req-41b4a5ad-fbd6-45e2-b131-6debc12a12ca req-f1fb300e-7f37-4a69-830d-6ef499dd46a0 service placement] Successfully deleted allocations [, , ] {{(pid=104174) delete_allocations /opt/stack/placement/placement/handlers/allocation.py:627}}
Mar 01 11:17:34.982110 n-d-803713-3 devstack@placement-api.service[104174]: INFO placement.requestlog [req-41b4a5ad-fbd6-45e2-b131-6debc12a12ca req-f1fb300e-7f37-4a69-830d-6ef499dd46a0 service placement] 10.222.0.20 "DELETE /placement/allocations/a4112b36-c21d-4f99-b05c-e37ce418ae59" status: 204 len: 0 microversion: 1.0
Mar 01 11:17:34.983001 n-d-803713-3 devstack@placement-api.service[104174]: [pid: 104174|app: 0|req: 189/377] 10.222.0.20 () {60 vars in 1355 bytes} [Tue Mar 1 11:17:34 2022] DELETE /placement/allocations/a4112b36-c21d-4f99-b05c-e37ce418ae59 => generated 0 bytes in 101 msecs (HTTP/1.1 204) 5 headers in 198 bytes (1 switches on core 0)
Mar 01 11:17:40.466151 n-d-803713-3 devstack@placement-api.service[104173]: DEBUG placement.requestlog [req-20d75d4d-9625-4da2-8ea3-d926fdf41667 req-dc535b9c-3091-483c-ac7e-ea852129f46a None None] Starting request: 10.222.0.30 "DELETE /placement/allocations/fd239ccc-fc75-4ce6-84b9-87545f5c10f8" {{(pid=104173) __call__ /opt/stack/placement/placement/requestlog.py:55}}
Mar 01 11:17:40.513398 n-d-803713-3 devstack@placement-api.service[104173]: DEBUG placement.handlers.allocation [req-20d75d4d-9625-4da2-8ea3-d926fdf41667 req-dc535b9c-3091-483c-ac7e-ea852129f46a service placement] Successfully deleted allocations [, , ] {{(pid=104173) delete_allocations /opt/stack/placement/placement/handlers/allocation.py:627}}
Mar 01 11:17:40.513398 n-d-803713-3 devstack@placement-api.service[104173]: INFO placement.requestlog [req-20d75d4d-9625-4da2-8ea3-d926fdf41667 req-dc535b9c-3091-483c-ac7e-ea852129f46a service placement] 10.222.0.30 "DELETE /placement/allocations/fd239ccc-fc75-4ce6-84b9-87545f5c10f8" status: 204 len: 0 microversion: 1.0
Mar 01 11:17:40.514245 n-d-803713-3 devstack@placement-api.service[104173]: [pid: 104173|app: 0|req: 189/378] 10.222.0.30 () {60 vars in 1355 bytes} [Tue Mar 1 11:17:40 2022] DELETE /placement/allocations/fd239ccc-fc75-4ce6-84b9-87545f5c10f8 => generated 0 bytes in 49 msecs (HTTP/1.1 204) 5 headers in 198 bytes (1 switches on core 0)
Mar 01 11:17:46.213367 n-d-803713-3 devstack@placement-api.service[104174]: DEBUG placement.requestlog [req-15e6e73a-039d-436d-8dfd-a02eb78e1eca req-fa4de953-1ffc-4808-bee1-68adc9c059e4 None None] Starting request: 10.222.0.30 "DELETE /placement/allocations/060d6420-d84e-473f-94ef-25470bd3efec" {{(pid=104174) __call__ /opt/stack/placement/placement/requestlog.py:55}}
Mar 01 11:17:46.259688 n-d-803713-3 devstack@placement-api.service[104173]: DEBUG placement.requestlog [req-eb06749f-028f-443f-a12b-0d7653ed31ea req-ffe091ef-5ff6-447c-80b3-a9819459c686 None None] Starting request: 10.222.0.10 "GET /placement/allocation_candidates?limit=1000&resources=DISK_GB%3A1%2CMEMORY_MB%3A1024%2CVCPU%3A1&root_required=%21COMPUTE_STATUS_DISABLED" {{(pid=104173) __call__ /opt/stack/placement/placement/requestlog.py:55}}
Mar 01 11:17:46.380920 n-d-803713-3 devstack@placement-api.service[104174]: DEBUG placement.handlers.allocation [req-15e6e73a-039d-436d-8dfd-a02eb78e1eca req-fa4de953-1ffc-4808-bee1-68adc9c059e4 service placement] Successfully deleted allocations [, , ] {{(pid=104174) delete_allocations /opt/stack/placement/placement/handlers/allocation.py:627}}
Mar 01 11:17:46.382790 n-d-803713-3 devstack@placement-api.service[104174]: INFO placement.requestlog [req-15e6e73a-039d-436d-8dfd-a02eb78e1eca req-fa4de953-1ffc-4808-bee1-68adc9c059e4 service placement] 10.222.0.30 "DELETE /placement/allocations/060d6420-d84e-473f-94ef-25470bd3efec" status: 204 len: 0 microversion: 1.0
Mar 01 11:17:46.383691 n-d-803713-3 devstack@placement-api.service[104174]: [pid: 104174|app: 0|req: 190/379] 10.222.0.30 () {60 vars in 1355 bytes} [Tue Mar 1 11:17:46 2022] DELETE /placement/allocations/060d6420-d84e-473f-94ef-25470bd3efec => generated 0 bytes in 171 msecs (HTTP/1.1 204) 5 headers in 198 bytes (1 switches on core 0)
Mar 01 11:17:46.427003 n-d-803713-3 devstack@placement-api.service[104173]: DEBUG placement.objects.research_context [req-eb06749f-028f-443f-a12b-0d7653ed31ea req-ffe091ef-5ff6-447c-80b3-a9819459c686 service placement] getting providers with 1 DISK_GB {{(pid=104173) __init__ /opt/stack/placement/placement/objects/research_context.py:136}}
Mar 01 11:17:46.453445 n-d-803713-3 devstack@placement-api.service[104173]: DEBUG placement.objects.research_context [req-eb06749f-028f-443f-a12b-0d7653ed31ea req-ffe091ef-5ff6-447c-80b3-a9819459c686 service placement] getting providers with 1024 MEMORY_MB {{(pid=104173) __init__ /opt/stack/placement/placement/objects/research_context.py:136}}
Mar 01 11:17:46.482612 n-d-803713-3 devstack@placement-api.service[104173]: DEBUG placement.objects.research_context [req-eb06749f-028f-443f-a12b-0d7653ed31ea req-ffe091ef-5ff6-447c-80b3-a9819459c686 service placement] getting providers with 1 VCPU {{(pid=104173) __init__ /opt/stack/placement/placement/objects/research_context.py:136}}
Mar 01 11:17:46.514205 n-d-803713-3 devstack@placement-api.service[104173]: DEBUG placement.objects.research_context [req-eb06749f-028f-443f-a12b-0d7653ed31ea req-ffe091ef-5ff6-447c-80b3-a9819459c686 service placement] found 2 providers with available 1 DISK_GB {{(pid=104173) get_provider_ids_matching /opt/stack/placement/placement/objects/research_context.py:559}}
Mar 01 11:17:46.514475 n-d-803713-3 devstack@placement-api.service[104173]: DEBUG placement.objects.research_context [req-eb06749f-028f-443f-a12b-0d7653ed31ea req-ffe091ef-5ff6-447c-80b3-a9819459c686 service placement] found 2 providers with available 1024 MEMORY_MB {{(pid=104173) get_provider_ids_matching /opt/stack/placement/placement/objects/research_context.py:559}}
Mar 01 11:17:46.516085 n-d-803713-3 devstack@placement-api.service[104173]: DEBUG placement.objects.research_context [req-eb06749f-028f-443f-a12b-0d7653ed31ea req-ffe091ef-5ff6-447c-80b3-a9819459c686 service placement] found 2 providers after filtering by previous result {{(pid=104173) get_provider_ids_matching /opt/stack/placement/placement/objects/research_context.py:590}}
Mar 01 11:17:46.517628 n-d-803713-3 devstack@placement-api.service[104173]: DEBUG placement.objects.research_context [req-eb06749f-028f-443f-a12b-0d7653ed31ea req-ffe091ef-5ff6-447c-80b3-a9819459c686 service placement] found 2 providers with available 1 VCPU {{(pid=104173) get_provider_ids_matching /opt/stack/placement/placement/objects/research_context.py:559}}
Mar 01 11:17:46.518766 n-d-803713-3 devstack@placement-api.service[104173]: DEBUG placement.objects.research_context [req-eb06749f-028f-443f-a12b-0d7653ed31ea req-ffe091ef-5ff6-447c-80b3-a9819459c686 service placement] found 2 providers after filtering by previous result {{(pid=104173) get_provider_ids_matching /opt/stack/placement/placement/objects/research_context.py:590}}
Mar 01 11:17:46.554913 n-d-803713-3 devstack@placement-api.service[104173]: DEBUG placement.objects.allocation_candidate [req-eb06749f-028f-443f-a12b-0d7653ed31ea req-ffe091ef-5ff6-447c-80b3-a9819459c686 service placement] RequestGroup(use_same_provider=False, resources={DISK_GB:1, MEMORY_MB:1024, VCPU:1}, traits=(), aggregates=[]) (suffix '') returned 2 matches {{(pid=104173) _get_by_requests /opt/stack/placement/placement/objects/allocation_candidate.py:156}}
Mar 01 11:17:46.555289 n-d-803713-3 devstack@placement-api.service[104173]: DEBUG placement.objects.allocation_candidate [req-eb06749f-028f-443f-a12b-0d7653ed31ea req-ffe091ef-5ff6-447c-80b3-a9819459c686 service placement] Merging candidates yields 2 allocation requests and 2 provider summaries {{(pid=104173) _merge_candidates /opt/stack/placement/placement/objects/allocation_candidate.py:809}}
Mar 01 11:17:46.563406 n-d-803713-3 devstack@placement-api.service[104173]: INFO placement.requestlog [req-eb06749f-028f-443f-a12b-0d7653ed31ea req-ffe091ef-5ff6-447c-80b3-a9819459c686 service placement] 10.222.0.10 "GET /placement/allocation_candidates?limit=1000&resources=DISK_GB%3A1%2CMEMORY_MB%3A1024%2CVCPU%3A1&root_required=%21COMPUTE_STATUS_DISABLED" status: 200 len: 1309 microversion: 1.36
Mar 01 11:17:46.567318 n-d-803713-3 devstack@placement-api.service[104173]: [pid: 104173|app: 0|req: 190/380] 10.222.0.10 () {60 vars in 1506 bytes} [Tue Mar 1 11:17:46 2022] GET /placement/allocation_candidates?limit=1000&resources=DISK_GB%3A1%2CMEMORY_MB%3A1024%2CVCPU%3A1&root_required=%21COMPUTE_STATUS_DISABLED => generated 1309 bytes in 308 msecs (HTTP/1.1 200) 8 headers in 297 bytes (2 switches on core 0)
Mar 01 11:17:46.811585 n-d-803713-3 devstack@placement-api.service[104174]: DEBUG placement.requestlog [req-eb06749f-028f-443f-a12b-0d7653ed31ea req-043e4fb3-f6d4-4049-b53c-d688ecff3e5e None None] Starting request: 10.222.0.10 "GET /placement/allocations/f62f7ba6-5bb2-407a-a5e8-b9f853bd990b" {{(pid=104174) __call__ /opt/stack/placement/placement/requestlog.py:55}}
Mar 01 11:17:46.839489 n-d-803713-3 devstack@placement-api.service[104174]: INFO placement.requestlog [req-eb06749f-028f-443f-a12b-0d7653ed31ea req-043e4fb3-f6d4-4049-b53c-d688ecff3e5e service placement] 10.222.0.10 "GET /placement/allocations/f62f7ba6-5bb2-407a-a5e8-b9f853bd990b" status: 200 len: 19 microversion: 1.28
Mar 01 11:17:46.840122 n-d-803713-3 devstack@placement-api.service[104174]: [pid: 104174|app: 0|req: 191/381] 10.222.0.10 () {60 vars in 1380 bytes} [Tue Mar 1 11:17:46 2022] GET /placement/allocations/f62f7ba6-5bb2-407a-a5e8-b9f853bd990b => generated 19 bytes in 29 msecs (HTTP/1.1 200) 8 headers in 295 bytes (1 switches on core 0)
Mar 01 11:17:46.847742 n-d-803713-3 devstack@placement-api.service[104173]: DEBUG placement.requestlog [req-eb06749f-028f-443f-a12b-0d7653ed31ea req-a335f3ef-4aa7-4467-a324-bf5269bd218b None None] Starting request: 10.222.0.10 "PUT /placement/allocations/f62f7ba6-5bb2-407a-a5e8-b9f853bd990b" {{(pid=104173) __call__ /opt/stack/placement/placement/requestlog.py:55}}
Mar 01 11:17:46.985681 n-d-803713-3 devstack@placement-api.service[104173]: DEBUG placement.handlers.allocation [req-eb06749f-028f-443f-a12b-0d7653ed31ea req-a335f3ef-4aa7-4467-a324-bf5269bd218b service placement] Successfully wrote allocations [, , ] {{(pid=104173) _update_consumers_and_create_allocations /opt/stack/placement/placement/handlers/allocation.py:462}}
Mar 01 11:17:46.997048 n-d-803713-3 devstack@placement-api.service[104173]: INFO placement.requestlog [req-eb06749f-028f-443f-a12b-0d7653ed31ea req-a335f3ef-4aa7-4467-a324-bf5269bd218b service placement] 10.222.0.10 "PUT /placement/allocations/f62f7ba6-5bb2-407a-a5e8-b9f853bd990b" status: 204 len: 0 microversion: 1.36
Mar 01 11:17:47.001665 n-d-803713-3 devstack@placement-api.service[104173]: [pid: 104173|app: 0|req: 191/382] 10.222.0.10 () {64 vars in 1433 bytes} [Tue Mar 1 11:17:46 2022] PUT /placement/allocations/f62f7ba6-5bb2-407a-a5e8-b9f853bd990b => generated 0 bytes in 151 msecs (HTTP/1.1 204) 5 headers in 199 bytes (2 switches on core 0)
Mar 01 11:17:47.736649 n-d-803713-3 devstack@placement-api.service[104174]: DEBUG placement.requestlog [req-eb06749f-028f-443f-a12b-0d7653ed31ea req-57e2788c-3db5-4465-8dd7-001eb5beb32b None None] Starting request: 10.222.0.20 "GET /placement/allocations/f62f7ba6-5bb2-407a-a5e8-b9f853bd990b" {{(pid=104174) __call__ /opt/stack/placement/placement/requestlog.py:55}}
Mar 01 11:17:47.762008 n-d-803713-3 devstack@placement-api.service[104174]: INFO placement.requestlog [req-eb06749f-028f-443f-a12b-0d7653ed31ea req-57e2788c-3db5-4465-8dd7-001eb5beb32b service placement] 10.222.0.20 "GET /placement/allocations/f62f7ba6-5bb2-407a-a5e8-b9f853bd990b" status: 200 len: 259 microversion: 1.28
Mar 01 11:17:47.764969 n-d-803713-3 devstack@placement-api.service[104174]: [pid: 104174|app: 0|req: 192/383] 10.222.0.20 () {60 vars in 1377 bytes} [Tue Mar 1 11:17:47 2022] GET /placement/allocations/f62f7ba6-5bb2-407a-a5e8-b9f853bd990b => generated 259 bytes in 28 msecs (HTTP/1.1 200) 8 headers in 296 bytes (1 switches on core 0)
Mar 01 11:17:48.893019 n-d-803713-3 devstack@placement-api.service[104173]: DEBUG placement.requestlog [req-9b7c8aa2-f144-4395-884f-262264c8e4f7 req-70382941-44b8-4c32-9b55-09ec91e442a7 None None] Starting request: 10.222.0.20 "DELETE /placement/allocations/c80fd09c-fd45-495e-b740-20e4bb4949c9" {{(pid=104173) __call__ /opt/stack/placement/placement/requestlog.py:55}}
Mar 01 11:17:48.977218 n-d-803713-3 devstack@placement-api.service[104173]: DEBUG placement.handlers.allocation [req-9b7c8aa2-f144-4395-884f-262264c8e4f7 req-70382941-44b8-4c32-9b55-09ec91e442a7 service placement] Successfully deleted allocations [, , ] {{(pid=104173) delete_allocations /opt/stack/placement/placement/handlers/allocation.py:627}}
Mar 01 11:17:48.977817 n-d-803713-3 devstack@placement-api.service[104173]: INFO placement.requestlog [req-9b7c8aa2-f144-4395-884f-262264c8e4f7 req-70382941-44b8-4c32-9b55-09ec91e442a7 service placement] 10.222.0.20 "DELETE /placement/allocations/c80fd09c-fd45-495e-b740-20e4bb4949c9" status: 204 len: 0 microversion: 1.0
Mar 01 11:17:48.978571 n-d-803713-3 devstack@placement-api.service[104173]: [pid: 104173|app: 0|req: 192/384] 10.222.0.20 () {60 vars in 1355 bytes} [Tue Mar 1 11:17:48 2022] DELETE /placement/allocations/c80fd09c-fd45-495e-b740-20e4bb4949c9 => generated 0 bytes in 86 msecs (HTTP/1.1 204) 5 headers in 198 bytes (1 switches on core 0)
Mar 01 11:17:53.069804 n-d-803713-3 devstack@placement-api.service[104174]: DEBUG placement.requestlog [req-cb1a9241-172e-4c24-bf4b-371f8a4eba5b req-111d788d-beb1-4519-9773-1c19ece8de36 None None] Starting request: 10.222.0.20 "GET /placement/resource_providers?in_tree=3f7b2fa8-4728-4196-8e81-366e994d4d3f" {{(pid=104174) __call__ /opt/stack/placement/placement/requestlog.py:55}}
Mar 01 11:17:53.711578 n-d-803713-3 devstack@placement-api.service[104174]: INFO placement.requestlog [req-cb1a9241-172e-4c24-bf4b-371f8a4eba5b req-111d788d-beb1-4519-9773-1c19ece8de36 service placement] 10.222.0.20 "GET /placement/resource_providers?in_tree=3f7b2fa8-4728-4196-8e81-366e994d4d3f" status: 200 len: 863 microversion: 1.14
Mar 01 11:17:53.712823 n-d-803713-3 devstack@placement-api.service[104174]: [pid: 104174|app: 0|req: 193/385] 10.222.0.20 () {60 vars in 1376 bytes} [Tue Mar 1 11:17:53 2022] GET /placement/resource_providers?in_tree=3f7b2fa8-4728-4196-8e81-366e994d4d3f => generated 863 bytes in 643 msecs (HTTP/1.1 200) 6 headers in 225 bytes (2 switches on core 0)
Mar 01 11:17:53.734964 n-d-803713-3 devstack@placement-api.service[104173]: DEBUG placement.requestlog [req-cb1a9241-172e-4c24-bf4b-371f8a4eba5b req-ca0c4e33-5566-45d3-9726-5c396b5d28c3 None None] Starting request: 10.222.0.20 "GET /placement/resource_providers/3f7b2fa8-4728-4196-8e81-366e994d4d3f/inventories" {{(pid=104173) __call__ /opt/stack/placement/placement/requestlog.py:55}}
Mar 01 11:17:53.783725 n-d-803713-3 devstack@placement-api.service[104173]: INFO placement.requestlog [req-cb1a9241-172e-4c24-bf4b-371f8a4eba5b req-ca0c4e33-5566-45d3-9726-5c396b5d28c3 service placement] 10.222.0.20 "GET /placement/resource_providers/3f7b2fa8-4728-4196-8e81-366e994d4d3f/inventories" status: 200 len: 398 microversion: 1.0
Mar 01 11:17:53.784671 n-d-803713-3 devstack@placement-api.service[104173]: [pid: 104173|app: 0|req: 193/386] 10.222.0.20 () {58 vars in 1390 bytes} [Tue Mar 1 11:17:53 2022] GET /placement/resource_providers/3f7b2fa8-4728-4196-8e81-366e994d4d3f/inventories => generated 398 bytes in 50 msecs (HTTP/1.1 200) 6 headers in 224 bytes (1 switches on core 0)
Mar 01 11:17:53.794841 n-d-803713-3 devstack@placement-api.service[104174]: DEBUG placement.requestlog [req-cb1a9241-172e-4c24-bf4b-371f8a4eba5b req-f2f8dda6-2193-47a1-a1db-3f2bd1fe80e7 None None] Starting request: 10.222.0.20 "GET /placement/resource_providers/3f7b2fa8-4728-4196-8e81-366e994d4d3f/aggregates" {{(pid=104174) __call__ /opt/stack/placement/placement/requestlog.py:55}}
Mar 01 11:17:53.832181 n-d-803713-3 devstack@placement-api.service[104174]: INFO placement.requestlog [req-cb1a9241-172e-4c24-bf4b-371f8a4eba5b req-f2f8dda6-2193-47a1-a1db-3f2bd1fe80e7 service placement] 10.222.0.20 "GET /placement/resource_providers/3f7b2fa8-4728-4196-8e81-366e994d4d3f/aggregates" status: 200 len: 54 microversion: 1.19
Mar 01 11:17:53.832860 n-d-803713-3 devstack@placement-api.service[104174]: [pid: 104174|app: 0|req: 194/387] 10.222.0.20 () {60 vars in 1431 bytes} [Tue Mar 1 11:17:53 2022] GET /placement/resource_providers/3f7b2fa8-4728-4196-8e81-366e994d4d3f/aggregates => generated 54 bytes in 38 msecs (HTTP/1.1 200) 8 headers in 295 bytes (1 switches on core 0)
Mar 01 11:17:53.841564 n-d-803713-3 devstack@placement-api.service[104173]: DEBUG placement.requestlog [req-cb1a9241-172e-4c24-bf4b-371f8a4eba5b req-aae127b8-db86-4b21-a712-fca4e0e67b21 None None] Starting request: 10.222.0.20 "GET /placement/resource_providers/3f7b2fa8-4728-4196-8e81-366e994d4d3f/traits" {{(pid=104173) __call__ /opt/stack/placement/placement/requestlog.py:55}}
Mar 01 11:17:53.933865 n-d-803713-3 devstack@placement-api.service[104173]: INFO placement.requestlog [req-cb1a9241-172e-4c24-bf4b-371f8a4eba5b req-aae127b8-db86-4b21-a712-fca4e0e67b21 service placement] 10.222.0.20 "GET /placement/resource_providers/3f7b2fa8-4728-4196-8e81-366e994d4d3f/traits" status: 200 len: 212 microversion: 1.6
Mar 01 11:17:53.934669 n-d-803713-3 devstack@placement-api.service[104173]: [pid: 104173|app: 0|req: 194/388] 10.222.0.20 () {60 vars in 1418 bytes} [Tue Mar 1 11:17:53 2022] GET /placement/resource_providers/3f7b2fa8-4728-4196-8e81-366e994d4d3f/traits => generated 212 bytes in 93 msecs (HTTP/1.1 200) 6 headers in 224 bytes (1 switches on core 0)
Mar 01 11:17:54.393222 n-d-803713-3 devstack@placement-api.service[104174]: DEBUG placement.requestlog [req-cb1a9241-172e-4c24-bf4b-371f8a4eba5b req-dcbf399d-ab7f-4995-bddd-c93e8ec17482 None None] Starting request: 10.222.0.20 "DELETE /placement/allocations/8d4080bc-b44d-42b9-bb12-44b49ed8b8f6" {{(pid=104174) __call__ /opt/stack/placement/placement/requestlog.py:55}}
Mar 01 11:17:54.458565 n-d-803713-3 devstack@placement-api.service[104174]: DEBUG placement.handlers.allocation [req-cb1a9241-172e-4c24-bf4b-371f8a4eba5b req-dcbf399d-ab7f-4995-bddd-c93e8ec17482 service placement] Successfully deleted allocations [, , ] {{(pid=104174) delete_allocations /opt/stack/placement/placement/handlers/allocation.py:627}}
Mar 01 11:17:54.459076 n-d-803713-3 devstack@placement-api.service[104174]: INFO placement.requestlog [req-cb1a9241-172e-4c24-bf4b-371f8a4eba5b req-dcbf399d-ab7f-4995-bddd-c93e8ec17482 service placement] 10.222.0.20 "DELETE /placement/allocations/8d4080bc-b44d-42b9-bb12-44b49ed8b8f6" status: 204 len: 0 microversion: 1.0
Mar 01 11:17:54.459456 n-d-803713-3 devstack@placement-api.service[104174]: [pid: 104174|app: 0|req: 195/389] 10.222.0.20 () {60 vars in 1355 bytes} [Tue Mar 1 11:17:54 2022] DELETE /placement/allocations/8d4080bc-b44d-42b9-bb12-44b49ed8b8f6 => generated 0 bytes in 67 msecs (HTTP/1.1 204) 5 headers in 198 bytes (1 switches on core 0)
Mar 01 11:17:54.595150 n-d-803713-3 devstack@placement-api.service[104173]: DEBUG placement.requestlog [req-b9110d8e-2b14-471f-80a9-75416311f8b3 req-1b7e5005-e85c-47ba-8bef-d49a9ed34727 None None] Starting request: 10.222.0.30 "GET /placement/resource_providers/5d82ad0a-4233-48a0-a039-9ce4022eb705/allocations" {{(pid=104173) __call__ /opt/stack/placement/placement/requestlog.py:55}}
Mar 01 11:17:54.909889 n-d-803713-3 devstack@placement-api.service[104173]: INFO placement.requestlog [req-b9110d8e-2b14-471f-80a9-75416311f8b3 req-1b7e5005-e85c-47ba-8bef-d49a9ed34727 service placement] 10.222.0.30 "GET /placement/resource_providers/5d82ad0a-4233-48a0-a039-9ce4022eb705/allocations" status: 200 len: 443 microversion: 1.0
Mar 01 11:17:54.911304 n-d-803713-3 devstack@placement-api.service[104173]: [pid: 104173|app: 0|req: 195/390] 10.222.0.30 () {58 vars in 1390 bytes} [Tue Mar 1 11:17:54 2022] GET /placement/resource_providers/5d82ad0a-4233-48a0-a039-9ce4022eb705/allocations => generated 443 bytes in 317 msecs (HTTP/1.1 200) 6 headers in 224 bytes (1 switches on core 0)
Mar 01 11:17:55.004583 n-d-803713-3 devstack@placement-api.service[104174]: DEBUG placement.requestlog [req-b9110d8e-2b14-471f-80a9-75416311f8b3 req-1b1bd689-5961-42f7-a9fc-6bfd83c787b0 None None] Starting request: 10.222.0.30 "GET /placement/resource_providers?in_tree=5d82ad0a-4233-48a0-a039-9ce4022eb705" {{(pid=104174) __call__ /opt/stack/placement/placement/requestlog.py:55}}
Mar 01 11:17:55.022185 n-d-803713-3 devstack@placement-api.service[104174]: INFO placement.requestlog [req-b9110d8e-2b14-471f-80a9-75416311f8b3 req-1b1bd689-5961-42f7-a9fc-6bfd83c787b0 service placement] 10.222.0.30 "GET /placement/resource_providers?in_tree=5d82ad0a-4233-48a0-a039-9ce4022eb705" status: 200 len: 863 microversion: 1.14
Mar 01 11:17:55.023203 n-d-803713-3 devstack@placement-api.service[104174]: [pid: 104174|app: 0|req: 196/391] 10.222.0.30 () {60 vars in 1376 bytes} [Tue Mar 1 11:17:55 2022] GET /placement/resource_providers?in_tree=5d82ad0a-4233-48a0-a039-9ce4022eb705 => generated 863 bytes in 21 msecs (HTTP/1.1 200) 6 headers in 225 bytes (1 switches on core 0)
Mar 01 11:17:55.031954 n-d-803713-3 devstack@placement-api.service[104173]: DEBUG placement.requestlog [req-b9110d8e-2b14-471f-80a9-75416311f8b3 req-744d20c1-a9ae-4352-b286-505588e2ff46 None None] Starting request: 10.222.0.30 "GET /placement/resource_providers/5d82ad0a-4233-48a0-a039-9ce4022eb705/inventories" {{(pid=104173) __call__ /opt/stack/placement/placement/requestlog.py:55}}
Mar 01 11:17:55.076016 n-d-803713-3 devstack@placement-api.service[104173]: INFO placement.requestlog [req-b9110d8e-2b14-471f-80a9-75416311f8b3 req-744d20c1-a9ae-4352-b286-505588e2ff46 service placement] 10.222.0.30 "GET /placement/resource_providers/5d82ad0a-4233-48a0-a039-9ce4022eb705/inventories" status: 200 len: 398 microversion: 1.0
Mar 01 11:17:55.078316 n-d-803713-3 devstack@placement-api.service[104173]: [pid: 104173|app: 0|req: 196/392] 10.222.0.30 () {58 vars in 1390 bytes} [Tue Mar 1 11:17:55 2022] GET /placement/resource_providers/5d82ad0a-4233-48a0-a039-9ce4022eb705/inventories => generated 398 bytes in 48 msecs (HTTP/1.1 200) 6 headers in 224 bytes (2 switches on core 0)
Mar 01 11:17:55.088178 n-d-803713-3 devstack@placement-api.service[104174]: DEBUG placement.requestlog [req-b9110d8e-2b14-471f-80a9-75416311f8b3 req-ce14e178-0b74-4fd2-8ee7-8dcfb5f21d3c None None] Starting request: 10.222.0.30 "GET /placement/resource_providers/5d82ad0a-4233-48a0-a039-9ce4022eb705/aggregates" {{(pid=104174) __call__ /opt/stack/placement/placement/requestlog.py:55}}
Mar 01 11:17:55.122922 n-d-803713-3 devstack@placement-api.service[104174]: INFO placement.requestlog [req-b9110d8e-2b14-471f-80a9-75416311f8b3 req-ce14e178-0b74-4fd2-8ee7-8dcfb5f21d3c service placement] 10.222.0.30 "GET /placement/resource_providers/5d82ad0a-4233-48a0-a039-9ce4022eb705/aggregates" status: 200 len: 54 microversion: 1.19
Mar 01 11:17:55.124253 n-d-803713-3 devstack@placement-api.service[104174]: [pid: 104174|app: 0|req: 197/393] 10.222.0.30 () {60 vars in 1431 bytes} [Tue Mar 1 11:17:55 2022] GET /placement/resource_providers/5d82ad0a-4233-48a0-a039-9ce4022eb705/aggregates => generated 54 bytes in 36 msecs (HTTP/1.1 200) 8 headers in 295 bytes (1 switches on core 0)
Mar 01 11:17:55.141956 n-d-803713-3 devstack@placement-api.service[104173]: DEBUG placement.requestlog [req-b9110d8e-2b14-471f-80a9-75416311f8b3 req-ca92743f-2a08-453a-9f8c-6117b8c3f807 None None] Starting request: 10.222.0.30 "GET /placement/resource_providers/5d82ad0a-4233-48a0-a039-9ce4022eb705/traits" {{(pid=104173) __call__ /opt/stack/placement/placement/requestlog.py:55}}
Mar 01 11:17:55.208982 n-d-803713-3 devstack@placement-api.service[104173]: INFO placement.requestlog [req-b9110d8e-2b14-471f-80a9-75416311f8b3 req-ca92743f-2a08-453a-9f8c-6117b8c3f807 service placement] 10.222.0.30 "GET /placement/resource_providers/5d82ad0a-4233-48a0-a039-9ce4022eb705/traits" status: 200 len: 212 microversion: 1.6
Mar 01 11:17:55.209364 n-d-803713-3 devstack@placement-api.service[104173]: [pid: 104173|app: 0|req: 197/394] 10.222.0.30 () {60 vars in 1418 bytes} [Tue Mar 1 11:17:55 2022] GET /placement/resource_providers/5d82ad0a-4233-48a0-a039-9ce4022eb705/traits => generated 212 bytes in 68 msecs (HTTP/1.1 200) 6 headers in 224 bytes (1 switches on core 0)
Mar 01 11:17:56.381187 n-d-803713-3 devstack@placement-api.service[104174]: DEBUG placement.requestlog [req-f8f794d6-2c4b-42e7-81d1-d10656b7ef03 req-e2991e89-a34d-4da4-a306-f81ce27fc6bd None None] Starting request: 10.222.0.20 "GET /placement/resource_providers/3f7b2fa8-4728-4196-8e81-366e994d4d3f/allocations" {{(pid=104174) __call__ /opt/stack/placement/placement/requestlog.py:55}}
Mar 01 11:17:56.442803 n-d-803713-3 devstack@placement-api.service[104174]: INFO placement.requestlog [req-f8f794d6-2c4b-42e7-81d1-d10656b7ef03 req-e2991e89-a34d-4da4-a306-f81ce27fc6bd service placement] 10.222.0.20 "GET /placement/resource_providers/3f7b2fa8-4728-4196-8e81-366e994d4d3f/allocations" status: 200 len: 544 microversion: 1.0
Mar 01 11:17:56.443198 n-d-803713-3 devstack@placement-api.service[104174]: [pid: 104174|app: 0|req: 198/395] 10.222.0.20 () {58 vars in 1390 bytes} [Tue Mar 1 11:17:56 2022] GET /placement/resource_providers/3f7b2fa8-4728-4196-8e81-366e994d4d3f/allocations => generated 544 bytes in 62 msecs (HTTP/1.1 200) 6 headers in 224 bytes (1 switches on core 0)
Mar 01 11:17:58.560994 n-d-803713-3 devstack@placement-api.service[104173]: DEBUG placement.requestlog [req-81fef408-ec5d-453e-b2cf-41d8839a1b27 req-c031752a-982c-493f-9b49-3c48112f8927 None None] Starting request: 10.222.0.10 "GET /placement/allocation_candidates?limit=1000&resources=MEMORY_MB%3A1024%2CVCPU%3A1&root_required=%21COMPUTE_STATUS_DISABLED" {{(pid=104173) __call__ /opt/stack/placement/placement/requestlog.py:55}}
Mar 01 11:17:58.660250 n-d-803713-3 devstack@placement-api.service[104173]: DEBUG placement.objects.research_context [req-81fef408-ec5d-453e-b2cf-41d8839a1b27 req-c031752a-982c-493f-9b49-3c48112f8927 service placement] getting providers with 1024 MEMORY_MB {{(pid=104173) __init__ /opt/stack/placement/placement/objects/research_context.py:136}}
Mar 01 11:17:58.685967 n-d-803713-3 devstack@placement-api.service[104173]: DEBUG placement.objects.research_context [req-81fef408-ec5d-453e-b2cf-41d8839a1b27 req-c031752a-982c-493f-9b49-3c48112f8927 service placement] getting providers with 1 VCPU {{(pid=104173) __init__ /opt/stack/placement/placement/objects/research_context.py:136}}
Mar 01 11:17:58.706192 n-d-803713-3 devstack@placement-api.service[104173]: DEBUG placement.objects.research_context [req-81fef408-ec5d-453e-b2cf-41d8839a1b27 req-c031752a-982c-493f-9b49-3c48112f8927 service placement] found 2 providers with available 1024 MEMORY_MB {{(pid=104173) get_provider_ids_matching /opt/stack/placement/placement/objects/research_context.py:559}}
Mar 01 11:17:58.706473 n-d-803713-3 devstack@placement-api.service[104173]: DEBUG placement.objects.research_context [req-81fef408-ec5d-453e-b2cf-41d8839a1b27 req-c031752a-982c-493f-9b49-3c48112f8927 service placement] found 2 providers with available 1 VCPU {{(pid=104173) get_provider_ids_matching /opt/stack/placement/placement/objects/research_context.py:559}}
Mar 01 11:17:58.706750 n-d-803713-3 devstack@placement-api.service[104173]: DEBUG placement.objects.research_context [req-81fef408-ec5d-453e-b2cf-41d8839a1b27 req-c031752a-982c-493f-9b49-3c48112f8927 service placement] found 2 providers after filtering by previous result {{(pid=104173) get_provider_ids_matching /opt/stack/placement/placement/objects/research_context.py:590}}
Mar 01 11:17:58.735646 n-d-803713-3 devstack@placement-api.service[104173]: DEBUG placement.objects.allocation_candidate [req-81fef408-ec5d-453e-b2cf-41d8839a1b27 req-c031752a-982c-493f-9b49-3c48112f8927 service placement] RequestGroup(use_same_provider=False, resources={MEMORY_MB:1024, VCPU:1}, traits=(), aggregates=[]) (suffix '') returned 2 matches {{(pid=104173) _get_by_requests /opt/stack/placement/placement/objects/allocation_candidate.py:156}}
Mar 01 11:17:58.738395 n-d-803713-3 devstack@placement-api.service[104173]: DEBUG placement.objects.allocation_candidate [req-81fef408-ec5d-453e-b2cf-41d8839a1b27 req-c031752a-982c-493f-9b49-3c48112f8927 service placement] Merging candidates yields 2 allocation requests and 2 provider summaries {{(pid=104173) _merge_candidates /opt/stack/placement/placement/objects/allocation_candidate.py:809}}
Mar 01 11:17:58.744005 n-d-803713-3 devstack@placement-api.service[104173]: INFO placement.requestlog [req-81fef408-ec5d-453e-b2cf-41d8839a1b27 req-c031752a-982c-493f-9b49-3c48112f8927 service placement] 10.222.0.10 "GET /placement/allocation_candidates?limit=1000&resources=MEMORY_MB%3A1024%2CVCPU%3A1&root_required=%21COMPUTE_STATUS_DISABLED" status: 200 len: 1281 microversion: 1.36
Mar 01 11:17:58.758409 n-d-803713-3 devstack@placement-api.service[104173]: [pid: 104173|app: 0|req: 198/396] 10.222.0.10 () {60 vars in 1478 bytes} [Tue Mar 1 11:17:58 2022] GET /placement/allocation_candidates?limit=1000&resources=MEMORY_MB%3A1024%2CVCPU%3A1&root_required=%21COMPUTE_STATUS_DISABLED => generated 1281 bytes in 196 msecs (HTTP/1.1 200) 8 headers in 297 bytes (1 switches on core 0)
Mar 01 11:17:58.947992 n-d-803713-3 devstack@placement-api.service[104174]: DEBUG placement.requestlog [req-81fef408-ec5d-453e-b2cf-41d8839a1b27 req-5dd6d81c-ffcd-4b1e-8efe-b685a70f8e87 None None] Starting request: 10.222.0.10 "GET /placement/allocations/5d487bf2-10c2-4982-90d8-587cd7775806" {{(pid=104174) __call__ /opt/stack/placement/placement/requestlog.py:55}}
Mar 01 11:17:58.966280 n-d-803713-3 devstack@placement-api.service[104174]: INFO placement.requestlog [req-81fef408-ec5d-453e-b2cf-41d8839a1b27 req-5dd6d81c-ffcd-4b1e-8efe-b685a70f8e87 service placement] 10.222.0.10 "GET /placement/allocations/5d487bf2-10c2-4982-90d8-587cd7775806" status: 200 len: 19 microversion: 1.28
Mar 01 11:17:58.969636 n-d-803713-3 devstack@placement-api.service[104174]: [pid: 104174|app: 0|req: 199/397] 10.222.0.10 () {60 vars in 1380 bytes} [Tue Mar 1 11:17:58 2022] GET /placement/allocations/5d487bf2-10c2-4982-90d8-587cd7775806 => generated 19 bytes in 21 msecs (HTTP/1.1 200) 8 headers in 295 bytes (1 switches on core 0)
Mar 01 11:17:58.974995 n-d-803713-3 devstack@placement-api.service[104173]: DEBUG placement.requestlog [req-81fef408-ec5d-453e-b2cf-41d8839a1b27 req-554901e4-6c55-4648-880d-189fcd0d346f None None] Starting request: 10.222.0.10 "PUT /placement/allocations/5d487bf2-10c2-4982-90d8-587cd7775806" {{(pid=104173) __call__ /opt/stack/placement/placement/requestlog.py:55}}
Mar 01 11:17:59.001861 n-d-803713-3 devstack@placement-api.service[104174]: DEBUG placement.requestlog [req-b911b092-d2ba-438e-bdd5-a108d2064c5f req-0ef87a73-adeb-4cf8-9ebd-0dc671472689 None None] Starting request: 10.222.0.20 "DELETE /placement/allocations/c9664b38-4ef2-4c32-8271-ecc2a43482af" {{(pid=104174) __call__ /opt/stack/placement/placement/requestlog.py:55}}
Mar 01 11:17:59.082443 n-d-803713-3 devstack@placement-api.service[104174]: DEBUG placement.handlers.allocation [req-b911b092-d2ba-438e-bdd5-a108d2064c5f req-0ef87a73-adeb-4cf8-9ebd-0dc671472689 service placement] Successfully deleted allocations [, , ] {{(pid=104174) delete_allocations /opt/stack/placement/placement/handlers/allocation.py:627}}
Mar 01 11:17:59.083581 n-d-803713-3 devstack@placement-api.service[104174]: INFO placement.requestlog [req-b911b092-d2ba-438e-bdd5-a108d2064c5f req-0ef87a73-adeb-4cf8-9ebd-0dc671472689 service placement] 10.222.0.20 "DELETE /placement/allocations/c9664b38-4ef2-4c32-8271-ecc2a43482af" status: 204 len: 0 microversion: 1.0
Mar 01 11:17:59.085112 n-d-803713-3 devstack@placement-api.service[104174]: [pid: 104174|app: 0|req: 200/398] 10.222.0.20 () {60 vars in 1355 bytes} [Tue Mar 1 11:17:59 2022] DELETE /placement/allocations/c9664b38-4ef2-4c32-8271-ecc2a43482af => generated 0 bytes in 83 msecs (HTTP/1.1 204) 5 headers in 198 bytes (1 switches on core 0)
Mar 01 11:17:59.199297 n-d-803713-3 devstack@placement-api.service[104173]: DEBUG placement.handlers.allocation [req-81fef408-ec5d-453e-b2cf-41d8839a1b27 req-554901e4-6c55-4648-880d-189fcd0d346f service placement] Successfully wrote allocations [, ] {{(pid=104173) _update_consumers_and_create_allocations /opt/stack/placement/placement/handlers/allocation.py:462}}
Mar 01 11:17:59.219189 n-d-803713-3 devstack@placement-api.service[104173]: INFO placement.requestlog [req-81fef408-ec5d-453e-b2cf-41d8839a1b27 req-554901e4-6c55-4648-880d-189fcd0d346f service placement] 10.222.0.10 "PUT /placement/allocations/5d487bf2-10c2-4982-90d8-587cd7775806" status: 204 len: 0 microversion: 1.36
Mar 01 11:17:59.219604 n-d-803713-3 devstack@placement-api.service[104173]: [pid: 104173|app: 0|req: 199/399] 10.222.0.10 () {64 vars in 1433 bytes} [Tue Mar 1 11:17:58 2022] PUT /placement/allocations/5d487bf2-10c2-4982-90d8-587cd7775806 => generated 0 bytes in 245 msecs (HTTP/1.1 204) 5 headers in 199 bytes (1 switches on core 0)
Mar 01 11:17:59.850109 n-d-803713-3 devstack@placement-api.service[104174]: DEBUG placement.requestlog [req-81fef408-ec5d-453e-b2cf-41d8839a1b27 req-3f94a53e-ddc8-4202-bc46-6c7836b2a666 None None] Starting request: 10.222.0.30 "GET /placement/allocations/5d487bf2-10c2-4982-90d8-587cd7775806" {{(pid=104174) __call__ /opt/stack/placement/placement/requestlog.py:55}}
Mar 01 11:17:59.919906 n-d-803713-3 devstack@placement-api.service[104174]: INFO placement.requestlog [req-81fef408-ec5d-453e-b2cf-41d8839a1b27 req-3f94a53e-ddc8-4202-bc46-6c7836b2a666 service placement] 10.222.0.30 "GET /placement/allocations/5d487bf2-10c2-4982-90d8-587cd7775806" status: 200 len: 245 microversion: 1.28
Mar 01 11:17:59.926227 n-d-803713-3 devstack@placement-api.service[104174]: [pid: 104174|app: 0|req: 201/400] 10.222.0.30 () {60 vars in 1377 bytes} [Tue Mar 1 11:17:59 2022] GET /placement/allocations/5d487bf2-10c2-4982-90d8-587cd7775806 => generated 245 bytes in 75 msecs (HTTP/1.1 200) 8 headers in 296 bytes (2 switches on core 0)
Mar 01 11:18:19.867312 n-d-803713-3 devstack@placement-api.service[104173]: DEBUG placement.requestlog [req-b51d79d9-758a-4869-8a71-8afeca1af273 req-83c164b5-1b37-43ad-9414-58a5d2051922 None None] Starting request: 10.222.0.10 "GET /placement/allocation_candidates?limit=1000&resources=DISK_GB%3A1%2CMEMORY_MB%3A1024%2CVCPU%3A1&root_required=%21COMPUTE_STATUS_DISABLED" {{(pid=104173) __call__ /opt/stack/placement/placement/requestlog.py:55}}
Mar 01 11:18:19.935612 n-d-803713-3 devstack@placement-api.service[104173]: DEBUG placement.objects.research_context [req-b51d79d9-758a-4869-8a71-8afeca1af273 req-83c164b5-1b37-43ad-9414-58a5d2051922 service placement] getting providers with 1 DISK_GB {{(pid=104173) __init__ /opt/stack/placement/placement/objects/research_context.py:136}}
Mar 01 11:18:19.954700 n-d-803713-3 devstack@placement-api.service[104173]: DEBUG placement.objects.research_context [req-b51d79d9-758a-4869-8a71-8afeca1af273 req-83c164b5-1b37-43ad-9414-58a5d2051922 service placement] getting providers with 1024 MEMORY_MB {{(pid=104173) __init__ /opt/stack/placement/placement/objects/research_context.py:136}}
Mar 01 11:18:19.961642 n-d-803713-3 devstack@placement-api.service[104173]: DEBUG placement.objects.research_context [req-b51d79d9-758a-4869-8a71-8afeca1af273 req-83c164b5-1b37-43ad-9414-58a5d2051922 service placement] getting providers with 1 VCPU {{(pid=104173) __init__ /opt/stack/placement/placement/objects/research_context.py:136}}
Mar 01 11:18:19.970237 n-d-803713-3 devstack@placement-api.service[104173]: DEBUG placement.objects.research_context [req-b51d79d9-758a-4869-8a71-8afeca1af273 req-83c164b5-1b37-43ad-9414-58a5d2051922 service placement] found 2 providers with available 1 DISK_GB {{(pid=104173) get_provider_ids_matching /opt/stack/placement/placement/objects/research_context.py:559}}
Mar 01 11:18:19.970237 n-d-803713-3 devstack@placement-api.service[104173]: DEBUG placement.objects.research_context [req-b51d79d9-758a-4869-8a71-8afeca1af273 req-83c164b5-1b37-43ad-9414-58a5d2051922 service placement] found 2 providers with available 1024 MEMORY_MB {{(pid=104173) get_provider_ids_matching /opt/stack/placement/placement/objects/research_context.py:559}}
Mar 01 11:18:19.970719 n-d-803713-3 devstack@placement-api.service[104173]: DEBUG placement.objects.research_context [req-b51d79d9-758a-4869-8a71-8afeca1af273 req-83c164b5-1b37-43ad-9414-58a5d2051922 service placement] found 2 providers after filtering by previous result {{(pid=104173) get_provider_ids_matching /opt/stack/placement/placement/objects/research_context.py:590}}
Mar 01 11:18:19.971412 n-d-803713-3 devstack@placement-api.service[104173]: DEBUG placement.objects.research_context [req-b51d79d9-758a-4869-8a71-8afeca1af273 req-83c164b5-1b37-43ad-9414-58a5d2051922 service placement] found 2 providers with available 1 VCPU {{(pid=104173) get_provider_ids_matching /opt/stack/placement/placement/objects/research_context.py:559}}
Mar 01 11:18:19.972342 n-d-803713-3 devstack@placement-api.service[104173]: DEBUG placement.objects.research_context [req-b51d79d9-758a-4869-8a71-8afeca1af273 req-83c164b5-1b37-43ad-9414-58a5d2051922 service placement] found 2 providers after filtering by previous result {{(pid=104173) get_provider_ids_matching /opt/stack/placement/placement/objects/research_context.py:590}}
Mar 01 11:18:19.984790 n-d-803713-3 devstack@placement-api.service[104173]: DEBUG placement.objects.allocation_candidate [req-b51d79d9-758a-4869-8a71-8afeca1af273 req-83c164b5-1b37-43ad-9414-58a5d2051922 service placement] RequestGroup(use_same_provider=False, resources={DISK_GB:1, MEMORY_MB:1024, VCPU:1}, traits=(), aggregates=[]) (suffix '') returned 2 matches {{(pid=104173) _get_by_requests /opt/stack/placement/placement/objects/allocation_candidate.py:156}}
Mar 01 11:18:19.985801 n-d-803713-3 devstack@placement-api.service[104173]: DEBUG placement.objects.allocation_candidate [req-b51d79d9-758a-4869-8a71-8afeca1af273 req-83c164b5-1b37-43ad-9414-58a5d2051922 service placement] Merging candidates yields 2 allocation requests and 2 provider summaries {{(pid=104173) _merge_candidates /opt/stack/placement/placement/objects/allocation_candidate.py:809}}
Mar 01 11:18:19.987640 n-d-803713-3 devstack@placement-api.service[104173]: INFO placement.requestlog [req-b51d79d9-758a-4869-8a71-8afeca1af273 req-83c164b5-1b37-43ad-9414-58a5d2051922 service placement] 10.222.0.10 "GET /placement/allocation_candidates?limit=1000&resources=DISK_GB%3A1%2CMEMORY_MB%3A1024%2CVCPU%3A1&root_required=%21COMPUTE_STATUS_DISABLED" status: 200 len: 1309 microversion: 1.36
Mar 01 11:18:19.993182 n-d-803713-3 devstack@placement-api.service[104173]: [pid: 104173|app: 0|req: 200/401] 10.222.0.10 () {60 vars in 1506 bytes} [Tue Mar 1 11:18:19 2022] GET /placement/allocation_candidates?limit=1000&resources=DISK_GB%3A1%2CMEMORY_MB%3A1024%2CVCPU%3A1&root_required=%21COMPUTE_STATUS_DISABLED => generated 1309 bytes in 126 msecs (HTTP/1.1 200) 8 headers in 297 bytes (1 switches on core 0)
Mar 01 11:18:20.209185 n-d-803713-3 devstack@placement-api.service[104174]: DEBUG placement.requestlog [req-b51d79d9-758a-4869-8a71-8afeca1af273 req-6d18da2e-0ff4-4aef-bf28-a2faced27767 None None] Starting request: 10.222.0.10 "GET /placement/allocations/a36d4e17-7adc-4f1f-88a4-c51f77f27ae3" {{(pid=104174) __call__ /opt/stack/placement/placement/requestlog.py:55}}
