Aug 06 09:53:46.062377 n-d-803713-1 neutron-server[100540]: DEBUG neutron.plugins.ml2.db [None req-330ef9fb-6c1a-4828-a6a4-30883fbbf602 None None] For port 694c8a83-c9b3-4d32-b38b-c7a7de90ee9c, host n-d-803713-1, got binding levels [PortBindingLevel(driver='openvswitch',host='n-d-803713-1',level=0,port_id=694c8a83-c9b3-4d32-b38b-c7a7de90ee9c,segment=NetworkSegment(2c9086cf-7696-4d5d-a74a-7a053ea73466),segment_id=2c9086cf-7696-4d5d-a74a-7a053ea73466)] {{(pid=100540) get_binding_level_objs /opt/stack/neutron/neutron/plugins/ml2/db.py:74}}
Aug 06 09:53:46.080349 n-d-803713-1 neutron-server[100540]: DEBUG neutron_lib.callbacks.manager [None req-330ef9fb-6c1a-4828-a6a4-30883fbbf602 None None] Notify callbacks ['neutron.plugins.ml2.plugin.SecurityGroupServerNotifierRpcMixin._notify_sg_on_port_change-673589', 'neutron.plugins.ml2.ovo_rpc._ObjectChangeHandler.handle_event-229856', 'neutron.api.rpc.agentnotifiers.dhcp_rpc_agent_api.DhcpAgentNotifyAPI._native_event_send_dhcp_notification-1632532', 'neutron.db.l3_db.L3RpcNotifierMixin._notify_gateway_port_ip_changed-8726636795221', 'neutron.db.l3_dvrscheduler_db._notify_l3_agent_port_update-8726636276996', 'neutron.db.l3_hascheduler_db._notify_l3_agent_ha_port_update-8726636277014'] for port, after_update {{(pid=100540) _notify_loop /usr/local/lib/python3.8/dist-packages/neutron_lib/callbacks/manager.py:192}}
Aug 06 09:53:46.083658 n-d-803713-1 neutron-server[100540]: DEBUG neutron.api.rpc.handlers.resources_rpc [None req-ff5fd954-de83-46e5-a7fb-95d88591ddd1 None None] Pushing event updated for resources: {'Port': ['ID=e12437b8-9521-4c47-996a-092a64c04e79,revision_number=5']} {{(pid=100540) push /opt/stack/neutron/neutron/api/rpc/handlers/resources_rpc.py:237}}
Aug 06 09:53:46.102974 n-d-803713-1 neutron-server[100539]: INFO neutron.wsgi [req-99097281-b70e-4345-803f-005af1e1f773 req-a33fe8b8-144f-405d-826d-f806a4e8769c service neutron] 10.222.0.35 "GET /v2.0/security-groups?id=e1bde65a-3064-457f-bd44-0e835a05ac52&fields=id&fields=name HTTP/1.1" status: 200 len: 286 time: 0.1732590
Aug 06 09:53:46.115710 n-d-803713-1 neutron-server[100538]: DEBUG neutron.pecan_wsgi.hooks.policy_enforcement [req-ad263478-584b-42e7-bd16-e6774f7c5ff6 req-5b930bf5-2cba-4533-ab65-52be49944624 tempest-LiveMigrationNegativeTest-1161300487 tempest-LiveMigrationNegativeTest-1161300487-project] Attributes excluded by policy engine: ['standard_attr_id', 'binding:profile', 'binding:host_id', 'binding:vif_type', 'binding:vif_details'] {{(pid=100538) _exclude_attributes_by_policy /opt/stack/neutron/neutron/pecan_wsgi/hooks/policy_enforcement.py:255}}
Aug 06 09:53:46.126962 n-d-803713-1 neutron-server[100538]: INFO neutron.wsgi [req-ad263478-584b-42e7-bd16-e6774f7c5ff6 req-5b930bf5-2cba-4533-ab65-52be49944624 tempest-LiveMigrationNegativeTest-1161300487 tempest-LiveMigrationNegativeTest-1161300487-project] 10.222.0.32 "GET /v2.0/ports?device_id=f7702f3a-eb78-4da1-8e1b-6390a5f77653 HTTP/1.1" status: 200 len: 950 time: 0.1255097
Aug 06 09:53:46.165706 n-d-803713-1 neutron-server[100540]: DEBUG neutron.api.rpc.handlers.resources_rpc [None req-330ef9fb-6c1a-4828-a6a4-30883fbbf602 None None] Pushing event updated for resources: {'Port': ['ID=694c8a83-c9b3-4d32-b38b-c7a7de90ee9c,revision_number=4']} {{(pid=100540) push /opt/stack/neutron/neutron/api/rpc/handlers/resources_rpc.py:237}}
Aug 06 09:53:46.170189 n-d-803713-1 neutron-server[100538]: INFO neutron.wsgi [req-ad263478-584b-42e7-bd16-e6774f7c5ff6 req-e6f0a13e-8671-4166-8416-0f9fef30f630 tempest-LiveMigrationNegativeTest-1161300487 tempest-LiveMigrationNegativeTest-1161300487-project] 10.222.0.32 "GET /v2.0/security-groups?id=2a71da2e-296e-4d56-b928-d485ace5d1a6&fields=id&fields=name HTTP/1.1" status: 200 len: 286 time: 0.0422759
Aug 06 09:53:46.249001 n-d-803713-1 neutron-server[100539]: DEBUG neutron.notifiers.nova [req-6e13e47f-e4e5-4631-9c82-a6bb28ec4a8e req-90243e5f-4326-40f8-8e22-e37102e56679 service neutron] Ignoring state change previous_port_status: DOWN current_port_status: DOWN port_id dee01fbb-41ba-4a31-8d57-3ad9c830a734 {{(pid=100539) record_port_status_changed /opt/stack/neutron/neutron/notifiers/nova.py:224}}
Aug 06 09:53:46.258095 n-d-803713-1 neutron-server[100539]: DEBUG neutron_lib.callbacks.manager [req-6e13e47f-e4e5-4631-9c82-a6bb28ec4a8e req-90243e5f-4326-40f8-8e22-e37102e56679 service neutron] Notify callbacks [] for port, precommit_update {{(pid=100539) _notify_loop /usr/local/lib/python3.8/dist-packages/neutron_lib/callbacks/manager.py:192}}
Aug 06 09:53:46.272909 n-d-803713-1 neutron-server[100539]: DEBUG neutron.scheduler.dhcp_agent_scheduler [None req-285b048d-d4d6-467d-8fb0-6f3369b1e82b admin admin] Network 207399c4-ef84-4677-adf0-b01b393ecaeb is already hosted by enough agents. {{(pid=100539) _get_dhcp_agents_hosting_network /opt/stack/neutron/neutron/scheduler/dhcp_agent_scheduler.py:275}}
Aug 06 09:53:46.277551 n-d-803713-1 neutron-server[100539]: DEBUG neutron.scheduler.base_scheduler [None req-285b048d-d4d6-467d-8fb0-6f3369b1e82b admin admin] Resources bound (agent type, host, resource id): {{(pid=100539) schedule /opt/stack/neutron/neutron/scheduler/base_scheduler.py:57}}
Aug 06 09:53:46.280080 n-d-803713-1 neutron-server[100539]: DEBUG neutron.db.provisioning_blocks [req-6e13e47f-e4e5-4631-9c82-a6bb28ec4a8e req-90243e5f-4326-40f8-8e22-e37102e56679 service neutron] Transition to ACTIVE for port object dee01fbb-41ba-4a31-8d57-3ad9c830a734 will not be triggered until provisioned by entity L2. {{(pid=100539) add_provisioning_component /opt/stack/neutron/neutron/db/provisioning_blocks.py:73}}
Aug 06 09:53:46.321943 n-d-803713-1 neutron-server[100539]: DEBUG neutron_lib.callbacks.manager [req-6e13e47f-e4e5-4631-9c82-a6bb28ec4a8e req-90243e5f-4326-40f8-8e22-e37102e56679 service neutron] Notify callbacks ['neutron.plugins.ml2.plugin.SecurityGroupServerNotifierRpcMixin._notify_sg_on_port_change-673589', 'neutron.plugins.ml2.ovo_rpc._ObjectChangeHandler.handle_event-229856', 'neutron.api.rpc.agentnotifiers.dhcp_rpc_agent_api.DhcpAgentNotifyAPI._native_event_send_dhcp_notification-1632532', 'neutron.db.l3_db.L3RpcNotifierMixin._notify_gateway_port_ip_changed-8726636795221', 'neutron.db.l3_dvrscheduler_db._notify_l3_agent_port_update-8726636276996', 'neutron.db.l3_hascheduler_db._notify_l3_agent_ha_port_update-8726636277014', 'neutron.services.segments.plugin.NovaSegmentNotifier._notify_port_updated-133458171'] for port, after_update {{(pid=100539) _notify_loop /usr/local/lib/python3.8/dist-packages/neutron_lib/callbacks/manager.py:192}}
Aug 06 09:53:46.340590 n-d-803713-1 neutron-server[100538]: DEBUG neutron.pecan_wsgi.hooks.policy_enforcement [req-1fd2b7c0-3f51-44ea-b476-42715d8acbdd req-04253c44-aa60-4cef-8f5b-bf8a7b881233 tempest-LiveMigrationTest-1574729152 tempest-LiveMigrationTest-1574729152-project] Attributes excluded by policy engine: ['standard_attr_id', 'binding:profile', 'binding:host_id', 'binding:vif_type', 'binding:vif_details'] {{(pid=100538) _exclude_attributes_by_policy /opt/stack/neutron/neutron/pecan_wsgi/hooks/policy_enforcement.py:255}}
Aug 06 09:53:46.348738 n-d-803713-1 neutron-server[100538]: INFO neutron.wsgi [req-1fd2b7c0-3f51-44ea-b476-42715d8acbdd req-04253c44-aa60-4cef-8f5b-bf8a7b881233 tempest-LiveMigrationTest-1574729152 tempest-LiveMigrationTest-1574729152-project] 10.222.0.32 "GET /v2.0/ports?device_id=5a3d4880-12ba-49ba-a9f2-a6c50b340fd8 HTTP/1.1" status: 200 len: 945 time: 0.0943675
Aug 06 09:53:46.406508 n-d-803713-1 neutron-server[100538]: INFO neutron.wsgi [req-1fd2b7c0-3f51-44ea-b476-42715d8acbdd req-7b381473-b90f-4948-aff8-f54df5146038 tempest-LiveMigrationTest-1574729152 tempest-LiveMigrationTest-1574729152-project] 10.222.0.32 "GET /v2.0/security-groups?id=e1bde65a-3064-457f-bd44-0e835a05ac52&fields=id&fields=name HTTP/1.1" status: 200 len: 286 time: 0.0482528
Aug 06 09:53:46.432132 n-d-803713-1 neutron-server[100538]: DEBUG neutron.wsgi [-] (100538) accepted ('10.222.0.32', 56256) {{(pid=100538) server /usr/local/lib/python3.8/dist-packages/eventlet/wsgi.py:982}}
Aug 06 09:53:46.450483 n-d-803713-1 neutron-server[100539]: DEBUG neutron.api.rpc.handlers.resources_rpc [None req-90243e5f-4326-40f8-8e22-e37102e56679 service neutron] Pushing event updated for resources: {'Port': ['ID=dee01fbb-41ba-4a31-8d57-3ad9c830a734,revision_number=2']} {{(pid=100539) push /opt/stack/neutron/neutron/api/rpc/handlers/resources_rpc.py:237}}
Aug 06 09:53:46.452623 n-d-803713-1 neutron-server[100538]: DEBUG neutron_lib.callbacks.manager [None req-295ec7a5-832a-431f-add2-150ba76dd00c admin admin] Notify callbacks [] for security_group, before_create {{(pid=100538) _notify_loop /usr/local/lib/python3.8/dist-packages/neutron_lib/callbacks/manager.py:192}}
Aug 06 09:53:46.546073 n-d-803713-1 neutron-server[100539]: DEBUG neutron.scheduler.l3_agent_scheduler [None req-285b048d-d4d6-467d-8fb0-6f3369b1e82b admin admin] Router efe3a787-45cc-4f1a-a3ba-4e1ae113c9ba has already been hosted by L3 agent 8b81b463-da83-4281-8b47-40781fe14dd3 {{(pid=100539) _get_candidates /opt/stack/neutron/neutron/scheduler/l3_agent_scheduler.py:127}}
Aug 06 09:53:46.611421 n-d-803713-1 neutron-server[100538]: DEBUG neutron.pecan_wsgi.hooks.policy_enforcement [req-648dd0fa-5ea6-44cb-b1c8-34a0d3ac7ce2 req-74c9de6b-1fc1-4237-b633-a6c5c8649597 tempest-ServerDiagnosticsNegativeTest-770955025 tempest-ServerDiagnosticsNegativeTest-770955025-project] Attributes excluded by policy engine: ['standard_attr_id', 'binding:profile', 'binding:host_id', 'binding:vif_type', 'binding:vif_details'] {{(pid=100538) _exclude_attributes_by_policy /opt/stack/neutron/neutron/pecan_wsgi/hooks/policy_enforcement.py:255}}
Aug 06 09:53:46.612960 n-d-803713-1 neutron-server[100538]: INFO neutron.wsgi [req-648dd0fa-5ea6-44cb-b1c8-34a0d3ac7ce2 req-74c9de6b-1fc1-4237-b633-a6c5c8649597 tempest-ServerDiagnosticsNegativeTest-770955025 tempest-ServerDiagnosticsNegativeTest-770955025-project] 10.222.0.32 "GET /v2.0/ports?device_id=7bd597f5-69d9-47b8-8b35-91eee3dc7e27 HTTP/1.1" status: 200 len: 948 time: 0.1039345
Aug 06 09:53:46.646724 n-d-803713-1 neutron-server[100539]: DEBUG neutron.plugins.ml2.managers [req-6e13e47f-e4e5-4631-9c82-a6bb28ec4a8e req-90243e5f-4326-40f8-8e22-e37102e56679 service neutron] Attempting to bind port dee01fbb-41ba-4a31-8d57-3ad9c830a734 on host n-h1-803713-1 for vnic_type normal with profile {{(pid=100539) bind_port /opt/stack/neutron/neutron/plugins/ml2/managers.py:790}}
Aug 06 09:53:46.647270 n-d-803713-1 neutron-server[100539]: DEBUG neutron.plugins.ml2.managers [req-6e13e47f-e4e5-4631-9c82-a6bb28ec4a8e req-90243e5f-4326-40f8-8e22-e37102e56679 service neutron] Attempting to bind port dee01fbb-41ba-4a31-8d57-3ad9c830a734 by drivers openvswitch,hyperv on host n-h1-803713-1 at level 0 using segments [{'id': 'c3a5e4e0-30fe-474d-a8cf-22e458c9f940', 'network_type': 'vlan', 'physical_network': 'physnet1', 'segmentation_id': 142, 'network_id': '97e497b2-dc15-43ca-85e6-b565df3cefd2'}] {{(pid=100539) _bind_port_level /opt/stack/neutron/neutron/plugins/ml2/managers.py:815}}
Aug 06 09:53:46.647529 n-d-803713-1 neutron-server[100539]: DEBUG neutron.plugins.ml2.drivers.mech_agent [req-6e13e47f-e4e5-4631-9c82-a6bb28ec4a8e req-90243e5f-4326-40f8-8e22-e37102e56679 service neutron] Attempting to bind port dee01fbb-41ba-4a31-8d57-3ad9c830a734 on network 97e497b2-dc15-43ca-85e6-b565df3cefd2 {{(pid=100539) bind_port /opt/stack/neutron/neutron/plugins/ml2/drivers/mech_agent.py:85}}
Aug 06 09:53:46.658285 n-d-803713-1 neutron-server[100539]: DEBUG neutron.plugins.ml2.drivers.mech_agent [req-6e13e47f-e4e5-4631-9c82-a6bb28ec4a8e req-90243e5f-4326-40f8-8e22-e37102e56679 service neutron] Port dee01fbb-41ba-4a31-8d57-3ad9c830a734 on network 97e497b2-dc15-43ca-85e6-b565df3cefd2 not bound, no agent of type Open vSwitch agent registered on host n-h1-803713-1 {{(pid=100539) bind_port /opt/stack/neutron/neutron/plugins/ml2/drivers/mech_agent.py:97}}
Aug 06 09:53:46.658714 n-d-803713-1 neutron-server[100539]: DEBUG neutron.plugins.ml2.drivers.mech_agent [req-6e13e47f-e4e5-4631-9c82-a6bb28ec4a8e req-90243e5f-4326-40f8-8e22-e37102e56679 service neutron] Attempting to bind port dee01fbb-41ba-4a31-8d57-3ad9c830a734 on network 97e497b2-dc15-43ca-85e6-b565df3cefd2 {{(pid=100539) bind_port /opt/stack/neutron/neutron/plugins/ml2/drivers/mech_agent.py:85}}
Aug 06 09:53:46.677295 n-d-803713-1 neutron-server[100540]: DEBUG neutron.db.provisioning_blocks [None req-a19c4d38-f9ee-49a6-9c85-1b84470cede2 None None] Provisioning complete for port 49284af7-1bda-418a-a735-8c7972c57caa triggered by entity DHCP. {{(pid=100540) provisioning_complete /opt/stack/neutron/neutron/db/provisioning_blocks.py:139}}
Aug 06 09:53:46.678333 n-d-803713-1 neutron-server[100540]: DEBUG neutron_lib.callbacks.manager [None req-a19c4d38-f9ee-49a6-9c85-1b84470cede2 None None] Notify callbacks ['neutron.plugins.ml2.plugin.Ml2Plugin._port_provisioned-874657'] for port, provisioning_complete {{(pid=100540) _notify_loop /usr/local/lib/python3.8/dist-packages/neutron_lib/callbacks/manager.py:192}}
Aug 06 09:53:46.692109 n-d-803713-1 neutron-server[100539]: DEBUG neutron.plugins.ml2.drivers.mech_agent [req-6e13e47f-e4e5-4631-9c82-a6bb28ec4a8e req-90243e5f-4326-40f8-8e22-e37102e56679 service neutron] Checking agent: {'id': 'b7011f20-8b8e-4e73-8df4-af04f7dce7da', 'agent_type': 'HyperV agent', 'binary': 'neutron-hyperv-agent', 'topic': 'N/A', 'host': 'n-h1-803713-1', 'admin_state_up': True, 'created_at': datetime.datetime(2021, 8, 6, 9, 50, 34), 'started_at': datetime.datetime(2021, 8, 6, 9, 50, 34), 'heartbeat_timestamp': datetime.datetime(2021, 8, 6, 9, 53, 34), 'description': None, 'resources_synced': None, 'availability_zone': None, 'alive': True, 'configurations': {'vswitch_mappings': {'physnet1$': 'br-data'}}, 'resource_versions': {}} {{(pid=100539) bind_port /opt/stack/neutron/neutron/plugins/ml2/drivers/mech_agent.py:104}}
Aug 06 09:53:46.692553 n-d-803713-1 neutron-server[100539]: DEBUG neutron.plugins.ml2.drivers.mech_agent [req-6e13e47f-e4e5-4631-9c82-a6bb28ec4a8e req-90243e5f-4326-40f8-8e22-e37102e56679 service neutron] Checking segment: {'id': 'c3a5e4e0-30fe-474d-a8cf-22e458c9f940', 'network_type': 'vlan', 'physical_network': 'physnet1', 'segmentation_id': 142, 'network_id': '97e497b2-dc15-43ca-85e6-b565df3cefd2'} for mappings: {'physnet1$': 'br-data'} with network types: ['local', 'flat', 'vlan'] {{(pid=100539) check_segment_for_agent /opt/stack/neutron/neutron/plugins/ml2/drivers/mech_agent.py:352}}
Aug 06 09:53:46.693009 n-d-803713-1 neutron-server[100539]: DEBUG neutron.plugins.ml2.drivers.mech_agent [req-6e13e47f-e4e5-4631-9c82-a6bb28ec4a8e req-90243e5f-4326-40f8-8e22-e37102e56679 service neutron] Bound using segment: {'id': 'c3a5e4e0-30fe-474d-a8cf-22e458c9f940', 'network_type': 'vlan', 'physical_network': 'physnet1', 'segmentation_id': 142, 'network_id': '97e497b2-dc15-43ca-85e6-b565df3cefd2'} {{(pid=100539) bind_port /opt/stack/neutron/neutron/plugins/ml2/drivers/mech_agent.py:114}}
Aug 06 09:53:46.693562 n-d-803713-1 neutron-server[100539]: DEBUG neutron.plugins.ml2.managers [req-6e13e47f-e4e5-4631-9c82-a6bb28ec4a8e req-90243e5f-4326-40f8-8e22-e37102e56679 service neutron] Bound port: dee01fbb-41ba-4a31-8d57-3ad9c830a734, host: n-h1-803713-1, vif_type: hyperv, vif_details: {"connectivity": "legacy", "port_filter": false}, binding_levels: [{'bound_driver': 'hyperv', 'bound_segment': {'id': 'c3a5e4e0-30fe-474d-a8cf-22e458c9f940', 'network_type': 'vlan', 'physical_network': 'physnet1', 'segmentation_id': 142, 'network_id': '97e497b2-dc15-43ca-85e6-b565df3cefd2'}}] {{(pid=100539) _bind_port_level /opt/stack/neutron/neutron/plugins/ml2/managers.py:928}}
Aug 06 09:53:46.693966 n-d-803713-1 neutron-server[100539]: DEBUG neutron_lib.callbacks.manager [req-6e13e47f-e4e5-4631-9c82-a6bb28ec4a8e req-90243e5f-4326-40f8-8e22-e37102e56679 service neutron] Notify callbacks ['neutron.plugins.ml2.plugin.SecurityGroupDbMixin._ensure_default_security_group_handler-673654'] for port, before_update {{(pid=100539) _notify_loop /usr/local/lib/python3.8/dist-packages/neutron_lib/callbacks/manager.py:192}}
Aug 06 09:53:46.704760 n-d-803713-1 neutron-server[100538]: DEBUG neutron_lib.callbacks.manager [None req-295ec7a5-832a-431f-add2-150ba76dd00c admin admin] Notify callbacks [] for security_group, precommit_create {{(pid=100538) _notify_loop /usr/local/lib/python3.8/dist-packages/neutron_lib/callbacks/manager.py:192}}
Aug 06 09:53:46.715498 n-d-803713-1 neutron-server[100538]: INFO neutron.wsgi [req-648dd0fa-5ea6-44cb-b1c8-34a0d3ac7ce2 req-14b11274-9c8d-47b4-955d-b59082aacf52 tempest-ServerDiagnosticsNegativeTest-770955025 tempest-ServerDiagnosticsNegativeTest-770955025-project] 10.222.0.32 "GET /v2.0/security-groups?id=4344feb7-c0ec-4152-be66-5fa100ddf2ba&fields=id&fields=name HTTP/1.1" status: 200 len: 286 time: 0.0944576
Aug 06 09:53:46.720672 n-d-803713-1 neutron-server[100538]: DEBUG neutron_lib.callbacks.manager [None req-295ec7a5-832a-431f-add2-150ba76dd00c admin admin] Notify callbacks ['neutron.plugins.ml2.ovo_rpc._ObjectChangeHandler.handle_event-1604579'] for security_group, after_create {{(pid=100538) _notify_loop /usr/local/lib/python3.8/dist-packages/neutron_lib/callbacks/manager.py:192}}
Aug 06 09:53:46.726302 n-d-803713-1 neutron-server[100540]: DEBUG neutron.plugins.ml2.plugin [None req-a19c4d38-f9ee-49a6-9c85-1b84470cede2 None None] Port 49284af7-1bda-418a-a735-8c7972c57caa cannot update to ACTIVE because it is not bound. {{(pid=100540) _port_provisioned /opt/stack/neutron/neutron/plugins/ml2/plugin.py:337}}
Aug 06 09:53:46.761665 n-d-803713-1 neutron-server[100539]: DEBUG neutron.api.rpc.agentnotifiers.l3_rpc_agent_api [None req-285b048d-d4d6-467d-8fb0-6f3369b1e82b admin admin] Notify agent at l3_agent.n-d-803713-1 the message routers_updated {{(pid=100539) _agent_notification /opt/stack/neutron/neutron/api/rpc/agentnotifiers/l3_rpc_agent_api.py:65}}
Aug 06 09:53:46.767637 n-d-803713-1 neutron-server[100538]: INFO neutron.wsgi [None req-295ec7a5-832a-431f-add2-150ba76dd00c admin admin] 10.222.0.32 "GET /v2.0/security-groups?tenant_id=a4cd6e81bea448d1802258126c97b6fa&name=default HTTP/1.1" status: 200 len: 2979 time: 0.3315134
Aug 06 09:53:46.768714 n-d-803713-1 neutron-server[100538]: DEBUG neutron.wsgi [-] (100538) accepted ('10.222.0.32', 56264) {{(pid=100538) server /usr/local/lib/python3.8/dist-packages/eventlet/wsgi.py:982}}
Aug 06 09:53:46.771135 n-d-803713-1 neutron-server[100538]: DEBUG neutron.api.rpc.handlers.resources_rpc [None req-295ec7a5-832a-431f-add2-150ba76dd00c admin admin] Pushing event updated for resources: {'SecurityGroup': ['ID=d15671ea-217b-46ee-a136-554826c36353,revision_number=1']} {{(pid=100538) push /opt/stack/neutron/neutron/api/rpc/handlers/resources_rpc.py:237}}
Aug 06 09:53:46.771441 n-d-803713-1 neutron-server[100540]: DEBUG neutron.api.rpc.handlers.l3_rpc [None req-c41c1b30-72b9-4f62-9ef6-bf94e0eaeffc None None] Sync routers for ids ['efe3a787-45cc-4f1a-a3ba-4e1ae113c9ba'] in n-d-803713-1 {{(pid=100540) sync_routers /opt/stack/neutron/neutron/api/rpc/handlers/l3_rpc.py:125}}
Aug 06 09:53:46.774927 n-d-803713-1 neutron-server[100539]: INFO neutron.wsgi [None req-285b048d-d4d6-467d-8fb0-6f3369b1e82b admin admin] 10.222.0.32 "PUT /v2.0/routers/efe3a787-45cc-4f1a-a3ba-4e1ae113c9ba/add_router_interface HTTP/1.1" status: 200 len: 503 time: 4.5698764
Aug 06 09:53:46.800212 n-d-803713-1 neutron-server[100540]: DEBUG neutron.db.l3_dvrscheduler_db [None req-c41c1b30-72b9-4f62-9ef6-bf94e0eaeffc None None] Routers {'efe3a787-45cc-4f1a-a3ba-4e1ae113c9ba'} bound to L3 agent in host n-d-803713-1 {{(pid=100540) _get_router_ids_for_agent /opt/stack/neutron/neutron/db/l3_dvrscheduler_db.py:420}}
Aug 06 09:53:46.801202 n-d-803713-1 neutron-server[100540]: DEBUG neutron.db.l3_hamode_db [None req-c41c1b30-72b9-4f62-9ef6-bf94e0eaeffc None None] neutron.services.l3_router.l3_router_plugin.L3RouterPlugin method get_ha_sync_data_for_host called with arguments (, 'n-d-803713-1', Agent(admin_state_up=True,agent_type='L3 agent',availability_zone='nova',binary='neutron-l3-agent',configurations={"agent_mode": "legacy", "ex_gw_ports": 2, "extensions": [], "floating_ips": 0, "handle_internal_only_routers": true, "interface_driver": "openvswitch", "interfaces": 1, "log_agent_heartbeats": false, "routers": 2},created_at=2021-08-06T09:43:01Z,description=,heartbeat_timestamp=2021-08-06T09:53:31Z,host='n-d-803713-1',id=8b81b463-da83-4281-8b47-40781fe14dd3,load=0,resource_versions=,resources_synced=,started_at=2021-08-06T09:43:01Z,topic='l3_agent')) {'router_ids': ['efe3a787-45cc-4f1a-a3ba-4e1ae113c9ba'], 'active': True} {{(pid=100540) wrapper /usr/local/lib/python3.8/dist-packages/oslo_log/helpers.py:65}}
Aug 06 09:53:46.812773 n-d-803713-1 neutron-server[100539]: DEBUG neutron.plugins.ml2.db [req-6e13e47f-e4e5-4631-9c82-a6bb28ec4a8e req-90243e5f-4326-40f8-8e22-e37102e56679 service neutron] For port dee01fbb-41ba-4a31-8d57-3ad9c830a734, host n-h1-803713-1, cleared binding levels {{(pid=100539) clear_binding_levels /opt/stack/neutron/neutron/plugins/ml2/db.py:87}}
Aug 06 09:53:46.816288 n-d-803713-1 neutron-server[100539]: DEBUG neutron.plugins.ml2.db [req-6e13e47f-e4e5-4631-9c82-a6bb28ec4a8e req-90243e5f-4326-40f8-8e22-e37102e56679 service neutron] For port dee01fbb-41ba-4a31-8d57-3ad9c830a734, host n-h1-803713-1, set binding levels [PortBindingLevel(driver='hyperv',host='n-h1-803713-1',level=0,port_id=dee01fbb-41ba-4a31-8d57-3ad9c830a734,segment=NetworkSegment(c3a5e4e0-30fe-474d-a8cf-22e458c9f940),segment_id=c3a5e4e0-30fe-474d-a8cf-22e458c9f940)] {{(pid=100539) set_binding_levels /opt/stack/neutron/neutron/plugins/ml2/db.py:59}}
Aug 06 09:53:46.825367 n-d-803713-1 neutron-server[100539]: DEBUG neutron_lib.callbacks.manager [req-6e13e47f-e4e5-4631-9c82-a6bb28ec4a8e req-90243e5f-4326-40f8-8e22-e37102e56679 service neutron] Notify callbacks ['neutron.plugins.ml2.plugin.SecurityGroupServerNotifierRpcMixin._notify_sg_on_port_change-673589', 'neutron.plugins.ml2.ovo_rpc._ObjectChangeHandler.handle_event-229856', 'neutron.api.rpc.agentnotifiers.dhcp_rpc_agent_api.DhcpAgentNotifyAPI._native_event_send_dhcp_notification-1632532', 'neutron.db.l3_db.L3RpcNotifierMixin._notify_gateway_port_ip_changed-8726636795221', 'neutron.db.l3_dvrscheduler_db._notify_l3_agent_port_update-8726636276996', 'neutron.db.l3_hascheduler_db._notify_l3_agent_ha_port_update-8726636277014', 'neutron.services.segments.plugin.NovaSegmentNotifier._notify_port_updated-133458171'] for port, after_update {{(pid=100539) _notify_loop /usr/local/lib/python3.8/dist-packages/neutron_lib/callbacks/manager.py:192}}
Aug 06 09:53:46.888458 n-d-803713-1 neutron-server[100538]: DEBUG neutron_lib.callbacks.manager [None req-303da7a3-be80-46da-9bf6-b5a0d0ba18eb admin admin] Notify callbacks [] for security_group, before_delete {{(pid=100538) _notify_loop /usr/local/lib/python3.8/dist-packages/neutron_lib/callbacks/manager.py:192}}
Aug 06 09:53:46.914950 n-d-803713-1 neutron-server[100538]: DEBUG neutron_lib.callbacks.manager [None req-303da7a3-be80-46da-9bf6-b5a0d0ba18eb admin admin] Notify callbacks [] for security_group, precommit_delete {{(pid=100538) _notify_loop /usr/local/lib/python3.8/dist-packages/neutron_lib/callbacks/manager.py:192}}
Aug 06 09:53:46.940014 n-d-803713-1 neutron-server[100539]: DEBUG neutron.api.rpc.handlers.resources_rpc [None req-90243e5f-4326-40f8-8e22-e37102e56679 service neutron] Pushing event updated for resources: {'Port': ['ID=dee01fbb-41ba-4a31-8d57-3ad9c830a734,revision_number=3']} {{(pid=100539) push /opt/stack/neutron/neutron/api/rpc/handlers/resources_rpc.py:237}}
Aug 06 09:53:46.944740 n-d-803713-1 neutron-server[100540]: DEBUG neutron.db.l3_dvr_db [None req-c41c1b30-72b9-4f62-9ef6-bf94e0eaeffc None None] Set router efe3a787-45cc-4f1a-a3ba-4e1ae113c9ba gateway port host: n-d-803713-1 {{(pid=100540) _build_routers_list /opt/stack/neutron/neutron/db/l3_dvr_db.py:899}}
Aug 06 09:53:46.966624 n-d-803713-1 neutron-server[100539]: DEBUG neutron.pecan_wsgi.hooks.policy_enforcement [req-6e13e47f-e4e5-4631-9c82-a6bb28ec4a8e req-90243e5f-4326-40f8-8e22-e37102e56679 service neutron] Attributes excluded by policy engine: ['standard_attr_id'] {{(pid=100539) _exclude_attributes_by_policy /opt/stack/neutron/neutron/pecan_wsgi/hooks/policy_enforcement.py:255}}
Aug 06 09:53:46.968024 n-d-803713-1 neutron-server[100539]: DEBUG neutron_lib.callbacks.manager [req-6e13e47f-e4e5-4631-9c82-a6bb28ec4a8e req-90243e5f-4326-40f8-8e22-e37102e56679 service neutron] Notify callbacks ['neutron.notifiers.nova.Notifier._send_nova_notification-25761'] for port, before_response {{(pid=100539) _notify_loop /usr/local/lib/python3.8/dist-packages/neutron_lib/callbacks/manager.py:192}}
Aug 06 09:53:46.970154 n-d-803713-1 neutron-server[100539]: INFO neutron.wsgi [req-6e13e47f-e4e5-4631-9c82-a6bb28ec4a8e req-90243e5f-4326-40f8-8e22-e37102e56679 service neutron] 10.222.0.26 "PUT /v2.0/ports/dee01fbb-41ba-4a31-8d57-3ad9c830a734 HTTP/1.1" status: 200 len: 1091 time: 2.0901532
Aug 06 09:53:46.970801 n-d-803713-1 neutron-server[100539]: DEBUG neutron.notifiers.nova [-] Sending events: [{'name': 'network-changed', 'server_uuid': '5310de26-5f6b-457b-bd9b-ee21da4e19a4', 'tag': 'dee01fbb-41ba-4a31-8d57-3ad9c830a734'}] {{(pid=100539) send_events /opt/stack/neutron/neutron/notifiers/nova.py:262}}
Aug 06 09:53:46.975320 n-d-803713-1 neutron-server[100539]: DEBUG novaclient.v2.client [-] REQ: curl -g -i --cacert "/opt/stack/data/ca-bundle.pem" -X POST http://10.222.0.32/compute/v2.1/os-server-external-events -H "Accept: application/json" -H "Content-Type: application/json" -H "User-Agent: python-novaclient" -H "X-Auth-Token: {SHA256}aac257058efb411db43f626400c57981d6d1958c962f2028a9cdbe0b4331d098" -H "X-OpenStack-Nova-API-Version: 2.1" -H "X-OpenStack-Request-ID: req-a549e990-9819-44a6-8b85-25a34768dbab" -d '{"events": [{"name": "network-changed", "server_uuid": "5310de26-5f6b-457b-bd9b-ee21da4e19a4", "tag": "dee01fbb-41ba-4a31-8d57-3ad9c830a734"}]}' {{(pid=100539) _http_log_request /usr/local/lib/python3.8/dist-packages/keystoneauth1/session.py:519}}
Aug 06 09:53:46.987176 n-d-803713-1 neutron-server[100538]: DEBUG neutron_lib.callbacks.manager [None req-303da7a3-be80-46da-9bf6-b5a0d0ba18eb admin admin] Notify callbacks ['neutron.plugins.ml2.ovo_rpc._ObjectChangeHandler.handle_event-1604579'] for security_group, after_delete {{(pid=100538) _notify_loop /usr/local/lib/python3.8/dist-packages/neutron_lib/callbacks/manager.py:192}}
Aug 06 09:53:46.990376 n-d-803713-1 neutron-server[100538]: DEBUG neutron_lib.callbacks.manager [None req-303da7a3-be80-46da-9bf6-b5a0d0ba18eb admin admin] Notify callbacks [] for security_group, before_response {{(pid=100538) _notify_loop /usr/local/lib/python3.8/dist-packages/neutron_lib/callbacks/manager.py:192}}
Aug 06 09:53:46.994401 n-d-803713-1 neutron-server[100538]: INFO neutron.wsgi [None req-303da7a3-be80-46da-9bf6-b5a0d0ba18eb admin admin] 10.222.0.32 "DELETE /v2.0/security-groups/d15671ea-217b-46ee-a136-554826c36353 HTTP/1.1" status: 204 len: 168 time: 0.2221229
Aug 06 09:53:47.001055 n-d-803713-1 neutron-server[100540]: DEBUG neutron.plugins.ml2.rpc [None req-5d16733b-b3e4-4a1b-b543-94add00bed57 None None] Device 3c215567-5bcb-415f-808e-c856cedf3029 details requested by agent hyperv_n-h1-803713-1 with host n-h1-803713-1 {{(pid=100540) get_device_details /opt/stack/neutron/neutron/plugins/ml2/rpc.py:102}}
Aug 06 09:53:47.015163 n-d-803713-1 neutron-server[100538]: DEBUG neutron.api.rpc.handlers.resources_rpc [None req-303da7a3-be80-46da-9bf6-b5a0d0ba18eb admin admin] Pushing event deleted for resources: {'SecurityGroup': ['ID=d15671ea-217b-46ee-a136-554826c36353,revision_number=None']} {{(pid=100538) push /opt/stack/neutron/neutron/api/rpc/handlers/resources_rpc.py:237}}
Aug 06 09:53:47.093083 n-d-803713-1 neutron-server[100538]: DEBUG neutron.wsgi [-] (100538) accepted ('10.222.0.32', 56282) {{(pid=100538) server /usr/local/lib/python3.8/dist-packages/eventlet/wsgi.py:982}}
Aug 06 09:53:47.141871 n-d-803713-1 neutron-server[100539]: DEBUG neutron.pecan_wsgi.hooks.policy_enforcement [req-2ee43879-7555-400c-bc0c-73e027bd23e2 req-5888d102-e262-41ba-ad1d-314cbf93db81 tempest-ServersAdminTestJSON-627928185 tempest-ServersAdminTestJSON-627928185-project] Attributes excluded by policy engine: ['standard_attr_id', 'binding:profile', 'binding:host_id', 'binding:vif_type', 'binding:vif_details'] {{(pid=100539) _exclude_attributes_by_policy /opt/stack/neutron/neutron/pecan_wsgi/hooks/policy_enforcement.py:255}}
Aug 06 09:53:47.143425 n-d-803713-1 neutron-server[100539]: INFO neutron.wsgi [req-2ee43879-7555-400c-bc0c-73e027bd23e2 req-5888d102-e262-41ba-ad1d-314cbf93db81 tempest-ServersAdminTestJSON-627928185 tempest-ServersAdminTestJSON-627928185-project] 10.222.0.32 "GET /v2.0/ports?device_id=56face2b-77b1-4ab7-9005-74c654816db1 HTTP/1.1" status: 200 len: 950 time: 0.1381764
Aug 06 09:53:47.162470 n-d-803713-1 neutron-server[100539]: DEBUG neutron.pecan_wsgi.hooks.policy_enforcement [req-6e13e47f-e4e5-4631-9c82-a6bb28ec4a8e req-4315e910-6fb2-45bd-8c72-c75e35f21afb service neutron] Attributes excluded by policy engine: ['standard_attr_id'] {{(pid=100539) _exclude_attributes_by_policy /opt/stack/neutron/neutron/pecan_wsgi/hooks/policy_enforcement.py:255}}
Aug 06 09:53:47.164984 n-d-803713-1 neutron-server[100539]: INFO neutron.wsgi [req-6e13e47f-e4e5-4631-9c82-a6bb28ec4a8e req-4315e910-6fb2-45bd-8c72-c75e35f21afb service neutron] 10.222.0.26 "GET /v2.0/ports?tenant_id=750fdba9aad647de8cbd9df7fae962cf&device_id=5310de26-5f6b-457b-bd9b-ee21da4e19a4 HTTP/1.1" status: 200 len: 1094 time: 0.0959532
Aug 06 09:53:47.223311 n-d-803713-1 neutron-server[100540]: DEBUG neutron.plugins.ml2.db [None req-5d16733b-b3e4-4a1b-b543-94add00bed57 None None] For port 3c215567-5bcb-415f-808e-c856cedf3029, host n-h1-803713-1, got binding levels [PortBindingLevel(driver='hyperv',host='n-h1-803713-1',level=0,port_id=3c215567-5bcb-415f-808e-c856cedf3029,segment=NetworkSegment(f3106801-c903-4cbb-b63e-3e7af002d828),segment_id=f3106801-c903-4cbb-b63e-3e7af002d828)] {{(pid=100540) get_binding_level_objs /opt/stack/neutron/neutron/plugins/ml2/db.py:74}}
Aug 06 09:53:47.230780 n-d-803713-1 neutron-server[100539]: INFO neutron.wsgi [req-6e13e47f-e4e5-4631-9c82-a6bb28ec4a8e req-e38bf2a7-4079-4f6a-bac2-ce0c623d676d service neutron] 10.222.0.26 "GET /v2.0/floatingips?fixed_ip_address=172.20.0.5&port_id=dee01fbb-41ba-4a31-8d57-3ad9c830a734 HTTP/1.1" status: 200 len: 217 time: 0.0398271
Aug 06 09:53:47.285313 n-d-803713-1 neutron-server[100540]: DEBUG neutron.plugins.ml2.rpc [None req-5d16733b-b3e4-4a1b-b543-94add00bed57 None None] Returning: {'device': '3c215567-5bcb-415f-808e-c856cedf3029', 'network_id': '476b45f9-a36d-4ac1-9c86-18134582a806', 'port_id': '3c215567-5bcb-415f-808e-c856cedf3029', 'mac_address': 'fa:16:3e:89:44:12', 'admin_state_up': True, 'network_type': 'vlan', 'segmentation_id': 107, 'physical_network': 'physnet1', 'mtu': 1500, 'fixed_ips': [{'subnet_id': '2fe41c5f-7bab-46fd-bc2d-543d967ae734', 'ip_address': '192.168.233.222'}], 'device_owner': 'compute:nova', 'allowed_address_pairs': [], 'port_security_enabled': True, 'qos_policy_id': None, 'network_qos_policy_id': None, 'profile': {}, 'propagate_uplink_status': False} {{(pid=100540) _get_device_details /opt/stack/neutron/neutron/plugins/ml2/rpc.py:184}}
Aug 06 09:53:47.287736 n-d-803713-1 neutron-server[100539]: INFO neutron.wsgi [req-2ee43879-7555-400c-bc0c-73e027bd23e2 req-617cc990-9854-454a-9d0a-5c71241ff94e tempest-ServersAdminTestJSON-627928185 tempest-ServersAdminTestJSON-627928185-project] 10.222.0.32 "GET /v2.0/security-groups?id=f5617cf0-7856-4756-8b9e-daa956218eea&fields=id&fields=name HTTP/1.1" status: 200 len: 286 time: 0.1132555
Aug 06 09:53:47.350895 n-d-803713-1 neutron-server[100539]: DEBUG neutron.pecan_wsgi.hooks.policy_enforcement [req-6e13e47f-e4e5-4631-9c82-a6bb28ec4a8e req-97d90167-9c5d-4574-8a04-e2d633d50884 service neutron] Attributes excluded by policy engine: ['standard_attr_id', 'shared', 'segment_id'] {{(pid=100539) _exclude_attributes_by_policy /opt/stack/neutron/neutron/pecan_wsgi/hooks/policy_enforcement.py:255}}
Aug 06 09:53:47.364254 n-d-803713-1 neutron-server[100539]: INFO neutron.wsgi [req-6e13e47f-e4e5-4631-9c82-a6bb28ec4a8e req-97d90167-9c5d-4574-8a04-e2d633d50884 service neutron] 10.222.0.26 "GET /v2.0/subnets?id=64f04ced-159d-4dba-acd5-057022faad28 HTTP/1.1" status: 200 len: 861 time: 0.1213443
Aug 06 09:53:47.373078 n-d-803713-1 neutron-server[100539]: DEBUG novaclient.v2.client [-] RESP: [200] Connection: close Content-Length: 179 Content-Type: application/json Date: Fri, 06 Aug 2021 09:53:46 GMT OpenStack-API-Version: compute 2.1 Server: Apache/2.4.41 (Ubuntu) Vary: OpenStack-API-Version,X-OpenStack-Nova-API-Version X-OpenStack-Nova-API-Version: 2.1 x-compute-request-id: req-e3648427-bbd3-45cd-bc4e-19504578542d x-openstack-request-id: req-e3648427-bbd3-45cd-bc4e-19504578542d {{(pid=100539) _http_log_response /usr/local/lib/python3.8/dist-packages/keystoneauth1/session.py:550}}
Aug 06 09:53:47.373521 n-d-803713-1 neutron-server[100539]: DEBUG novaclient.v2.client [-] RESP BODY: {"events": [{"name": "network-changed", "server_uuid": "5310de26-5f6b-457b-bd9b-ee21da4e19a4", "tag": "dee01fbb-41ba-4a31-8d57-3ad9c830a734", "status": "completed", "code": 200}]} {{(pid=100539) _http_log_response /usr/local/lib/python3.8/dist-packages/keystoneauth1/session.py:582}}
Aug 06 09:53:47.374328 n-d-803713-1 neutron-server[100539]: DEBUG novaclient.v2.client [-] POST call to compute for http://10.222.0.32/compute/v2.1/os-server-external-events used request id req-e3648427-bbd3-45cd-bc4e-19504578542d {{(pid=100539) request /usr/local/lib/python3.8/dist-packages/keystoneauth1/session.py:954}}
Aug 06 09:53:47.378425 n-d-803713-1 neutron-server[100539]: INFO neutron.notifiers.nova [-] Nova event response: {'name': 'network-changed', 'server_uuid': '5310de26-5f6b-457b-bd9b-ee21da4e19a4', 'tag': 'dee01fbb-41ba-4a31-8d57-3ad9c830a734', 'status': 'completed', 'code': 200}
Aug 06 09:53:47.431115 n-d-803713-1 neutron-server[100540]: DEBUG neutron.db.l3_hamode_db [None req-c41c1b30-72b9-4f62-9ef6-bf94e0eaeffc None None] neutron.services.l3_router.l3_router_plugin.L3RouterPlugin method _process_sync_ha_data called with arguments (, [{'id': 'efe3a787-45cc-4f1a-a3ba-4e1ae113c9ba', 'name': 'tempest-ServersWithSpecificFlavorTestJSON-241862575-router', 'tenant_id': 'b83dff4a57964176813e35a6a6f39d75', 'admin_state_up': True, 'status': 'ACTIVE', 'external_gateway_info': {'network_id': '8e8b6734-8c73-411f-966b-5a05023f8fbb', 'external_fixed_ips': [{'subnet_id': '0d288297-45ca-4ce8-9ea2-0867c63d2b84', 'ip_address': '172.25.5.87'}], 'enable_snat': True}, 'gw_port_id': '694c8a83-c9b3-4d32-b38b-c7a7de90ee9c', 'description': '', 'availability_zones': ['nova'], 'distributed': False, 'ha': False, 'ha_vr_id': 0, 'availability_zone_hints': [], 'routes': [], 'flavor_id': None, 'tags': [], 'created_at': '2021-08-06T09:53:36Z', 'updated_at': '2021-08-06T09:53:44Z', 'revision_number': 4, 'project_id': 'b83dff4a57964176813e35a6a6f39d75', 'gw_port': {'id': '694c8a83-c9b3-4d32-b38b-c7a7de90ee9c', 'name': '', 'network_id': '8e8b6734-8c73-411f-966b-5a05023f8fbb', 'tenant_id': '', 'mac_address': 'fa:16:3e:e3:6a:42', 'admin_state_up': True, 'status': 'ACTIVE', 'device_id': 'efe3a787-45cc-4f1a-a3ba-4e1ae113c9ba', 'device_owner': 'network:router_gateway', 'standard_attr_id': 313, 'fixed_ips': [{'subnet_id': '0d288297-45ca-4ce8-9ea2-0867c63d2b84', 'ip_address': '172.25.5.87', 'prefixlen': 24}], 'allowed_address_pairs': [], 'extra_dhcp_opts': [], 'security_groups': [], 'description': '', 'binding:vnic_type': 'normal', 'binding:profile': {}, 'binding:host_id': 'n-d-803713-1', 'binding:vif_type': 'ovs', 'binding:vif_details': {'connectivity': 'l2', 'port_filter': True, 'ovs_hybrid_plug': False, 'datapath_type': 'system', 'bridge_name': 'br-int'}, 'port_security_enabled': False, 'tags': [], 'created_at': '2021-08-06T09:53:38Z', 'updated_at': '2021-08-06T09:53:45Z', 'revision_number': 4, 'project_id': '', 'subnets': [{'id': '0d288297-45ca-4ce8-9ea2-0867c63d2b84', 'cidr': '172.25.5.0/24', 'gateway_ip': '172.25.5.1', 'dns_nameservers': [], 'ipv6_ra_mode': None, 'subnetpool_id': None}], 'extra_subnets': [], 'address_scopes': {4: None, 6: None}, 'mtu': 1500}, 'enable_snat': True, 'gw_port_host': 'n-d-803713-1', '_interfaces': [{'id': '49284af7-1bda-418a-a735-8c7972c57caa', 'name': '', 'network_id': '207399c4-ef84-4677-adf0-b01b393ecaeb', 'tenant_id': 'b83dff4a57964176813e35a6a6f39d75', 'mac_address': 'fa:16:3e:ce:d1:97', 'admin_state_up': True, 'status': 'DOWN', 'device_id': 'efe3a787-45cc-4f1a-a3ba-4e1ae113c9ba', 'device_owner': 'network:router_interface', 'standard_attr_id': 318, 'fixed_ips': [{'subnet_id': '25965fae-f024-477b-8157-e0c8f0d0ca70', 'ip_address': '172.20.0.1', 'prefixlen': 28}], 'allowed_address_pairs': [], 'extra_dhcp_opts': [], 'security_groups': [], 'description': '', 'binding:vnic_type': 'normal', 'binding:profile': {}, 'binding:host_id': '', 'binding:vif_type': 'unbound', 'binding:vif_details': {}, 'port_security_enabled': False, 'tags': [], 'created_at': '2021-08-06T09:53:43Z', 'updated_at': '2021-08-06T09:53:45Z', 'revision_number': 2, 'project_id': 'b83dff4a57964176813e35a6a6f39d75', 'subnets': [{'id': '25965fae-f024-477b-8157-e0c8f0d0ca70', 'cidr': '172.20.0.0/28', 'gateway_ip': '172.20.0.1', 'dns_nameservers': [], 'ipv6_ra_mode': None, 'subnetpool_id': None}], 'extra_subnets': [], 'address_scopes': {4: None, 6: None}, 'mtu': 1500}]}], 'n-d-803713-1', False) {} {{(pid=100540) wrapper /usr/local/lib/python3.8/dist-packages/oslo_log/helpers.py:65}}
Aug 06 09:53:47.460855 n-d-803713-1 neutron-server[100540]: DEBUG neutron.api.rpc.handlers.l3_rpc [None req-c41c1b30-72b9-4f62-9ef6-bf94e0eaeffc None None] Checking router: efe3a787-45cc-4f1a-a3ba-4e1ae113c9ba for host: n-d-803713-1 {{(pid=100540) _ensure_host_set_on_ports /opt/stack/neutron/neutron/api/rpc/handlers/l3_rpc.py:155}}
Aug 06 09:53:47.461654 n-d-803713-1 neutron-server[100540]: DEBUG neutron.api.rpc.handlers.l3_rpc [None req-c41c1b30-72b9-4f62-9ef6-bf94e0eaeffc None None] Updating router efe3a787-45cc-4f1a-a3ba-4e1ae113c9ba port 49284af7-1bda-418a-a735-8c7972c57caa binding host n-d-803713-1 {{(pid=100540) _ensure_host_set_on_port /opt/stack/neutron/neutron/api/rpc/handlers/l3_rpc.py:205}}
Aug 06 09:53:47.466672 n-d-803713-1 neutron-server[100539]: INFO neutron.wsgi [req-6e13e47f-e4e5-4631-9c82-a6bb28ec4a8e req-af8de568-b134-4415-bb70-5b498f321177 service neutron] 10.222.0.26 "GET /v2.0/ports?network_id=97e497b2-dc15-43ca-85e6-b565df3cefd2&device_owner=network%3Adhcp HTTP/1.1" status: 200 len: 210 time: 0.0733061
Aug 06 09:53:47.494622 n-d-803713-1 neutron-server[100540]: DEBUG neutron.plugins.ml2.rpc [None req-330ef9fb-6c1a-4828-a6a4-30883fbbf602 None None] Device 694c8a83-c9b3-4d32-b38b-c7a7de90ee9c up at agent ovs-agent-n-d-803713-1 {{(pid=100540) update_device_up /opt/stack/neutron/neutron/plugins/ml2/rpc.py:296}}
Aug 06 09:53:47.500413 n-d-803713-1 neutron-server[100540]: DEBUG neutron_lib.callbacks.manager [None req-5d16733b-b3e4-4a1b-b543-94add00bed57 None None] Notify callbacks ['neutron.plugins.ml2.plugin.SecurityGroupDbMixin._ensure_default_security_group_handler-673654'] for port, before_update {{(pid=100540) _notify_loop /usr/local/lib/python3.8/dist-packages/neutron_lib/callbacks/manager.py:192}}
Aug 06 09:53:47.532136 n-d-803713-1 neutron-server[100540]: DEBUG neutron.notifiers.nova [None req-5d16733b-b3e4-4a1b-b543-94add00bed57 None None] Ignoring state change previous_port_status: DOWN current_port_status: BUILD port_id 3c215567-5bcb-415f-808e-c856cedf3029 {{(pid=100540) record_port_status_changed /opt/stack/neutron/neutron/notifiers/nova.py:224}}
Aug 06 09:53:47.545732 n-d-803713-1 neutron-server[100540]: DEBUG neutron_lib.callbacks.manager [None req-c41c1b30-72b9-4f62-9ef6-bf94e0eaeffc None None] Notify callbacks ['neutron.plugins.ml2.plugin.SecurityGroupDbMixin._ensure_default_security_group_handler-673654'] for port, before_update {{(pid=100540) _notify_loop /usr/local/lib/python3.8/dist-packages/neutron_lib/callbacks/manager.py:192}}
Aug 06 09:53:47.556064 n-d-803713-1 neutron-server[100540]: DEBUG neutron.notifiers.nova [-] Sending events: [{'server_uuid': 'f7702f3a-eb78-4da1-8e1b-6390a5f77653', 'name': 'network-vif-plugged', 'status': 'completed', 'tag': 'e12437b8-9521-4c47-996a-092a64c04e79'}] {{(pid=100540) send_events /opt/stack/neutron/neutron/notifiers/nova.py:262}}
Aug 06 09:53:47.558526 n-d-803713-1 neutron-server[100540]: DEBUG novaclient.v2.client [-] REQ: curl -g -i --cacert "/opt/stack/data/ca-bundle.pem" -X POST http://10.222.0.32/compute/v2.1/os-server-external-events -H "Accept: application/json" -H "Content-Type: application/json" -H "User-Agent: python-novaclient" -H "X-Auth-Token: {SHA256}dbb072e9b225d01772a10e27ea5ed1383f816898d63fecc7c93ef1e4dda7f73c" -H "X-OpenStack-Nova-API-Version: 2.1" -H "X-OpenStack-Request-ID: req-d8f8b4e6-eecb-435d-8e25-228f00932594" -d '{"events": [{"server_uuid": "f7702f3a-eb78-4da1-8e1b-6390a5f77653", "name": "network-vif-plugged", "status": "completed", "tag": "e12437b8-9521-4c47-996a-092a64c04e79"}]}' {{(pid=100540) _http_log_request /usr/local/lib/python3.8/dist-packages/keystoneauth1/session.py:519}}
Aug 06 09:53:47.567246 n-d-803713-1 neutron-server[100538]: DEBUG neutron.pecan_wsgi.hooks.policy_enforcement [req-ac5c6578-4441-4145-b17b-cbf36a94a94b req-ea9e064b-9140-4d8f-8e52-c34fcf8cd48b tempest-LiveMigrationNegativeTest-1161300487 tempest-LiveMigrationNegativeTest-1161300487-project] Attributes excluded by policy engine: ['standard_attr_id', 'binding:profile', 'binding:host_id', 'binding:vif_type', 'binding:vif_details'] {{(pid=100538) _exclude_attributes_by_policy /opt/stack/neutron/neutron/pecan_wsgi/hooks/policy_enforcement.py:255}}
Aug 06 09:53:47.570880 n-d-803713-1 neutron-server[100538]: INFO neutron.wsgi [req-ac5c6578-4441-4145-b17b-cbf36a94a94b req-ea9e064b-9140-4d8f-8e52-c34fcf8cd48b tempest-LiveMigrationNegativeTest-1161300487 tempest-LiveMigrationNegativeTest-1161300487-project] 10.222.0.32 "GET /v2.0/ports?device_id=f7702f3a-eb78-4da1-8e1b-6390a5f77653 HTTP/1.1" status: 200 len: 950 time: 0.0946190
Aug 06 09:53:47.580311 n-d-803713-1 neutron-server[100540]: DEBUG neutron.plugins.ml2.db [None req-5d16733b-b3e4-4a1b-b543-94add00bed57 None None] For port 3c215567-5bcb-415f-808e-c856cedf3029, host n-h1-803713-1, got binding levels [PortBindingLevel(driver='hyperv',host='n-h1-803713-1',level=0,port_id=3c215567-5bcb-415f-808e-c856cedf3029,segment=NetworkSegment(f3106801-c903-4cbb-b63e-3e7af002d828),segment_id=f3106801-c903-4cbb-b63e-3e7af002d828)] {{(pid=100540) get_binding_level_objs /opt/stack/neutron/neutron/plugins/ml2/db.py:74}}
Aug 06 09:53:47.610962 n-d-803713-1 neutron-server[100540]: DEBUG neutron_lib.callbacks.manager [None req-5d16733b-b3e4-4a1b-b543-94add00bed57 None None] Notify callbacks ['neutron.plugins.ml2.plugin.SecurityGroupServerNotifierRpcMixin._notify_sg_on_port_change-673589', 'neutron.plugins.ml2.ovo_rpc._ObjectChangeHandler.handle_event-229856', 'neutron.api.rpc.agentnotifiers.dhcp_rpc_agent_api.DhcpAgentNotifyAPI._native_event_send_dhcp_notification-1632532', 'neutron.db.l3_db.L3RpcNotifierMixin._notify_gateway_port_ip_changed-8726636795221', 'neutron.db.l3_dvrscheduler_db._notify_l3_agent_port_update-8726636276996', 'neutron.db.l3_hascheduler_db._notify_l3_agent_ha_port_update-8726636277014'] for port, after_update {{(pid=100540) _notify_loop /usr/local/lib/python3.8/dist-packages/neutron_lib/callbacks/manager.py:192}}
Aug 06 09:53:47.627618 n-d-803713-1 neutron-server[100538]: INFO neutron.wsgi [req-ac5c6578-4441-4145-b17b-cbf36a94a94b req-104a9662-d6f5-4a43-b91e-dd5615e3832e tempest-LiveMigrationNegativeTest-1161300487 tempest-LiveMigrationNegativeTest-1161300487-project] 10.222.0.32 "GET /v2.0/security-groups?id=2a71da2e-296e-4d56-b928-d485ace5d1a6&fields=id&fields=name HTTP/1.1" status: 200 len: 286 time: 0.0489159
Aug 06 09:53:47.664144 n-d-803713-1 neutron-server[100538]: DEBUG neutron_lib.callbacks.manager [None req-463f49df-6b1a-4925-a930-d6c2cabc7bea admin admin] Notify callbacks [] for security_group, before_create {{(pid=100538) _notify_loop /usr/local/lib/python3.8/dist-packages/neutron_lib/callbacks/manager.py:192}}
Aug 06 09:53:47.675596 n-d-803713-1 neutron-server[100540]: DEBUG neutron.api.rpc.handlers.resources_rpc [None req-5d16733b-b3e4-4a1b-b543-94add00bed57 None None] Pushing event updated for resources: {'Port': ['ID=3c215567-5bcb-415f-808e-c856cedf3029,revision_number=4']} {{(pid=100540) push /opt/stack/neutron/neutron/api/rpc/handlers/resources_rpc.py:237}}
Aug 06 09:53:47.683592 n-d-803713-1 neutron-server[100539]: DEBUG neutron.pecan_wsgi.hooks.policy_enforcement [req-b40e64f7-2000-4917-b954-a89f0e28a1bd req-ddaefd2e-b44c-4413-adb0-0c238db0a575 tempest-LiveAutoBlockMigrationV225Test-140082853 tempest-LiveAutoBlockMigrationV225Test-140082853-project] Attributes excluded by policy engine: ['standard_attr_id', 'binding:profile', 'binding:host_id', 'binding:vif_type', 'binding:vif_details'] {{(pid=100539) _exclude_attributes_by_policy /opt/stack/neutron/neutron/pecan_wsgi/hooks/policy_enforcement.py:255}}
Aug 06 09:53:47.685443 n-d-803713-1 neutron-server[100539]: INFO neutron.wsgi [req-b40e64f7-2000-4917-b954-a89f0e28a1bd req-ddaefd2e-b44c-4413-adb0-0c238db0a575 tempest-LiveAutoBlockMigrationV225Test-140082853 tempest-LiveAutoBlockMigrationV225Test-140082853-project] 10.222.0.32 "GET /v2.0/ports?device_id=5310de26-5f6b-457b-bd9b-ee21da4e19a4 HTTP/1.1" status: 200 len: 943 time: 0.2277491
Aug 06 09:53:47.762132 n-d-803713-1 neutron-server[100539]: INFO neutron.wsgi [req-6e13e47f-e4e5-4631-9c82-a6bb28ec4a8e req-ff506213-76a8-4631-bb5d-4a42a4e4f17a service neutron] 10.222.0.26 "GET /v2.0/networks/97e497b2-dc15-43ca-85e6-b565df3cefd2?fields=segments HTTP/1.1" status: 200 len: 212 time: 0.2254224
Aug 06 09:53:47.769295 n-d-803713-1 neutron-server[100539]: INFO neutron.wsgi [req-b40e64f7-2000-4917-b954-a89f0e28a1bd req-097d88f3-05fd-4af2-89f2-cb45926f22dd tempest-LiveAutoBlockMigrationV225Test-140082853 tempest-LiveAutoBlockMigrationV225Test-140082853-project] 10.222.0.32 "GET /v2.0/security-groups?id=731ce3cd-c2f8-421d-9265-331b3d49a652&fields=id&fields=name HTTP/1.1" status: 200 len: 286 time: 0.0714424
Aug 06 09:53:47.784773 n-d-803713-1 neutron-server[100540]: DEBUG neutron.db.provisioning_blocks [None req-330ef9fb-6c1a-4828-a6a4-30883fbbf602 None None] Provisioning complete for port 694c8a83-c9b3-4d32-b38b-c7a7de90ee9c triggered by entity L2. {{(pid=100540) provisioning_complete /opt/stack/neutron/neutron/db/provisioning_blocks.py:139}}
Aug 06 09:53:47.785354 n-d-803713-1 neutron-server[100540]: DEBUG neutron_lib.callbacks.manager [None req-330ef9fb-6c1a-4828-a6a4-30883fbbf602 None None] Notify callbacks ['neutron.plugins.ml2.plugin.Ml2Plugin._port_provisioned-874657'] for port, provisioning_complete {{(pid=100540) _notify_loop /usr/local/lib/python3.8/dist-packages/neutron_lib/callbacks/manager.py:192}}
Aug 06 09:53:47.889581 n-d-803713-1 neutron-server[100539]: INFO neutron.wsgi [req-6e13e47f-e4e5-4631-9c82-a6bb28ec4a8e req-0d91d7a4-668c-453b-a68f-93492b09e8d7 service neutron] 10.222.0.26 "GET /v2.0/networks/97e497b2-dc15-43ca-85e6-b565df3cefd2?fields=provider%3Aphysical_network&fields=provider%3Anetwork_type HTTP/1.1" status: 200 len: 281 time: 0.1177955
Aug 06 09:53:47.921222 n-d-803713-1 neutron-server[100538]: DEBUG neutron_lib.callbacks.manager [None req-463f49df-6b1a-4925-a930-d6c2cabc7bea admin admin] Notify callbacks [] for security_group, precommit_create {{(pid=100538) _notify_loop /usr/local/lib/python3.8/dist-packages/neutron_lib/callbacks/manager.py:192}}
Aug 06 09:53:47.930218 n-d-803713-1 neutron-server[100538]: DEBUG neutron_lib.callbacks.manager [None req-463f49df-6b1a-4925-a930-d6c2cabc7bea admin admin] Notify callbacks ['neutron.plugins.ml2.ovo_rpc._ObjectChangeHandler.handle_event-1604579'] for security_group, after_create {{(pid=100538) _notify_loop /usr/local/lib/python3.8/dist-packages/neutron_lib/callbacks/manager.py:192}}
Aug 06 09:53:47.991635 n-d-803713-1 neutron-server[100538]: INFO neutron.wsgi [None req-463f49df-6b1a-4925-a930-d6c2cabc7bea admin admin] 10.222.0.32 "GET /v2.0/security-groups?tenant_id=822dfb4cf16a496da3135dcf13bab8b6&name=default HTTP/1.1" status: 200 len: 2979 time: 0.8973970
Aug 06 09:53:47.992742 n-d-803713-1 neutron-server[100538]: DEBUG neutron.api.rpc.handlers.resources_rpc [None req-463f49df-6b1a-4925-a930-d6c2cabc7bea admin admin] Pushing event updated for resources: {'SecurityGroup': ['ID=536b5ed4-23c1-4b69-a3b6-51efbc059149,revision_number=1']} {{(pid=100538) push /opt/stack/neutron/neutron/api/rpc/handlers/resources_rpc.py:237}}
Aug 06 09:53:47.994951 n-d-803713-1 neutron-server[100539]: DEBUG neutron.wsgi [-] (100539) accepted ('10.222.0.32', 56310) {{(pid=100539) server /usr/local/lib/python3.8/dist-packages/eventlet/wsgi.py:982}}
Aug 06 09:53:48.054871 n-d-803713-1 neutron-server[100539]: DEBUG neutron.pecan_wsgi.hooks.policy_enforcement [req-c32f5e9c-d32c-4806-894c-fe6f4a5d2cee req-14844fe6-ac16-4267-8b57-132960ec28b0 tempest-LiveMigrationTest-1574729152 tempest-LiveMigrationTest-1574729152-project] Attributes excluded by policy engine: ['standard_attr_id', 'binding:profile', 'binding:host_id', 'binding:vif_type', 'binding:vif_details'] {{(pid=100539) _exclude_attributes_by_policy /opt/stack/neutron/neutron/pecan_wsgi/hooks/policy_enforcement.py:255}}
Aug 06 09:53:48.056438 n-d-803713-1 neutron-server[100539]: INFO neutron.wsgi [req-c32f5e9c-d32c-4806-894c-fe6f4a5d2cee req-14844fe6-ac16-4267-8b57-132960ec28b0 tempest-LiveMigrationTest-1574729152 tempest-LiveMigrationTest-1574729152-project] 10.222.0.32 "GET /v2.0/ports?device_id=5a3d4880-12ba-49ba-a9f2-a6c50b340fd8 HTTP/1.1" status: 200 len: 945 time: 0.1431990
