Aug 06 19:08:33.689006 n-d-803379-6 neutron-server[94834]: INFO neutron.wsgi [req-0e6f58dd-7438-424a-8c1a-169678bd14d2 req-086a01fe-7784-4c6e-a931-e2c66b255b10 tempest-DeleteServersAdminTestJSON-1524341498 tempest-DeleteServersAdminTestJSON-1524341498-project] 10.222.0.96 "GET /v2.0/ports?device_id=11def6c8-b785-4377-8979-d694f9b560a2 HTTP/1.1" status: 200 len: 948 time: 0.0807965
Aug 06 19:08:33.697292 n-d-803379-6 neutron-server[94834]: DEBUG neutron_lib.callbacks.manager [req-7c6a794d-d0d1-48e6-919e-eae340750fef req-190bbaa7-3e48-4dc8-89be-48e64f4d6f20 service neutron] Notify callbacks ['neutron.plugins.ml2.plugin.SecurityGroupServerNotifierRpcMixin._notify_sg_on_port_change-1033014', 'neutron.plugins.ml2.ovo_rpc._ObjectChangeHandler.handle_event-490986', 'neutron.api.rpc.agentnotifiers.dhcp_rpc_agent_api.DhcpAgentNotifyAPI._native_event_send_dhcp_notification-1617175', 'neutron.db.l3_db.L3RpcNotifierMixin._notify_gateway_port_ip_changed-8750592311893', 'neutron.db.l3_dvrscheduler_db._notify_l3_agent_port_update-8750591922405', 'neutron.db.l3_hascheduler_db._notify_l3_agent_ha_port_update-8750591922423', 'neutron.services.segments.plugin.NovaSegmentNotifier._notify_port_updated-3632810'] for port, after_update {{(pid=94834) _notify_loop /usr/local/lib/python3.8/dist-packages/neutron_lib/callbacks/manager.py:192}}
Aug 06 19:08:33.710749 n-d-803379-6 neutron-server[94834]: DEBUG neutron_lib.callbacks.manager [req-ff41b539-dfd9-4dcb-9365-87167b86049c req-92a62543-ef53-49b0-8dbd-a47edbfc3224 service neutron] Notify callbacks ['neutron.plugins.ml2.plugin.SecurityGroupServerNotifierRpcMixin._notify_sg_on_port_change-1033014', 'neutron.plugins.ml2.ovo_rpc._ObjectChangeHandler.handle_event-490986', 'neutron.api.rpc.agentnotifiers.dhcp_rpc_agent_api.DhcpAgentNotifyAPI._native_event_send_dhcp_notification-1617175', 'neutron.db.l3_db.L3RpcNotifierMixin._notify_gateway_port_ip_changed-8750592311893', 'neutron.db.l3_dvrscheduler_db._notify_l3_agent_port_update-8750591922405', 'neutron.db.l3_hascheduler_db._notify_l3_agent_ha_port_update-8750591922423', 'neutron.services.segments.plugin.NovaSegmentNotifier._notify_port_updated-3632810'] for port, after_update {{(pid=94834) _notify_loop /usr/local/lib/python3.8/dist-packages/neutron_lib/callbacks/manager.py:192}}
Aug 06 19:08:33.794622 n-d-803379-6 neutron-server[94834]: DEBUG neutron.pecan_wsgi.hooks.policy_enforcement [req-ff41b539-dfd9-4dcb-9365-87167b86049c req-92a62543-ef53-49b0-8dbd-a47edbfc3224 service neutron] Attributes excluded by policy engine: ['standard_attr_id'] {{(pid=94834) _exclude_attributes_by_policy /opt/stack/neutron/neutron/pecan_wsgi/hooks/policy_enforcement.py:255}}
Aug 06 19:08:33.799490 n-d-803379-6 neutron-server[94834]: DEBUG neutron_lib.callbacks.manager [req-ff41b539-dfd9-4dcb-9365-87167b86049c req-92a62543-ef53-49b0-8dbd-a47edbfc3224 service neutron] Notify callbacks ['neutron.notifiers.nova.Notifier._send_nova_notification-254292'] for port, before_response {{(pid=94834) _notify_loop /usr/local/lib/python3.8/dist-packages/neutron_lib/callbacks/manager.py:192}}
Aug 06 19:08:33.801067 n-d-803379-6 neutron-server[94834]: INFO neutron.wsgi [req-ff41b539-dfd9-4dcb-9365-87167b86049c req-92a62543-ef53-49b0-8dbd-a47edbfc3224 service neutron] 10.222.0.38 "PUT /v2.0/ports/96d6d366-243c-4385-9ddd-7dcda08499df HTTP/1.1" status: 200 len: 1096 time: 2.1480713
Aug 06 19:08:33.803221 n-d-803379-6 neutron-server[94834]: DEBUG neutron.notifiers.nova [-] Sending events: [{'name': 'network-changed', 'server_uuid': '11def6c8-b785-4377-8979-d694f9b560a2', 'tag': '96d6d366-243c-4385-9ddd-7dcda08499df'}] {{(pid=94834) send_events /opt/stack/neutron/neutron/notifiers/nova.py:262}}
Aug 06 19:08:33.812814 n-d-803379-6 neutron-server[94834]: DEBUG novaclient.v2.client [-] REQ: curl -g -i --cacert "/opt/stack/data/ca-bundle.pem" -X POST http://10.222.0.96/compute/v2.1/os-server-external-events -H "Accept: application/json" -H "Content-Type: application/json" -H "User-Agent: python-novaclient" -H "X-Auth-Token: {SHA256}b02a456872dddef554b8ef1149ff64e7dd38168cf3792081cbe4f31cef607fcd" -H "X-OpenStack-Nova-API-Version: 2.1" -H "X-OpenStack-Request-ID: req-419dfea2-2386-480b-8ead-68b2f88f79bd" -d '{"events": [{"name": "network-changed", "server_uuid": "11def6c8-b785-4377-8979-d694f9b560a2", "tag": "96d6d366-243c-4385-9ddd-7dcda08499df"}]}' {{(pid=94834) _http_log_request /usr/local/lib/python3.8/dist-packages/keystoneauth1/session.py:519}}
Aug 06 19:08:33.815906 n-d-803379-6 neutron-server[94834]: DEBUG neutron.api.rpc.handlers.resources_rpc [None req-190bbaa7-3e48-4dc8-89be-48e64f4d6f20 service neutron] Pushing event updated for resources: {'Port': ['ID=2be19cc5-790e-44ef-b706-5c0c64ed09f2,revision_number=2']} {{(pid=94834) push /opt/stack/neutron/neutron/api/rpc/handlers/resources_rpc.py:237}}
Aug 06 19:08:33.898556 n-d-803379-6 neutron-server[94834]: DEBUG neutron.api.rpc.handlers.resources_rpc [None req-92a62543-ef53-49b0-8dbd-a47edbfc3224 service neutron] Pushing event updated for resources: {'Port': ['ID=96d6d366-243c-4385-9ddd-7dcda08499df,revision_number=3']} {{(pid=94834) push /opt/stack/neutron/neutron/api/rpc/handlers/resources_rpc.py:237}}
Aug 06 19:08:33.903316 n-d-803379-6 neutron-server[94834]: DEBUG novaclient.v2.client [-] RESP: [200] Connection: close Content-Length: 179 Content-Type: application/json Date: Fri, 06 Aug 2021 19:08:33 GMT OpenStack-API-Version: compute 2.1 Server: Apache/2.4.41 (Ubuntu) Vary: OpenStack-API-Version,X-OpenStack-Nova-API-Version X-OpenStack-Nova-API-Version: 2.1 x-compute-request-id: req-5654bdef-e76d-40ac-8908-d81bf33eae2a x-openstack-request-id: req-5654bdef-e76d-40ac-8908-d81bf33eae2a {{(pid=94834) _http_log_response /usr/local/lib/python3.8/dist-packages/keystoneauth1/session.py:550}}
Aug 06 19:08:33.903848 n-d-803379-6 neutron-server[94834]: DEBUG novaclient.v2.client [-] RESP BODY: {"events": [{"name": "network-changed", "server_uuid": "11def6c8-b785-4377-8979-d694f9b560a2", "tag": "96d6d366-243c-4385-9ddd-7dcda08499df", "status": "completed", "code": 200}]} {{(pid=94834) _http_log_response /usr/local/lib/python3.8/dist-packages/keystoneauth1/session.py:582}}
Aug 06 19:08:33.904253 n-d-803379-6 neutron-server[94834]: DEBUG novaclient.v2.client [-] POST call to compute for http://10.222.0.96/compute/v2.1/os-server-external-events used request id req-5654bdef-e76d-40ac-8908-d81bf33eae2a {{(pid=94834) request /usr/local/lib/python3.8/dist-packages/keystoneauth1/session.py:954}}
Aug 06 19:08:33.905143 n-d-803379-6 neutron-server[94834]: INFO neutron.notifiers.nova [-] Nova event response: {'name': 'network-changed', 'server_uuid': '11def6c8-b785-4377-8979-d694f9b560a2', 'tag': '96d6d366-243c-4385-9ddd-7dcda08499df', 'status': 'completed', 'code': 200}
Aug 06 19:08:33.940223 n-d-803379-6 neutron-server[94834]: INFO neutron.wsgi [req-0e6f58dd-7438-424a-8c1a-169678bd14d2 req-b77fc406-9ac9-496d-8ac5-a9c29d0349d6 tempest-DeleteServersAdminTestJSON-1524341498 tempest-DeleteServersAdminTestJSON-1524341498-project] 10.222.0.96 "GET /v2.0/security-groups?id=6b5b83c4-4012-4d39-99b3-4c1cb3a3e4ae&fields=id&fields=name HTTP/1.1" status: 200 len: 286 time: 0.2369912
Aug 06 19:08:33.946762 n-d-803379-6 neutron-server[94833]: DEBUG neutron.pecan_wsgi.hooks.policy_enforcement [req-dec02a47-ded9-4362-952e-01680c3da943 req-17dc92f4-ba7f-444b-8b0a-73a9b50b93b9 tempest-AggregatesAdminTestJSON-645914083 tempest-AggregatesAdminTestJSON-645914083-project] Attributes excluded by policy engine: ['standard_attr_id', 'binding:profile', 'binding:host_id', 'binding:vif_type', 'binding:vif_details'] {{(pid=94833) _exclude_attributes_by_policy /opt/stack/neutron/neutron/pecan_wsgi/hooks/policy_enforcement.py:255}}
Aug 06 19:08:33.948477 n-d-803379-6 neutron-server[94833]: INFO neutron.wsgi [req-dec02a47-ded9-4362-952e-01680c3da943 req-17dc92f4-ba7f-444b-8b0a-73a9b50b93b9 tempest-AggregatesAdminTestJSON-645914083 tempest-AggregatesAdminTestJSON-645914083-project] 10.222.0.38 "GET /v2.0/ports?device_id=a4162636-0457-4b87-b7e0-1f2031dc531c HTTP/1.1" status: 200 len: 971 time: 0.1638837
Aug 06 19:08:34.098412 n-d-803379-6 neutron-server[94834]: DEBUG neutron.pecan_wsgi.hooks.policy_enforcement [req-419dfea2-2386-480b-8ead-68b2f88f79bd req-3f5718c5-d044-4dfd-9fb0-2f14aeb34719 service neutron] Attributes excluded by policy engine: ['standard_attr_id'] {{(pid=94834) _exclude_attributes_by_policy /opt/stack/neutron/neutron/pecan_wsgi/hooks/policy_enforcement.py:255}}
Aug 06 19:08:34.101799 n-d-803379-6 neutron-server[94834]: INFO neutron.wsgi [req-419dfea2-2386-480b-8ead-68b2f88f79bd req-3f5718c5-d044-4dfd-9fb0-2f14aeb34719 service neutron] 10.222.0.38 "GET /v2.0/ports?tenant_id=570d5e7276094dadba31a072c29d51b8&device_id=11def6c8-b785-4377-8979-d694f9b560a2 HTTP/1.1" status: 200 len: 1099 time: 0.1908529
Aug 06 19:08:34.151582 n-d-803379-6 neutron-server[94834]: DEBUG neutron.plugins.ml2.managers [req-7c6a794d-d0d1-48e6-919e-eae340750fef req-190bbaa7-3e48-4dc8-89be-48e64f4d6f20 service neutron] Attempting to bind port 2be19cc5-790e-44ef-b706-5c0c64ed09f2 on host n-h2-803379-6 for vnic_type normal with profile {{(pid=94834) bind_port /opt/stack/neutron/neutron/plugins/ml2/managers.py:790}}
Aug 06 19:08:34.152208 n-d-803379-6 neutron-server[94834]: DEBUG neutron.plugins.ml2.managers [req-7c6a794d-d0d1-48e6-919e-eae340750fef req-190bbaa7-3e48-4dc8-89be-48e64f4d6f20 service neutron] Attempting to bind port 2be19cc5-790e-44ef-b706-5c0c64ed09f2 by drivers openvswitch,hyperv on host n-h2-803379-6 at level 0 using segments [{'id': '0583b268-726e-4b62-a040-a4f2b98f0fb4', 'network_type': 'vlan', 'physical_network': 'physnet1', 'segmentation_id': 1073, 'network_id': '4845b004-f59c-461c-abf7-605f231cb579'}] {{(pid=94834) _bind_port_level /opt/stack/neutron/neutron/plugins/ml2/managers.py:815}}
Aug 06 19:08:34.152449 n-d-803379-6 neutron-server[94834]: DEBUG neutron.plugins.ml2.drivers.mech_agent [req-7c6a794d-d0d1-48e6-919e-eae340750fef req-190bbaa7-3e48-4dc8-89be-48e64f4d6f20 service neutron] Attempting to bind port 2be19cc5-790e-44ef-b706-5c0c64ed09f2 on network 4845b004-f59c-461c-abf7-605f231cb579 {{(pid=94834) bind_port /opt/stack/neutron/neutron/plugins/ml2/drivers/mech_agent.py:85}}
Aug 06 19:08:34.205024 n-d-803379-6 neutron-server[94834]: DEBUG neutron.plugins.ml2.drivers.mech_agent [req-7c6a794d-d0d1-48e6-919e-eae340750fef req-190bbaa7-3e48-4dc8-89be-48e64f4d6f20 service neutron] Port 2be19cc5-790e-44ef-b706-5c0c64ed09f2 on network 4845b004-f59c-461c-abf7-605f231cb579 not bound, no agent of type Open vSwitch agent registered on host n-h2-803379-6 {{(pid=94834) bind_port /opt/stack/neutron/neutron/plugins/ml2/drivers/mech_agent.py:97}}
Aug 06 19:08:34.205441 n-d-803379-6 neutron-server[94834]: DEBUG neutron.plugins.ml2.drivers.mech_agent [req-7c6a794d-d0d1-48e6-919e-eae340750fef req-190bbaa7-3e48-4dc8-89be-48e64f4d6f20 service neutron] Attempting to bind port 2be19cc5-790e-44ef-b706-5c0c64ed09f2 on network 4845b004-f59c-461c-abf7-605f231cb579 {{(pid=94834) bind_port /opt/stack/neutron/neutron/plugins/ml2/drivers/mech_agent.py:85}}
Aug 06 19:08:34.216463 n-d-803379-6 neutron-server[94834]: DEBUG neutron.pecan_wsgi.hooks.policy_enforcement [req-c45475d1-eb5c-4b2d-ab3d-59a75f0e376b req-1cb4cb57-7ee0-483e-8d03-f6c269fede63 tempest-MigrationsAdminTest-1569531074 tempest-MigrationsAdminTest-1569531074-project] Attributes excluded by policy engine: ['standard_attr_id', 'binding:profile', 'binding:host_id', 'binding:vif_type', 'binding:vif_details'] {{(pid=94834) _exclude_attributes_by_policy /opt/stack/neutron/neutron/pecan_wsgi/hooks/policy_enforcement.py:255}}
Aug 06 19:08:34.224395 n-d-803379-6 neutron-server[94834]: INFO neutron.wsgi [req-c45475d1-eb5c-4b2d-ab3d-59a75f0e376b req-1cb4cb57-7ee0-483e-8d03-f6c269fede63 tempest-MigrationsAdminTest-1569531074 tempest-MigrationsAdminTest-1569531074-project] 10.222.0.96 "GET /v2.0/ports?device_id=859e1e31-b7ba-46f1-b764-ebeb9565e2d1 HTTP/1.1" status: 200 len: 947 time: 0.2098713
Aug 06 19:08:34.229601 n-d-803379-6 neutron-server[94833]: DEBUG neutron.plugins.ml2.plugin [req-dec02a47-ded9-4362-952e-01680c3da943 req-f366e49d-ca94-4f17-ad77-cb5913b77d2a tempest-AggregatesAdminTestJSON-645914083 tempest-AggregatesAdminTestJSON-645914083-project] Deleting port db397e5f-82ad-4897-a2bc-a0435925cfa1 {{(pid=94833) _pre_delete_port /opt/stack/neutron/neutron/plugins/ml2/plugin.py:1919}}
Aug 06 19:08:34.229956 n-d-803379-6 neutron-server[94833]: DEBUG neutron_lib.callbacks.manager [req-dec02a47-ded9-4362-952e-01680c3da943 req-f366e49d-ca94-4f17-ad77-cb5913b77d2a tempest-AggregatesAdminTestJSON-645914083 tempest-AggregatesAdminTestJSON-645914083-project] Notify callbacks ['neutron.db.l3_db.L3_NAT_dbonly_mixin._prevent_l3_port_delete_callback-8750592403447'] for port, before_delete {{(pid=94833) _notify_loop /usr/local/lib/python3.8/dist-packages/neutron_lib/callbacks/manager.py:192}}
Aug 06 19:08:34.230342 n-d-803379-6 neutron-server[94834]: INFO neutron.wsgi [req-419dfea2-2386-480b-8ead-68b2f88f79bd req-a0b2f9ec-9802-45c8-b332-f6a0a148e76e service neutron] 10.222.0.38 "GET /v2.0/networks?tenant_id=570d5e7276094dadba31a072c29d51b8&shared=False HTTP/1.1" status: 200 len: 213 time: 0.0798507
Aug 06 19:08:34.244379 n-d-803379-6 neutron-server[94834]: DEBUG neutron.plugins.ml2.drivers.mech_agent [req-7c6a794d-d0d1-48e6-919e-eae340750fef req-190bbaa7-3e48-4dc8-89be-48e64f4d6f20 service neutron] Checking agent: {'id': 'b425a240-6c24-4956-b43d-397af50f7c8f', 'agent_type': 'HyperV agent', 'binary': 'neutron-hyperv-agent', 'topic': 'N/A', 'host': 'n-h2-803379-6', 'admin_state_up': True, 'created_at': datetime.datetime(2021, 8, 6, 19, 5, 24), 'started_at': datetime.datetime(2021, 8, 6, 19, 5, 24), 'heartbeat_timestamp': datetime.datetime(2021, 8, 6, 19, 8, 24), 'description': None, 'resources_synced': None, 'availability_zone': None, 'alive': True, 'configurations': {'vswitch_mappings': {'physnet1$': 'br-data'}}, 'resource_versions': {}} {{(pid=94834) bind_port /opt/stack/neutron/neutron/plugins/ml2/drivers/mech_agent.py:104}}
Aug 06 19:08:34.244805 n-d-803379-6 neutron-server[94834]: DEBUG neutron.plugins.ml2.drivers.mech_agent [req-7c6a794d-d0d1-48e6-919e-eae340750fef req-190bbaa7-3e48-4dc8-89be-48e64f4d6f20 service neutron] Checking segment: {'id': '0583b268-726e-4b62-a040-a4f2b98f0fb4', 'network_type': 'vlan', 'physical_network': 'physnet1', 'segmentation_id': 1073, 'network_id': '4845b004-f59c-461c-abf7-605f231cb579'} for mappings: {'physnet1$': 'br-data'} with network types: ['local', 'flat', 'vlan'] {{(pid=94834) check_segment_for_agent /opt/stack/neutron/neutron/plugins/ml2/drivers/mech_agent.py:352}}
Aug 06 19:08:34.245295 n-d-803379-6 neutron-server[94834]: DEBUG neutron.plugins.ml2.drivers.mech_agent [req-7c6a794d-d0d1-48e6-919e-eae340750fef req-190bbaa7-3e48-4dc8-89be-48e64f4d6f20 service neutron] Bound using segment: {'id': '0583b268-726e-4b62-a040-a4f2b98f0fb4', 'network_type': 'vlan', 'physical_network': 'physnet1', 'segmentation_id': 1073, 'network_id': '4845b004-f59c-461c-abf7-605f231cb579'} {{(pid=94834) bind_port /opt/stack/neutron/neutron/plugins/ml2/drivers/mech_agent.py:114}}
Aug 06 19:08:34.245836 n-d-803379-6 neutron-server[94834]: DEBUG neutron.plugins.ml2.managers [req-7c6a794d-d0d1-48e6-919e-eae340750fef req-190bbaa7-3e48-4dc8-89be-48e64f4d6f20 service neutron] Bound port: 2be19cc5-790e-44ef-b706-5c0c64ed09f2, host: n-h2-803379-6, vif_type: hyperv, vif_details: {"connectivity": "legacy", "port_filter": false}, binding_levels: [{'bound_driver': 'hyperv', 'bound_segment': {'id': '0583b268-726e-4b62-a040-a4f2b98f0fb4', 'network_type': 'vlan', 'physical_network': 'physnet1', 'segmentation_id': 1073, 'network_id': '4845b004-f59c-461c-abf7-605f231cb579'}}] {{(pid=94834) _bind_port_level /opt/stack/neutron/neutron/plugins/ml2/managers.py:928}}
Aug 06 19:08:34.247401 n-d-803379-6 neutron-server[94834]: DEBUG neutron_lib.callbacks.manager [req-7c6a794d-d0d1-48e6-919e-eae340750fef req-190bbaa7-3e48-4dc8-89be-48e64f4d6f20 service neutron] Notify callbacks ['neutron.plugins.ml2.plugin.SecurityGroupDbMixin._ensure_default_security_group_handler-1033077'] for port, before_update {{(pid=94834) _notify_loop /usr/local/lib/python3.8/dist-packages/neutron_lib/callbacks/manager.py:192}}
Aug 06 19:08:34.366587 n-d-803379-6 neutron-server[94835]: DEBUG neutron.plugins.ml2.rpc [None req-2452020b-c8c0-434c-b8e1-ccb586499f5b None None] Device c696ffd3-84f9-4185-a737-4e51c93f8bb2 details requested by agent hyperv_n-h2-803379-6 with host n-h2-803379-6 {{(pid=94835) get_device_details /opt/stack/neutron/neutron/plugins/ml2/rpc.py:102}}
Aug 06 19:08:34.452128 n-d-803379-6 neutron-server[94833]: DEBUG neutron.plugins.ml2.db [req-dec02a47-ded9-4362-952e-01680c3da943 req-f366e49d-ca94-4f17-ad77-cb5913b77d2a tempest-AggregatesAdminTestJSON-645914083 tempest-AggregatesAdminTestJSON-645914083-project] For port db397e5f-82ad-4897-a2bc-a0435925cfa1, host n-h1-803379-6, got binding levels [PortBindingLevel(driver='hyperv',host='n-h1-803379-6',level=0,port_id=db397e5f-82ad-4897-a2bc-a0435925cfa1,segment=NetworkSegment(0583b268-726e-4b62-a040-a4f2b98f0fb4),segment_id=0583b268-726e-4b62-a040-a4f2b98f0fb4)] {{(pid=94833) get_binding_level_objs /opt/stack/neutron/neutron/plugins/ml2/db.py:74}}
Aug 06 19:08:34.452933 n-d-803379-6 neutron-server[94833]: DEBUG neutron_lib.callbacks.manager [req-dec02a47-ded9-4362-952e-01680c3da943 req-f366e49d-ca94-4f17-ad77-cb5913b77d2a tempest-AggregatesAdminTestJSON-645914083 tempest-AggregatesAdminTestJSON-645914083-project] Notify callbacks ['neutron.services.l3_router.l3_router_plugin.L3_NAT_dbonly_mixin._precommit_delete_port_callback-2006542'] for port, precommit_delete {{(pid=94833) _notify_loop /usr/local/lib/python3.8/dist-packages/neutron_lib/callbacks/manager.py:192}}
Aug 06 19:08:34.489367 n-d-803379-6 neutron-server[94833]: DEBUG neutron.plugins.ml2.plugin [req-dec02a47-ded9-4362-952e-01680c3da943 req-f366e49d-ca94-4f17-ad77-cb5913b77d2a tempest-AggregatesAdminTestJSON-645914083 tempest-AggregatesAdminTestJSON-645914083-project] Calling delete_port for db397e5f-82ad-4897-a2bc-a0435925cfa1 owned by compute:tempest-test_az-1731159037 {{(pid=94833) delete_port /opt/stack/neutron/neutron/plugins/ml2/plugin.py:1997}}
Aug 06 19:08:34.569412 n-d-803379-6 neutron-server[94835]: DEBUG neutron.plugins.ml2.db [None req-2452020b-c8c0-434c-b8e1-ccb586499f5b None None] For port c696ffd3-84f9-4185-a737-4e51c93f8bb2, host n-h2-803379-6, got binding levels [PortBindingLevel(driver='hyperv',host='n-h2-803379-6',level=0,port_id=c696ffd3-84f9-4185-a737-4e51c93f8bb2,segment=NetworkSegment(0583b268-726e-4b62-a040-a4f2b98f0fb4),segment_id=0583b268-726e-4b62-a040-a4f2b98f0fb4)] {{(pid=94835) get_binding_level_objs /opt/stack/neutron/neutron/plugins/ml2/db.py:74}}
Aug 06 19:08:34.584761 n-d-803379-6 neutron-server[94834]: INFO neutron.wsgi [req-c45475d1-eb5c-4b2d-ab3d-59a75f0e376b req-91f2aeda-c7d9-4f64-b699-1940bd5fdb4c tempest-MigrationsAdminTest-1569531074 tempest-MigrationsAdminTest-1569531074-project] 10.222.0.96 "GET /v2.0/security-groups?id=11f8ed25-0ed7-4cc8-8ab5-35b05048d5b9&fields=id&fields=name HTTP/1.1" status: 200 len: 286 time: 0.3590128
Aug 06 19:08:34.588591 n-d-803379-6 neutron-server[94835]: DEBUG neutron.plugins.ml2.rpc [None req-2452020b-c8c0-434c-b8e1-ccb586499f5b None None] Returning: {'device': 'c696ffd3-84f9-4185-a737-4e51c93f8bb2', 'network_id': '4845b004-f59c-461c-abf7-605f231cb579', 'port_id': 'c696ffd3-84f9-4185-a737-4e51c93f8bb2', 'mac_address': 'fa:16:3e:01:0c:fa', 'admin_state_up': True, 'network_type': 'vlan', 'segmentation_id': 1073, 'physical_network': 'physnet1', 'mtu': 1500, 'fixed_ips': [{'subnet_id': '74293a54-d0eb-4cc5-9028-57dc54128b34', 'ip_address': '192.168.233.79'}], 'device_owner': 'compute:nova', 'allowed_address_pairs': [], 'port_security_enabled': True, 'qos_policy_id': None, 'network_qos_policy_id': None, 'profile': {}, 'propagate_uplink_status': False} {{(pid=94835) _get_device_details /opt/stack/neutron/neutron/plugins/ml2/rpc.py:184}}
Aug 06 19:08:34.640945 n-d-803379-6 neutron-server[94835]: DEBUG neutron_lib.callbacks.manager [None req-2452020b-c8c0-434c-b8e1-ccb586499f5b None None] Notify callbacks ['neutron.plugins.ml2.plugin.SecurityGroupDbMixin._ensure_default_security_group_handler-1033077'] for port, before_update {{(pid=94835) _notify_loop /usr/local/lib/python3.8/dist-packages/neutron_lib/callbacks/manager.py:192}}
Aug 06 19:08:34.668395 n-d-803379-6 neutron-server[94835]: DEBUG neutron.notifiers.nova [None req-2452020b-c8c0-434c-b8e1-ccb586499f5b None None] Ignoring state change previous_port_status: DOWN current_port_status: BUILD port_id c696ffd3-84f9-4185-a737-4e51c93f8bb2 {{(pid=94835) record_port_status_changed /opt/stack/neutron/neutron/notifiers/nova.py:224}}
Aug 06 19:08:34.677153 n-d-803379-6 neutron-server[94833]: DEBUG neutron.wsgi [-] (94833) accepted ('10.222.0.38', 62767) {{(pid=94833) server /usr/local/lib/python3.8/dist-packages/eventlet/wsgi.py:982}}
Aug 06 19:08:34.739135 n-d-803379-6 neutron-server[94835]: DEBUG neutron.plugins.ml2.db [None req-2452020b-c8c0-434c-b8e1-ccb586499f5b None None] For port c696ffd3-84f9-4185-a737-4e51c93f8bb2, host n-h2-803379-6, got binding levels [PortBindingLevel(driver='hyperv',host='n-h2-803379-6',level=0,port_id=c696ffd3-84f9-4185-a737-4e51c93f8bb2,segment=NetworkSegment(0583b268-726e-4b62-a040-a4f2b98f0fb4),segment_id=0583b268-726e-4b62-a040-a4f2b98f0fb4)] {{(pid=94835) get_binding_level_objs /opt/stack/neutron/neutron/plugins/ml2/db.py:74}}
Aug 06 19:08:34.748775 n-d-803379-6 neutron-server[94834]: DEBUG neutron.pecan_wsgi.hooks.policy_enforcement [req-419dfea2-2386-480b-8ead-68b2f88f79bd req-b647fc86-26be-41e0-aa60-7751d436bf21 service neutron] Attributes excluded by policy engine: ['standard_attr_id', 'vlan_transparent'] {{(pid=94834) _exclude_attributes_by_policy /opt/stack/neutron/neutron/pecan_wsgi/hooks/policy_enforcement.py:255}}
Aug 06 19:08:34.752254 n-d-803379-6 neutron-server[94834]: INFO neutron.wsgi [req-419dfea2-2386-480b-8ead-68b2f88f79bd req-b647fc86-26be-41e0-aa60-7751d436bf21 service neutron] 10.222.0.38 "GET /v2.0/networks?shared=True HTTP/1.1" status: 200 len: 871 time: 0.5090597
Aug 06 19:08:34.756020 n-d-803379-6 neutron-server[94834]: DEBUG neutron.plugins.ml2.db [req-7c6a794d-d0d1-48e6-919e-eae340750fef req-190bbaa7-3e48-4dc8-89be-48e64f4d6f20 service neutron] For port 2be19cc5-790e-44ef-b706-5c0c64ed09f2, host n-h2-803379-6, cleared binding levels {{(pid=94834) clear_binding_levels /opt/stack/neutron/neutron/plugins/ml2/db.py:87}}
Aug 06 19:08:34.783658 n-d-803379-6 neutron-server[94833]: DEBUG neutron_lib.callbacks.manager [req-dec02a47-ded9-4362-952e-01680c3da943 req-f366e49d-ca94-4f17-ad77-cb5913b77d2a tempest-AggregatesAdminTestJSON-645914083 tempest-AggregatesAdminTestJSON-645914083-project] Notify callbacks ['neutron.plugins.ml2.plugin.SecurityGroupServerNotifierRpcMixin._notify_sg_on_port_change-1033014', 'neutron.plugins.ml2.ovo_rpc._ObjectChangeHandler.handle_event-490986', 'neutron.api.rpc.agentnotifiers.dhcp_rpc_agent_api.DhcpAgentNotifyAPI._native_event_send_dhcp_notification-1617175', 'neutron.db.l3_db.L3RpcNotifierMixin._notify_routers_callback-8750592311983', 'neutron.db.l3_dvrscheduler_db._notify_port_delete-8750591922396', 'neutron.services.segments.plugin.NovaSegmentNotifier._notify_port_created_or_deleted-3502390'] for port, after_delete {{(pid=94833) _notify_loop /usr/local/lib/python3.8/dist-packages/neutron_lib/callbacks/manager.py:192}}
Aug 06 19:08:34.785611 n-d-803379-6 neutron-server[94834]: DEBUG neutron.pecan_wsgi.hooks.policy_enforcement [req-235c2fff-b25c-4bb6-80c7-2229a1c392b9 req-17420feb-5f1d-48a8-8823-619da738ea75 tempest-AggregatesAdminTestJSON-645914083 tempest-AggregatesAdminTestJSON-645914083-project] Attributes excluded by policy engine: ['standard_attr_id', 'binding:profile', 'binding:host_id', 'binding:vif_type', 'binding:vif_details'] {{(pid=94834) _exclude_attributes_by_policy /opt/stack/neutron/neutron/pecan_wsgi/hooks/policy_enforcement.py:255}}
Aug 06 19:08:34.791657 n-d-803379-6 neutron-server[94834]: INFO neutron.wsgi [req-235c2fff-b25c-4bb6-80c7-2229a1c392b9 req-17420feb-5f1d-48a8-8823-619da738ea75 tempest-AggregatesAdminTestJSON-645914083 tempest-AggregatesAdminTestJSON-645914083-project] 10.222.0.96 "GET /v2.0/ports?device_id=a4162636-0457-4b87-b7e0-1f2031dc531c HTTP/1.1" status: 200 len: 889 time: 0.2718062
Aug 06 19:08:34.792089 n-d-803379-6 neutron-server[94833]: DEBUG neutron.wsgi [-] (94833) accepted ('10.222.0.96', 42394) {{(pid=94833) server /usr/local/lib/python3.8/dist-packages/eventlet/wsgi.py:982}}
Aug 06 19:08:34.794042 n-d-803379-6 neutron-server[94834]: DEBUG neutron.plugins.ml2.db [req-7c6a794d-d0d1-48e6-919e-eae340750fef req-190bbaa7-3e48-4dc8-89be-48e64f4d6f20 service neutron] For port 2be19cc5-790e-44ef-b706-5c0c64ed09f2, host n-h2-803379-6, set binding levels [PortBindingLevel(driver='hyperv',host='n-h2-803379-6',level=0,port_id=2be19cc5-790e-44ef-b706-5c0c64ed09f2,segment=NetworkSegment(0583b268-726e-4b62-a040-a4f2b98f0fb4),segment_id=0583b268-726e-4b62-a040-a4f2b98f0fb4)] {{(pid=94834) set_binding_levels /opt/stack/neutron/neutron/plugins/ml2/db.py:59}}
Aug 06 19:08:34.801264 n-d-803379-6 neutron-server[94835]: DEBUG neutron.plugins.ml2.db [None req-d75fb7bf-950a-499b-a8f0-8f25db8e9bf6 None None] get_ports_and_sgs() called for port_ids ['db397e5f-82ad-4897-a2bc-a0435925cfa1'] {{(pid=94835) get_ports_and_sgs /opt/stack/neutron/neutron/plugins/ml2/db.py:156}}
Aug 06 19:08:34.903456 n-d-803379-6 neutron-server[94835]: DEBUG neutron_lib.callbacks.manager [None req-2452020b-c8c0-434c-b8e1-ccb586499f5b None None] Notify callbacks ['neutron.plugins.ml2.plugin.SecurityGroupServerNotifierRpcMixin._notify_sg_on_port_change-1033014', 'neutron.plugins.ml2.ovo_rpc._ObjectChangeHandler.handle_event-490986', 'neutron.api.rpc.agentnotifiers.dhcp_rpc_agent_api.DhcpAgentNotifyAPI._native_event_send_dhcp_notification-1617175', 'neutron.db.l3_db.L3RpcNotifierMixin._notify_gateway_port_ip_changed-8750592311893', 'neutron.db.l3_dvrscheduler_db._notify_l3_agent_port_update-8750591922405', 'neutron.db.l3_hascheduler_db._notify_l3_agent_ha_port_update-8750591922423'] for port, after_update {{(pid=94835) _notify_loop /usr/local/lib/python3.8/dist-packages/neutron_lib/callbacks/manager.py:192}}
Aug 06 19:08:34.977633 n-d-803379-6 neutron-server[94834]: DEBUG neutron_lib.callbacks.manager [req-7c6a794d-d0d1-48e6-919e-eae340750fef req-190bbaa7-3e48-4dc8-89be-48e64f4d6f20 service neutron] Notify callbacks ['neutron.plugins.ml2.plugin.SecurityGroupServerNotifierRpcMixin._notify_sg_on_port_change-1033014', 'neutron.plugins.ml2.ovo_rpc._ObjectChangeHandler.handle_event-490986', 'neutron.api.rpc.agentnotifiers.dhcp_rpc_agent_api.DhcpAgentNotifyAPI._native_event_send_dhcp_notification-1617175', 'neutron.db.l3_db.L3RpcNotifierMixin._notify_gateway_port_ip_changed-8750592311893', 'neutron.db.l3_dvrscheduler_db._notify_l3_agent_port_update-8750591922405', 'neutron.db.l3_hascheduler_db._notify_l3_agent_ha_port_update-8750591922423', 'neutron.services.segments.plugin.NovaSegmentNotifier._notify_port_updated-3632810'] for port, after_update {{(pid=94834) _notify_loop /usr/local/lib/python3.8/dist-packages/neutron_lib/callbacks/manager.py:192}}
Aug 06 19:08:34.983108 n-d-803379-6 neutron-server[94834]: INFO neutron.wsgi [req-235c2fff-b25c-4bb6-80c7-2229a1c392b9 req-c96b7544-946e-4e72-98c8-1be6c8b14e8a tempest-AggregatesAdminTestJSON-645914083 tempest-AggregatesAdminTestJSON-645914083-project] 10.222.0.96 "GET /v2.0/security-groups?id=216b109d-8591-4705-bd37-cc37eca2b793&fields=id&fields=name HTTP/1.1" status: 200 len: 286 time: 0.1709208
Aug 06 19:08:35.010907 n-d-803379-6 neutron-server[94834]: DEBUG neutron.pecan_wsgi.hooks.policy_enforcement [req-ff41b539-dfd9-4dcb-9365-87167b86049c req-74ef68bd-5b9d-412f-b134-f564548fb3e4 service neutron] Attributes excluded by policy engine: ['standard_attr_id'] {{(pid=94834) _exclude_attributes_by_policy /opt/stack/neutron/neutron/pecan_wsgi/hooks/policy_enforcement.py:255}}
Aug 06 19:08:35.012333 n-d-803379-6 neutron-server[94835]: DEBUG neutron.api.rpc.handlers.resources_rpc [None req-2452020b-c8c0-434c-b8e1-ccb586499f5b None None] Pushing event updated for resources: {'Port': ['ID=c696ffd3-84f9-4185-a737-4e51c93f8bb2,revision_number=4']} {{(pid=94835) push /opt/stack/neutron/neutron/api/rpc/handlers/resources_rpc.py:237}}
Aug 06 19:08:35.017118 n-d-803379-6 neutron-server[94834]: INFO neutron.wsgi [req-ff41b539-dfd9-4dcb-9365-87167b86049c req-74ef68bd-5b9d-412f-b134-f564548fb3e4 service neutron] 10.222.0.38 "GET /v2.0/ports?tenant_id=570d5e7276094dadba31a072c29d51b8&device_id=11def6c8-b785-4377-8979-d694f9b560a2 HTTP/1.1" status: 200 len: 1099 time: 0.1928937
Aug 06 19:08:35.097459 n-d-803379-6 neutron-server[94834]: DEBUG neutron.pecan_wsgi.hooks.policy_enforcement [req-ef11b957-ed37-4545-b99e-a2d03ae6392f req-18f08abe-0a55-4bd7-93ca-75003ad058ab tempest-TenantUsagesTestJSON-543827328 tempest-TenantUsagesTestJSON-543827328-project] Attributes excluded by policy engine: ['standard_attr_id', 'binding:profile', 'binding:host_id', 'binding:vif_type', 'binding:vif_details'] {{(pid=94834) _exclude_attributes_by_policy /opt/stack/neutron/neutron/pecan_wsgi/hooks/policy_enforcement.py:255}}
Aug 06 19:08:35.106648 n-d-803379-6 neutron-server[94834]: INFO neutron.wsgi [req-ef11b957-ed37-4545-b99e-a2d03ae6392f req-18f08abe-0a55-4bd7-93ca-75003ad058ab tempest-TenantUsagesTestJSON-543827328 tempest-TenantUsagesTestJSON-543827328-project] 10.222.0.96 "GET /v2.0/ports?device_id=07fdcb92-d61c-4efc-832e-cb604479254b HTTP/1.1" status: 200 len: 947 time: 0.2366693
Aug 06 19:08:35.108369 n-d-803379-6 neutron-server[94834]: DEBUG neutron.pecan_wsgi.hooks.policy_enforcement [req-7c6a794d-d0d1-48e6-919e-eae340750fef req-190bbaa7-3e48-4dc8-89be-48e64f4d6f20 service neutron] Attributes excluded by policy engine: ['standard_attr_id'] {{(pid=94834) _exclude_attributes_by_policy /opt/stack/neutron/neutron/pecan_wsgi/hooks/policy_enforcement.py:255}}
Aug 06 19:08:35.109171 n-d-803379-6 neutron-server[94834]: DEBUG neutron_lib.callbacks.manager [req-7c6a794d-d0d1-48e6-919e-eae340750fef req-190bbaa7-3e48-4dc8-89be-48e64f4d6f20 service neutron] Notify callbacks ['neutron.notifiers.nova.Notifier._send_nova_notification-254292'] for port, before_response {{(pid=94834) _notify_loop /usr/local/lib/python3.8/dist-packages/neutron_lib/callbacks/manager.py:192}}
Aug 06 19:08:35.112842 n-d-803379-6 neutron-server[94834]: INFO neutron.wsgi [req-7c6a794d-d0d1-48e6-919e-eae340750fef req-190bbaa7-3e48-4dc8-89be-48e64f4d6f20 service neutron] 10.222.0.79 "PUT /v2.0/ports/2be19cc5-790e-44ef-b706-5c0c64ed09f2 HTTP/1.1" status: 200 len: 1095 time: 2.2987518
Aug 06 19:08:35.148664 n-d-803379-6 neutron-server[94834]: INFO neutron.wsgi [req-ff41b539-dfd9-4dcb-9365-87167b86049c req-1c9a5b78-82c4-4aad-b065-6ba35a5819bd service neutron] 10.222.0.38 "GET /v2.0/floatingips?fixed_ip_address=192.168.233.233&port_id=96d6d366-243c-4385-9ddd-7dcda08499df HTTP/1.1" status: 200 len: 217 time: 0.1064994
Aug 06 19:08:35.177462 n-d-803379-6 neutron-server[94834]: DEBUG neutron.api.rpc.handlers.resources_rpc [None req-190bbaa7-3e48-4dc8-89be-48e64f4d6f20 service neutron] Pushing event updated for resources: {'Port': ['ID=2be19cc5-790e-44ef-b706-5c0c64ed09f2,revision_number=3']} {{(pid=94834) push /opt/stack/neutron/neutron/api/rpc/handlers/resources_rpc.py:237}}
Aug 06 19:08:35.193744 n-d-803379-6 neutron-server[94833]: DEBUG neutron.wsgi [-] (94833) accepted ('10.222.0.96', 42406) {{(pid=94833) server /usr/local/lib/python3.8/dist-packages/eventlet/wsgi.py:982}}
Aug 06 19:08:35.239675 n-d-803379-6 neutron-server[94833]: DEBUG neutron.api.rpc.handlers.resources_rpc [None req-f366e49d-ca94-4f17-ad77-cb5913b77d2a tempest-AggregatesAdminTestJSON-645914083 tempest-AggregatesAdminTestJSON-645914083-project] Pushing event deleted for resources: {'Port': ['ID=db397e5f-82ad-4897-a2bc-a0435925cfa1,revision_number=None']} {{(pid=94833) push /opt/stack/neutron/neutron/api/rpc/handlers/resources_rpc.py:237}}
Aug 06 19:08:35.244178 n-d-803379-6 neutron-server[94834]: INFO neutron.wsgi [req-a58efb1e-c87a-4dd4-9d06-b97e1417a2c2 req-3b0dad8a-fc0c-4fdf-b1d2-ccf23143dd71 tempest-ServersWithSpecificFlavorTestJSON-1043243761 tempest-ServersWithSpecificFlavorTestJSON-1043243761-project] 10.222.0.96 "GET /v2.0/ports?device_id=a33718d3-2b8a-4537-a696-4ef3a3a1bf26 HTTP/1.1" status: 200 len: 210 time: 0.0973094
Aug 06 19:08:35.293235 n-d-803379-6 neutron-server[94835]: DEBUG neutron.plugins.ml2.db [None req-2452020b-c8c0-434c-b8e1-ccb586499f5b None None] get_ports_and_sgs() called for port_ids ['c696ffd3-84f9-4185-a737-4e51c93f8bb2'] {{(pid=94835) get_ports_and_sgs /opt/stack/neutron/neutron/plugins/ml2/db.py:156}}
Aug 06 19:08:35.352626 n-d-803379-6 neutron-server[94834]: INFO neutron.wsgi [req-ef11b957-ed37-4545-b99e-a2d03ae6392f req-bb332615-60d8-4f92-b672-7958591c6dc0 tempest-TenantUsagesTestJSON-543827328 tempest-TenantUsagesTestJSON-543827328-project] 10.222.0.96 "GET /v2.0/security-groups?id=4383b873-3f53-41b1-8aa2-ea7ace50e73c&fields=id&fields=name HTTP/1.1" status: 200 len: 286 time: 0.2085731
Aug 06 19:08:35.374873 n-d-803379-6 neutron-server[94833]: DEBUG neutron.db.l3_dvrscheduler_db [req-dec02a47-ded9-4362-952e-01680c3da943 req-f366e49d-ca94-4f17-ad77-cb5913b77d2a tempest-AggregatesAdminTestJSON-645914083 tempest-AggregatesAdminTestJSON-645914083-project] No DVR routers for this DVR port db397e5f-82ad-4897-a2bc-a0435925cfa1 on host n-h1-803379-6 {{(pid=94833) get_dvr_routers_to_remove /opt/stack/neutron/neutron/db/l3_dvrscheduler_db.py:214}}
Aug 06 19:08:35.379348 n-d-803379-6 neutron-server[94834]: DEBUG neutron.pecan_wsgi.hooks.policy_enforcement [req-ff41b539-dfd9-4dcb-9365-87167b86049c req-56c139f1-edd6-40a9-bf8d-1fca5e8a554d service neutron] Attributes excluded by policy engine: ['standard_attr_id', 'shared', 'segment_id'] {{(pid=94834) _exclude_attributes_by_policy /opt/stack/neutron/neutron/pecan_wsgi/hooks/policy_enforcement.py:255}}
Aug 06 19:08:35.383266 n-d-803379-6 neutron-server[94834]: INFO neutron.wsgi [req-ff41b539-dfd9-4dcb-9365-87167b86049c req-56c139f1-edd6-40a9-bf8d-1fca5e8a554d service neutron] 10.222.0.38 "GET /v2.0/subnets?id=74293a54-d0eb-4cc5-9028-57dc54128b34 HTTP/1.1" status: 200 len: 843 time: 0.2158446
Aug 06 19:08:35.388193 n-d-803379-6 neutron-server[94833]: DEBUG neutron_lib.callbacks.manager [None req-30303c77-a39f-4deb-b798-97ca31efae68 admin admin] Notify callbacks [] for security_group, before_create {{(pid=94833) _notify_loop /usr/local/lib/python3.8/dist-packages/neutron_lib/callbacks/manager.py:192}}
Aug 06 19:08:35.395776 n-d-803379-6 neutron-server[94833]: DEBUG neutron_lib.callbacks.manager [req-dec02a47-ded9-4362-952e-01680c3da943 req-f366e49d-ca94-4f17-ad77-cb5913b77d2a tempest-AggregatesAdminTestJSON-645914083 tempest-AggregatesAdminTestJSON-645914083-project] Notify callbacks ['neutron.notifiers.nova.Notifier._send_nova_notification-254292'] for port, before_response {{(pid=94833) _notify_loop /usr/local/lib/python3.8/dist-packages/neutron_lib/callbacks/manager.py:192}}
Aug 06 19:08:35.397894 n-d-803379-6 neutron-server[94833]: INFO neutron.wsgi [req-dec02a47-ded9-4362-952e-01680c3da943 req-f366e49d-ca94-4f17-ad77-cb5913b77d2a tempest-AggregatesAdminTestJSON-645914083 tempest-AggregatesAdminTestJSON-645914083-project] 10.222.0.38 "DELETE /v2.0/ports/db397e5f-82ad-4897-a2bc-a0435925cfa1 HTTP/1.1" status: 204 len: 173 time: 1.4430447
Aug 06 19:08:35.411569 n-d-803379-6 neutron-server[94833]: DEBUG neutron.notifiers.nova [-] Sending events: [{'server_uuid': 'a4162636-0457-4b87-b7e0-1f2031dc531c', 'name': 'network-vif-deleted', 'tag': 'db397e5f-82ad-4897-a2bc-a0435925cfa1'}] {{(pid=94833) send_events /opt/stack/neutron/neutron/notifiers/nova.py:262}}
Aug 06 19:08:35.420590 n-d-803379-6 neutron-server[94833]: DEBUG novaclient.v2.client [-] REQ: curl -g -i --cacert "/opt/stack/data/ca-bundle.pem" -X POST http://10.222.0.96/compute/v2.1/os-server-external-events -H "Accept: application/json" -H "Content-Type: application/json" -H "User-Agent: python-novaclient" -H "X-Auth-Token: {SHA256}d58014ee5671644e724b225924c0cd1b714e6ea279a48f0520b4b8ecfea80369" -H "X-OpenStack-Nova-API-Version: 2.1" -H "X-OpenStack-Request-ID: req-a06b2367-58f0-48e4-b753-a846f30b18e3" -d '{"events": [{"server_uuid": "a4162636-0457-4b87-b7e0-1f2031dc531c", "name": "network-vif-deleted", "tag": "db397e5f-82ad-4897-a2bc-a0435925cfa1"}]}' {{(pid=94833) _http_log_request /usr/local/lib/python3.8/dist-packages/keystoneauth1/session.py:519}}
Aug 06 19:08:35.443247 n-d-803379-6 neutron-server[94833]: DEBUG neutron.pecan_wsgi.hooks.policy_enforcement [req-03282fed-b177-4f4f-972a-0b6bcfc613bf req-62e65c86-2cc2-4070-8a42-065821d1e949 tempest-ServersWithSpecificFlavorTestJSON-1043243761 tempest-ServersWithSpecificFlavorTestJSON-1043243761-project] Attributes excluded by policy engine: ['standard_attr_id', 'vlan_transparent', 'provider:network_type', 'provider:physical_network', 'provider:segmentation_id'] {{(pid=94833) _exclude_attributes_by_policy /opt/stack/neutron/neutron/pecan_wsgi/hooks/policy_enforcement.py:255}}
Aug 06 19:08:35.445193 n-d-803379-6 neutron-server[94833]: INFO neutron.wsgi [req-03282fed-b177-4f4f-972a-0b6bcfc613bf req-62e65c86-2cc2-4070-8a42-065821d1e949 tempest-ServersWithSpecificFlavorTestJSON-1043243761 tempest-ServersWithSpecificFlavorTestJSON-1043243761-project] 10.222.0.38 "GET /v2.0/networks?id=690a927f-061d-4780-936d-70cf837dfdce HTTP/1.1" status: 200 len: 823 time: 0.7668967
Aug 06 19:08:35.502886 n-d-803379-6 neutron-server[94833]: DEBUG novaclient.v2.client [-] RESP: [200] Connection: close Content-Length: 183 Content-Type: application/json Date: Fri, 06 Aug 2021 19:08:35 GMT OpenStack-API-Version: compute 2.1 Server: Apache/2.4.41 (Ubuntu) Vary: OpenStack-API-Version,X-OpenStack-Nova-API-Version X-OpenStack-Nova-API-Version: 2.1 x-compute-request-id: req-de1b586f-7138-41ce-a48a-a27df4f69e16 x-openstack-request-id: req-de1b586f-7138-41ce-a48a-a27df4f69e16 {{(pid=94833) _http_log_response /usr/local/lib/python3.8/dist-packages/keystoneauth1/session.py:550}}
Aug 06 19:08:35.503206 n-d-803379-6 neutron-server[94833]: DEBUG novaclient.v2.client [-] RESP BODY: {"events": [{"server_uuid": "a4162636-0457-4b87-b7e0-1f2031dc531c", "name": "network-vif-deleted", "tag": "db397e5f-82ad-4897-a2bc-a0435925cfa1", "status": "completed", "code": 200}]} {{(pid=94833) _http_log_response /usr/local/lib/python3.8/dist-packages/keystoneauth1/session.py:582}}
Aug 06 19:08:35.503607 n-d-803379-6 neutron-server[94833]: DEBUG novaclient.v2.client [-] POST call to compute for http://10.222.0.96/compute/v2.1/os-server-external-events used request id req-de1b586f-7138-41ce-a48a-a27df4f69e16 {{(pid=94833) request /usr/local/lib/python3.8/dist-packages/keystoneauth1/session.py:954}}
Aug 06 19:08:35.504005 n-d-803379-6 neutron-server[94833]: INFO neutron.notifiers.nova [-] Nova event response: {'server_uuid': 'a4162636-0457-4b87-b7e0-1f2031dc531c', 'name': 'network-vif-deleted', 'tag': 'db397e5f-82ad-4897-a2bc-a0435925cfa1', 'status': 'completed', 'code': 200}
Aug 06 19:08:35.542700 n-d-803379-6 neutron-server[94834]: DEBUG neutron.pecan_wsgi.hooks.policy_enforcement [req-7c6a794d-d0d1-48e6-919e-eae340750fef req-0bb4cbb0-ae3b-4162-abe7-0220fcb5f45f service neutron] Attributes excluded by policy engine: ['standard_attr_id'] {{(pid=94834) _exclude_attributes_by_policy /opt/stack/neutron/neutron/pecan_wsgi/hooks/policy_enforcement.py:255}}
Aug 06 19:08:35.549582 n-d-803379-6 neutron-server[94833]: INFO neutron.wsgi [req-03282fed-b177-4f4f-972a-0b6bcfc613bf req-88c4987d-99e1-40e0-a373-927f929212c4 tempest-ServersWithSpecificFlavorTestJSON-1043243761 tempest-ServersWithSpecificFlavorTestJSON-1043243761-project] 10.222.0.38 "GET /v2.0/security-groups?fields=id&fields=name&tenant_id=f0c08d4680d54d598367b7a0b5a3c0bd HTTP/1.1" status: 200 len: 380 time: 0.0919840
Aug 06 19:08:35.554056 n-d-803379-6 neutron-server[94834]: INFO neutron.wsgi [req-7c6a794d-d0d1-48e6-919e-eae340750fef req-0bb4cbb0-ae3b-4162-abe7-0220fcb5f45f service neutron] 10.222.0.79 "GET /v2.0/ports?tenant_id=43a1b4b4e4ce40e8b49674c35144dd2e&device_id=07fdcb92-d61c-4efc-832e-cb604479254b HTTP/1.1" status: 200 len: 1098 time: 0.2677841
Aug 06 19:08:35.568009 n-d-803379-6 neutron-server[94833]: DEBUG neutron.api.v2.base [req-03282fed-b177-4f4f-972a-0b6bcfc613bf req-8abededf-e9dc-4ba6-bb5e-0697e8b96376 tempest-ServersWithSpecificFlavorTestJSON-1043243761 tempest-ServersWithSpecificFlavorTestJSON-1043243761-project] Request body: {'port': {'device_id': 'a33718d3-2b8a-4537-a696-4ef3a3a1bf26', 'network_id': '690a927f-061d-4780-936d-70cf837dfdce', 'admin_state_up': True, 'tenant_id': 'f0c08d4680d54d598367b7a0b5a3c0bd', 'security_groups': ['11728eb4-e8dc-46e2-a075-6e9d814aa4d6']}} {{(pid=94833) prepare_request_body /opt/stack/neutron/neutron/api/v2/base.py:729}}
Aug 06 19:08:35.649773 n-d-803379-6 neutron-server[94833]: DEBUG neutron_lib.callbacks.manager [None req-00fcf8c8-3613-4c27-afad-3f75d3d77e24 admin admin] Notify callbacks [] for security_group, before_create {{(pid=94833) _notify_loop /usr/local/lib/python3.8/dist-packages/neutron_lib/callbacks/manager.py:192}}
Aug 06 19:08:35.709401 n-d-803379-6 neutron-server[94834]: INFO neutron.wsgi [req-7c6a794d-d0d1-48e6-919e-eae340750fef req-331817a1-f593-40db-90f6-2d8770990c30 service neutron] 10.222.0.79 "GET /v2.0/floatingips?fixed_ip_address=192.168.233.26&port_id=2be19cc5-790e-44ef-b706-5c0c64ed09f2 HTTP/1.1" status: 200 len: 217 time: 0.1315663
Aug 06 19:08:35.722037 n-d-803379-6 neutron-server[94834]: DEBUG neutron.pecan_wsgi.hooks.policy_enforcement [req-ff41b539-dfd9-4dcb-9365-87167b86049c req-d9765ae0-ed7d-437c-9189-f6d97650c871 service neutron] Attributes excluded by policy engine: ['standard_attr_id'] {{(pid=94834) _exclude_attributes_by_policy /opt/stack/neutron/neutron/pecan_wsgi/hooks/policy_enforcement.py:255}}
Aug 06 19:08:35.723932 n-d-803379-6 neutron-server[94834]: INFO neutron.wsgi [req-ff41b539-dfd9-4dcb-9365-87167b86049c req-d9765ae0-ed7d-437c-9189-f6d97650c871 service neutron] 10.222.0.38 "GET /v2.0/ports?network_id=4845b004-f59c-461c-abf7-605f231cb579&device_owner=network%3Adhcp HTTP/1.1" status: 200 len: 1166 time: 0.3306105
Aug 06 19:08:35.748660 n-d-803379-6 neutron-server[94833]: DEBUG neutron_lib.callbacks.manager [None req-30303c77-a39f-4deb-b798-97ca31efae68 admin admin] Notify callbacks [] for security_group, precommit_create {{(pid=94833) _notify_loop /usr/local/lib/python3.8/dist-packages/neutron_lib/callbacks/manager.py:192}}
Aug 06 19:08:35.786944 n-d-803379-6 neutron-server[94834]: DEBUG neutron.pecan_wsgi.hooks.policy_enforcement [req-3079054f-925a-43c9-96cc-e89165c7717c req-ab4d993d-df19-4122-9ec3-6614766b7948 tempest-DeleteServersAdminTestJSON-1524341498 tempest-DeleteServersAdminTestJSON-1524341498-project] Attributes excluded by policy engine: ['standard_attr_id', 'binding:profile', 'binding:host_id', 'binding:vif_type', 'binding:vif_details'] {{(pid=94834) _exclude_attributes_by_policy /opt/stack/neutron/neutron/pecan_wsgi/hooks/policy_enforcement.py:255}}
Aug 06 19:08:35.789661 n-d-803379-6 neutron-server[94834]: INFO neutron.wsgi [req-3079054f-925a-43c9-96cc-e89165c7717c req-ab4d993d-df19-4122-9ec3-6614766b7948 tempest-DeleteServersAdminTestJSON-1524341498 tempest-DeleteServersAdminTestJSON-1524341498-project] 10.222.0.96 "GET /v2.0/ports?device_id=11def6c8-b785-4377-8979-d694f9b560a2 HTTP/1.1" status: 200 len: 948 time: 0.3138046
Aug 06 19:08:35.846843 n-d-803379-6 neutron-server[94833]: DEBUG neutron_lib.callbacks.manager [None req-30303c77-a39f-4deb-b798-97ca31efae68 admin admin] Notify callbacks ['neutron.plugins.ml2.ovo_rpc._ObjectChangeHandler.handle_event-1612256'] for security_group, after_create {{(pid=94833) _notify_loop /usr/local/lib/python3.8/dist-packages/neutron_lib/callbacks/manager.py:192}}
Aug 06 19:08:35.905019 n-d-803379-6 neutron-server[94834]: DEBUG neutron.pecan_wsgi.hooks.policy_enforcement [req-7c6a794d-d0d1-48e6-919e-eae340750fef req-ab79ac68-3f0d-4abb-a139-7c80a4fb194d service neutron] Attributes excluded by policy engine: ['standard_attr_id', 'shared', 'segment_id'] {{(pid=94834) _exclude_attributes_by_policy /opt/stack/neutron/neutron/pecan_wsgi/hooks/policy_enforcement.py:255}}
Aug 06 19:08:35.906614 n-d-803379-6 neutron-server[94834]: INFO neutron.wsgi [req-7c6a794d-d0d1-48e6-919e-eae340750fef req-ab79ac68-3f0d-4abb-a139-7c80a4fb194d service neutron] 10.222.0.79 "GET /v2.0/subnets?id=74293a54-d0eb-4cc5-9028-57dc54128b34 HTTP/1.1" status: 200 len: 843 time: 0.1759143
Aug 06 19:08:35.915111 n-d-803379-6 neutron-server[94834]: DEBUG neutron.notifiers.nova [-] Sending events: [{'name': 'network-changed', 'server_uuid': '07fdcb92-d61c-4efc-832e-cb604479254b', 'tag': '2be19cc5-790e-44ef-b706-5c0c64ed09f2'}] {{(pid=94834) send_events /opt/stack/neutron/neutron/notifiers/nova.py:262}}
Aug 06 19:08:35.917371 n-d-803379-6 neutron-server[94834]: DEBUG novaclient.v2.client [-] REQ: curl -g -i --cacert "/opt/stack/data/ca-bundle.pem" -X POST http://10.222.0.96/compute/v2.1/os-server-external-events -H "Accept: application/json" -H "Content-Type: application/json" -H "User-Agent: python-novaclient" -H "X-Auth-Token: {SHA256}b02a456872dddef554b8ef1149ff64e7dd38168cf3792081cbe4f31cef607fcd" -H "X-OpenStack-Nova-API-Version: 2.1" -H "X-OpenStack-Request-ID: req-fe51c514-48e4-43f4-b700-1a9e4b348d37" -d '{"events": [{"name": "network-changed", "server_uuid": "07fdcb92-d61c-4efc-832e-cb604479254b", "tag": "2be19cc5-790e-44ef-b706-5c0c64ed09f2"}]}' {{(pid=94834) _http_log_request /usr/local/lib/python3.8/dist-packages/keystoneauth1/session.py:519}}
Aug 06 19:08:35.925391 n-d-803379-6 neutron-server[94833]: INFO neutron.wsgi [None req-30303c77-a39f-4deb-b798-97ca31efae68 admin admin] 10.222.0.96 "GET /v2.0/security-groups?tenant_id=ba4fbac26d634234a5627e3b87538968&name=default HTTP/1.1" status: 200 len: 2979 time: 1.0484660
Aug 06 19:08:35.928793 n-d-803379-6 neutron-server[94833]: DEBUG neutron.wsgi [-] (94833) accepted ('10.222.0.96', 42426) {{(pid=94833) server /usr/local/lib/python3.8/dist-packages/eventlet/wsgi.py:982}}
Aug 06 19:08:35.936761 n-d-803379-6 neutron-server[94833]: DEBUG neutron.api.rpc.handlers.resources_rpc [None req-30303c77-a39f-4deb-b798-97ca31efae68 admin admin] Pushing event updated for resources: {'SecurityGroup': ['ID=670b24a9-629b-42fb-9a93-e458a31279c8,revision_number=1']} {{(pid=94833) push /opt/stack/neutron/neutron/api/rpc/handlers/resources_rpc.py:237}}
Aug 06 19:08:35.949566 n-d-803379-6 neutron-server[94834]: DEBUG neutron.pecan_wsgi.hooks.policy_enforcement [req-ea6d0289-9b4e-41a0-9d85-fa4818cf3d4e req-499a4c8b-2e97-4aba-8745-4d16ad4f19a1 tempest-MigrationsAdminTest-1569531074 tempest-MigrationsAdminTest-1569531074-project] Attributes excluded by policy engine: ['standard_attr_id', 'binding:profile', 'binding:host_id', 'binding:vif_type', 'binding:vif_details'] {{(pid=94834) _exclude_attributes_by_policy /opt/stack/neutron/neutron/pecan_wsgi/hooks/policy_enforcement.py:255}}
Aug 06 19:08:35.951001 n-d-803379-6 neutron-server[94834]: INFO neutron.wsgi [req-ea6d0289-9b4e-41a0-9d85-fa4818cf3d4e req-499a4c8b-2e97-4aba-8745-4d16ad4f19a1 tempest-MigrationsAdminTest-1569531074 tempest-MigrationsAdminTest-1569531074-project] 10.222.0.96 "GET /v2.0/ports?device_id=859e1e31-b7ba-46f1-b764-ebeb9565e2d1 HTTP/1.1" status: 200 len: 948 time: 0.2216809
Aug 06 19:08:36.016521 n-d-803379-6 neutron-server[94833]: DEBUG neutron_lib.callbacks.manager [None req-31f9035b-2b3d-49be-9f63-eb6a2674ad91 admin admin] Notify callbacks [] for security_group, before_delete {{(pid=94833) _notify_loop /usr/local/lib/python3.8/dist-packages/neutron_lib/callbacks/manager.py:192}}
Aug 06 19:08:36.054229 n-d-803379-6 neutron-server[94833]: DEBUG neutron_lib.callbacks.manager [None req-00fcf8c8-3613-4c27-afad-3f75d3d77e24 admin admin] Notify callbacks [] for security_group, precommit_create {{(pid=94833) _notify_loop /usr/local/lib/python3.8/dist-packages/neutron_lib/callbacks/manager.py:192}}
Aug 06 19:08:36.059999 n-d-803379-6 neutron-server[94833]: DEBUG neutron_lib.callbacks.manager [None req-31f9035b-2b3d-49be-9f63-eb6a2674ad91 admin admin] Notify callbacks [] for security_group, precommit_delete {{(pid=94833) _notify_loop /usr/local/lib/python3.8/dist-packages/neutron_lib/callbacks/manager.py:192}}
Aug 06 19:08:36.169224 n-d-803379-6 neutron-server[94833]: DEBUG neutron_lib.callbacks.manager [None req-00fcf8c8-3613-4c27-afad-3f75d3d77e24 admin admin] Notify callbacks ['neutron.plugins.ml2.ovo_rpc._ObjectChangeHandler.handle_event-1612256'] for security_group, after_create {{(pid=94833) _notify_loop /usr/local/lib/python3.8/dist-packages/neutron_lib/callbacks/manager.py:192}}
Aug 06 19:08:36.181773 n-d-803379-6 neutron-server[94834]: INFO neutron.wsgi [req-3079054f-925a-43c9-96cc-e89165c7717c req-e1bd8e68-0b41-4a78-bea9-d06e7db6237d tempest-DeleteServersAdminTestJSON-1524341498 tempest-DeleteServersAdminTestJSON-1524341498-project] 10.222.0.96 "GET /v2.0/security-groups?id=6b5b83c4-4012-4d39-99b3-4c1cb3a3e4ae&fields=id&fields=name HTTP/1.1" status: 200 len: 286 time: 0.3430066
Aug 06 19:08:36.199191 n-d-803379-6 neutron-server[94834]: INFO neutron.wsgi [req-ff41b539-dfd9-4dcb-9365-87167b86049c req-283a045b-0f34-422d-9c29-8ad68c0879c7 service neutron] 10.222.0.38 "GET /v2.0/networks/4845b004-f59c-461c-abf7-605f231cb579?fields=segments HTTP/1.1" status: 200 len: 212 time: 0.4636695
Aug 06 19:08:36.214820 n-d-803379-6 neutron-server[94833]: DEBUG neutron_lib.callbacks.manager [None req-31f9035b-2b3d-49be-9f63-eb6a2674ad91 admin admin] Notify callbacks ['neutron.plugins.ml2.ovo_rpc._ObjectChangeHandler.handle_event-1612256'] for security_group, after_delete {{(pid=94833) _notify_loop /usr/local/lib/python3.8/dist-packages/neutron_lib/callbacks/manager.py:192}}
