Aug 30 19:10:37.807914 n-d-803233-9 devstack@placement-api.service[101837]: DEBUG placement.handlers.allocation [req-c20a412f-1545-456e-aea8-a4f8de060c3d req-307f1e7f-e7a4-45f9-9121-fe946488f127 service placement] Successfully wrote allocations [, , ] {{(pid=101837) _create_allocations /opt/stack/placement/placement/handlers/allocation.py:461}}
Aug 30 19:10:37.817909 n-d-803233-9 devstack@placement-api.service[101837]: INFO placement.requestlog [req-c20a412f-1545-456e-aea8-a4f8de060c3d req-307f1e7f-e7a4-45f9-9121-fe946488f127 service placement] 10.222.0.42 "PUT /placement/allocations/689ad953-1914-41ca-9241-81862a3c8a42" status: 204 len: 0 microversion: 1.35
Aug 30 19:10:37.834503 n-d-803233-9 devstack@placement-api.service[101837]: [pid: 101837|app: 0|req: 393/790] 10.222.0.42 () {64 vars in 1434 bytes} [Mon Aug 30 19:10:37 2021] PUT /placement/allocations/689ad953-1914-41ca-9241-81862a3c8a42 => generated 0 bytes in 242 msecs (HTTP/1.1 204) 5 headers in 199 bytes (1 switches on core 0)
Aug 30 19:10:38.762113 n-d-803233-9 devstack@placement-api.service[101838]: DEBUG placement.requestlog [req-c20a412f-1545-456e-aea8-a4f8de060c3d req-e109a05e-e267-4364-8f49-55fe4cb8de4f None None] Starting request: 10.222.0.48 "GET /placement/allocations/689ad953-1914-41ca-9241-81862a3c8a42" {{(pid=101838) __call__ /opt/stack/placement/placement/requestlog.py:55}}
Aug 30 19:10:38.822439 n-d-803233-9 devstack@placement-api.service[101838]: INFO placement.requestlog [req-c20a412f-1545-456e-aea8-a4f8de060c3d req-e109a05e-e267-4364-8f49-55fe4cb8de4f service placement] 10.222.0.48 "GET /placement/allocations/689ad953-1914-41ca-9241-81862a3c8a42" status: 200 len: 259 microversion: 1.28
Aug 30 19:10:38.826148 n-d-803233-9 devstack@placement-api.service[101838]: [pid: 101838|app: 0|req: 398/791] 10.222.0.48 () {60 vars in 1378 bytes} [Mon Aug 30 19:10:38 2021] GET /placement/allocations/689ad953-1914-41ca-9241-81862a3c8a42 => generated 259 bytes in 64 msecs (HTTP/1.1 200) 8 headers in 296 bytes (1 switches on core 0)
Aug 30 19:10:54.425778 n-d-803233-9 devstack@placement-api.service[101837]: DEBUG placement.requestlog [req-0cf10dd2-bad2-4b6c-8031-4a7ca4f00f89 req-cbdc19c3-92ad-4c80-ad46-512c3a0978b6 None None] Starting request: 10.222.0.53 "DELETE /placement/allocations/99e87854-6cbf-4f7b-9117-4aa81014a245" {{(pid=101837) __call__ /opt/stack/placement/placement/requestlog.py:55}}
Aug 30 19:10:54.524544 n-d-803233-9 devstack@placement-api.service[101837]: DEBUG placement.handlers.allocation [req-0cf10dd2-bad2-4b6c-8031-4a7ca4f00f89 req-cbdc19c3-92ad-4c80-ad46-512c3a0978b6 service placement] Successfully deleted allocations [, , ] {{(pid=101837) delete_allocations /opt/stack/placement/placement/handlers/allocation.py:603}}
Aug 30 19:10:54.525412 n-d-803233-9 devstack@placement-api.service[101837]: INFO placement.requestlog [req-0cf10dd2-bad2-4b6c-8031-4a7ca4f00f89 req-cbdc19c3-92ad-4c80-ad46-512c3a0978b6 service placement] 10.222.0.53 "DELETE /placement/allocations/99e87854-6cbf-4f7b-9117-4aa81014a245" status: 204 len: 0 microversion: 1.0
Aug 30 19:10:54.526142 n-d-803233-9 devstack@placement-api.service[101837]: [pid: 101837|app: 0|req: 394/792] 10.222.0.53 () {60 vars in 1356 bytes} [Mon Aug 30 19:10:54 2021] DELETE /placement/allocations/99e87854-6cbf-4f7b-9117-4aa81014a245 => generated 0 bytes in 101 msecs (HTTP/1.1 204) 5 headers in 198 bytes (1 switches on core 0)
Aug 30 19:10:59.348102 n-d-803233-9 devstack@placement-api.service[101838]: DEBUG placement.requestlog [req-be8a44b8-dfde-419f-8338-602934fcc3a4 req-2fde2ae2-c858-434c-ae40-f892a063040e None None] Starting request: 10.222.0.48 "DELETE /placement/allocations/e25813d7-2d1c-4531-be24-5496b24ed3b4" {{(pid=101838) __call__ /opt/stack/placement/placement/requestlog.py:55}}
Aug 30 19:10:59.429749 n-d-803233-9 devstack@placement-api.service[101838]: DEBUG placement.handlers.allocation [req-be8a44b8-dfde-419f-8338-602934fcc3a4 req-2fde2ae2-c858-434c-ae40-f892a063040e service placement] Successfully deleted allocations [, ] {{(pid=101838) delete_allocations /opt/stack/placement/placement/handlers/allocation.py:603}}
Aug 30 19:10:59.431295 n-d-803233-9 devstack@placement-api.service[101838]: INFO placement.requestlog [req-be8a44b8-dfde-419f-8338-602934fcc3a4 req-2fde2ae2-c858-434c-ae40-f892a063040e service placement] 10.222.0.48 "DELETE /placement/allocations/e25813d7-2d1c-4531-be24-5496b24ed3b4" status: 204 len: 0 microversion: 1.0
Aug 30 19:10:59.432620 n-d-803233-9 devstack@placement-api.service[101838]: [pid: 101838|app: 0|req: 399/793] 10.222.0.48 () {60 vars in 1356 bytes} [Mon Aug 30 19:10:59 2021] DELETE /placement/allocations/e25813d7-2d1c-4531-be24-5496b24ed3b4 => generated 0 bytes in 87 msecs (HTTP/1.1 204) 5 headers in 198 bytes (1 switches on core 0)
Aug 30 19:11:06.857497 n-d-803233-9 devstack@placement-api.service[101837]: DEBUG placement.requestlog [req-7c531937-4a9c-4e96-80e1-1779f666e3a0 req-036a9d18-d64b-4dc5-9c48-da753fba643f None None] Starting request: 10.222.0.53 "DELETE /placement/allocations/2ee1ef10-1dac-43e2-88ca-12635eccd43e" {{(pid=101837) __call__ /opt/stack/placement/placement/requestlog.py:55}}
Aug 30 19:11:06.973347 n-d-803233-9 devstack@placement-api.service[101837]: DEBUG placement.handlers.allocation [req-7c531937-4a9c-4e96-80e1-1779f666e3a0 req-036a9d18-d64b-4dc5-9c48-da753fba643f service placement] Successfully deleted allocations [, , ] {{(pid=101837) delete_allocations /opt/stack/placement/placement/handlers/allocation.py:603}}
Aug 30 19:11:06.974326 n-d-803233-9 devstack@placement-api.service[101837]: INFO placement.requestlog [req-7c531937-4a9c-4e96-80e1-1779f666e3a0 req-036a9d18-d64b-4dc5-9c48-da753fba643f service placement] 10.222.0.53 "DELETE /placement/allocations/2ee1ef10-1dac-43e2-88ca-12635eccd43e" status: 204 len: 0 microversion: 1.0
Aug 30 19:11:06.974816 n-d-803233-9 devstack@placement-api.service[101837]: [pid: 101837|app: 0|req: 395/794] 10.222.0.53 () {60 vars in 1356 bytes} [Mon Aug 30 19:11:06 2021] DELETE /placement/allocations/2ee1ef10-1dac-43e2-88ca-12635eccd43e => generated 0 bytes in 118 msecs (HTTP/1.1 204) 5 headers in 198 bytes (1 switches on core 0)
Aug 30 19:11:08.415552 n-d-803233-9 devstack@placement-api.service[101838]: DEBUG placement.requestlog [req-822801c3-5af1-483a-b4f6-9eae92502639 req-283b86a8-a429-4eeb-bdfe-1c4a59d04a2e None None] Starting request: 10.222.0.53 "GET /placement/resource_providers/178a82bd-cf90-4974-9f35-aff2004a4fe1/allocations" {{(pid=101838) __call__ /opt/stack/placement/placement/requestlog.py:55}}
Aug 30 19:11:08.501241 n-d-803233-9 devstack@placement-api.service[101838]: INFO placement.requestlog [req-822801c3-5af1-483a-b4f6-9eae92502639 req-283b86a8-a429-4eeb-bdfe-1c4a59d04a2e service placement] 10.222.0.53 "GET /placement/resource_providers/178a82bd-cf90-4974-9f35-aff2004a4fe1/allocations" status: 200 len: 140 microversion: 1.0
Aug 30 19:11:08.501834 n-d-803233-9 devstack@placement-api.service[101838]: [pid: 101838|app: 0|req: 400/795] 10.222.0.53 () {58 vars in 1391 bytes} [Mon Aug 30 19:11:08 2021] GET /placement/resource_providers/178a82bd-cf90-4974-9f35-aff2004a4fe1/allocations => generated 140 bytes in 87 msecs (HTTP/1.1 200) 6 headers in 224 bytes (1 switches on core 0)
Aug 30 19:11:13.902440 n-d-803233-9 devstack@placement-api.service[101837]: DEBUG placement.requestlog [req-e9cb5eee-19cb-4564-84bb-d1099d00c27c req-d44dd8b8-a510-45a1-b002-abf0864fb3bc None None] Starting request: 10.222.0.48 "DELETE /placement/allocations/689ad953-1914-41ca-9241-81862a3c8a42" {{(pid=101837) __call__ /opt/stack/placement/placement/requestlog.py:55}}
Aug 30 19:11:13.967721 n-d-803233-9 devstack@placement-api.service[101837]: DEBUG placement.handlers.allocation [req-e9cb5eee-19cb-4564-84bb-d1099d00c27c req-d44dd8b8-a510-45a1-b002-abf0864fb3bc service placement] Successfully deleted allocations [, , ] {{(pid=101837) delete_allocations /opt/stack/placement/placement/handlers/allocation.py:603}}
Aug 30 19:11:13.968213 n-d-803233-9 devstack@placement-api.service[101837]: INFO placement.requestlog [req-e9cb5eee-19cb-4564-84bb-d1099d00c27c req-d44dd8b8-a510-45a1-b002-abf0864fb3bc service placement] 10.222.0.48 "DELETE /placement/allocations/689ad953-1914-41ca-9241-81862a3c8a42" status: 204 len: 0 microversion: 1.0
Aug 30 19:11:13.969403 n-d-803233-9 devstack@placement-api.service[101837]: [pid: 101837|app: 0|req: 396/796] 10.222.0.48 () {60 vars in 1356 bytes} [Mon Aug 30 19:11:13 2021] DELETE /placement/allocations/689ad953-1914-41ca-9241-81862a3c8a42 => generated 0 bytes in 68 msecs (HTTP/1.1 204) 5 headers in 198 bytes (2 switches on core 0)
Aug 30 19:11:18.887297 n-d-803233-9 devstack@placement-api.service[101838]: DEBUG placement.requestlog [req-498a7465-6ced-4c22-912f-e8599735cbdd req-e414e78d-8399-4d14-8b92-552b47e12143 None None] Starting request: 10.222.0.42 "GET /placement/allocation_candidates?limit=1000&resources=DISK_GB%3A1%2CMEMORY_MB%3A1024%2CVCPU%3A1&root_required=%21COMPUTE_STATUS_DISABLED" {{(pid=101838) __call__ /opt/stack/placement/placement/requestlog.py:55}}
Aug 30 19:11:18.948335 n-d-803233-9 devstack@placement-api.service[101838]: DEBUG placement.objects.research_context [req-498a7465-6ced-4c22-912f-e8599735cbdd req-e414e78d-8399-4d14-8b92-552b47e12143 service placement] getting providers with 1 DISK_GB {{(pid=101838) __init__ /opt/stack/placement/placement/objects/research_context.py:126}}
Aug 30 19:11:18.957713 n-d-803233-9 devstack@placement-api.service[101838]: DEBUG placement.objects.research_context [req-498a7465-6ced-4c22-912f-e8599735cbdd req-e414e78d-8399-4d14-8b92-552b47e12143 service placement] getting providers with 1024 MEMORY_MB {{(pid=101838) __init__ /opt/stack/placement/placement/objects/research_context.py:126}}
Aug 30 19:11:18.975733 n-d-803233-9 devstack@placement-api.service[101838]: DEBUG placement.objects.research_context [req-498a7465-6ced-4c22-912f-e8599735cbdd req-e414e78d-8399-4d14-8b92-552b47e12143 service placement] getting providers with 1 VCPU {{(pid=101838) __init__ /opt/stack/placement/placement/objects/research_context.py:126}}
Aug 30 19:11:18.984256 n-d-803233-9 devstack@placement-api.service[101838]: DEBUG placement.objects.research_context [req-498a7465-6ced-4c22-912f-e8599735cbdd req-e414e78d-8399-4d14-8b92-552b47e12143 service placement] found 2 providers with available 1 DISK_GB {{(pid=101838) get_provider_ids_matching /opt/stack/placement/placement/objects/research_context.py:549}}
Aug 30 19:11:18.984883 n-d-803233-9 devstack@placement-api.service[101838]: DEBUG placement.objects.research_context [req-498a7465-6ced-4c22-912f-e8599735cbdd req-e414e78d-8399-4d14-8b92-552b47e12143 service placement] found 2 providers with available 1024 MEMORY_MB {{(pid=101838) get_provider_ids_matching /opt/stack/placement/placement/objects/research_context.py:549}}
Aug 30 19:11:18.985434 n-d-803233-9 devstack@placement-api.service[101838]: DEBUG placement.objects.research_context [req-498a7465-6ced-4c22-912f-e8599735cbdd req-e414e78d-8399-4d14-8b92-552b47e12143 service placement] found 2 providers after filtering by previous result {{(pid=101838) get_provider_ids_matching /opt/stack/placement/placement/objects/research_context.py:580}}
Aug 30 19:11:18.985883 n-d-803233-9 devstack@placement-api.service[101838]: DEBUG placement.objects.research_context [req-498a7465-6ced-4c22-912f-e8599735cbdd req-e414e78d-8399-4d14-8b92-552b47e12143 service placement] found 2 providers with available 1 VCPU {{(pid=101838) get_provider_ids_matching /opt/stack/placement/placement/objects/research_context.py:549}}
Aug 30 19:11:18.986363 n-d-803233-9 devstack@placement-api.service[101838]: DEBUG placement.objects.research_context [req-498a7465-6ced-4c22-912f-e8599735cbdd req-e414e78d-8399-4d14-8b92-552b47e12143 service placement] found 2 providers after filtering by previous result {{(pid=101838) get_provider_ids_matching /opt/stack/placement/placement/objects/research_context.py:580}}
Aug 30 19:11:19.002424 n-d-803233-9 devstack@placement-api.service[101838]: DEBUG placement.objects.allocation_candidate [req-498a7465-6ced-4c22-912f-e8599735cbdd req-e414e78d-8399-4d14-8b92-552b47e12143 service placement] RequestGroup(use_same_provider=False, resources={DISK_GB:1, MEMORY_MB:1024, VCPU:1}, traits=[], aggregates=[]) (suffix '') returned 2 matches {{(pid=101838) _get_by_requests /opt/stack/placement/placement/objects/allocation_candidate.py:145}}
Aug 30 19:11:19.003122 n-d-803233-9 devstack@placement-api.service[101838]: DEBUG placement.objects.allocation_candidate [req-498a7465-6ced-4c22-912f-e8599735cbdd req-e414e78d-8399-4d14-8b92-552b47e12143 service placement] Merging candidates yields 2 allocation requests and 2 provider summaries {{(pid=101838) _merge_candidates /opt/stack/placement/placement/objects/allocation_candidate.py:783}}
Aug 30 19:11:19.005207 n-d-803233-9 devstack@placement-api.service[101838]: INFO placement.requestlog [req-498a7465-6ced-4c22-912f-e8599735cbdd req-e414e78d-8399-4d14-8b92-552b47e12143 service placement] 10.222.0.42 "GET /placement/allocation_candidates?limit=1000&resources=DISK_GB%3A1%2CMEMORY_MB%3A1024%2CVCPU%3A1&root_required=%21COMPUTE_STATUS_DISABLED" status: 200 len: 1309 microversion: 1.35
Aug 30 19:11:19.006015 n-d-803233-9 devstack@placement-api.service[101838]: [pid: 101838|app: 0|req: 401/797] 10.222.0.42 () {60 vars in 1507 bytes} [Mon Aug 30 19:11:18 2021] GET /placement/allocation_candidates?limit=1000&resources=DISK_GB%3A1%2CMEMORY_MB%3A1024%2CVCPU%3A1&root_required=%21COMPUTE_STATUS_DISABLED => generated 1309 bytes in 119 msecs (HTTP/1.1 200) 8 headers in 297 bytes (1 switches on core 0)
Aug 30 19:11:19.087445 n-d-803233-9 devstack@placement-api.service[101837]: DEBUG placement.requestlog [req-498a7465-6ced-4c22-912f-e8599735cbdd req-27f596eb-9cad-48e4-be8a-e8b05907c6e7 None None] Starting request: 10.222.0.42 "GET /placement/allocations/73579660-3d40-4e4e-9cef-f911dcf8c4a4" {{(pid=101837) __call__ /opt/stack/placement/placement/requestlog.py:55}}
Aug 30 19:11:19.101731 n-d-803233-9 devstack@placement-api.service[101837]: INFO placement.requestlog [req-498a7465-6ced-4c22-912f-e8599735cbdd req-27f596eb-9cad-48e4-be8a-e8b05907c6e7 service placement] 10.222.0.42 "GET /placement/allocations/73579660-3d40-4e4e-9cef-f911dcf8c4a4" status: 200 len: 19 microversion: 1.28
Aug 30 19:11:19.106140 n-d-803233-9 devstack@placement-api.service[101837]: [pid: 101837|app: 0|req: 397/798] 10.222.0.42 () {60 vars in 1381 bytes} [Mon Aug 30 19:11:19 2021] GET /placement/allocations/73579660-3d40-4e4e-9cef-f911dcf8c4a4 => generated 19 bytes in 19 msecs (HTTP/1.1 200) 8 headers in 295 bytes (1 switches on core 0)
Aug 30 19:11:19.110575 n-d-803233-9 devstack@placement-api.service[101838]: DEBUG placement.requestlog [req-498a7465-6ced-4c22-912f-e8599735cbdd req-4317e667-2154-487d-9239-ab91b9f4bc32 None None] Starting request: 10.222.0.42 "PUT /placement/allocations/73579660-3d40-4e4e-9cef-f911dcf8c4a4" {{(pid=101838) __call__ /opt/stack/placement/placement/requestlog.py:55}}
Aug 30 19:11:19.174270 n-d-803233-9 devstack@placement-api.service[101838]: DEBUG placement.handlers.allocation [req-498a7465-6ced-4c22-912f-e8599735cbdd req-4317e667-2154-487d-9239-ab91b9f4bc32 service placement] Successfully wrote allocations [, , ] {{(pid=101838) _create_allocations /opt/stack/placement/placement/handlers/allocation.py:461}}
Aug 30 19:11:19.180139 n-d-803233-9 devstack@placement-api.service[101838]: INFO placement.requestlog [req-498a7465-6ced-4c22-912f-e8599735cbdd req-4317e667-2154-487d-9239-ab91b9f4bc32 service placement] 10.222.0.42 "PUT /placement/allocations/73579660-3d40-4e4e-9cef-f911dcf8c4a4" status: 204 len: 0 microversion: 1.35
Aug 30 19:11:19.216240 n-d-803233-9 devstack@placement-api.service[101838]: [pid: 101838|app: 0|req: 402/799] 10.222.0.42 () {64 vars in 1434 bytes} [Mon Aug 30 19:11:19 2021] PUT /placement/allocations/73579660-3d40-4e4e-9cef-f911dcf8c4a4 => generated 0 bytes in 71 msecs (HTTP/1.1 204) 5 headers in 199 bytes (2 switches on core 0)
Aug 30 19:11:19.698896 n-d-803233-9 devstack@placement-api.service[101837]: DEBUG placement.requestlog [req-498a7465-6ced-4c22-912f-e8599735cbdd req-0303cb2e-233b-4f65-b7b3-0a9e71e7cc8a None None] Starting request: 10.222.0.48 "GET /placement/allocations/73579660-3d40-4e4e-9cef-f911dcf8c4a4" {{(pid=101837) __call__ /opt/stack/placement/placement/requestlog.py:55}}
Aug 30 19:11:19.744328 n-d-803233-9 devstack@placement-api.service[101837]: INFO placement.requestlog [req-498a7465-6ced-4c22-912f-e8599735cbdd req-0303cb2e-233b-4f65-b7b3-0a9e71e7cc8a service placement] 10.222.0.48 "GET /placement/allocations/73579660-3d40-4e4e-9cef-f911dcf8c4a4" status: 200 len: 259 microversion: 1.28
Aug 30 19:11:19.746093 n-d-803233-9 devstack@placement-api.service[101837]: [pid: 101837|app: 0|req: 398/800] 10.222.0.48 () {60 vars in 1378 bytes} [Mon Aug 30 19:11:19 2021] GET /placement/allocations/73579660-3d40-4e4e-9cef-f911dcf8c4a4 => generated 259 bytes in 48 msecs (HTTP/1.1 200) 8 headers in 296 bytes (1 switches on core 0)
Aug 30 19:11:20.913615 n-d-803233-9 devstack@placement-api.service[101838]: DEBUG placement.requestlog [req-be17a303-77a3-4042-8ac8-49b6f940c122 req-c44e73de-0f01-4d14-9296-9fb5930649da None None] Starting request: 10.222.0.48 "GET /placement/resource_providers/6996d9ea-1a3a-4018-8f12-869ceba0a4f3/allocations" {{(pid=101838) __call__ /opt/stack/placement/placement/requestlog.py:55}}
Aug 30 19:11:20.978766 n-d-803233-9 devstack@placement-api.service[101838]: INFO placement.requestlog [req-be17a303-77a3-4042-8ac8-49b6f940c122 req-c44e73de-0f01-4d14-9296-9fb5930649da service placement] 10.222.0.48 "GET /placement/resource_providers/6996d9ea-1a3a-4018-8f12-869ceba0a4f3/allocations" status: 200 len: 255 microversion: 1.0
Aug 30 19:11:20.979690 n-d-803233-9 devstack@placement-api.service[101838]: [pid: 101838|app: 0|req: 403/801] 10.222.0.48 () {58 vars in 1391 bytes} [Mon Aug 30 19:11:20 2021] GET /placement/resource_providers/6996d9ea-1a3a-4018-8f12-869ceba0a4f3/allocations => generated 255 bytes in 67 msecs (HTTP/1.1 200) 6 headers in 224 bytes (2 switches on core 0)
Aug 30 19:11:50.556383 n-d-803233-9 devstack@placement-api.service[101837]: DEBUG placement.requestlog [req-e7371142-ff25-4ee1-877a-f1f41af44745 req-ecf6afcf-2606-4c70-8fdb-3a294e781ab8 None None] Starting request: 10.222.0.42 "GET /placement/allocation_candidates?limit=1000&resources=DISK_GB%3A1%2CMEMORY_MB%3A1024%2CVCPU%3A1&root_required=%21COMPUTE_STATUS_DISABLED" {{(pid=101837) __call__ /opt/stack/placement/placement/requestlog.py:55}}
Aug 30 19:11:50.628345 n-d-803233-9 devstack@placement-api.service[101837]: DEBUG placement.objects.research_context [req-e7371142-ff25-4ee1-877a-f1f41af44745 req-ecf6afcf-2606-4c70-8fdb-3a294e781ab8 service placement] getting providers with 1 DISK_GB {{(pid=101837) __init__ /opt/stack/placement/placement/objects/research_context.py:126}}
Aug 30 19:11:50.642040 n-d-803233-9 devstack@placement-api.service[101837]: DEBUG placement.objects.research_context [req-e7371142-ff25-4ee1-877a-f1f41af44745 req-ecf6afcf-2606-4c70-8fdb-3a294e781ab8 service placement] getting providers with 1024 MEMORY_MB {{(pid=101837) __init__ /opt/stack/placement/placement/objects/research_context.py:126}}
Aug 30 19:11:50.660859 n-d-803233-9 devstack@placement-api.service[101837]: DEBUG placement.objects.research_context [req-e7371142-ff25-4ee1-877a-f1f41af44745 req-ecf6afcf-2606-4c70-8fdb-3a294e781ab8 service placement] getting providers with 1 VCPU {{(pid=101837) __init__ /opt/stack/placement/placement/objects/research_context.py:126}}
Aug 30 19:11:50.677466 n-d-803233-9 devstack@placement-api.service[101837]: DEBUG placement.objects.research_context [req-e7371142-ff25-4ee1-877a-f1f41af44745 req-ecf6afcf-2606-4c70-8fdb-3a294e781ab8 service placement] found 2 providers with available 1 DISK_GB {{(pid=101837) get_provider_ids_matching /opt/stack/placement/placement/objects/research_context.py:549}}
Aug 30 19:11:50.677783 n-d-803233-9 devstack@placement-api.service[101837]: DEBUG placement.objects.research_context [req-e7371142-ff25-4ee1-877a-f1f41af44745 req-ecf6afcf-2606-4c70-8fdb-3a294e781ab8 service placement] found 2 providers with available 1024 MEMORY_MB {{(pid=101837) get_provider_ids_matching /opt/stack/placement/placement/objects/research_context.py:549}}
Aug 30 19:11:50.681648 n-d-803233-9 devstack@placement-api.service[101837]: DEBUG placement.objects.research_context [req-e7371142-ff25-4ee1-877a-f1f41af44745 req-ecf6afcf-2606-4c70-8fdb-3a294e781ab8 service placement] found 2 providers after filtering by previous result {{(pid=101837) get_provider_ids_matching /opt/stack/placement/placement/objects/research_context.py:580}}
Aug 30 19:11:50.682253 n-d-803233-9 devstack@placement-api.service[101837]: DEBUG placement.objects.research_context [req-e7371142-ff25-4ee1-877a-f1f41af44745 req-ecf6afcf-2606-4c70-8fdb-3a294e781ab8 service placement] found 2 providers with available 1 VCPU {{(pid=101837) get_provider_ids_matching /opt/stack/placement/placement/objects/research_context.py:549}}
Aug 30 19:11:50.682726 n-d-803233-9 devstack@placement-api.service[101837]: DEBUG placement.objects.research_context [req-e7371142-ff25-4ee1-877a-f1f41af44745 req-ecf6afcf-2606-4c70-8fdb-3a294e781ab8 service placement] found 2 providers after filtering by previous result {{(pid=101837) get_provider_ids_matching /opt/stack/placement/placement/objects/research_context.py:580}}
Aug 30 19:11:50.720999 n-d-803233-9 devstack@placement-api.service[101837]: DEBUG placement.objects.allocation_candidate [req-e7371142-ff25-4ee1-877a-f1f41af44745 req-ecf6afcf-2606-4c70-8fdb-3a294e781ab8 service placement] RequestGroup(use_same_provider=False, resources={DISK_GB:1, MEMORY_MB:1024, VCPU:1}, traits=[], aggregates=[]) (suffix '') returned 2 matches {{(pid=101837) _get_by_requests /opt/stack/placement/placement/objects/allocation_candidate.py:145}}
Aug 30 19:11:50.721380 n-d-803233-9 devstack@placement-api.service[101837]: DEBUG placement.objects.allocation_candidate [req-e7371142-ff25-4ee1-877a-f1f41af44745 req-ecf6afcf-2606-4c70-8fdb-3a294e781ab8 service placement] Merging candidates yields 2 allocation requests and 2 provider summaries {{(pid=101837) _merge_candidates /opt/stack/placement/placement/objects/allocation_candidate.py:783}}
Aug 30 19:11:50.730229 n-d-803233-9 devstack@placement-api.service[101837]: INFO placement.requestlog [req-e7371142-ff25-4ee1-877a-f1f41af44745 req-ecf6afcf-2606-4c70-8fdb-3a294e781ab8 service placement] 10.222.0.42 "GET /placement/allocation_candidates?limit=1000&resources=DISK_GB%3A1%2CMEMORY_MB%3A1024%2CVCPU%3A1&root_required=%21COMPUTE_STATUS_DISABLED" status: 200 len: 1309 microversion: 1.35
Aug 30 19:11:50.731038 n-d-803233-9 devstack@placement-api.service[101837]: [pid: 101837|app: 0|req: 399/802] 10.222.0.42 () {60 vars in 1507 bytes} [Mon Aug 30 19:11:50 2021] GET /placement/allocation_candidates?limit=1000&resources=DISK_GB%3A1%2CMEMORY_MB%3A1024%2CVCPU%3A1&root_required=%21COMPUTE_STATUS_DISABLED => generated 1309 bytes in 175 msecs (HTTP/1.1 200) 8 headers in 297 bytes (1 switches on core 0)
Aug 30 19:11:50.854607 n-d-803233-9 devstack@placement-api.service[101838]: DEBUG placement.requestlog [req-e7371142-ff25-4ee1-877a-f1f41af44745 req-4981884f-d423-43e8-999d-bdde15067225 None None] Starting request: 10.222.0.42 "GET /placement/allocations/a9744914-d7d9-4127-b097-582c8509d89c" {{(pid=101838) __call__ /opt/stack/placement/placement/requestlog.py:55}}
Aug 30 19:11:50.874217 n-d-803233-9 devstack@placement-api.service[101838]: INFO placement.requestlog [req-e7371142-ff25-4ee1-877a-f1f41af44745 req-4981884f-d423-43e8-999d-bdde15067225 service placement] 10.222.0.42 "GET /placement/allocations/a9744914-d7d9-4127-b097-582c8509d89c" status: 200 len: 19 microversion: 1.28
Aug 30 19:11:50.874768 n-d-803233-9 devstack@placement-api.service[101838]: [pid: 101838|app: 0|req: 404/803] 10.222.0.42 () {60 vars in 1381 bytes} [Mon Aug 30 19:11:50 2021] GET /placement/allocations/a9744914-d7d9-4127-b097-582c8509d89c => generated 19 bytes in 21 msecs (HTTP/1.1 200) 8 headers in 295 bytes (2 switches on core 0)
Aug 30 19:11:50.882304 n-d-803233-9 devstack@placement-api.service[101837]: DEBUG placement.requestlog [req-e7371142-ff25-4ee1-877a-f1f41af44745 req-3658a897-50c3-4363-aca4-2ff006002796 None None] Starting request: 10.222.0.42 "PUT /placement/allocations/a9744914-d7d9-4127-b097-582c8509d89c" {{(pid=101837) __call__ /opt/stack/placement/placement/requestlog.py:55}}
Aug 30 19:11:50.930095 n-d-803233-9 devstack@placement-api.service[101837]: DEBUG placement.handlers.allocation [req-e7371142-ff25-4ee1-877a-f1f41af44745 req-3658a897-50c3-4363-aca4-2ff006002796 service placement] Successfully wrote allocations [, , ] {{(pid=101837) _create_allocations /opt/stack/placement/placement/handlers/allocation.py:461}}
Aug 30 19:11:50.935340 n-d-803233-9 devstack@placement-api.service[101837]: INFO placement.requestlog [req-e7371142-ff25-4ee1-877a-f1f41af44745 req-3658a897-50c3-4363-aca4-2ff006002796 service placement] 10.222.0.42 "PUT /placement/allocations/a9744914-d7d9-4127-b097-582c8509d89c" status: 204 len: 0 microversion: 1.35
Aug 30 19:11:50.945514 n-d-803233-9 devstack@placement-api.service[101837]: [pid: 101837|app: 0|req: 400/804] 10.222.0.42 () {64 vars in 1434 bytes} [Mon Aug 30 19:11:50 2021] PUT /placement/allocations/a9744914-d7d9-4127-b097-582c8509d89c => generated 0 bytes in 55 msecs (HTTP/1.1 204) 5 headers in 199 bytes (1 switches on core 0)
Aug 30 19:11:51.647696 n-d-803233-9 devstack@placement-api.service[101838]: DEBUG placement.requestlog [req-e7371142-ff25-4ee1-877a-f1f41af44745 req-2a607aa8-0d99-4fe0-bca1-fbc36ce2054a None None] Starting request: 10.222.0.53 "GET /placement/allocations/a9744914-d7d9-4127-b097-582c8509d89c" {{(pid=101838) __call__ /opt/stack/placement/placement/requestlog.py:55}}
Aug 30 19:11:51.745448 n-d-803233-9 devstack@placement-api.service[101838]: INFO placement.requestlog [req-e7371142-ff25-4ee1-877a-f1f41af44745 req-2a607aa8-0d99-4fe0-bca1-fbc36ce2054a service placement] 10.222.0.53 "GET /placement/allocations/a9744914-d7d9-4127-b097-582c8509d89c" status: 200 len: 259 microversion: 1.28
Aug 30 19:11:51.745821 n-d-803233-9 devstack@placement-api.service[101838]: [pid: 101838|app: 0|req: 405/805] 10.222.0.53 () {60 vars in 1378 bytes} [Mon Aug 30 19:11:51 2021] GET /placement/allocations/a9744914-d7d9-4127-b097-582c8509d89c => generated 259 bytes in 99 msecs (HTTP/1.1 200) 8 headers in 296 bytes (1 switches on core 0)
Aug 30 19:11:58.590382 n-d-803233-9 devstack@placement-api.service[101837]: DEBUG placement.requestlog [req-955e78a8-36ec-4e0d-8759-dcb0c9bb413c req-79a5f4ba-fe93-46bb-affb-129dfb4b12ab None None] Starting request: 10.222.0.42 "GET /placement/allocation_candidates?limit=1000&resources=DISK_GB%3A1%2CMEMORY_MB%3A1024%2CVCPU%3A1&root_required=%21COMPUTE_STATUS_DISABLED" {{(pid=101837) __call__ /opt/stack/placement/placement/requestlog.py:55}}
Aug 30 19:11:58.721521 n-d-803233-9 devstack@placement-api.service[101837]: DEBUG placement.objects.research_context [req-955e78a8-36ec-4e0d-8759-dcb0c9bb413c req-79a5f4ba-fe93-46bb-affb-129dfb4b12ab service placement] getting providers with 1 DISK_GB {{(pid=101837) __init__ /opt/stack/placement/placement/objects/research_context.py:126}}
Aug 30 19:11:58.753463 n-d-803233-9 devstack@placement-api.service[101837]: DEBUG placement.objects.research_context [req-955e78a8-36ec-4e0d-8759-dcb0c9bb413c req-79a5f4ba-fe93-46bb-affb-129dfb4b12ab service placement] getting providers with 1024 MEMORY_MB {{(pid=101837) __init__ /opt/stack/placement/placement/objects/research_context.py:126}}
Aug 30 19:11:58.776512 n-d-803233-9 devstack@placement-api.service[101837]: DEBUG placement.objects.research_context [req-955e78a8-36ec-4e0d-8759-dcb0c9bb413c req-79a5f4ba-fe93-46bb-affb-129dfb4b12ab service placement] getting providers with 1 VCPU {{(pid=101837) __init__ /opt/stack/placement/placement/objects/research_context.py:126}}
Aug 30 19:11:58.803603 n-d-803233-9 devstack@placement-api.service[101837]: DEBUG placement.objects.research_context [req-955e78a8-36ec-4e0d-8759-dcb0c9bb413c req-79a5f4ba-fe93-46bb-affb-129dfb4b12ab service placement] found 2 providers with available 1 DISK_GB {{(pid=101837) get_provider_ids_matching /opt/stack/placement/placement/objects/research_context.py:549}}
Aug 30 19:11:58.804484 n-d-803233-9 devstack@placement-api.service[101837]: DEBUG placement.objects.research_context [req-955e78a8-36ec-4e0d-8759-dcb0c9bb413c req-79a5f4ba-fe93-46bb-affb-129dfb4b12ab service placement] found 2 providers with available 1024 MEMORY_MB {{(pid=101837) get_provider_ids_matching /opt/stack/placement/placement/objects/research_context.py:549}}
Aug 30 19:11:58.805432 n-d-803233-9 devstack@placement-api.service[101837]: DEBUG placement.objects.research_context [req-955e78a8-36ec-4e0d-8759-dcb0c9bb413c req-79a5f4ba-fe93-46bb-affb-129dfb4b12ab service placement] found 2 providers after filtering by previous result {{(pid=101837) get_provider_ids_matching /opt/stack/placement/placement/objects/research_context.py:580}}
Aug 30 19:11:58.806148 n-d-803233-9 devstack@placement-api.service[101837]: DEBUG placement.objects.research_context [req-955e78a8-36ec-4e0d-8759-dcb0c9bb413c req-79a5f4ba-fe93-46bb-affb-129dfb4b12ab service placement] found 2 providers with available 1 VCPU {{(pid=101837) get_provider_ids_matching /opt/stack/placement/placement/objects/research_context.py:549}}
Aug 30 19:11:58.806974 n-d-803233-9 devstack@placement-api.service[101837]: DEBUG placement.objects.research_context [req-955e78a8-36ec-4e0d-8759-dcb0c9bb413c req-79a5f4ba-fe93-46bb-affb-129dfb4b12ab service placement] found 2 providers after filtering by previous result {{(pid=101837) get_provider_ids_matching /opt/stack/placement/placement/objects/research_context.py:580}}
Aug 30 19:11:58.853410 n-d-803233-9 devstack@placement-api.service[101837]: DEBUG placement.objects.allocation_candidate [req-955e78a8-36ec-4e0d-8759-dcb0c9bb413c req-79a5f4ba-fe93-46bb-affb-129dfb4b12ab service placement] RequestGroup(use_same_provider=False, resources={DISK_GB:1, MEMORY_MB:1024, VCPU:1}, traits=[], aggregates=[]) (suffix '') returned 2 matches {{(pid=101837) _get_by_requests /opt/stack/placement/placement/objects/allocation_candidate.py:145}}
Aug 30 19:11:58.859146 n-d-803233-9 devstack@placement-api.service[101837]: DEBUG placement.objects.allocation_candidate [req-955e78a8-36ec-4e0d-8759-dcb0c9bb413c req-79a5f4ba-fe93-46bb-affb-129dfb4b12ab service placement] Merging candidates yields 2 allocation requests and 2 provider summaries {{(pid=101837) _merge_candidates /opt/stack/placement/placement/objects/allocation_candidate.py:783}}
Aug 30 19:11:58.864510 n-d-803233-9 devstack@placement-api.service[101837]: INFO placement.requestlog [req-955e78a8-36ec-4e0d-8759-dcb0c9bb413c req-79a5f4ba-fe93-46bb-affb-129dfb4b12ab service placement] 10.222.0.42 "GET /placement/allocation_candidates?limit=1000&resources=DISK_GB%3A1%2CMEMORY_MB%3A1024%2CVCPU%3A1&root_required=%21COMPUTE_STATUS_DISABLED" status: 200 len: 1309 microversion: 1.35
Aug 30 19:11:58.868720 n-d-803233-9 devstack@placement-api.service[101837]: [pid: 101837|app: 0|req: 401/806] 10.222.0.42 () {60 vars in 1507 bytes} [Mon Aug 30 19:11:58 2021] GET /placement/allocation_candidates?limit=1000&resources=DISK_GB%3A1%2CMEMORY_MB%3A1024%2CVCPU%3A1&root_required=%21COMPUTE_STATUS_DISABLED => generated 1309 bytes in 279 msecs (HTTP/1.1 200) 8 headers in 297 bytes (1 switches on core 0)
Aug 30 19:11:58.996132 n-d-803233-9 devstack@placement-api.service[101838]: DEBUG placement.requestlog [req-955e78a8-36ec-4e0d-8759-dcb0c9bb413c req-79cc0bc8-79bc-42e3-acd6-f7344f11fc2b None None] Starting request: 10.222.0.42 "GET /placement/allocations/9a8955d2-3910-473b-95fe-6e846eda3ba9" {{(pid=101838) __call__ /opt/stack/placement/placement/requestlog.py:55}}
Aug 30 19:11:59.036609 n-d-803233-9 devstack@placement-api.service[101838]: INFO placement.requestlog [req-955e78a8-36ec-4e0d-8759-dcb0c9bb413c req-79cc0bc8-79bc-42e3-acd6-f7344f11fc2b service placement] 10.222.0.42 "GET /placement/allocations/9a8955d2-3910-473b-95fe-6e846eda3ba9" status: 200 len: 19 microversion: 1.28
Aug 30 19:11:59.037922 n-d-803233-9 devstack@placement-api.service[101838]: [pid: 101838|app: 0|req: 406/807] 10.222.0.42 () {60 vars in 1381 bytes} [Mon Aug 30 19:11:58 2021] GET /placement/allocations/9a8955d2-3910-473b-95fe-6e846eda3ba9 => generated 19 bytes in 41 msecs (HTTP/1.1 200) 8 headers in 295 bytes (1 switches on core 0)
Aug 30 19:11:59.044145 n-d-803233-9 devstack@placement-api.service[101837]: DEBUG placement.requestlog [req-955e78a8-36ec-4e0d-8759-dcb0c9bb413c req-534dd19e-497b-4182-bb2d-aadc47fbc403 None None] Starting request: 10.222.0.42 "PUT /placement/allocations/9a8955d2-3910-473b-95fe-6e846eda3ba9" {{(pid=101837) __call__ /opt/stack/placement/placement/requestlog.py:55}}
Aug 30 19:11:59.280574 n-d-803233-9 devstack@placement-api.service[101837]: DEBUG placement.handlers.allocation [req-955e78a8-36ec-4e0d-8759-dcb0c9bb413c req-534dd19e-497b-4182-bb2d-aadc47fbc403 service placement] Successfully wrote allocations [, , ] {{(pid=101837) _create_allocations /opt/stack/placement/placement/handlers/allocation.py:461}}
Aug 30 19:11:59.299900 n-d-803233-9 devstack@placement-api.service[101837]: INFO placement.requestlog [req-955e78a8-36ec-4e0d-8759-dcb0c9bb413c req-534dd19e-497b-4182-bb2d-aadc47fbc403 service placement] 10.222.0.42 "PUT /placement/allocations/9a8955d2-3910-473b-95fe-6e846eda3ba9" status: 204 len: 0 microversion: 1.35
Aug 30 19:11:59.300246 n-d-803233-9 devstack@placement-api.service[101837]: [pid: 101837|app: 0|req: 402/808] 10.222.0.42 () {64 vars in 1434 bytes} [Mon Aug 30 19:11:59 2021] PUT /placement/allocations/9a8955d2-3910-473b-95fe-6e846eda3ba9 => generated 0 bytes in 256 msecs (HTTP/1.1 204) 5 headers in 199 bytes (1 switches on core 0)
Aug 30 19:12:00.115992 n-d-803233-9 devstack@placement-api.service[101838]: DEBUG placement.requestlog [req-955e78a8-36ec-4e0d-8759-dcb0c9bb413c req-8dd93ff1-191a-4807-bdb8-13dc8fcdb4b6 None None] Starting request: 10.222.0.53 "GET /placement/allocations/9a8955d2-3910-473b-95fe-6e846eda3ba9" {{(pid=101838) __call__ /opt/stack/placement/placement/requestlog.py:55}}
Aug 30 19:12:00.172809 n-d-803233-9 devstack@placement-api.service[101838]: INFO placement.requestlog [req-955e78a8-36ec-4e0d-8759-dcb0c9bb413c req-8dd93ff1-191a-4807-bdb8-13dc8fcdb4b6 service placement] 10.222.0.53 "GET /placement/allocations/9a8955d2-3910-473b-95fe-6e846eda3ba9" status: 200 len: 259 microversion: 1.28
Aug 30 19:12:00.173897 n-d-803233-9 devstack@placement-api.service[101838]: [pid: 101838|app: 0|req: 407/809] 10.222.0.53 () {60 vars in 1378 bytes} [Mon Aug 30 19:12:00 2021] GET /placement/allocations/9a8955d2-3910-473b-95fe-6e846eda3ba9 => generated 259 bytes in 58 msecs (HTTP/1.1 200) 8 headers in 296 bytes (2 switches on core 0)
Aug 30 19:12:16.131854 n-d-803233-9 devstack@placement-api.service[101837]: DEBUG placement.requestlog [req-6624e3de-d328-45e7-ae0e-96da39e79141 req-886e3d86-ca67-400d-8ebf-fe9bc1a1366d None None] Starting request: 10.222.0.48 "DELETE /placement/allocations/73579660-3d40-4e4e-9cef-f911dcf8c4a4" {{(pid=101837) __call__ /opt/stack/placement/placement/requestlog.py:55}}
Aug 30 19:12:16.185206 n-d-803233-9 devstack@placement-api.service[101837]: DEBUG placement.handlers.allocation [req-6624e3de-d328-45e7-ae0e-96da39e79141 req-886e3d86-ca67-400d-8ebf-fe9bc1a1366d service placement] Successfully deleted allocations [, , ] {{(pid=101837) delete_allocations /opt/stack/placement/placement/handlers/allocation.py:603}}
Aug 30 19:12:16.186435 n-d-803233-9 devstack@placement-api.service[101837]: INFO placement.requestlog [req-6624e3de-d328-45e7-ae0e-96da39e79141 req-886e3d86-ca67-400d-8ebf-fe9bc1a1366d service placement] 10.222.0.48 "DELETE /placement/allocations/73579660-3d40-4e4e-9cef-f911dcf8c4a4" status: 204 len: 0 microversion: 1.0
Aug 30 19:12:16.187164 n-d-803233-9 devstack@placement-api.service[101837]: [pid: 101837|app: 0|req: 403/810] 10.222.0.48 () {60 vars in 1356 bytes} [Mon Aug 30 19:12:16 2021] DELETE /placement/allocations/73579660-3d40-4e4e-9cef-f911dcf8c4a4 => generated 0 bytes in 56 msecs (HTTP/1.1 204) 5 headers in 198 bytes (1 switches on core 0)
Aug 30 19:12:20.391249 n-d-803233-9 devstack@placement-api.service[101838]: DEBUG placement.requestlog [req-4ce2c774-c6f0-4362-a3b1-4913145c3b34 req-77c792b4-5345-43e3-8cb5-a433c183719a None None] Starting request: 10.222.0.48 "GET /placement/resource_providers/6996d9ea-1a3a-4018-8f12-869ceba0a4f3/allocations" {{(pid=101838) __call__ /opt/stack/placement/placement/requestlog.py:55}}
Aug 30 19:12:20.795947 n-d-803233-9 devstack@placement-api.service[101837]: DEBUG placement.requestlog [req-e7723981-4b38-4d33-89bb-87312dfeb5b9 req-570909d7-c1b3-4fe6-aa4a-1fa0a64d8559 None None] Starting request: 10.222.0.53 "GET /placement/resource_providers/178a82bd-cf90-4974-9f35-aff2004a4fe1/allocations" {{(pid=101837) __call__ /opt/stack/placement/placement/requestlog.py:55}}
Aug 30 19:12:21.261399 n-d-803233-9 devstack@placement-api.service[101838]: INFO placement.requestlog [req-4ce2c774-c6f0-4362-a3b1-4913145c3b34 req-77c792b4-5345-43e3-8cb5-a433c183719a service placement] 10.222.0.48 "GET /placement/resource_providers/6996d9ea-1a3a-4018-8f12-869ceba0a4f3/allocations" status: 200 len: 154 microversion: 1.0
Aug 30 19:12:21.264494 n-d-803233-9 devstack@placement-api.service[101838]: [pid: 101838|app: 0|req: 408/811] 10.222.0.48 () {58 vars in 1391 bytes} [Mon Aug 30 19:12:20 2021] GET /placement/resource_providers/6996d9ea-1a3a-4018-8f12-869ceba0a4f3/allocations => generated 154 bytes in 874 msecs (HTTP/1.1 200) 6 headers in 224 bytes (2 switches on core 0)
Aug 30 19:12:21.265663 n-d-803233-9 devstack@placement-api.service[101838]: DEBUG placement.requestlog [req-2e2d7a3c-aa4a-4748-88d9-38295157bcf2 req-8882b85b-91e0-4d68-b69c-29823fd3266a None None] Starting request: 10.222.0.42 "GET /placement/allocation_candidates?limit=1000&resources=DISK_GB%3A1%2CMEMORY_MB%3A1024%2CVCPU%3A1&root_required=%21COMPUTE_STATUS_DISABLED" {{(pid=101838) __call__ /opt/stack/placement/placement/requestlog.py:55}}
Aug 30 19:12:21.410749 n-d-803233-9 devstack@placement-api.service[101838]: DEBUG placement.objects.research_context [req-2e2d7a3c-aa4a-4748-88d9-38295157bcf2 req-8882b85b-91e0-4d68-b69c-29823fd3266a service placement] getting providers with 1 DISK_GB {{(pid=101838) __init__ /opt/stack/placement/placement/objects/research_context.py:126}}
Aug 30 19:12:21.438391 n-d-803233-9 devstack@placement-api.service[101838]: DEBUG placement.objects.research_context [req-2e2d7a3c-aa4a-4748-88d9-38295157bcf2 req-8882b85b-91e0-4d68-b69c-29823fd3266a service placement] getting providers with 1024 MEMORY_MB {{(pid=101838) __init__ /opt/stack/placement/placement/objects/research_context.py:126}}
Aug 30 19:12:21.450332 n-d-803233-9 devstack@placement-api.service[101838]: DEBUG placement.objects.research_context [req-2e2d7a3c-aa4a-4748-88d9-38295157bcf2 req-8882b85b-91e0-4d68-b69c-29823fd3266a service placement] getting providers with 1 VCPU {{(pid=101838) __init__ /opt/stack/placement/placement/objects/research_context.py:126}}
Aug 30 19:12:21.465405 n-d-803233-9 devstack@placement-api.service[101838]: DEBUG placement.objects.research_context [req-2e2d7a3c-aa4a-4748-88d9-38295157bcf2 req-8882b85b-91e0-4d68-b69c-29823fd3266a service placement] found 2 providers with available 1 DISK_GB {{(pid=101838) get_provider_ids_matching /opt/stack/placement/placement/objects/research_context.py:549}}
Aug 30 19:12:21.466377 n-d-803233-9 devstack@placement-api.service[101838]: DEBUG placement.objects.research_context [req-2e2d7a3c-aa4a-4748-88d9-38295157bcf2 req-8882b85b-91e0-4d68-b69c-29823fd3266a service placement] found 2 providers with available 1024 MEMORY_MB {{(pid=101838) get_provider_ids_matching /opt/stack/placement/placement/objects/research_context.py:549}}
Aug 30 19:12:21.467324 n-d-803233-9 devstack@placement-api.service[101838]: DEBUG placement.objects.research_context [req-2e2d7a3c-aa4a-4748-88d9-38295157bcf2 req-8882b85b-91e0-4d68-b69c-29823fd3266a service placement] found 2 providers after filtering by previous result {{(pid=101838) get_provider_ids_matching /opt/stack/placement/placement/objects/research_context.py:580}}
Aug 30 19:12:21.468135 n-d-803233-9 devstack@placement-api.service[101838]: DEBUG placement.objects.research_context [req-2e2d7a3c-aa4a-4748-88d9-38295157bcf2 req-8882b85b-91e0-4d68-b69c-29823fd3266a service placement] found 2 providers with available 1 VCPU {{(pid=101838) get_provider_ids_matching /opt/stack/placement/placement/objects/research_context.py:549}}
Aug 30 19:12:21.469658 n-d-803233-9 devstack@placement-api.service[101838]: DEBUG placement.objects.research_context [req-2e2d7a3c-aa4a-4748-88d9-38295157bcf2 req-8882b85b-91e0-4d68-b69c-29823fd3266a service placement] found 2 providers after filtering by previous result {{(pid=101838) get_provider_ids_matching /opt/stack/placement/placement/objects/research_context.py:580}}
Aug 30 19:12:21.497321 n-d-803233-9 devstack@placement-api.service[101838]: DEBUG placement.objects.allocation_candidate [req-2e2d7a3c-aa4a-4748-88d9-38295157bcf2 req-8882b85b-91e0-4d68-b69c-29823fd3266a service placement] RequestGroup(use_same_provider=False, resources={DISK_GB:1, MEMORY_MB:1024, VCPU:1}, traits=[], aggregates=[]) (suffix '') returned 2 matches {{(pid=101838) _get_by_requests /opt/stack/placement/placement/objects/allocation_candidate.py:145}}
Aug 30 19:12:21.499194 n-d-803233-9 devstack@placement-api.service[101838]: DEBUG placement.objects.allocation_candidate [req-2e2d7a3c-aa4a-4748-88d9-38295157bcf2 req-8882b85b-91e0-4d68-b69c-29823fd3266a service placement] Merging candidates yields 2 allocation requests and 2 provider summaries {{(pid=101838) _merge_candidates /opt/stack/placement/placement/objects/allocation_candidate.py:783}}
Aug 30 19:12:21.503014 n-d-803233-9 devstack@placement-api.service[101838]: INFO placement.requestlog [req-2e2d7a3c-aa4a-4748-88d9-38295157bcf2 req-8882b85b-91e0-4d68-b69c-29823fd3266a service placement] 10.222.0.42 "GET /placement/allocation_candidates?limit=1000&resources=DISK_GB%3A1%2CMEMORY_MB%3A1024%2CVCPU%3A1&root_required=%21COMPUTE_STATUS_DISABLED" status: 200 len: 1309 microversion: 1.35
Aug 30 19:12:21.503785 n-d-803233-9 devstack@placement-api.service[101838]: [pid: 101838|app: 0|req: 409/812] 10.222.0.42 () {60 vars in 1507 bytes} [Mon Aug 30 19:12:21 2021] GET /placement/allocation_candidates?limit=1000&resources=DISK_GB%3A1%2CMEMORY_MB%3A1024%2CVCPU%3A1&root_required=%21COMPUTE_STATUS_DISABLED => generated 1309 bytes in 239 msecs (HTTP/1.1 200) 8 headers in 297 bytes (1 switches on core 0)
Aug 30 19:12:21.743699 n-d-803233-9 devstack@placement-api.service[101838]: DEBUG placement.requestlog [req-2e2d7a3c-aa4a-4748-88d9-38295157bcf2 req-76b20713-0766-418a-b198-8443981aa9fc None None] Starting request: 10.222.0.42 "GET /placement/allocations/53fe18d6-daa1-477d-b5d5-003c41503cd9" {{(pid=101838) __call__ /opt/stack/placement/placement/requestlog.py:55}}
Aug 30 19:12:21.775046 n-d-803233-9 devstack@placement-api.service[101837]: INFO placement.requestlog [req-e7723981-4b38-4d33-89bb-87312dfeb5b9 req-570909d7-c1b3-4fe6-aa4a-1fa0a64d8559 service placement] 10.222.0.53 "GET /placement/resource_providers/178a82bd-cf90-4974-9f35-aff2004a4fe1/allocations" status: 200 len: 342 microversion: 1.0
Aug 30 19:12:21.776196 n-d-803233-9 devstack@placement-api.service[101837]: [pid: 101837|app: 0|req: 404/813] 10.222.0.53 () {58 vars in 1391 bytes} [Mon Aug 30 19:12:20 2021] GET /placement/resource_providers/178a82bd-cf90-4974-9f35-aff2004a4fe1/allocations => generated 342 bytes in 981 msecs (HTTP/1.1 200) 6 headers in 224 bytes (1 switches on core 0)
Aug 30 19:12:21.792031 n-d-803233-9 devstack@placement-api.service[101838]: INFO placement.requestlog [req-2e2d7a3c-aa4a-4748-88d9-38295157bcf2 req-76b20713-0766-418a-b198-8443981aa9fc service placement] 10.222.0.42 "GET /placement/allocations/53fe18d6-daa1-477d-b5d5-003c41503cd9" status: 200 len: 19 microversion: 1.28
Aug 30 19:12:21.792402 n-d-803233-9 devstack@placement-api.service[101838]: [pid: 101838|app: 0|req: 410/814] 10.222.0.42 () {60 vars in 1381 bytes} [Mon Aug 30 19:12:21 2021] GET /placement/allocations/53fe18d6-daa1-477d-b5d5-003c41503cd9 => generated 19 bytes in 49 msecs (HTTP/1.1 200) 8 headers in 295 bytes (2 switches on core 0)
Aug 30 19:12:21.804339 n-d-803233-9 devstack@placement-api.service[101837]: DEBUG placement.requestlog [req-2e2d7a3c-aa4a-4748-88d9-38295157bcf2 req-27c68004-a1b5-499c-8e4a-a04c43278378 None None] Starting request: 10.222.0.42 "PUT /placement/allocations/53fe18d6-daa1-477d-b5d5-003c41503cd9" {{(pid=101837) __call__ /opt/stack/placement/placement/requestlog.py:55}}
Aug 30 19:12:21.834780 n-d-803233-9 devstack@placement-api.service[101838]: DEBUG placement.requestlog [req-e7723981-4b38-4d33-89bb-87312dfeb5b9 req-6c2e43ff-f5de-46c1-8204-b9008192b66e None None] Starting request: 10.222.0.53 "GET /placement/resource_providers?in_tree=178a82bd-cf90-4974-9f35-aff2004a4fe1" {{(pid=101838) __call__ /opt/stack/placement/placement/requestlog.py:55}}
Aug 30 19:12:21.884603 n-d-803233-9 devstack@placement-api.service[101838]: INFO placement.requestlog [req-e7723981-4b38-4d33-89bb-87312dfeb5b9 req-6c2e43ff-f5de-46c1-8204-b9008192b66e service placement] 10.222.0.53 "GET /placement/resource_providers?in_tree=178a82bd-cf90-4974-9f35-aff2004a4fe1" status: 200 len: 863 microversion: 1.14
Aug 30 19:12:21.885801 n-d-803233-9 devstack@placement-api.service[101838]: [pid: 101838|app: 0|req: 411/815] 10.222.0.53 () {60 vars in 1377 bytes} [Mon Aug 30 19:12:21 2021] GET /placement/resource_providers?in_tree=178a82bd-cf90-4974-9f35-aff2004a4fe1 => generated 863 bytes in 52 msecs (HTTP/1.1 200) 6 headers in 225 bytes (2 switches on core 0)
Aug 30 19:12:21.900295 n-d-803233-9 devstack@placement-api.service[101838]: DEBUG placement.requestlog [req-e7723981-4b38-4d33-89bb-87312dfeb5b9 req-392faabb-ed91-4881-863d-8e3307a046f0 None None] Starting request: 10.222.0.53 "GET /placement/resource_providers/178a82bd-cf90-4974-9f35-aff2004a4fe1/inventories" {{(pid=101838) __call__ /opt/stack/placement/placement/requestlog.py:55}}
Aug 30 19:12:22.007036 n-d-803233-9 devstack@placement-api.service[101837]: DEBUG placement.handlers.allocation [req-2e2d7a3c-aa4a-4748-88d9-38295157bcf2 req-27c68004-a1b5-499c-8e4a-a04c43278378 service placement] Successfully wrote allocations [, , ] {{(pid=101837) _create_allocations /opt/stack/placement/placement/handlers/allocation.py:461}}
Aug 30 19:12:22.009227 n-d-803233-9 devstack@placement-api.service[101838]: INFO placement.requestlog [req-e7723981-4b38-4d33-89bb-87312dfeb5b9 req-392faabb-ed91-4881-863d-8e3307a046f0 service placement] 10.222.0.53 "GET /placement/resource_providers/178a82bd-cf90-4974-9f35-aff2004a4fe1/inventories" status: 200 len: 398 microversion: 1.0
Aug 30 19:12:22.011192 n-d-803233-9 devstack@placement-api.service[101838]: [pid: 101838|app: 0|req: 412/816] 10.222.0.53 () {58 vars in 1391 bytes} [Mon Aug 30 19:12:21 2021] GET /placement/resource_providers/178a82bd-cf90-4974-9f35-aff2004a4fe1/inventories => generated 398 bytes in 111 msecs (HTTP/1.1 200) 6 headers in 224 bytes (1 switches on core 0)
Aug 30 19:12:22.015824 n-d-803233-9 devstack@placement-api.service[101837]: INFO placement.requestlog [req-2e2d7a3c-aa4a-4748-88d9-38295157bcf2 req-27c68004-a1b5-499c-8e4a-a04c43278378 service placement] 10.222.0.42 "PUT /placement/allocations/53fe18d6-daa1-477d-b5d5-003c41503cd9" status: 204 len: 0 microversion: 1.35
Aug 30 19:12:22.016600 n-d-803233-9 devstack@placement-api.service[101837]: [pid: 101837|app: 0|req: 405/817] 10.222.0.42 () {64 vars in 1434 bytes} [Mon Aug 30 19:12:21 2021] PUT /placement/allocations/53fe18d6-daa1-477d-b5d5-003c41503cd9 => generated 0 bytes in 212 msecs (HTTP/1.1 204) 5 headers in 199 bytes (1 switches on core 0)
Aug 30 19:12:22.023663 n-d-803233-9 devstack@placement-api.service[101838]: DEBUG placement.requestlog [req-e7723981-4b38-4d33-89bb-87312dfeb5b9 req-ae63186d-234d-403d-b71c-5a28b24665ff None None] Starting request: 10.222.0.53 "GET /placement/resource_providers/178a82bd-cf90-4974-9f35-aff2004a4fe1/aggregates" {{(pid=101838) __call__ /opt/stack/placement/placement/requestlog.py:55}}
Aug 30 19:12:22.124005 n-d-803233-9 devstack@placement-api.service[101838]: INFO placement.requestlog [req-e7723981-4b38-4d33-89bb-87312dfeb5b9 req-ae63186d-234d-403d-b71c-5a28b24665ff service placement] 10.222.0.53 "GET /placement/resource_providers/178a82bd-cf90-4974-9f35-aff2004a4fe1/aggregates" status: 200 len: 54 microversion: 1.19
Aug 30 19:12:22.126485 n-d-803233-9 devstack@placement-api.service[101838]: [pid: 101838|app: 0|req: 413/818] 10.222.0.53 () {60 vars in 1432 bytes} [Mon Aug 30 19:12:22 2021] GET /placement/resource_providers/178a82bd-cf90-4974-9f35-aff2004a4fe1/aggregates => generated 54 bytes in 103 msecs (HTTP/1.1 200) 8 headers in 295 bytes (1 switches on core 0)
Aug 30 19:12:22.137462 n-d-803233-9 devstack@placement-api.service[101837]: DEBUG placement.requestlog [req-e7723981-4b38-4d33-89bb-87312dfeb5b9 req-1cf4ad4c-83e1-4ce6-9425-c002177858d0 None None] Starting request: 10.222.0.53 "GET /placement/resource_providers/178a82bd-cf90-4974-9f35-aff2004a4fe1/traits" {{(pid=101837) __call__ /opt/stack/placement/placement/requestlog.py:55}}
Aug 30 19:12:22.257444 n-d-803233-9 devstack@placement-api.service[101837]: INFO placement.requestlog [req-e7723981-4b38-4d33-89bb-87312dfeb5b9 req-1cf4ad4c-83e1-4ce6-9425-c002177858d0 service placement] 10.222.0.53 "GET /placement/resource_providers/178a82bd-cf90-4974-9f35-aff2004a4fe1/traits" status: 200 len: 212 microversion: 1.6
