Aug 30 19:00:24.151176 n-d-803233-9 devstack@placement-api.service[101837]: DEBUG placement.objects.research_context [req-93dd1005-31e6-4dff-afb3-bfd5dbac5916 req-2178577c-f3b3-42b5-98c3-ce421468d88d service placement] found 2 providers with available 1024 MEMORY_MB {{(pid=101837) get_provider_ids_matching /opt/stack/placement/placement/objects/research_context.py:549}}
Aug 30 19:00:24.151599 n-d-803233-9 devstack@placement-api.service[101837]: DEBUG placement.objects.research_context [req-93dd1005-31e6-4dff-afb3-bfd5dbac5916 req-2178577c-f3b3-42b5-98c3-ce421468d88d service placement] found 2 providers after filtering by previous result {{(pid=101837) get_provider_ids_matching /opt/stack/placement/placement/objects/research_context.py:580}}
Aug 30 19:00:24.151940 n-d-803233-9 devstack@placement-api.service[101837]: DEBUG placement.objects.research_context [req-93dd1005-31e6-4dff-afb3-bfd5dbac5916 req-2178577c-f3b3-42b5-98c3-ce421468d88d service placement] found 2 providers with available 1 VCPU {{(pid=101837) get_provider_ids_matching /opt/stack/placement/placement/objects/research_context.py:549}}
Aug 30 19:00:24.152287 n-d-803233-9 devstack@placement-api.service[101837]: DEBUG placement.objects.research_context [req-93dd1005-31e6-4dff-afb3-bfd5dbac5916 req-2178577c-f3b3-42b5-98c3-ce421468d88d service placement] found 2 providers after filtering by previous result {{(pid=101837) get_provider_ids_matching /opt/stack/placement/placement/objects/research_context.py:580}}
Aug 30 19:00:24.195454 n-d-803233-9 devstack@placement-api.service[101837]: DEBUG placement.objects.allocation_candidate [req-93dd1005-31e6-4dff-afb3-bfd5dbac5916 req-2178577c-f3b3-42b5-98c3-ce421468d88d service placement] RequestGroup(use_same_provider=False, resources={DISK_GB:1, MEMORY_MB:1024, VCPU:1}, traits=[], aggregates=[]) (suffix '') returned 2 matches {{(pid=101837) _get_by_requests /opt/stack/placement/placement/objects/allocation_candidate.py:145}}
Aug 30 19:00:24.200782 n-d-803233-9 devstack@placement-api.service[101837]: DEBUG placement.objects.allocation_candidate [req-93dd1005-31e6-4dff-afb3-bfd5dbac5916 req-2178577c-f3b3-42b5-98c3-ce421468d88d service placement] Merging candidates yields 2 allocation requests and 2 provider summaries {{(pid=101837) _merge_candidates /opt/stack/placement/placement/objects/allocation_candidate.py:783}}
Aug 30 19:00:24.210411 n-d-803233-9 devstack@placement-api.service[101837]: INFO placement.requestlog [req-93dd1005-31e6-4dff-afb3-bfd5dbac5916 req-2178577c-f3b3-42b5-98c3-ce421468d88d service placement] 10.222.0.42 "GET /placement/allocation_candidates?limit=1000&resources=DISK_GB%3A1%2CMEMORY_MB%3A1024%2CVCPU%3A1&root_required=%21COMPUTE_STATUS_DISABLED" status: 200 len: 1309 microversion: 1.35
Aug 30 19:00:24.215167 n-d-803233-9 devstack@placement-api.service[101837]: [pid: 101837|app: 0|req: 279/560] 10.222.0.42 () {60 vars in 1507 bytes} [Mon Aug 30 19:00:23 2021] GET /placement/allocation_candidates?limit=1000&resources=DISK_GB%3A1%2CMEMORY_MB%3A1024%2CVCPU%3A1&root_required=%21COMPUTE_STATUS_DISABLED => generated 1309 bytes in 263 msecs (HTTP/1.1 200) 8 headers in 297 bytes (1 switches on core 0)
Aug 30 19:00:24.350862 n-d-803233-9 devstack@placement-api.service[101838]: DEBUG placement.requestlog [req-93dd1005-31e6-4dff-afb3-bfd5dbac5916 req-c328a41b-660f-4b6d-ba27-1d8bd388e4fc None None] Starting request: 10.222.0.42 "GET /placement/allocations/a3dcd5f9-936b-42b3-860a-a6aa0d5c6af5" {{(pid=101838) __call__ /opt/stack/placement/placement/requestlog.py:55}}
Aug 30 19:00:24.365746 n-d-803233-9 devstack@placement-api.service[101838]: INFO placement.requestlog [req-93dd1005-31e6-4dff-afb3-bfd5dbac5916 req-c328a41b-660f-4b6d-ba27-1d8bd388e4fc service placement] 10.222.0.42 "GET /placement/allocations/a3dcd5f9-936b-42b3-860a-a6aa0d5c6af5" status: 200 len: 19 microversion: 1.28
Aug 30 19:00:24.368676 n-d-803233-9 devstack@placement-api.service[101838]: [pid: 101838|app: 0|req: 282/561] 10.222.0.42 () {60 vars in 1381 bytes} [Mon Aug 30 19:00:24 2021] GET /placement/allocations/a3dcd5f9-936b-42b3-860a-a6aa0d5c6af5 => generated 19 bytes in 18 msecs (HTTP/1.1 200) 8 headers in 295 bytes (1 switches on core 0)
Aug 30 19:00:24.375060 n-d-803233-9 devstack@placement-api.service[101837]: DEBUG placement.requestlog [req-93dd1005-31e6-4dff-afb3-bfd5dbac5916 req-6582a2ee-053f-4ea9-83e6-464556b485e4 None None] Starting request: 10.222.0.42 "PUT /placement/allocations/a3dcd5f9-936b-42b3-860a-a6aa0d5c6af5" {{(pid=101837) __call__ /opt/stack/placement/placement/requestlog.py:55}}
Aug 30 19:00:24.516267 n-d-803233-9 devstack@placement-api.service[101837]: DEBUG placement.handlers.allocation [req-93dd1005-31e6-4dff-afb3-bfd5dbac5916 req-6582a2ee-053f-4ea9-83e6-464556b485e4 service placement] Successfully wrote allocations [, , ] {{(pid=101837) _create_allocations /opt/stack/placement/placement/handlers/allocation.py:461}}
Aug 30 19:00:24.525532 n-d-803233-9 devstack@placement-api.service[101837]: INFO placement.requestlog [req-93dd1005-31e6-4dff-afb3-bfd5dbac5916 req-6582a2ee-053f-4ea9-83e6-464556b485e4 service placement] 10.222.0.42 "PUT /placement/allocations/a3dcd5f9-936b-42b3-860a-a6aa0d5c6af5" status: 204 len: 0 microversion: 1.35
Aug 30 19:00:24.526515 n-d-803233-9 devstack@placement-api.service[101837]: [pid: 101837|app: 0|req: 280/562] 10.222.0.42 () {64 vars in 1434 bytes} [Mon Aug 30 19:00:24 2021] PUT /placement/allocations/a3dcd5f9-936b-42b3-860a-a6aa0d5c6af5 => generated 0 bytes in 152 msecs (HTTP/1.1 204) 5 headers in 199 bytes (1 switches on core 0)
Aug 30 19:00:25.401095 n-d-803233-9 devstack@placement-api.service[101838]: DEBUG placement.requestlog [req-93dd1005-31e6-4dff-afb3-bfd5dbac5916 req-b76662dc-01b5-4947-b914-a6b9879cab33 None None] Starting request: 10.222.0.48 "GET /placement/allocations/a3dcd5f9-936b-42b3-860a-a6aa0d5c6af5" {{(pid=101838) __call__ /opt/stack/placement/placement/requestlog.py:55}}
Aug 30 19:00:25.444312 n-d-803233-9 devstack@placement-api.service[101838]: INFO placement.requestlog [req-93dd1005-31e6-4dff-afb3-bfd5dbac5916 req-b76662dc-01b5-4947-b914-a6b9879cab33 service placement] 10.222.0.48 "GET /placement/allocations/a3dcd5f9-936b-42b3-860a-a6aa0d5c6af5" status: 200 len: 259 microversion: 1.28
Aug 30 19:00:25.445312 n-d-803233-9 devstack@placement-api.service[101838]: [pid: 101838|app: 0|req: 283/563] 10.222.0.48 () {60 vars in 1378 bytes} [Mon Aug 30 19:00:25 2021] GET /placement/allocations/a3dcd5f9-936b-42b3-860a-a6aa0d5c6af5 => generated 259 bytes in 44 msecs (HTTP/1.1 200) 8 headers in 296 bytes (1 switches on core 0)
Aug 30 19:00:42.988963 n-d-803233-9 devstack@placement-api.service[101837]: DEBUG placement.requestlog [req-0b84339a-9c01-412e-b43a-ae1fa44f1585 req-d5a38951-d57b-44e1-86e0-9d5b9de89d03 None None] Starting request: 10.222.0.42 "GET /placement/allocation_candidates?limit=1000&resources=DISK_GB%3A1%2CMEMORY_MB%3A1024%2CVCPU%3A1&root_required=%21COMPUTE_STATUS_DISABLED" {{(pid=101837) __call__ /opt/stack/placement/placement/requestlog.py:55}}
Aug 30 19:00:43.107976 n-d-803233-9 devstack@placement-api.service[101837]: DEBUG placement.objects.research_context [req-0b84339a-9c01-412e-b43a-ae1fa44f1585 req-d5a38951-d57b-44e1-86e0-9d5b9de89d03 service placement] getting providers with 1 DISK_GB {{(pid=101837) __init__ /opt/stack/placement/placement/objects/research_context.py:126}}
Aug 30 19:00:43.141417 n-d-803233-9 devstack@placement-api.service[101837]: DEBUG placement.objects.research_context [req-0b84339a-9c01-412e-b43a-ae1fa44f1585 req-d5a38951-d57b-44e1-86e0-9d5b9de89d03 service placement] getting providers with 1024 MEMORY_MB {{(pid=101837) __init__ /opt/stack/placement/placement/objects/research_context.py:126}}
Aug 30 19:00:43.174400 n-d-803233-9 devstack@placement-api.service[101837]: DEBUG placement.objects.research_context [req-0b84339a-9c01-412e-b43a-ae1fa44f1585 req-d5a38951-d57b-44e1-86e0-9d5b9de89d03 service placement] getting providers with 1 VCPU {{(pid=101837) __init__ /opt/stack/placement/placement/objects/research_context.py:126}}
Aug 30 19:00:43.186486 n-d-803233-9 devstack@placement-api.service[101837]: DEBUG placement.objects.research_context [req-0b84339a-9c01-412e-b43a-ae1fa44f1585 req-d5a38951-d57b-44e1-86e0-9d5b9de89d03 service placement] found 2 providers with available 1 DISK_GB {{(pid=101837) get_provider_ids_matching /opt/stack/placement/placement/objects/research_context.py:549}}
Aug 30 19:00:43.188879 n-d-803233-9 devstack@placement-api.service[101837]: DEBUG placement.objects.research_context [req-0b84339a-9c01-412e-b43a-ae1fa44f1585 req-d5a38951-d57b-44e1-86e0-9d5b9de89d03 service placement] found 2 providers with available 1024 MEMORY_MB {{(pid=101837) get_provider_ids_matching /opt/stack/placement/placement/objects/research_context.py:549}}
Aug 30 19:00:43.189546 n-d-803233-9 devstack@placement-api.service[101837]: DEBUG placement.objects.research_context [req-0b84339a-9c01-412e-b43a-ae1fa44f1585 req-d5a38951-d57b-44e1-86e0-9d5b9de89d03 service placement] found 2 providers after filtering by previous result {{(pid=101837) get_provider_ids_matching /opt/stack/placement/placement/objects/research_context.py:580}}
Aug 30 19:00:43.191699 n-d-803233-9 devstack@placement-api.service[101837]: DEBUG placement.objects.research_context [req-0b84339a-9c01-412e-b43a-ae1fa44f1585 req-d5a38951-d57b-44e1-86e0-9d5b9de89d03 service placement] found 2 providers with available 1 VCPU {{(pid=101837) get_provider_ids_matching /opt/stack/placement/placement/objects/research_context.py:549}}
Aug 30 19:00:43.192186 n-d-803233-9 devstack@placement-api.service[101837]: DEBUG placement.objects.research_context [req-0b84339a-9c01-412e-b43a-ae1fa44f1585 req-d5a38951-d57b-44e1-86e0-9d5b9de89d03 service placement] found 2 providers after filtering by previous result {{(pid=101837) get_provider_ids_matching /opt/stack/placement/placement/objects/research_context.py:580}}
Aug 30 19:00:43.228291 n-d-803233-9 devstack@placement-api.service[101837]: DEBUG placement.objects.allocation_candidate [req-0b84339a-9c01-412e-b43a-ae1fa44f1585 req-d5a38951-d57b-44e1-86e0-9d5b9de89d03 service placement] RequestGroup(use_same_provider=False, resources={DISK_GB:1, MEMORY_MB:1024, VCPU:1}, traits=[], aggregates=[]) (suffix '') returned 2 matches {{(pid=101837) _get_by_requests /opt/stack/placement/placement/objects/allocation_candidate.py:145}}
Aug 30 19:00:43.229060 n-d-803233-9 devstack@placement-api.service[101837]: DEBUG placement.objects.allocation_candidate [req-0b84339a-9c01-412e-b43a-ae1fa44f1585 req-d5a38951-d57b-44e1-86e0-9d5b9de89d03 service placement] Merging candidates yields 2 allocation requests and 2 provider summaries {{(pid=101837) _merge_candidates /opt/stack/placement/placement/objects/allocation_candidate.py:783}}
Aug 30 19:00:43.232307 n-d-803233-9 devstack@placement-api.service[101837]: INFO placement.requestlog [req-0b84339a-9c01-412e-b43a-ae1fa44f1585 req-d5a38951-d57b-44e1-86e0-9d5b9de89d03 service placement] 10.222.0.42 "GET /placement/allocation_candidates?limit=1000&resources=DISK_GB%3A1%2CMEMORY_MB%3A1024%2CVCPU%3A1&root_required=%21COMPUTE_STATUS_DISABLED" status: 200 len: 1309 microversion: 1.35
Aug 30 19:00:43.246472 n-d-803233-9 devstack@placement-api.service[101837]: [pid: 101837|app: 0|req: 281/564] 10.222.0.42 () {60 vars in 1507 bytes} [Mon Aug 30 19:00:42 2021] GET /placement/allocation_candidates?limit=1000&resources=DISK_GB%3A1%2CMEMORY_MB%3A1024%2CVCPU%3A1&root_required=%21COMPUTE_STATUS_DISABLED => generated 1309 bytes in 248 msecs (HTTP/1.1 200) 8 headers in 297 bytes (1 switches on core 0)
Aug 30 19:00:43.331445 n-d-803233-9 devstack@placement-api.service[101838]: DEBUG placement.requestlog [req-0b84339a-9c01-412e-b43a-ae1fa44f1585 req-65f2b442-469b-452d-8ff7-be200baf31c3 None None] Starting request: 10.222.0.42 "GET /placement/allocations/e9cd4684-0b0d-4afc-a287-a27c0de51827" {{(pid=101838) __call__ /opt/stack/placement/placement/requestlog.py:55}}
Aug 30 19:00:43.343671 n-d-803233-9 devstack@placement-api.service[101838]: INFO placement.requestlog [req-0b84339a-9c01-412e-b43a-ae1fa44f1585 req-65f2b442-469b-452d-8ff7-be200baf31c3 service placement] 10.222.0.42 "GET /placement/allocations/e9cd4684-0b0d-4afc-a287-a27c0de51827" status: 200 len: 19 microversion: 1.28
Aug 30 19:00:43.348686 n-d-803233-9 devstack@placement-api.service[101838]: [pid: 101838|app: 0|req: 284/565] 10.222.0.42 () {60 vars in 1381 bytes} [Mon Aug 30 19:00:43 2021] GET /placement/allocations/e9cd4684-0b0d-4afc-a287-a27c0de51827 => generated 19 bytes in 18 msecs (HTTP/1.1 200) 8 headers in 295 bytes (1 switches on core 0)
Aug 30 19:00:43.356115 n-d-803233-9 devstack@placement-api.service[101837]: DEBUG placement.requestlog [req-0b84339a-9c01-412e-b43a-ae1fa44f1585 req-b5b30d36-2ae5-41ea-b047-d835490066c6 None None] Starting request: 10.222.0.42 "PUT /placement/allocations/e9cd4684-0b0d-4afc-a287-a27c0de51827" {{(pid=101837) __call__ /opt/stack/placement/placement/requestlog.py:55}}
Aug 30 19:00:43.445195 n-d-803233-9 devstack@placement-api.service[101837]: DEBUG placement.handlers.allocation [req-0b84339a-9c01-412e-b43a-ae1fa44f1585 req-b5b30d36-2ae5-41ea-b047-d835490066c6 service placement] Successfully wrote allocations [, , ] {{(pid=101837) _create_allocations /opt/stack/placement/placement/handlers/allocation.py:461}}
Aug 30 19:00:43.458544 n-d-803233-9 devstack@placement-api.service[101837]: INFO placement.requestlog [req-0b84339a-9c01-412e-b43a-ae1fa44f1585 req-b5b30d36-2ae5-41ea-b047-d835490066c6 service placement] 10.222.0.42 "PUT /placement/allocations/e9cd4684-0b0d-4afc-a287-a27c0de51827" status: 204 len: 0 microversion: 1.35
Aug 30 19:00:43.459352 n-d-803233-9 devstack@placement-api.service[101837]: [pid: 101837|app: 0|req: 282/566] 10.222.0.42 () {64 vars in 1434 bytes} [Mon Aug 30 19:00:43 2021] PUT /placement/allocations/e9cd4684-0b0d-4afc-a287-a27c0de51827 => generated 0 bytes in 103 msecs (HTTP/1.1 204) 5 headers in 199 bytes (1 switches on core 0)
Aug 30 19:00:43.693449 n-d-803233-9 devstack@placement-api.service[101838]: DEBUG placement.requestlog [req-48ecc624-257e-4137-925f-d395bc6f0690 req-7030e13f-6750-404c-b69c-bdc81bf42a9a None None] Starting request: 10.222.0.48 "DELETE /placement/allocations/f89fea50-ed08-4d90-b13f-dee91035a101" {{(pid=101838) __call__ /opt/stack/placement/placement/requestlog.py:55}}
Aug 30 19:00:43.770102 n-d-803233-9 devstack@placement-api.service[101838]: DEBUG placement.handlers.allocation [req-48ecc624-257e-4137-925f-d395bc6f0690 req-7030e13f-6750-404c-b69c-bdc81bf42a9a service placement] Successfully deleted allocations [, , ] {{(pid=101838) delete_allocations /opt/stack/placement/placement/handlers/allocation.py:603}}
Aug 30 19:00:43.771134 n-d-803233-9 devstack@placement-api.service[101838]: INFO placement.requestlog [req-48ecc624-257e-4137-925f-d395bc6f0690 req-7030e13f-6750-404c-b69c-bdc81bf42a9a service placement] 10.222.0.48 "DELETE /placement/allocations/f89fea50-ed08-4d90-b13f-dee91035a101" status: 204 len: 0 microversion: 1.0
Aug 30 19:00:43.771843 n-d-803233-9 devstack@placement-api.service[101838]: [pid: 101838|app: 0|req: 285/567] 10.222.0.48 () {60 vars in 1356 bytes} [Mon Aug 30 19:00:43 2021] DELETE /placement/allocations/f89fea50-ed08-4d90-b13f-dee91035a101 => generated 0 bytes in 78 msecs (HTTP/1.1 204) 5 headers in 198 bytes (1 switches on core 0)
Aug 30 19:00:43.873955 n-d-803233-9 devstack@placement-api.service[101837]: DEBUG placement.requestlog [req-9f1061a2-815d-4f0f-ab10-2345229cb10b req-0728f8ed-cdec-473e-9c2d-c9632572f279 None None] Starting request: 10.222.0.42 "GET /placement/allocation_candidates?limit=1000&resources=DISK_GB%3A1%2CMEMORY_MB%3A1024%2CVCPU%3A1&root_required=%21COMPUTE_STATUS_DISABLED" {{(pid=101837) __call__ /opt/stack/placement/placement/requestlog.py:55}}
Aug 30 19:00:43.968582 n-d-803233-9 devstack@placement-api.service[101837]: DEBUG placement.objects.research_context [req-9f1061a2-815d-4f0f-ab10-2345229cb10b req-0728f8ed-cdec-473e-9c2d-c9632572f279 service placement] getting providers with 1 DISK_GB {{(pid=101837) __init__ /opt/stack/placement/placement/objects/research_context.py:126}}
Aug 30 19:00:43.988252 n-d-803233-9 devstack@placement-api.service[101837]: DEBUG placement.objects.research_context [req-9f1061a2-815d-4f0f-ab10-2345229cb10b req-0728f8ed-cdec-473e-9c2d-c9632572f279 service placement] getting providers with 1024 MEMORY_MB {{(pid=101837) __init__ /opt/stack/placement/placement/objects/research_context.py:126}}
Aug 30 19:00:44.008260 n-d-803233-9 devstack@placement-api.service[101837]: DEBUG placement.objects.research_context [req-9f1061a2-815d-4f0f-ab10-2345229cb10b req-0728f8ed-cdec-473e-9c2d-c9632572f279 service placement] getting providers with 1 VCPU {{(pid=101837) __init__ /opt/stack/placement/placement/objects/research_context.py:126}}
Aug 30 19:00:44.022624 n-d-803233-9 devstack@placement-api.service[101837]: DEBUG placement.objects.research_context [req-9f1061a2-815d-4f0f-ab10-2345229cb10b req-0728f8ed-cdec-473e-9c2d-c9632572f279 service placement] found 2 providers with available 1 DISK_GB {{(pid=101837) get_provider_ids_matching /opt/stack/placement/placement/objects/research_context.py:549}}
Aug 30 19:00:44.023229 n-d-803233-9 devstack@placement-api.service[101837]: DEBUG placement.objects.research_context [req-9f1061a2-815d-4f0f-ab10-2345229cb10b req-0728f8ed-cdec-473e-9c2d-c9632572f279 service placement] found 2 providers with available 1024 MEMORY_MB {{(pid=101837) get_provider_ids_matching /opt/stack/placement/placement/objects/research_context.py:549}}
Aug 30 19:00:44.023690 n-d-803233-9 devstack@placement-api.service[101837]: DEBUG placement.objects.research_context [req-9f1061a2-815d-4f0f-ab10-2345229cb10b req-0728f8ed-cdec-473e-9c2d-c9632572f279 service placement] found 2 providers after filtering by previous result {{(pid=101837) get_provider_ids_matching /opt/stack/placement/placement/objects/research_context.py:580}}
Aug 30 19:00:44.024139 n-d-803233-9 devstack@placement-api.service[101837]: DEBUG placement.objects.research_context [req-9f1061a2-815d-4f0f-ab10-2345229cb10b req-0728f8ed-cdec-473e-9c2d-c9632572f279 service placement] found 2 providers with available 1 VCPU {{(pid=101837) get_provider_ids_matching /opt/stack/placement/placement/objects/research_context.py:549}}
Aug 30 19:00:44.024558 n-d-803233-9 devstack@placement-api.service[101837]: DEBUG placement.objects.research_context [req-9f1061a2-815d-4f0f-ab10-2345229cb10b req-0728f8ed-cdec-473e-9c2d-c9632572f279 service placement] found 2 providers after filtering by previous result {{(pid=101837) get_provider_ids_matching /opt/stack/placement/placement/objects/research_context.py:580}}
Aug 30 19:00:44.076251 n-d-803233-9 devstack@placement-api.service[101837]: DEBUG placement.objects.allocation_candidate [req-9f1061a2-815d-4f0f-ab10-2345229cb10b req-0728f8ed-cdec-473e-9c2d-c9632572f279 service placement] RequestGroup(use_same_provider=False, resources={DISK_GB:1, MEMORY_MB:1024, VCPU:1}, traits=[], aggregates=[]) (suffix '') returned 2 matches {{(pid=101837) _get_by_requests /opt/stack/placement/placement/objects/allocation_candidate.py:145}}
Aug 30 19:00:44.076630 n-d-803233-9 devstack@placement-api.service[101837]: DEBUG placement.objects.allocation_candidate [req-9f1061a2-815d-4f0f-ab10-2345229cb10b req-0728f8ed-cdec-473e-9c2d-c9632572f279 service placement] Merging candidates yields 2 allocation requests and 2 provider summaries {{(pid=101837) _merge_candidates /opt/stack/placement/placement/objects/allocation_candidate.py:783}}
Aug 30 19:00:44.089126 n-d-803233-9 devstack@placement-api.service[101837]: INFO placement.requestlog [req-9f1061a2-815d-4f0f-ab10-2345229cb10b req-0728f8ed-cdec-473e-9c2d-c9632572f279 service placement] 10.222.0.42 "GET /placement/allocation_candidates?limit=1000&resources=DISK_GB%3A1%2CMEMORY_MB%3A1024%2CVCPU%3A1&root_required=%21COMPUTE_STATUS_DISABLED" status: 200 len: 1309 microversion: 1.35
Aug 30 19:00:44.103470 n-d-803233-9 devstack@placement-api.service[101837]: [pid: 101837|app: 0|req: 283/568] 10.222.0.42 () {60 vars in 1507 bytes} [Mon Aug 30 19:00:43 2021] GET /placement/allocation_candidates?limit=1000&resources=DISK_GB%3A1%2CMEMORY_MB%3A1024%2CVCPU%3A1&root_required=%21COMPUTE_STATUS_DISABLED => generated 1309 bytes in 230 msecs (HTTP/1.1 200) 8 headers in 297 bytes (1 switches on core 0)
Aug 30 19:00:44.220539 n-d-803233-9 devstack@placement-api.service[101838]: DEBUG placement.requestlog [req-9f1061a2-815d-4f0f-ab10-2345229cb10b req-d210bcbd-b1b6-41e8-9058-8150232c9e46 None None] Starting request: 10.222.0.42 "GET /placement/allocations/c7561576-740d-46c4-8100-34facc89dea1" {{(pid=101838) __call__ /opt/stack/placement/placement/requestlog.py:55}}
Aug 30 19:00:44.240949 n-d-803233-9 devstack@placement-api.service[101837]: DEBUG placement.requestlog [req-0b84339a-9c01-412e-b43a-ae1fa44f1585 req-274d21a8-dbce-41fe-bb12-2e17a17b9694 None None] Starting request: 10.222.0.53 "GET /placement/allocations/e9cd4684-0b0d-4afc-a287-a27c0de51827" {{(pid=101837) __call__ /opt/stack/placement/placement/requestlog.py:55}}
Aug 30 19:00:44.241687 n-d-803233-9 devstack@placement-api.service[101838]: INFO placement.requestlog [req-9f1061a2-815d-4f0f-ab10-2345229cb10b req-d210bcbd-b1b6-41e8-9058-8150232c9e46 service placement] 10.222.0.42 "GET /placement/allocations/c7561576-740d-46c4-8100-34facc89dea1" status: 200 len: 19 microversion: 1.28
Aug 30 19:00:44.242590 n-d-803233-9 devstack@placement-api.service[101838]: [pid: 101838|app: 0|req: 286/569] 10.222.0.42 () {60 vars in 1381 bytes} [Mon Aug 30 19:00:44 2021] GET /placement/allocations/c7561576-740d-46c4-8100-34facc89dea1 => generated 19 bytes in 22 msecs (HTTP/1.1 200) 8 headers in 295 bytes (1 switches on core 0)
Aug 30 19:00:44.267415 n-d-803233-9 devstack@placement-api.service[101838]: DEBUG placement.requestlog [req-9f1061a2-815d-4f0f-ab10-2345229cb10b req-53af8672-98fd-45ac-b12a-bcba47840ed1 None None] Starting request: 10.222.0.42 "PUT /placement/allocations/c7561576-740d-46c4-8100-34facc89dea1" {{(pid=101838) __call__ /opt/stack/placement/placement/requestlog.py:55}}
Aug 30 19:00:44.278269 n-d-803233-9 devstack@placement-api.service[101837]: INFO placement.requestlog [req-0b84339a-9c01-412e-b43a-ae1fa44f1585 req-274d21a8-dbce-41fe-bb12-2e17a17b9694 service placement] 10.222.0.53 "GET /placement/allocations/e9cd4684-0b0d-4afc-a287-a27c0de51827" status: 200 len: 259 microversion: 1.28
Aug 30 19:00:44.278799 n-d-803233-9 devstack@placement-api.service[101837]: [pid: 101837|app: 0|req: 284/570] 10.222.0.53 () {60 vars in 1378 bytes} [Mon Aug 30 19:00:44 2021] GET /placement/allocations/e9cd4684-0b0d-4afc-a287-a27c0de51827 => generated 259 bytes in 38 msecs (HTTP/1.1 200) 8 headers in 296 bytes (2 switches on core 0)
Aug 30 19:00:44.361448 n-d-803233-9 devstack@placement-api.service[101838]: DEBUG placement.handlers.allocation [req-9f1061a2-815d-4f0f-ab10-2345229cb10b req-53af8672-98fd-45ac-b12a-bcba47840ed1 service placement] Successfully wrote allocations [, , ] {{(pid=101838) _create_allocations /opt/stack/placement/placement/handlers/allocation.py:461}}
Aug 30 19:00:44.370212 n-d-803233-9 devstack@placement-api.service[101838]: INFO placement.requestlog [req-9f1061a2-815d-4f0f-ab10-2345229cb10b req-53af8672-98fd-45ac-b12a-bcba47840ed1 service placement] 10.222.0.42 "PUT /placement/allocations/c7561576-740d-46c4-8100-34facc89dea1" status: 204 len: 0 microversion: 1.35
Aug 30 19:00:44.396775 n-d-803233-9 devstack@placement-api.service[101838]: [pid: 101838|app: 0|req: 287/571] 10.222.0.42 () {64 vars in 1434 bytes} [Mon Aug 30 19:00:44 2021] PUT /placement/allocations/c7561576-740d-46c4-8100-34facc89dea1 => generated 0 bytes in 104 msecs (HTTP/1.1 204) 5 headers in 199 bytes (2 switches on core 0)
Aug 30 19:00:45.108583 n-d-803233-9 devstack@placement-api.service[101837]: DEBUG placement.requestlog [req-9f1061a2-815d-4f0f-ab10-2345229cb10b req-89f19b5d-de16-412f-b186-ebb5c3c48889 None None] Starting request: 10.222.0.53 "GET /placement/allocations/c7561576-740d-46c4-8100-34facc89dea1" {{(pid=101837) __call__ /opt/stack/placement/placement/requestlog.py:55}}
Aug 30 19:00:45.155229 n-d-803233-9 devstack@placement-api.service[101837]: INFO placement.requestlog [req-9f1061a2-815d-4f0f-ab10-2345229cb10b req-89f19b5d-de16-412f-b186-ebb5c3c48889 service placement] 10.222.0.53 "GET /placement/allocations/c7561576-740d-46c4-8100-34facc89dea1" status: 200 len: 259 microversion: 1.28
Aug 30 19:00:45.157866 n-d-803233-9 devstack@placement-api.service[101837]: [pid: 101837|app: 0|req: 285/572] 10.222.0.53 () {60 vars in 1378 bytes} [Mon Aug 30 19:00:45 2021] GET /placement/allocations/c7561576-740d-46c4-8100-34facc89dea1 => generated 259 bytes in 50 msecs (HTTP/1.1 200) 8 headers in 296 bytes (1 switches on core 0)
Aug 30 19:00:54.426559 n-d-803233-9 devstack@placement-api.service[101838]: DEBUG placement.requestlog [req-9eb0baec-6370-4adf-99a8-69fb76240b19 req-ad057542-2bf5-4ed4-946a-5534d77391b3 None None] Starting request: 10.222.0.53 "DELETE /placement/allocations/54d88822-5018-4366-ba49-7d97081a0c1b" {{(pid=101838) __call__ /opt/stack/placement/placement/requestlog.py:55}}
Aug 30 19:00:54.488503 n-d-803233-9 devstack@placement-api.service[101838]: DEBUG placement.handlers.allocation [req-9eb0baec-6370-4adf-99a8-69fb76240b19 req-ad057542-2bf5-4ed4-946a-5534d77391b3 service placement] Successfully deleted allocations [, , ] {{(pid=101838) delete_allocations /opt/stack/placement/placement/handlers/allocation.py:603}}
Aug 30 19:00:54.495790 n-d-803233-9 devstack@placement-api.service[101838]: INFO placement.requestlog [req-9eb0baec-6370-4adf-99a8-69fb76240b19 req-ad057542-2bf5-4ed4-946a-5534d77391b3 service placement] 10.222.0.53 "DELETE /placement/allocations/54d88822-5018-4366-ba49-7d97081a0c1b" status: 204 len: 0 microversion: 1.0
Aug 30 19:00:54.496409 n-d-803233-9 devstack@placement-api.service[101838]: [pid: 101838|app: 0|req: 288/573] 10.222.0.53 () {60 vars in 1356 bytes} [Mon Aug 30 19:00:54 2021] DELETE /placement/allocations/54d88822-5018-4366-ba49-7d97081a0c1b => generated 0 bytes in 70 msecs (HTTP/1.1 204) 5 headers in 198 bytes (1 switches on core 0)
Aug 30 19:01:01.527898 n-d-803233-9 devstack@placement-api.service[101837]: DEBUG placement.requestlog [req-c81609f0-c8ec-4436-b12c-20b90a788d03 req-d452215f-3d8a-4113-b829-0a9024d23d97 None None] Starting request: 10.222.0.53 "GET /placement/resource_providers/178a82bd-cf90-4974-9f35-aff2004a4fe1/allocations" {{(pid=101837) __call__ /opt/stack/placement/placement/requestlog.py:55}}
Aug 30 19:01:01.593072 n-d-803233-9 devstack@placement-api.service[101837]: INFO placement.requestlog [req-c81609f0-c8ec-4436-b12c-20b90a788d03 req-d452215f-3d8a-4113-b829-0a9024d23d97 service placement] 10.222.0.53 "GET /placement/resource_providers/178a82bd-cf90-4974-9f35-aff2004a4fe1/allocations" status: 200 len: 356 microversion: 1.0
Aug 30 19:01:01.593567 n-d-803233-9 devstack@placement-api.service[101837]: [pid: 101837|app: 0|req: 286/574] 10.222.0.53 () {58 vars in 1391 bytes} [Mon Aug 30 19:01:01 2021] GET /placement/resource_providers/178a82bd-cf90-4974-9f35-aff2004a4fe1/allocations => generated 356 bytes in 66 msecs (HTTP/1.1 200) 6 headers in 224 bytes (1 switches on core 0)
Aug 30 19:01:04.564604 n-d-803233-9 devstack@placement-api.service[101838]: DEBUG placement.requestlog [req-20fc39fa-1c6c-4992-a56a-3fb75d33b01f req-64e1f809-9506-4795-bcae-fca63c5f2347 None None] Starting request: 10.222.0.42 "GET /placement/allocation_candidates?limit=1000&resources=DISK_GB%3A1%2CMEMORY_MB%3A1024%2CVCPU%3A1&root_required=%21COMPUTE_STATUS_DISABLED" {{(pid=101838) __call__ /opt/stack/placement/placement/requestlog.py:55}}
Aug 30 19:01:04.619669 n-d-803233-9 devstack@placement-api.service[101838]: DEBUG placement.objects.research_context [req-20fc39fa-1c6c-4992-a56a-3fb75d33b01f req-64e1f809-9506-4795-bcae-fca63c5f2347 service placement] getting providers with 1 DISK_GB {{(pid=101838) __init__ /opt/stack/placement/placement/objects/research_context.py:126}}
Aug 30 19:01:04.633316 n-d-803233-9 devstack@placement-api.service[101838]: DEBUG placement.objects.research_context [req-20fc39fa-1c6c-4992-a56a-3fb75d33b01f req-64e1f809-9506-4795-bcae-fca63c5f2347 service placement] getting providers with 1024 MEMORY_MB {{(pid=101838) __init__ /opt/stack/placement/placement/objects/research_context.py:126}}
Aug 30 19:01:04.645223 n-d-803233-9 devstack@placement-api.service[101838]: DEBUG placement.objects.research_context [req-20fc39fa-1c6c-4992-a56a-3fb75d33b01f req-64e1f809-9506-4795-bcae-fca63c5f2347 service placement] getting providers with 1 VCPU {{(pid=101838) __init__ /opt/stack/placement/placement/objects/research_context.py:126}}
Aug 30 19:01:04.659500 n-d-803233-9 devstack@placement-api.service[101838]: DEBUG placement.objects.research_context [req-20fc39fa-1c6c-4992-a56a-3fb75d33b01f req-64e1f809-9506-4795-bcae-fca63c5f2347 service placement] found 2 providers with available 1 DISK_GB {{(pid=101838) get_provider_ids_matching /opt/stack/placement/placement/objects/research_context.py:549}}
Aug 30 19:01:04.659805 n-d-803233-9 devstack@placement-api.service[101838]: DEBUG placement.objects.research_context [req-20fc39fa-1c6c-4992-a56a-3fb75d33b01f req-64e1f809-9506-4795-bcae-fca63c5f2347 service placement] found 2 providers with available 1024 MEMORY_MB {{(pid=101838) get_provider_ids_matching /opt/stack/placement/placement/objects/research_context.py:549}}
Aug 30 19:01:04.660069 n-d-803233-9 devstack@placement-api.service[101838]: DEBUG placement.objects.research_context [req-20fc39fa-1c6c-4992-a56a-3fb75d33b01f req-64e1f809-9506-4795-bcae-fca63c5f2347 service placement] found 2 providers after filtering by previous result {{(pid=101838) get_provider_ids_matching /opt/stack/placement/placement/objects/research_context.py:580}}
Aug 30 19:01:04.660328 n-d-803233-9 devstack@placement-api.service[101838]: DEBUG placement.objects.research_context [req-20fc39fa-1c6c-4992-a56a-3fb75d33b01f req-64e1f809-9506-4795-bcae-fca63c5f2347 service placement] found 2 providers with available 1 VCPU {{(pid=101838) get_provider_ids_matching /opt/stack/placement/placement/objects/research_context.py:549}}
Aug 30 19:01:04.660597 n-d-803233-9 devstack@placement-api.service[101838]: DEBUG placement.objects.research_context [req-20fc39fa-1c6c-4992-a56a-3fb75d33b01f req-64e1f809-9506-4795-bcae-fca63c5f2347 service placement] found 2 providers after filtering by previous result {{(pid=101838) get_provider_ids_matching /opt/stack/placement/placement/objects/research_context.py:580}}
Aug 30 19:01:04.676941 n-d-803233-9 devstack@placement-api.service[101838]: DEBUG placement.objects.allocation_candidate [req-20fc39fa-1c6c-4992-a56a-3fb75d33b01f req-64e1f809-9506-4795-bcae-fca63c5f2347 service placement] RequestGroup(use_same_provider=False, resources={DISK_GB:1, MEMORY_MB:1024, VCPU:1}, traits=[], aggregates=[]) (suffix '') returned 2 matches {{(pid=101838) _get_by_requests /opt/stack/placement/placement/objects/allocation_candidate.py:145}}
Aug 30 19:01:04.677324 n-d-803233-9 devstack@placement-api.service[101838]: DEBUG placement.objects.allocation_candidate [req-20fc39fa-1c6c-4992-a56a-3fb75d33b01f req-64e1f809-9506-4795-bcae-fca63c5f2347 service placement] Merging candidates yields 2 allocation requests and 2 provider summaries {{(pid=101838) _merge_candidates /opt/stack/placement/placement/objects/allocation_candidate.py:783}}
Aug 30 19:01:04.679505 n-d-803233-9 devstack@placement-api.service[101838]: INFO placement.requestlog [req-20fc39fa-1c6c-4992-a56a-3fb75d33b01f req-64e1f809-9506-4795-bcae-fca63c5f2347 service placement] 10.222.0.42 "GET /placement/allocation_candidates?limit=1000&resources=DISK_GB%3A1%2CMEMORY_MB%3A1024%2CVCPU%3A1&root_required=%21COMPUTE_STATUS_DISABLED" status: 200 len: 1309 microversion: 1.35
Aug 30 19:01:04.680243 n-d-803233-9 devstack@placement-api.service[101838]: [pid: 101838|app: 0|req: 289/575] 10.222.0.42 () {60 vars in 1507 bytes} [Mon Aug 30 19:01:04 2021] GET /placement/allocation_candidates?limit=1000&resources=DISK_GB%3A1%2CMEMORY_MB%3A1024%2CVCPU%3A1&root_required=%21COMPUTE_STATUS_DISABLED => generated 1309 bytes in 116 msecs (HTTP/1.1 200) 8 headers in 297 bytes (1 switches on core 0)
Aug 30 19:01:04.714312 n-d-803233-9 devstack@placement-api.service[101837]: DEBUG placement.requestlog [req-a6fba3aa-b436-43c0-a170-a255894b93cb req-73ed18af-713d-4d7e-8bec-6a53f270f0d7 None None] Starting request: 10.222.0.53 "DELETE /placement/allocations/e9cd4684-0b0d-4afc-a287-a27c0de51827" {{(pid=101837) __call__ /opt/stack/placement/placement/requestlog.py:55}}
Aug 30 19:01:04.750013 n-d-803233-9 devstack@placement-api.service[101838]: DEBUG placement.requestlog [req-20fc39fa-1c6c-4992-a56a-3fb75d33b01f req-0fdb5fad-3a56-4852-aa70-62818cacdfef None None] Starting request: 10.222.0.42 "GET /placement/allocations/895739a5-9c1b-4b65-ab56-006e83fde793" {{(pid=101838) __call__ /opt/stack/placement/placement/requestlog.py:55}}
Aug 30 19:01:04.766577 n-d-803233-9 devstack@placement-api.service[101837]: DEBUG placement.handlers.allocation [req-a6fba3aa-b436-43c0-a170-a255894b93cb req-73ed18af-713d-4d7e-8bec-6a53f270f0d7 service placement] Successfully deleted allocations [, , ] {{(pid=101837) delete_allocations /opt/stack/placement/placement/handlers/allocation.py:603}}
Aug 30 19:01:04.767067 n-d-803233-9 devstack@placement-api.service[101837]: INFO placement.requestlog [req-a6fba3aa-b436-43c0-a170-a255894b93cb req-73ed18af-713d-4d7e-8bec-6a53f270f0d7 service placement] 10.222.0.53 "DELETE /placement/allocations/e9cd4684-0b0d-4afc-a287-a27c0de51827" status: 204 len: 0 microversion: 1.0
Aug 30 19:01:04.767397 n-d-803233-9 devstack@placement-api.service[101837]: [pid: 101837|app: 0|req: 287/576] 10.222.0.53 () {60 vars in 1356 bytes} [Mon Aug 30 19:01:04 2021] DELETE /placement/allocations/e9cd4684-0b0d-4afc-a287-a27c0de51827 => generated 0 bytes in 53 msecs (HTTP/1.1 204) 5 headers in 198 bytes (1 switches on core 0)
Aug 30 19:01:04.781479 n-d-803233-9 devstack@placement-api.service[101838]: INFO placement.requestlog [req-20fc39fa-1c6c-4992-a56a-3fb75d33b01f req-0fdb5fad-3a56-4852-aa70-62818cacdfef service placement] 10.222.0.42 "GET /placement/allocations/895739a5-9c1b-4b65-ab56-006e83fde793" status: 200 len: 19 microversion: 1.28
Aug 30 19:01:04.788120 n-d-803233-9 devstack@placement-api.service[101838]: [pid: 101838|app: 0|req: 290/577] 10.222.0.42 () {60 vars in 1381 bytes} [Mon Aug 30 19:01:04 2021] GET /placement/allocations/895739a5-9c1b-4b65-ab56-006e83fde793 => generated 19 bytes in 38 msecs (HTTP/1.1 200) 8 headers in 295 bytes (2 switches on core 0)
Aug 30 19:01:04.789490 n-d-803233-9 devstack@placement-api.service[101837]: DEBUG placement.requestlog [req-20fc39fa-1c6c-4992-a56a-3fb75d33b01f req-fc267313-1361-42d6-95fe-25889fdcf844 None None] Starting request: 10.222.0.42 "PUT /placement/allocations/895739a5-9c1b-4b65-ab56-006e83fde793" {{(pid=101837) __call__ /opt/stack/placement/placement/requestlog.py:55}}
Aug 30 19:01:04.873577 n-d-803233-9 devstack@placement-api.service[101837]: DEBUG placement.handlers.allocation [req-20fc39fa-1c6c-4992-a56a-3fb75d33b01f req-fc267313-1361-42d6-95fe-25889fdcf844 service placement] Successfully wrote allocations [, , ] {{(pid=101837) _create_allocations /opt/stack/placement/placement/handlers/allocation.py:461}}
Aug 30 19:01:04.880470 n-d-803233-9 devstack@placement-api.service[101837]: INFO placement.requestlog [req-20fc39fa-1c6c-4992-a56a-3fb75d33b01f req-fc267313-1361-42d6-95fe-25889fdcf844 service placement] 10.222.0.42 "PUT /placement/allocations/895739a5-9c1b-4b65-ab56-006e83fde793" status: 204 len: 0 microversion: 1.35
Aug 30 19:01:04.881857 n-d-803233-9 devstack@placement-api.service[101837]: [pid: 101837|app: 0|req: 288/578] 10.222.0.42 () {64 vars in 1434 bytes} [Mon Aug 30 19:01:04 2021] PUT /placement/allocations/895739a5-9c1b-4b65-ab56-006e83fde793 => generated 0 bytes in 93 msecs (HTTP/1.1 204) 5 headers in 199 bytes (1 switches on core 0)
Aug 30 19:01:05.303791 n-d-803233-9 devstack@placement-api.service[101838]: DEBUG placement.requestlog [req-20fc39fa-1c6c-4992-a56a-3fb75d33b01f req-2b89ea7e-fbaa-4b56-b03e-a82e4c486fdb None None] Starting request: 10.222.0.53 "GET /placement/allocations/895739a5-9c1b-4b65-ab56-006e83fde793" {{(pid=101838) __call__ /opt/stack/placement/placement/requestlog.py:55}}
Aug 30 19:01:05.334503 n-d-803233-9 devstack@placement-api.service[101838]: INFO placement.requestlog [req-20fc39fa-1c6c-4992-a56a-3fb75d33b01f req-2b89ea7e-fbaa-4b56-b03e-a82e4c486fdb service placement] 10.222.0.53 "GET /placement/allocations/895739a5-9c1b-4b65-ab56-006e83fde793" status: 200 len: 259 microversion: 1.28
Aug 30 19:01:05.335942 n-d-803233-9 devstack@placement-api.service[101838]: [pid: 101838|app: 0|req: 291/579] 10.222.0.53 () {60 vars in 1378 bytes} [Mon Aug 30 19:01:05 2021] GET /placement/allocations/895739a5-9c1b-4b65-ab56-006e83fde793 => generated 259 bytes in 32 msecs (HTTP/1.1 200) 8 headers in 296 bytes (1 switches on core 0)
Aug 30 19:01:06.093397 n-d-803233-9 devstack@placement-api.service[101837]: DEBUG placement.requestlog [req-efcf4b76-3eab-4ec0-8c93-dded58a378d8 req-066fe1dd-dbfb-4854-965b-0bbc8ca1c9f8 None None] Starting request: 10.222.0.53 "DELETE /placement/allocations/26783e66-b618-4c0b-b557-3c6d731f041b" {{(pid=101837) __call__ /opt/stack/placement/placement/requestlog.py:55}}
Aug 30 19:01:06.137488 n-d-803233-9 devstack@placement-api.service[101837]: DEBUG placement.handlers.allocation [req-efcf4b76-3eab-4ec0-8c93-dded58a378d8 req-066fe1dd-dbfb-4854-965b-0bbc8ca1c9f8 service placement] Successfully deleted allocations [, , ] {{(pid=101837) delete_allocations /opt/stack/placement/placement/handlers/allocation.py:603}}
Aug 30 19:01:06.138180 n-d-803233-9 devstack@placement-api.service[101837]: INFO placement.requestlog [req-efcf4b76-3eab-4ec0-8c93-dded58a378d8 req-066fe1dd-dbfb-4854-965b-0bbc8ca1c9f8 service placement] 10.222.0.53 "DELETE /placement/allocations/26783e66-b618-4c0b-b557-3c6d731f041b" status: 204 len: 0 microversion: 1.0
Aug 30 19:01:06.138768 n-d-803233-9 devstack@placement-api.service[101837]: [pid: 101837|app: 0|req: 289/580] 10.222.0.53 () {60 vars in 1356 bytes} [Mon Aug 30 19:01:06 2021] DELETE /placement/allocations/26783e66-b618-4c0b-b557-3c6d731f041b => generated 0 bytes in 45 msecs (HTTP/1.1 204) 5 headers in 198 bytes (1 switches on core 0)
Aug 30 19:01:07.159742 n-d-803233-9 devstack@placement-api.service[101838]: DEBUG placement.requestlog [req-ce0e6e6e-62e9-4131-a247-a14febf9d3f3 req-8abd1c47-bb41-4e32-b9f8-423d85a75bce None None] Starting request: 10.222.0.42 "GET /placement/allocation_candidates?limit=1000&resources=DISK_GB%3A1%2CMEMORY_MB%3A1024%2CVCPU%3A1&root_required=%21COMPUTE_STATUS_DISABLED" {{(pid=101838) __call__ /opt/stack/placement/placement/requestlog.py:55}}
Aug 30 19:01:07.210935 n-d-803233-9 devstack@placement-api.service[101838]: DEBUG placement.objects.research_context [req-ce0e6e6e-62e9-4131-a247-a14febf9d3f3 req-8abd1c47-bb41-4e32-b9f8-423d85a75bce service placement] getting providers with 1 DISK_GB {{(pid=101838) __init__ /opt/stack/placement/placement/objects/research_context.py:126}}
Aug 30 19:01:07.216658 n-d-803233-9 devstack@placement-api.service[101838]: DEBUG placement.objects.research_context [req-ce0e6e6e-62e9-4131-a247-a14febf9d3f3 req-8abd1c47-bb41-4e32-b9f8-423d85a75bce service placement] getting providers with 1024 MEMORY_MB {{(pid=101838) __init__ /opt/stack/placement/placement/objects/research_context.py:126}}
Aug 30 19:01:07.222578 n-d-803233-9 devstack@placement-api.service[101838]: DEBUG placement.objects.research_context [req-ce0e6e6e-62e9-4131-a247-a14febf9d3f3 req-8abd1c47-bb41-4e32-b9f8-423d85a75bce service placement] getting providers with 1 VCPU {{(pid=101838) __init__ /opt/stack/placement/placement/objects/research_context.py:126}}
Aug 30 19:01:07.228233 n-d-803233-9 devstack@placement-api.service[101838]: DEBUG placement.objects.research_context [req-ce0e6e6e-62e9-4131-a247-a14febf9d3f3 req-8abd1c47-bb41-4e32-b9f8-423d85a75bce service placement] found 2 providers with available 1 DISK_GB {{(pid=101838) get_provider_ids_matching /opt/stack/placement/placement/objects/research_context.py:549}}
Aug 30 19:01:07.228519 n-d-803233-9 devstack@placement-api.service[101838]: DEBUG placement.objects.research_context [req-ce0e6e6e-62e9-4131-a247-a14febf9d3f3 req-8abd1c47-bb41-4e32-b9f8-423d85a75bce service placement] found 2 providers with available 1024 MEMORY_MB {{(pid=101838) get_provider_ids_matching /opt/stack/placement/placement/objects/research_context.py:549}}
Aug 30 19:01:07.228793 n-d-803233-9 devstack@placement-api.service[101838]: DEBUG placement.objects.research_context [req-ce0e6e6e-62e9-4131-a247-a14febf9d3f3 req-8abd1c47-bb41-4e32-b9f8-423d85a75bce service placement] found 2 providers after filtering by previous result {{(pid=101838) get_provider_ids_matching /opt/stack/placement/placement/objects/research_context.py:580}}
Aug 30 19:01:07.229039 n-d-803233-9 devstack@placement-api.service[101838]: DEBUG placement.objects.research_context [req-ce0e6e6e-62e9-4131-a247-a14febf9d3f3 req-8abd1c47-bb41-4e32-b9f8-423d85a75bce service placement] found 2 providers with available 1 VCPU {{(pid=101838) get_provider_ids_matching /opt/stack/placement/placement/objects/research_context.py:549}}
Aug 30 19:01:07.229466 n-d-803233-9 devstack@placement-api.service[101838]: DEBUG placement.objects.research_context [req-ce0e6e6e-62e9-4131-a247-a14febf9d3f3 req-8abd1c47-bb41-4e32-b9f8-423d85a75bce service placement] found 2 providers after filtering by previous result {{(pid=101838) get_provider_ids_matching /opt/stack/placement/placement/objects/research_context.py:580}}
Aug 30 19:01:07.244609 n-d-803233-9 devstack@placement-api.service[101838]: DEBUG placement.objects.allocation_candidate [req-ce0e6e6e-62e9-4131-a247-a14febf9d3f3 req-8abd1c47-bb41-4e32-b9f8-423d85a75bce service placement] RequestGroup(use_same_provider=False, resources={DISK_GB:1, MEMORY_MB:1024, VCPU:1}, traits=[], aggregates=[]) (suffix '') returned 2 matches {{(pid=101838) _get_by_requests /opt/stack/placement/placement/objects/allocation_candidate.py:145}}
Aug 30 19:01:07.245158 n-d-803233-9 devstack@placement-api.service[101838]: DEBUG placement.objects.allocation_candidate [req-ce0e6e6e-62e9-4131-a247-a14febf9d3f3 req-8abd1c47-bb41-4e32-b9f8-423d85a75bce service placement] Merging candidates yields 2 allocation requests and 2 provider summaries {{(pid=101838) _merge_candidates /opt/stack/placement/placement/objects/allocation_candidate.py:783}}
Aug 30 19:01:07.247212 n-d-803233-9 devstack@placement-api.service[101838]: INFO placement.requestlog [req-ce0e6e6e-62e9-4131-a247-a14febf9d3f3 req-8abd1c47-bb41-4e32-b9f8-423d85a75bce service placement] 10.222.0.42 "GET /placement/allocation_candidates?limit=1000&resources=DISK_GB%3A1%2CMEMORY_MB%3A1024%2CVCPU%3A1&root_required=%21COMPUTE_STATUS_DISABLED" status: 200 len: 1309 microversion: 1.35
Aug 30 19:01:07.247873 n-d-803233-9 devstack@placement-api.service[101838]: [pid: 101838|app: 0|req: 292/581] 10.222.0.42 () {60 vars in 1507 bytes} [Mon Aug 30 19:01:07 2021] GET /placement/allocation_candidates?limit=1000&resources=DISK_GB%3A1%2CMEMORY_MB%3A1024%2CVCPU%3A1&root_required=%21COMPUTE_STATUS_DISABLED => generated 1309 bytes in 88 msecs (HTTP/1.1 200) 8 headers in 297 bytes (1 switches on core 0)
Aug 30 19:01:07.297050 n-d-803233-9 devstack@placement-api.service[101837]: DEBUG placement.requestlog [req-ce0e6e6e-62e9-4131-a247-a14febf9d3f3 req-b55a8780-9b8b-4b9d-b83c-818a60df0312 None None] Starting request: 10.222.0.42 "GET /placement/allocations/38395641-3388-4019-9e98-60d8823bd5c1" {{(pid=101837) __call__ /opt/stack/placement/placement/requestlog.py:55}}
Aug 30 19:01:07.307825 n-d-803233-9 devstack@placement-api.service[101837]: INFO placement.requestlog [req-ce0e6e6e-62e9-4131-a247-a14febf9d3f3 req-b55a8780-9b8b-4b9d-b83c-818a60df0312 service placement] 10.222.0.42 "GET /placement/allocations/38395641-3388-4019-9e98-60d8823bd5c1" status: 200 len: 19 microversion: 1.28
Aug 30 19:01:07.312662 n-d-803233-9 devstack@placement-api.service[101837]: [pid: 101837|app: 0|req: 290/582] 10.222.0.42 () {60 vars in 1381 bytes} [Mon Aug 30 19:01:07 2021] GET /placement/allocations/38395641-3388-4019-9e98-60d8823bd5c1 => generated 19 bytes in 16 msecs (HTTP/1.1 200) 8 headers in 295 bytes (1 switches on core 0)
Aug 30 19:01:07.315705 n-d-803233-9 devstack@placement-api.service[101838]: DEBUG placement.requestlog [req-ce0e6e6e-62e9-4131-a247-a14febf9d3f3 req-ccd14eeb-eacc-484a-a08f-99100e265ac6 None None] Starting request: 10.222.0.42 "PUT /placement/allocations/38395641-3388-4019-9e98-60d8823bd5c1" {{(pid=101838) __call__ /opt/stack/placement/placement/requestlog.py:55}}
Aug 30 19:01:07.374965 n-d-803233-9 devstack@placement-api.service[101838]: DEBUG placement.handlers.allocation [req-ce0e6e6e-62e9-4131-a247-a14febf9d3f3 req-ccd14eeb-eacc-484a-a08f-99100e265ac6 service placement] Successfully wrote allocations [, , ] {{(pid=101838) _create_allocations /opt/stack/placement/placement/handlers/allocation.py:461}}
Aug 30 19:01:07.380028 n-d-803233-9 devstack@placement-api.service[101838]: INFO placement.requestlog [req-ce0e6e6e-62e9-4131-a247-a14febf9d3f3 req-ccd14eeb-eacc-484a-a08f-99100e265ac6 service placement] 10.222.0.42 "PUT /placement/allocations/38395641-3388-4019-9e98-60d8823bd5c1" status: 204 len: 0 microversion: 1.35
Aug 30 19:01:07.386695 n-d-803233-9 devstack@placement-api.service[101838]: [pid: 101838|app: 0|req: 293/583] 10.222.0.42 () {64 vars in 1434 bytes} [Mon Aug 30 19:01:07 2021] PUT /placement/allocations/38395641-3388-4019-9e98-60d8823bd5c1 => generated 0 bytes in 66 msecs (HTTP/1.1 204) 5 headers in 199 bytes (1 switches on core 0)
Aug 30 19:01:07.782748 n-d-803233-9 devstack@placement-api.service[101837]: DEBUG placement.requestlog [req-ce0e6e6e-62e9-4131-a247-a14febf9d3f3 req-62bdac2f-2c06-4bbe-8e0a-bf0ce5f69ad3 None None] Starting request: 10.222.0.53 "GET /placement/allocations/38395641-3388-4019-9e98-60d8823bd5c1" {{(pid=101837) __call__ /opt/stack/placement/placement/requestlog.py:55}}
Aug 30 19:01:07.800469 n-d-803233-9 devstack@placement-api.service[101837]: INFO placement.requestlog [req-ce0e6e6e-62e9-4131-a247-a14febf9d3f3 req-62bdac2f-2c06-4bbe-8e0a-bf0ce5f69ad3 service placement] 10.222.0.53 "GET /placement/allocations/38395641-3388-4019-9e98-60d8823bd5c1" status: 200 len: 259 microversion: 1.28
Aug 30 19:01:07.807031 n-d-803233-9 devstack@placement-api.service[101837]: [pid: 101837|app: 0|req: 291/584] 10.222.0.53 () {60 vars in 1378 bytes} [Mon Aug 30 19:01:07 2021] GET /placement/allocations/38395641-3388-4019-9e98-60d8823bd5c1 => generated 259 bytes in 19 msecs (HTTP/1.1 200) 8 headers in 296 bytes (1 switches on core 0)
Aug 30 19:01:08.241235 n-d-803233-9 devstack@placement-api.service[101838]: DEBUG placement.requestlog [req-ede37494-3d7c-47db-a33e-4054c06354ff req-26937814-c138-4a6d-9bcf-6415c20660c1 None None] Starting request: 10.222.0.42 "GET /placement/allocation_candidates?limit=1000&resources=DISK_GB%3A1%2CMEMORY_MB%3A1024%2CVCPU%3A1&root_required=%21COMPUTE_STATUS_DISABLED" {{(pid=101838) __call__ /opt/stack/placement/placement/requestlog.py:55}}
Aug 30 19:01:08.290297 n-d-803233-9 devstack@placement-api.service[101838]: DEBUG placement.objects.research_context [req-ede37494-3d7c-47db-a33e-4054c06354ff req-26937814-c138-4a6d-9bcf-6415c20660c1 service placement] getting providers with 1 DISK_GB {{(pid=101838) __init__ /opt/stack/placement/placement/objects/research_context.py:126}}
Aug 30 19:01:08.308282 n-d-803233-9 devstack@placement-api.service[101838]: DEBUG placement.objects.research_context [req-ede37494-3d7c-47db-a33e-4054c06354ff req-26937814-c138-4a6d-9bcf-6415c20660c1 service placement] getting providers with 1024 MEMORY_MB {{(pid=101838) __init__ /opt/stack/placement/placement/objects/research_context.py:126}}
Aug 30 19:01:08.318027 n-d-803233-9 devstack@placement-api.service[101838]: DEBUG placement.objects.research_context [req-ede37494-3d7c-47db-a33e-4054c06354ff req-26937814-c138-4a6d-9bcf-6415c20660c1 service placement] getting providers with 1 VCPU {{(pid=101838) __init__ /opt/stack/placement/placement/objects/research_context.py:126}}
Aug 30 19:01:08.326673 n-d-803233-9 devstack@placement-api.service[101838]: DEBUG placement.objects.research_context [req-ede37494-3d7c-47db-a33e-4054c06354ff req-26937814-c138-4a6d-9bcf-6415c20660c1 service placement] found 2 providers with available 1 DISK_GB {{(pid=101838) get_provider_ids_matching /opt/stack/placement/placement/objects/research_context.py:549}}
Aug 30 19:01:08.327291 n-d-803233-9 devstack@placement-api.service[101838]: DEBUG placement.objects.research_context [req-ede37494-3d7c-47db-a33e-4054c06354ff req-26937814-c138-4a6d-9bcf-6415c20660c1 service placement] found 2 providers with available 1024 MEMORY_MB {{(pid=101838) get_provider_ids_matching /opt/stack/placement/placement/objects/research_context.py:549}}
Aug 30 19:01:08.328040 n-d-803233-9 devstack@placement-api.service[101838]: DEBUG placement.objects.research_context [req-ede37494-3d7c-47db-a33e-4054c06354ff req-26937814-c138-4a6d-9bcf-6415c20660c1 service placement] found 2 providers after filtering by previous result {{(pid=101838) get_provider_ids_matching /opt/stack/placement/placement/objects/research_context.py:580}}
Aug 30 19:01:08.328401 n-d-803233-9 devstack@placement-api.service[101838]: DEBUG placement.objects.research_context [req-ede37494-3d7c-47db-a33e-4054c06354ff req-26937814-c138-4a6d-9bcf-6415c20660c1 service placement] found 2 providers with available 1 VCPU {{(pid=101838) get_provider_ids_matching /opt/stack/placement/placement/objects/research_context.py:549}}
