Aug 05 11:47:03.674336 n-d-803233-6 devstack@placement-api.service[94963]: DEBUG placement.requestlog [req-866dff3b-5601-4fe1-af59-0c32fac1d406 req-662be9e6-e8b5-47e1-983e-907f1c1a88b1 None None] Starting request: 10.222.0.73 "PUT /placement/allocations/89f3ddee-dec4-463f-b1a1-373d42d90aab" {{(pid=94963) __call__ /opt/stack/placement/placement/requestlog.py:55}}
Aug 05 11:47:03.942600 n-d-803233-6 devstack@placement-api.service[94963]: DEBUG placement.handlers.allocation [req-866dff3b-5601-4fe1-af59-0c32fac1d406 req-662be9e6-e8b5-47e1-983e-907f1c1a88b1 service placement] Successfully wrote allocations [, , ] {{(pid=94963) _create_allocations /opt/stack/placement/placement/handlers/allocation.py:435}}
Aug 05 11:47:03.944475 n-d-803233-6 devstack@placement-api.service[94963]: INFO placement.requestlog [req-866dff3b-5601-4fe1-af59-0c32fac1d406 req-662be9e6-e8b5-47e1-983e-907f1c1a88b1 service placement] 10.222.0.73 "PUT /placement/allocations/89f3ddee-dec4-463f-b1a1-373d42d90aab" status: 204 len: 0 microversion: 1.35
Aug 05 11:47:03.946826 n-d-803233-6 devstack@placement-api.service[94963]: [pid: 94963|app: 0|req: 161/327] 10.222.0.73 () {64 vars in 1434 bytes} [Thu Aug 5 11:47:03 2021] PUT /placement/allocations/89f3ddee-dec4-463f-b1a1-373d42d90aab => generated 0 bytes in 273 msecs (HTTP/1.1 204) 5 headers in 199 bytes (1 switches on core 0)
Aug 05 11:47:05.154600 n-d-803233-6 devstack@placement-api.service[94962]: DEBUG placement.requestlog [req-866dff3b-5601-4fe1-af59-0c32fac1d406 req-93532e09-9460-40f1-a1ec-70310228ad99 None None] Starting request: 10.222.0.98 "GET /placement/allocations/89f3ddee-dec4-463f-b1a1-373d42d90aab" {{(pid=94962) __call__ /opt/stack/placement/placement/requestlog.py:55}}
Aug 05 11:47:05.246108 n-d-803233-6 devstack@placement-api.service[94962]: INFO placement.requestlog [req-866dff3b-5601-4fe1-af59-0c32fac1d406 req-93532e09-9460-40f1-a1ec-70310228ad99 service placement] 10.222.0.98 "GET /placement/allocations/89f3ddee-dec4-463f-b1a1-373d42d90aab" status: 200 len: 259 microversion: 1.28
Aug 05 11:47:05.247591 n-d-803233-6 devstack@placement-api.service[94962]: [pid: 94962|app: 0|req: 167/328] 10.222.0.98 () {60 vars in 1378 bytes} [Thu Aug 5 11:47:05 2021] GET /placement/allocations/89f3ddee-dec4-463f-b1a1-373d42d90aab => generated 259 bytes in 94 msecs (HTTP/1.1 200) 8 headers in 296 bytes (1 switches on core 0)
Aug 05 11:47:12.693879 n-d-803233-6 devstack@placement-api.service[94963]: DEBUG placement.requestlog [req-f4f5d428-641a-476f-9fb4-2c51b7700216 req-dd65902f-732b-4e8e-807c-02472c5a0be5 None None] Starting request: 10.222.0.73 "GET /placement/allocation_candidates?limit=1000&resources=DISK_GB%3A1%2CMEMORY_MB%3A1024%2CVCPU%3A1&root_required=%21COMPUTE_STATUS_DISABLED" {{(pid=94963) __call__ /opt/stack/placement/placement/requestlog.py:55}}
Aug 05 11:47:12.820162 n-d-803233-6 devstack@placement-api.service[94962]: DEBUG placement.requestlog [req-3efd7aff-0707-49b2-838d-efd41ef08854 req-5dc4a8f6-3d3d-4b20-b7a8-8451b43f4198 None None] Starting request: 10.222.0.112 "GET /placement/allocations/765373e4-a97a-4abc-abb6-431aa3e92434" {{(pid=94962) __call__ /opt/stack/placement/placement/requestlog.py:55}}
Aug 05 11:47:12.884095 n-d-803233-6 devstack@placement-api.service[94963]: DEBUG placement.objects.research_context [req-f4f5d428-641a-476f-9fb4-2c51b7700216 req-dd65902f-732b-4e8e-807c-02472c5a0be5 service placement] getting providers with 1 DISK_GB {{(pid=94963) __init__ /opt/stack/placement/placement/objects/research_context.py:126}}
Aug 05 11:47:12.890761 n-d-803233-6 devstack@placement-api.service[94962]: INFO placement.requestlog [req-3efd7aff-0707-49b2-838d-efd41ef08854 req-5dc4a8f6-3d3d-4b20-b7a8-8451b43f4198 service placement] 10.222.0.112 "GET /placement/allocations/765373e4-a97a-4abc-abb6-431aa3e92434" status: 200 len: 259 microversion: 1.28
Aug 05 11:47:12.893197 n-d-803233-6 devstack@placement-api.service[94962]: [pid: 94962|app: 0|req: 168/329] 10.222.0.112 () {60 vars in 1379 bytes} [Thu Aug 5 11:47:12 2021] GET /placement/allocations/765373e4-a97a-4abc-abb6-431aa3e92434 => generated 259 bytes in 74 msecs (HTTP/1.1 200) 8 headers in 296 bytes (1 switches on core 0)
Aug 05 11:47:12.913169 n-d-803233-6 devstack@placement-api.service[94963]: DEBUG placement.objects.research_context [req-f4f5d428-641a-476f-9fb4-2c51b7700216 req-dd65902f-732b-4e8e-807c-02472c5a0be5 service placement] getting providers with 1024 MEMORY_MB {{(pid=94963) __init__ /opt/stack/placement/placement/objects/research_context.py:126}}
Aug 05 11:47:12.915619 n-d-803233-6 devstack@placement-api.service[94962]: DEBUG placement.requestlog [req-3efd7aff-0707-49b2-838d-efd41ef08854 req-91b2b97e-b8dd-4d91-86d9-26835b26aafe None None] Starting request: 10.222.0.112 "PUT /placement/allocations/765373e4-a97a-4abc-abb6-431aa3e92434" {{(pid=94962) __call__ /opt/stack/placement/placement/requestlog.py:55}}
Aug 05 11:47:12.970232 n-d-803233-6 devstack@placement-api.service[94963]: DEBUG placement.objects.research_context [req-f4f5d428-641a-476f-9fb4-2c51b7700216 req-dd65902f-732b-4e8e-807c-02472c5a0be5 service placement] getting providers with 1 VCPU {{(pid=94963) __init__ /opt/stack/placement/placement/objects/research_context.py:126}}
Aug 05 11:47:13.003461 n-d-803233-6 devstack@placement-api.service[94963]: DEBUG placement.objects.research_context [req-f4f5d428-641a-476f-9fb4-2c51b7700216 req-dd65902f-732b-4e8e-807c-02472c5a0be5 service placement] found 2 providers with available 1 DISK_GB {{(pid=94963) get_provider_ids_matching /opt/stack/placement/placement/objects/research_context.py:549}}
Aug 05 11:47:13.004974 n-d-803233-6 devstack@placement-api.service[94963]: DEBUG placement.objects.research_context [req-f4f5d428-641a-476f-9fb4-2c51b7700216 req-dd65902f-732b-4e8e-807c-02472c5a0be5 service placement] found 2 providers with available 1024 MEMORY_MB {{(pid=94963) get_provider_ids_matching /opt/stack/placement/placement/objects/research_context.py:549}}
Aug 05 11:47:13.008055 n-d-803233-6 devstack@placement-api.service[94963]: DEBUG placement.objects.research_context [req-f4f5d428-641a-476f-9fb4-2c51b7700216 req-dd65902f-732b-4e8e-807c-02472c5a0be5 service placement] found 2 providers after filtering by previous result {{(pid=94963) get_provider_ids_matching /opt/stack/placement/placement/objects/research_context.py:580}}
Aug 05 11:47:13.010711 n-d-803233-6 devstack@placement-api.service[94963]: DEBUG placement.objects.research_context [req-f4f5d428-641a-476f-9fb4-2c51b7700216 req-dd65902f-732b-4e8e-807c-02472c5a0be5 service placement] found 2 providers with available 1 VCPU {{(pid=94963) get_provider_ids_matching /opt/stack/placement/placement/objects/research_context.py:549}}
Aug 05 11:47:13.016488 n-d-803233-6 devstack@placement-api.service[94963]: DEBUG placement.objects.research_context [req-f4f5d428-641a-476f-9fb4-2c51b7700216 req-dd65902f-732b-4e8e-807c-02472c5a0be5 service placement] found 2 providers after filtering by previous result {{(pid=94963) get_provider_ids_matching /opt/stack/placement/placement/objects/research_context.py:580}}
Aug 05 11:47:13.086398 n-d-803233-6 devstack@placement-api.service[94963]: DEBUG placement.objects.allocation_candidate [req-f4f5d428-641a-476f-9fb4-2c51b7700216 req-dd65902f-732b-4e8e-807c-02472c5a0be5 service placement] RequestGroup(use_same_provider=False, resources={DISK_GB:1, MEMORY_MB:1024, VCPU:1}, traits=[], aggregates=[]) (suffix '') returned 2 matches {{(pid=94963) _get_by_requests /opt/stack/placement/placement/objects/allocation_candidate.py:145}}
Aug 05 11:47:13.089135 n-d-803233-6 devstack@placement-api.service[94963]: DEBUG placement.objects.allocation_candidate [req-f4f5d428-641a-476f-9fb4-2c51b7700216 req-dd65902f-732b-4e8e-807c-02472c5a0be5 service placement] Merging candidates yields 2 allocation requests and 2 provider summaries {{(pid=94963) _merge_candidates /opt/stack/placement/placement/objects/allocation_candidate.py:783}}
Aug 05 11:47:13.095864 n-d-803233-6 devstack@placement-api.service[94963]: INFO placement.requestlog [req-f4f5d428-641a-476f-9fb4-2c51b7700216 req-dd65902f-732b-4e8e-807c-02472c5a0be5 service placement] 10.222.0.73 "GET /placement/allocation_candidates?limit=1000&resources=DISK_GB%3A1%2CMEMORY_MB%3A1024%2CVCPU%3A1&root_required=%21COMPUTE_STATUS_DISABLED" status: 200 len: 1309 microversion: 1.35
Aug 05 11:47:13.097608 n-d-803233-6 devstack@placement-api.service[94963]: [pid: 94963|app: 0|req: 162/330] 10.222.0.73 () {60 vars in 1507 bytes} [Thu Aug 5 11:47:12 2021] GET /placement/allocation_candidates?limit=1000&resources=DISK_GB%3A1%2CMEMORY_MB%3A1024%2CVCPU%3A1&root_required=%21COMPUTE_STATUS_DISABLED => generated 1309 bytes in 405 msecs (HTTP/1.1 200) 8 headers in 297 bytes (2 switches on core 0)
Aug 05 11:47:13.255938 n-d-803233-6 devstack@placement-api.service[94962]: DEBUG placement.handlers.allocation [req-3efd7aff-0707-49b2-838d-efd41ef08854 req-91b2b97e-b8dd-4d91-86d9-26835b26aafe service placement] Successfully wrote allocations [, , ] {{(pid=94962) _create_allocations /opt/stack/placement/placement/handlers/allocation.py:435}}
Aug 05 11:47:13.257638 n-d-803233-6 devstack@placement-api.service[94962]: INFO placement.requestlog [req-3efd7aff-0707-49b2-838d-efd41ef08854 req-91b2b97e-b8dd-4d91-86d9-26835b26aafe service placement] 10.222.0.112 "PUT /placement/allocations/765373e4-a97a-4abc-abb6-431aa3e92434" status: 204 len: 0 microversion: 1.28
Aug 05 11:47:13.260448 n-d-803233-6 devstack@placement-api.service[94962]: [pid: 94962|app: 0|req: 169/331] 10.222.0.112 () {64 vars in 1432 bytes} [Thu Aug 5 11:47:12 2021] PUT /placement/allocations/765373e4-a97a-4abc-abb6-431aa3e92434 => generated 0 bytes in 345 msecs (HTTP/1.1 204) 5 headers in 199 bytes (2 switches on core 0)
Aug 05 11:47:13.379011 n-d-803233-6 devstack@placement-api.service[94963]: DEBUG placement.requestlog [req-f4f5d428-641a-476f-9fb4-2c51b7700216 req-e4532f88-1598-45e0-ba5d-ef6d902be6cb None None] Starting request: 10.222.0.73 "GET /placement/allocations/0661fdc8-c294-482d-be96-9d7727cf5106" {{(pid=94963) __call__ /opt/stack/placement/placement/requestlog.py:55}}
Aug 05 11:47:13.423202 n-d-803233-6 devstack@placement-api.service[94963]: INFO placement.requestlog [req-f4f5d428-641a-476f-9fb4-2c51b7700216 req-e4532f88-1598-45e0-ba5d-ef6d902be6cb service placement] 10.222.0.73 "GET /placement/allocations/0661fdc8-c294-482d-be96-9d7727cf5106" status: 200 len: 19 microversion: 1.28
Aug 05 11:47:13.424635 n-d-803233-6 devstack@placement-api.service[94963]: [pid: 94963|app: 0|req: 163/332] 10.222.0.73 () {60 vars in 1381 bytes} [Thu Aug 5 11:47:13 2021] GET /placement/allocations/0661fdc8-c294-482d-be96-9d7727cf5106 => generated 19 bytes in 46 msecs (HTTP/1.1 200) 8 headers in 295 bytes (1 switches on core 0)
Aug 05 11:47:13.435965 n-d-803233-6 devstack@placement-api.service[94962]: DEBUG placement.requestlog [req-f4f5d428-641a-476f-9fb4-2c51b7700216 req-d2b02c5d-d356-450f-a398-3b43a61a4fb1 None None] Starting request: 10.222.0.73 "PUT /placement/allocations/0661fdc8-c294-482d-be96-9d7727cf5106" {{(pid=94962) __call__ /opt/stack/placement/placement/requestlog.py:55}}
Aug 05 11:47:13.697480 n-d-803233-6 devstack@placement-api.service[94962]: DEBUG placement.handlers.allocation [req-f4f5d428-641a-476f-9fb4-2c51b7700216 req-d2b02c5d-d356-450f-a398-3b43a61a4fb1 service placement] Successfully wrote allocations [, , ] {{(pid=94962) _create_allocations /opt/stack/placement/placement/handlers/allocation.py:435}}
Aug 05 11:47:13.699621 n-d-803233-6 devstack@placement-api.service[94962]: INFO placement.requestlog [req-f4f5d428-641a-476f-9fb4-2c51b7700216 req-d2b02c5d-d356-450f-a398-3b43a61a4fb1 service placement] 10.222.0.73 "PUT /placement/allocations/0661fdc8-c294-482d-be96-9d7727cf5106" status: 204 len: 0 microversion: 1.35
Aug 05 11:47:13.700515 n-d-803233-6 devstack@placement-api.service[94962]: [pid: 94962|app: 0|req: 170/333] 10.222.0.73 () {64 vars in 1434 bytes} [Thu Aug 5 11:47:13 2021] PUT /placement/allocations/0661fdc8-c294-482d-be96-9d7727cf5106 => generated 0 bytes in 265 msecs (HTTP/1.1 204) 5 headers in 199 bytes (2 switches on core 0)
Aug 05 11:47:14.674317 n-d-803233-6 devstack@placement-api.service[94963]: DEBUG placement.requestlog [req-f4f5d428-641a-476f-9fb4-2c51b7700216 req-ff80a217-6862-48d7-984e-4d98d9535edf None None] Starting request: 10.222.0.98 "GET /placement/allocations/0661fdc8-c294-482d-be96-9d7727cf5106" {{(pid=94963) __call__ /opt/stack/placement/placement/requestlog.py:55}}
Aug 05 11:47:14.744269 n-d-803233-6 devstack@placement-api.service[94963]: INFO placement.requestlog [req-f4f5d428-641a-476f-9fb4-2c51b7700216 req-ff80a217-6862-48d7-984e-4d98d9535edf service placement] 10.222.0.98 "GET /placement/allocations/0661fdc8-c294-482d-be96-9d7727cf5106" status: 200 len: 259 microversion: 1.28
Aug 05 11:47:14.745284 n-d-803233-6 devstack@placement-api.service[94963]: [pid: 94963|app: 0|req: 164/334] 10.222.0.98 () {60 vars in 1378 bytes} [Thu Aug 5 11:47:14 2021] GET /placement/allocations/0661fdc8-c294-482d-be96-9d7727cf5106 => generated 259 bytes in 72 msecs (HTTP/1.1 200) 8 headers in 296 bytes (1 switches on core 0)
Aug 05 11:47:25.563577 n-d-803233-6 devstack@placement-api.service[94962]: DEBUG placement.requestlog [req-2c694567-150b-4b48-a1a4-c2bffca9d3df req-8e98b4c0-c5b8-43bf-8fbd-71f25f238e51 None None] Starting request: 10.222.0.112 "GET /placement/allocations/f43a5850-0dde-4bab-9e8a-a5426a45c5be" {{(pid=94962) __call__ /opt/stack/placement/placement/requestlog.py:55}}
Aug 05 11:47:25.677755 n-d-803233-6 devstack@placement-api.service[94962]: INFO placement.requestlog [req-2c694567-150b-4b48-a1a4-c2bffca9d3df req-8e98b4c0-c5b8-43bf-8fbd-71f25f238e51 service placement] 10.222.0.112 "GET /placement/allocations/f43a5850-0dde-4bab-9e8a-a5426a45c5be" status: 200 len: 259 microversion: 1.28
Aug 05 11:47:25.678896 n-d-803233-6 devstack@placement-api.service[94962]: [pid: 94962|app: 0|req: 171/335] 10.222.0.112 () {60 vars in 1379 bytes} [Thu Aug 5 11:47:25 2021] GET /placement/allocations/f43a5850-0dde-4bab-9e8a-a5426a45c5be => generated 259 bytes in 116 msecs (HTTP/1.1 200) 8 headers in 296 bytes (1 switches on core 0)
Aug 05 11:47:26.996957 n-d-803233-6 devstack@placement-api.service[94963]: DEBUG placement.requestlog [req-cd504ea7-d8a8-4138-9beb-179ee982ed5b req-d7c7ce9a-cda0-4663-b89b-206200585427 None None] Starting request: 10.222.0.112 "GET /placement/resource_providers/a939952e-222a-4c68-be89-6765e47bede0/allocations" {{(pid=94963) __call__ /opt/stack/placement/placement/requestlog.py:55}}
Aug 05 11:47:27.127393 n-d-803233-6 devstack@placement-api.service[94963]: INFO placement.requestlog [req-cd504ea7-d8a8-4138-9beb-179ee982ed5b req-d7c7ce9a-cda0-4663-b89b-206200585427 service placement] 10.222.0.112 "GET /placement/resource_providers/a939952e-222a-4c68-be89-6765e47bede0/allocations" status: 200 len: 644 microversion: 1.0
Aug 05 11:47:27.127925 n-d-803233-6 devstack@placement-api.service[94963]: [pid: 94963|app: 0|req: 165/336] 10.222.0.112 () {58 vars in 1392 bytes} [Thu Aug 5 11:47:26 2021] GET /placement/resource_providers/a939952e-222a-4c68-be89-6765e47bede0/allocations => generated 644 bytes in 132 msecs (HTTP/1.1 200) 6 headers in 224 bytes (1 switches on core 0)
Aug 05 11:47:30.572581 n-d-803233-6 devstack@placement-api.service[94962]: DEBUG placement.requestlog [req-f922e455-cec5-4e24-8c16-2861c3461768 req-b76f62e3-83dd-4b15-8220-6d8db058b910 None None] Starting request: 10.222.0.98 "GET /placement/allocations/e4814857-6917-472d-b21f-d42b090ae822" {{(pid=94962) __call__ /opt/stack/placement/placement/requestlog.py:55}}
Aug 05 11:47:30.673697 n-d-803233-6 devstack@placement-api.service[94962]: INFO placement.requestlog [req-f922e455-cec5-4e24-8c16-2861c3461768 req-b76f62e3-83dd-4b15-8220-6d8db058b910 service placement] 10.222.0.98 "GET /placement/allocations/e4814857-6917-472d-b21f-d42b090ae822" status: 200 len: 259 microversion: 1.28
Aug 05 11:47:30.674462 n-d-803233-6 devstack@placement-api.service[94962]: [pid: 94962|app: 0|req: 172/337] 10.222.0.98 () {60 vars in 1378 bytes} [Thu Aug 5 11:47:30 2021] GET /placement/allocations/e4814857-6917-472d-b21f-d42b090ae822 => generated 259 bytes in 103 msecs (HTTP/1.1 200) 8 headers in 296 bytes (1 switches on core 0)
Aug 05 11:47:30.697281 n-d-803233-6 devstack@placement-api.service[94963]: DEBUG placement.requestlog [req-f922e455-cec5-4e24-8c16-2861c3461768 req-71b2462f-38a8-42fc-a979-db9aff178aa5 None None] Starting request: 10.222.0.98 "PUT /placement/allocations/e4814857-6917-472d-b21f-d42b090ae822" {{(pid=94963) __call__ /opt/stack/placement/placement/requestlog.py:55}}
Aug 05 11:47:30.987136 n-d-803233-6 devstack@placement-api.service[94963]: DEBUG placement.handlers.allocation [req-f922e455-cec5-4e24-8c16-2861c3461768 req-71b2462f-38a8-42fc-a979-db9aff178aa5 service placement] Successfully wrote allocations [, , ] {{(pid=94963) _create_allocations /opt/stack/placement/placement/handlers/allocation.py:435}}
Aug 05 11:47:30.990500 n-d-803233-6 devstack@placement-api.service[94963]: INFO placement.requestlog [req-f922e455-cec5-4e24-8c16-2861c3461768 req-71b2462f-38a8-42fc-a979-db9aff178aa5 service placement] 10.222.0.98 "PUT /placement/allocations/e4814857-6917-472d-b21f-d42b090ae822" status: 204 len: 0 microversion: 1.28
Aug 05 11:47:30.992130 n-d-803233-6 devstack@placement-api.service[94963]: [pid: 94963|app: 0|req: 166/338] 10.222.0.98 () {64 vars in 1431 bytes} [Thu Aug 5 11:47:30 2021] PUT /placement/allocations/e4814857-6917-472d-b21f-d42b090ae822 => generated 0 bytes in 296 msecs (HTTP/1.1 204) 5 headers in 199 bytes (1 switches on core 0)
Aug 05 11:47:31.737527 n-d-803233-6 devstack@placement-api.service[94962]: DEBUG placement.requestlog [req-88a69faa-5807-43bb-9ca0-e667fd3c18de req-5ccc37ad-276c-49de-bdd1-84bd32e8045a None None] Starting request: 10.222.0.112 "GET /placement/resource_providers/a939952e-222a-4c68-be89-6765e47bede0/allocations" {{(pid=94962) __call__ /opt/stack/placement/placement/requestlog.py:55}}
Aug 05 11:47:31.944603 n-d-803233-6 devstack@placement-api.service[94962]: INFO placement.requestlog [req-88a69faa-5807-43bb-9ca0-e667fd3c18de req-5ccc37ad-276c-49de-bdd1-84bd32e8045a service placement] 10.222.0.112 "GET /placement/resource_providers/a939952e-222a-4c68-be89-6765e47bede0/allocations" status: 200 len: 644 microversion: 1.0
Aug 05 11:47:31.967587 n-d-803233-6 devstack@placement-api.service[94962]: [pid: 94962|app: 0|req: 173/339] 10.222.0.112 () {58 vars in 1392 bytes} [Thu Aug 5 11:47:31 2021] GET /placement/resource_providers/a939952e-222a-4c68-be89-6765e47bede0/allocations => generated 644 bytes in 213 msecs (HTTP/1.1 200) 6 headers in 224 bytes (1 switches on core 0)
Aug 05 11:47:32.849103 n-d-803233-6 devstack@placement-api.service[94963]: DEBUG placement.requestlog [req-88a69faa-5807-43bb-9ca0-e667fd3c18de req-67d1b76d-3dca-49b7-9f43-24bc7ca287ee None None] Starting request: 10.222.0.112 "GET /placement/allocations/8b125ee6-9f87-4734-90d8-342d266b4a67" {{(pid=94963) __call__ /opt/stack/placement/placement/requestlog.py:55}}
Aug 05 11:47:32.950623 n-d-803233-6 devstack@placement-api.service[94963]: INFO placement.requestlog [req-88a69faa-5807-43bb-9ca0-e667fd3c18de req-67d1b76d-3dca-49b7-9f43-24bc7ca287ee service placement] 10.222.0.112 "GET /placement/allocations/8b125ee6-9f87-4734-90d8-342d266b4a67" status: 200 len: 245 microversion: 1.28
Aug 05 11:47:32.950984 n-d-803233-6 devstack@placement-api.service[94963]: [pid: 94963|app: 0|req: 167/340] 10.222.0.112 () {60 vars in 1379 bytes} [Thu Aug 5 11:47:32 2021] GET /placement/allocations/8b125ee6-9f87-4734-90d8-342d266b4a67 => generated 245 bytes in 103 msecs (HTTP/1.1 200) 8 headers in 296 bytes (1 switches on core 0)
Aug 05 11:47:32.971891 n-d-803233-6 devstack@placement-api.service[94962]: DEBUG placement.requestlog [req-88a69faa-5807-43bb-9ca0-e667fd3c18de req-6228e093-5c9b-4f2a-9051-1c710d947220 None None] Starting request: 10.222.0.112 "PUT /placement/allocations/8b125ee6-9f87-4734-90d8-342d266b4a67" {{(pid=94962) __call__ /opt/stack/placement/placement/requestlog.py:55}}
Aug 05 11:47:33.171466 n-d-803233-6 devstack@placement-api.service[94962]: DEBUG placement.handlers.allocation [req-88a69faa-5807-43bb-9ca0-e667fd3c18de req-6228e093-5c9b-4f2a-9051-1c710d947220 service placement] Successfully wrote allocations [, ] {{(pid=94962) _create_allocations /opt/stack/placement/placement/handlers/allocation.py:435}}
Aug 05 11:47:33.172914 n-d-803233-6 devstack@placement-api.service[94962]: INFO placement.requestlog [req-88a69faa-5807-43bb-9ca0-e667fd3c18de req-6228e093-5c9b-4f2a-9051-1c710d947220 service placement] 10.222.0.112 "PUT /placement/allocations/8b125ee6-9f87-4734-90d8-342d266b4a67" status: 204 len: 0 microversion: 1.28
Aug 05 11:47:33.174251 n-d-803233-6 devstack@placement-api.service[94962]: [pid: 94962|app: 0|req: 174/341] 10.222.0.112 () {64 vars in 1432 bytes} [Thu Aug 5 11:47:32 2021] PUT /placement/allocations/8b125ee6-9f87-4734-90d8-342d266b4a67 => generated 0 bytes in 203 msecs (HTTP/1.1 204) 5 headers in 199 bytes (1 switches on core 0)
Aug 05 11:47:35.914031 n-d-803233-6 devstack@placement-api.service[94963]: DEBUG placement.requestlog [req-2ddf6494-bbbc-4741-945a-eff626b17b9c req-c8546f14-9b79-40b4-b07c-2a8acf3c90a7 None None] Starting request: 10.222.0.98 "GET /placement/resource_providers/d5b001ee-4517-4d78-a267-83723119e61b/allocations" {{(pid=94963) __call__ /opt/stack/placement/placement/requestlog.py:55}}
Aug 05 11:47:35.989387 n-d-803233-6 devstack@placement-api.service[94963]: INFO placement.requestlog [req-2ddf6494-bbbc-4741-945a-eff626b17b9c req-c8546f14-9b79-40b4-b07c-2a8acf3c90a7 service placement] 10.222.0.98 "GET /placement/resource_providers/d5b001ee-4517-4d78-a267-83723119e61b/allocations" status: 200 len: 948 microversion: 1.0
Aug 05 11:47:35.990300 n-d-803233-6 devstack@placement-api.service[94963]: [pid: 94963|app: 0|req: 168/342] 10.222.0.98 () {58 vars in 1391 bytes} [Thu Aug 5 11:47:35 2021] GET /placement/resource_providers/d5b001ee-4517-4d78-a267-83723119e61b/allocations => generated 948 bytes in 77 msecs (HTTP/1.1 200) 6 headers in 224 bytes (1 switches on core 0)
Aug 05 11:47:42.045578 n-d-803233-6 devstack@placement-api.service[94962]: DEBUG placement.requestlog [req-b0310a10-3e4a-472b-8b4b-49e91be4fbe2 req-6dd8e7a4-a8fe-464f-846d-f4d4c3cb5916 None None] Starting request: 10.222.0.112 "GET /placement/allocations/9999a6e2-1dc5-4aeb-9987-520f3f279677" {{(pid=94962) __call__ /opt/stack/placement/placement/requestlog.py:55}}
Aug 05 11:47:42.183591 n-d-803233-6 devstack@placement-api.service[94962]: INFO placement.requestlog [req-b0310a10-3e4a-472b-8b4b-49e91be4fbe2 req-6dd8e7a4-a8fe-464f-846d-f4d4c3cb5916 service placement] 10.222.0.112 "GET /placement/allocations/9999a6e2-1dc5-4aeb-9987-520f3f279677" status: 200 len: 259 microversion: 1.28
Aug 05 11:47:42.200754 n-d-803233-6 devstack@placement-api.service[94962]: [pid: 94962|app: 0|req: 175/343] 10.222.0.112 () {60 vars in 1379 bytes} [Thu Aug 5 11:47:42 2021] GET /placement/allocations/9999a6e2-1dc5-4aeb-9987-520f3f279677 => generated 259 bytes in 156 msecs (HTTP/1.1 200) 8 headers in 296 bytes (1 switches on core 0)
Aug 05 11:47:42.235366 n-d-803233-6 devstack@placement-api.service[94963]: DEBUG placement.requestlog [req-b0310a10-3e4a-472b-8b4b-49e91be4fbe2 req-d8809372-b5ed-4366-8c86-041dcd934744 None None] Starting request: 10.222.0.112 "PUT /placement/allocations/9999a6e2-1dc5-4aeb-9987-520f3f279677" {{(pid=94963) __call__ /opt/stack/placement/placement/requestlog.py:55}}
Aug 05 11:47:42.497171 n-d-803233-6 devstack@placement-api.service[94963]: DEBUG placement.handlers.allocation [req-b0310a10-3e4a-472b-8b4b-49e91be4fbe2 req-d8809372-b5ed-4366-8c86-041dcd934744 service placement] Successfully wrote allocations [, , ] {{(pid=94963) _create_allocations /opt/stack/placement/placement/handlers/allocation.py:435}}
Aug 05 11:47:42.498220 n-d-803233-6 devstack@placement-api.service[94963]: INFO placement.requestlog [req-b0310a10-3e4a-472b-8b4b-49e91be4fbe2 req-d8809372-b5ed-4366-8c86-041dcd934744 service placement] 10.222.0.112 "PUT /placement/allocations/9999a6e2-1dc5-4aeb-9987-520f3f279677" status: 204 len: 0 microversion: 1.28
Aug 05 11:47:42.499210 n-d-803233-6 devstack@placement-api.service[94963]: [pid: 94963|app: 0|req: 169/344] 10.222.0.112 () {64 vars in 1432 bytes} [Thu Aug 5 11:47:42 2021] PUT /placement/allocations/9999a6e2-1dc5-4aeb-9987-520f3f279677 => generated 0 bytes in 266 msecs (HTTP/1.1 204) 5 headers in 199 bytes (2 switches on core 0)
Aug 05 11:47:43.554968 n-d-803233-6 devstack@placement-api.service[94962]: DEBUG placement.requestlog [req-fcb81a5f-aebc-46ba-8a30-390e8707bfee req-2bffa466-1c32-4e22-9ece-8ea22673ae37 None None] Starting request: 10.222.0.98 "GET /placement/allocations/c6ca15de-abae-4e89-a729-65ff42d3a562" {{(pid=94962) __call__ /opt/stack/placement/placement/requestlog.py:55}}
Aug 05 11:47:43.627677 n-d-803233-6 devstack@placement-api.service[94962]: INFO placement.requestlog [req-fcb81a5f-aebc-46ba-8a30-390e8707bfee req-2bffa466-1c32-4e22-9ece-8ea22673ae37 service placement] 10.222.0.98 "GET /placement/allocations/c6ca15de-abae-4e89-a729-65ff42d3a562" status: 200 len: 259 microversion: 1.28
Aug 05 11:47:43.634944 n-d-803233-6 devstack@placement-api.service[94962]: [pid: 94962|app: 0|req: 176/345] 10.222.0.98 () {60 vars in 1378 bytes} [Thu Aug 5 11:47:43 2021] GET /placement/allocations/c6ca15de-abae-4e89-a729-65ff42d3a562 => generated 259 bytes in 79 msecs (HTTP/1.1 200) 8 headers in 296 bytes (1 switches on core 0)
Aug 05 11:47:43.653209 n-d-803233-6 devstack@placement-api.service[94963]: DEBUG placement.requestlog [req-fcb81a5f-aebc-46ba-8a30-390e8707bfee req-6623877d-98a7-4160-8366-76e1bd751d31 None None] Starting request: 10.222.0.98 "GET /placement/allocations/c6ca15de-abae-4e89-a729-65ff42d3a562" {{(pid=94963) __call__ /opt/stack/placement/placement/requestlog.py:55}}
Aug 05 11:47:43.763452 n-d-803233-6 devstack@placement-api.service[94963]: INFO placement.requestlog [req-fcb81a5f-aebc-46ba-8a30-390e8707bfee req-6623877d-98a7-4160-8366-76e1bd751d31 service placement] 10.222.0.98 "GET /placement/allocations/c6ca15de-abae-4e89-a729-65ff42d3a562" status: 200 len: 259 microversion: 1.28
Aug 05 11:47:43.764567 n-d-803233-6 devstack@placement-api.service[94963]: [pid: 94963|app: 0|req: 170/346] 10.222.0.98 () {60 vars in 1378 bytes} [Thu Aug 5 11:47:43 2021] GET /placement/allocations/c6ca15de-abae-4e89-a729-65ff42d3a562 => generated 259 bytes in 112 msecs (HTTP/1.1 200) 8 headers in 296 bytes (1 switches on core 0)
Aug 05 11:47:43.776697 n-d-803233-6 devstack@placement-api.service[94962]: DEBUG placement.requestlog [req-fcb81a5f-aebc-46ba-8a30-390e8707bfee req-dd4c0256-6154-40c7-a14e-686943265a72 None None] Starting request: 10.222.0.98 "GET /placement/allocations/f43a5850-0dde-4bab-9e8a-a5426a45c5be" {{(pid=94962) __call__ /opt/stack/placement/placement/requestlog.py:55}}
Aug 05 11:47:43.844652 n-d-803233-6 devstack@placement-api.service[94962]: INFO placement.requestlog [req-fcb81a5f-aebc-46ba-8a30-390e8707bfee req-dd4c0256-6154-40c7-a14e-686943265a72 service placement] 10.222.0.98 "GET /placement/allocations/f43a5850-0dde-4bab-9e8a-a5426a45c5be" status: 200 len: 259 microversion: 1.28
Aug 05 11:47:43.846628 n-d-803233-6 devstack@placement-api.service[94962]: [pid: 94962|app: 0|req: 177/347] 10.222.0.98 () {60 vars in 1378 bytes} [Thu Aug 5 11:47:43 2021] GET /placement/allocations/f43a5850-0dde-4bab-9e8a-a5426a45c5be => generated 259 bytes in 70 msecs (HTTP/1.1 200) 8 headers in 296 bytes (1 switches on core 0)
Aug 05 11:47:43.864756 n-d-803233-6 devstack@placement-api.service[94963]: DEBUG placement.requestlog [req-fcb81a5f-aebc-46ba-8a30-390e8707bfee req-411c78fe-d2c3-420b-b252-87b5f2433b01 None None] Starting request: 10.222.0.98 "POST /placement/allocations" {{(pid=94963) __call__ /opt/stack/placement/placement/requestlog.py:55}}
Aug 05 11:47:44.203785 n-d-803233-6 devstack@placement-api.service[94963]: DEBUG placement.handlers.allocation [req-fcb81a5f-aebc-46ba-8a30-390e8707bfee req-411c78fe-d2c3-420b-b252-87b5f2433b01 service placement] Successfully wrote allocations [, , , , , ] {{(pid=94963) _create_allocations /opt/stack/placement/placement/handlers/allocation.py:524}}
Aug 05 11:47:44.207017 n-d-803233-6 devstack@placement-api.service[94963]: INFO placement.requestlog [req-fcb81a5f-aebc-46ba-8a30-390e8707bfee req-411c78fe-d2c3-420b-b252-87b5f2433b01 service placement] 10.222.0.98 "POST /placement/allocations" status: 204 len: 0 microversion: 1.28
Aug 05 11:47:44.209119 n-d-803233-6 devstack@placement-api.service[94963]: [pid: 94963|app: 0|req: 171/348] 10.222.0.98 () {64 vars in 1321 bytes} [Thu Aug 5 11:47:43 2021] POST /placement/allocations => generated 0 bytes in 345 msecs (HTTP/1.1 204) 5 headers in 199 bytes (1 switches on core 0)
Aug 05 11:47:52.970936 n-d-803233-6 devstack@placement-api.service[94962]: DEBUG placement.requestlog [req-a9de1633-33f3-444d-9af4-77ad115ae4bd req-59eeb0f1-3746-4a84-935a-8ae39759d2e8 None None] Starting request: 10.222.0.112 "GET /placement/allocations/cb60c7a6-9254-4f2d-a4ff-208a41cfab5e" {{(pid=94962) __call__ /opt/stack/placement/placement/requestlog.py:55}}
Aug 05 11:47:53.055223 n-d-803233-6 devstack@placement-api.service[94962]: INFO placement.requestlog [req-a9de1633-33f3-444d-9af4-77ad115ae4bd req-59eeb0f1-3746-4a84-935a-8ae39759d2e8 service placement] 10.222.0.112 "GET /placement/allocations/cb60c7a6-9254-4f2d-a4ff-208a41cfab5e" status: 200 len: 259 microversion: 1.28
Aug 05 11:47:53.057546 n-d-803233-6 devstack@placement-api.service[94962]: [pid: 94962|app: 0|req: 178/349] 10.222.0.112 () {60 vars in 1379 bytes} [Thu Aug 5 11:47:52 2021] GET /placement/allocations/cb60c7a6-9254-4f2d-a4ff-208a41cfab5e => generated 259 bytes in 87 msecs (HTTP/1.1 200) 8 headers in 296 bytes (1 switches on core 0)
Aug 05 11:47:53.073676 n-d-803233-6 devstack@placement-api.service[94963]: DEBUG placement.requestlog [req-a9de1633-33f3-444d-9af4-77ad115ae4bd req-aa0018aa-9f04-46fd-b70f-02a88edec9a7 None None] Starting request: 10.222.0.112 "PUT /placement/allocations/cb60c7a6-9254-4f2d-a4ff-208a41cfab5e" {{(pid=94963) __call__ /opt/stack/placement/placement/requestlog.py:55}}
Aug 05 11:47:53.309400 n-d-803233-6 devstack@placement-api.service[94963]: DEBUG placement.handlers.allocation [req-a9de1633-33f3-444d-9af4-77ad115ae4bd req-aa0018aa-9f04-46fd-b70f-02a88edec9a7 service placement] Successfully wrote allocations [, , ] {{(pid=94963) _create_allocations /opt/stack/placement/placement/handlers/allocation.py:435}}
Aug 05 11:47:53.312445 n-d-803233-6 devstack@placement-api.service[94963]: INFO placement.requestlog [req-a9de1633-33f3-444d-9af4-77ad115ae4bd req-aa0018aa-9f04-46fd-b70f-02a88edec9a7 service placement] 10.222.0.112 "PUT /placement/allocations/cb60c7a6-9254-4f2d-a4ff-208a41cfab5e" status: 204 len: 0 microversion: 1.28
Aug 05 11:47:53.315367 n-d-803233-6 devstack@placement-api.service[94963]: [pid: 94963|app: 0|req: 172/350] 10.222.0.112 () {64 vars in 1432 bytes} [Thu Aug 5 11:47:53 2021] PUT /placement/allocations/cb60c7a6-9254-4f2d-a4ff-208a41cfab5e => generated 0 bytes in 242 msecs (HTTP/1.1 204) 5 headers in 199 bytes (1 switches on core 0)
Aug 05 11:47:58.560248 n-d-803233-6 devstack@placement-api.service[94962]: DEBUG placement.requestlog [req-742a55f1-7e1a-4e94-9f97-2f79094d56b7 req-172cac2d-73ac-42ff-8bb1-ea25a245c7f5 None None] Starting request: 10.222.0.73 "GET /placement/allocation_candidates?limit=1000&resources=DISK_GB%3A1%2CMEMORY_MB%3A1024%2CVCPU%3A1&root_required=%21COMPUTE_STATUS_DISABLED" {{(pid=94962) __call__ /opt/stack/placement/placement/requestlog.py:55}}
Aug 05 11:47:58.604937 n-d-803233-6 devstack@placement-api.service[94963]: DEBUG placement.requestlog [req-c57bbe8a-9f79-4ff1-bef1-5ea3b3d38ad4 req-46b3fd74-2225-45cb-8b59-ae249a81061e None None] Starting request: 10.222.0.98 "GET /placement/allocations/67d6ee3d-3c9a-480d-8f0e-f1b9a0f45f84" {{(pid=94963) __call__ /opt/stack/placement/placement/requestlog.py:55}}
Aug 05 11:47:58.681960 n-d-803233-6 devstack@placement-api.service[94963]: INFO placement.requestlog [req-c57bbe8a-9f79-4ff1-bef1-5ea3b3d38ad4 req-46b3fd74-2225-45cb-8b59-ae249a81061e service placement] 10.222.0.98 "GET /placement/allocations/67d6ee3d-3c9a-480d-8f0e-f1b9a0f45f84" status: 200 len: 245 microversion: 1.28
Aug 05 11:47:58.682984 n-d-803233-6 devstack@placement-api.service[94963]: [pid: 94963|app: 0|req: 173/351] 10.222.0.98 () {60 vars in 1378 bytes} [Thu Aug 5 11:47:58 2021] GET /placement/allocations/67d6ee3d-3c9a-480d-8f0e-f1b9a0f45f84 => generated 245 bytes in 79 msecs (HTTP/1.1 200) 8 headers in 296 bytes (2 switches on core 0)
Aug 05 11:47:58.698134 n-d-803233-6 devstack@placement-api.service[94963]: DEBUG placement.requestlog [req-c57bbe8a-9f79-4ff1-bef1-5ea3b3d38ad4 req-92c119a6-0e06-4924-938e-6a2373cd58be None None] Starting request: 10.222.0.98 "PUT /placement/allocations/67d6ee3d-3c9a-480d-8f0e-f1b9a0f45f84" {{(pid=94963) __call__ /opt/stack/placement/placement/requestlog.py:55}}
Aug 05 11:47:58.731422 n-d-803233-6 devstack@placement-api.service[94962]: DEBUG placement.objects.research_context [req-742a55f1-7e1a-4e94-9f97-2f79094d56b7 req-172cac2d-73ac-42ff-8bb1-ea25a245c7f5 service placement] getting providers with 1 DISK_GB {{(pid=94962) __init__ /opt/stack/placement/placement/objects/research_context.py:126}}
Aug 05 11:47:58.759849 n-d-803233-6 devstack@placement-api.service[94962]: DEBUG placement.objects.research_context [req-742a55f1-7e1a-4e94-9f97-2f79094d56b7 req-172cac2d-73ac-42ff-8bb1-ea25a245c7f5 service placement] getting providers with 1024 MEMORY_MB {{(pid=94962) __init__ /opt/stack/placement/placement/objects/research_context.py:126}}
Aug 05 11:47:58.791372 n-d-803233-6 devstack@placement-api.service[94962]: DEBUG placement.objects.research_context [req-742a55f1-7e1a-4e94-9f97-2f79094d56b7 req-172cac2d-73ac-42ff-8bb1-ea25a245c7f5 service placement] getting providers with 1 VCPU {{(pid=94962) __init__ /opt/stack/placement/placement/objects/research_context.py:126}}
Aug 05 11:47:58.808620 n-d-803233-6 devstack@placement-api.service[94962]: DEBUG placement.objects.research_context [req-742a55f1-7e1a-4e94-9f97-2f79094d56b7 req-172cac2d-73ac-42ff-8bb1-ea25a245c7f5 service placement] found 2 providers with available 1 DISK_GB {{(pid=94962) get_provider_ids_matching /opt/stack/placement/placement/objects/research_context.py:549}}
Aug 05 11:47:58.809732 n-d-803233-6 devstack@placement-api.service[94962]: DEBUG placement.objects.research_context [req-742a55f1-7e1a-4e94-9f97-2f79094d56b7 req-172cac2d-73ac-42ff-8bb1-ea25a245c7f5 service placement] found 2 providers with available 1024 MEMORY_MB {{(pid=94962) get_provider_ids_matching /opt/stack/placement/placement/objects/research_context.py:549}}
Aug 05 11:47:58.810616 n-d-803233-6 devstack@placement-api.service[94962]: DEBUG placement.objects.research_context [req-742a55f1-7e1a-4e94-9f97-2f79094d56b7 req-172cac2d-73ac-42ff-8bb1-ea25a245c7f5 service placement] found 2 providers after filtering by previous result {{(pid=94962) get_provider_ids_matching /opt/stack/placement/placement/objects/research_context.py:580}}
Aug 05 11:47:58.811433 n-d-803233-6 devstack@placement-api.service[94962]: DEBUG placement.objects.research_context [req-742a55f1-7e1a-4e94-9f97-2f79094d56b7 req-172cac2d-73ac-42ff-8bb1-ea25a245c7f5 service placement] found 2 providers with available 1 VCPU {{(pid=94962) get_provider_ids_matching /opt/stack/placement/placement/objects/research_context.py:549}}
Aug 05 11:47:58.812278 n-d-803233-6 devstack@placement-api.service[94962]: DEBUG placement.objects.research_context [req-742a55f1-7e1a-4e94-9f97-2f79094d56b7 req-172cac2d-73ac-42ff-8bb1-ea25a245c7f5 service placement] found 2 providers after filtering by previous result {{(pid=94962) get_provider_ids_matching /opt/stack/placement/placement/objects/research_context.py:580}}
Aug 05 11:47:58.864057 n-d-803233-6 devstack@placement-api.service[94962]: DEBUG placement.objects.allocation_candidate [req-742a55f1-7e1a-4e94-9f97-2f79094d56b7 req-172cac2d-73ac-42ff-8bb1-ea25a245c7f5 service placement] RequestGroup(use_same_provider=False, resources={DISK_GB:1, MEMORY_MB:1024, VCPU:1}, traits=[], aggregates=[]) (suffix '') returned 2 matches {{(pid=94962) _get_by_requests /opt/stack/placement/placement/objects/allocation_candidate.py:145}}
Aug 05 11:47:58.866826 n-d-803233-6 devstack@placement-api.service[94962]: DEBUG placement.objects.allocation_candidate [req-742a55f1-7e1a-4e94-9f97-2f79094d56b7 req-172cac2d-73ac-42ff-8bb1-ea25a245c7f5 service placement] Merging candidates yields 2 allocation requests and 2 provider summaries {{(pid=94962) _merge_candidates /opt/stack/placement/placement/objects/allocation_candidate.py:783}}
Aug 05 11:47:58.878758 n-d-803233-6 devstack@placement-api.service[94962]: INFO placement.requestlog [req-742a55f1-7e1a-4e94-9f97-2f79094d56b7 req-172cac2d-73ac-42ff-8bb1-ea25a245c7f5 service placement] 10.222.0.73 "GET /placement/allocation_candidates?limit=1000&resources=DISK_GB%3A1%2CMEMORY_MB%3A1024%2CVCPU%3A1&root_required=%21COMPUTE_STATUS_DISABLED" status: 200 len: 1309 microversion: 1.35
Aug 05 11:47:58.887292 n-d-803233-6 devstack@placement-api.service[94962]: [pid: 94962|app: 0|req: 179/352] 10.222.0.73 () {60 vars in 1507 bytes} [Thu Aug 5 11:47:58 2021] GET /placement/allocation_candidates?limit=1000&resources=DISK_GB%3A1%2CMEMORY_MB%3A1024%2CVCPU%3A1&root_required=%21COMPUTE_STATUS_DISABLED => generated 1309 bytes in 328 msecs (HTTP/1.1 200) 8 headers in 297 bytes (1 switches on core 0)
Aug 05 11:47:58.933547 n-d-803233-6 devstack@placement-api.service[94963]: DEBUG placement.handlers.allocation [req-c57bbe8a-9f79-4ff1-bef1-5ea3b3d38ad4 req-92c119a6-0e06-4924-938e-6a2373cd58be service placement] Successfully wrote allocations [, ] {{(pid=94963) _create_allocations /opt/stack/placement/placement/handlers/allocation.py:435}}
Aug 05 11:47:58.935166 n-d-803233-6 devstack@placement-api.service[94963]: INFO placement.requestlog [req-c57bbe8a-9f79-4ff1-bef1-5ea3b3d38ad4 req-92c119a6-0e06-4924-938e-6a2373cd58be service placement] 10.222.0.98 "PUT /placement/allocations/67d6ee3d-3c9a-480d-8f0e-f1b9a0f45f84" status: 204 len: 0 microversion: 1.28
Aug 05 11:47:58.936048 n-d-803233-6 devstack@placement-api.service[94963]: [pid: 94963|app: 0|req: 174/353] 10.222.0.98 () {64 vars in 1431 bytes} [Thu Aug 5 11:47:58 2021] PUT /placement/allocations/67d6ee3d-3c9a-480d-8f0e-f1b9a0f45f84 => generated 0 bytes in 239 msecs (HTTP/1.1 204) 5 headers in 199 bytes (2 switches on core 0)
Aug 05 11:47:59.036621 n-d-803233-6 devstack@placement-api.service[94962]: DEBUG placement.requestlog [req-742a55f1-7e1a-4e94-9f97-2f79094d56b7 req-995e659f-61c9-4445-969c-06429bbffa70 None None] Starting request: 10.222.0.73 "GET /placement/allocations/6a72066e-8ad3-402f-9ee8-3150e938905a" {{(pid=94962) __call__ /opt/stack/placement/placement/requestlog.py:55}}
Aug 05 11:47:59.078339 n-d-803233-6 devstack@placement-api.service[94962]: INFO placement.requestlog [req-742a55f1-7e1a-4e94-9f97-2f79094d56b7 req-995e659f-61c9-4445-969c-06429bbffa70 service placement] 10.222.0.73 "GET /placement/allocations/6a72066e-8ad3-402f-9ee8-3150e938905a" status: 200 len: 19 microversion: 1.28
Aug 05 11:47:59.084219 n-d-803233-6 devstack@placement-api.service[94962]: [pid: 94962|app: 0|req: 180/354] 10.222.0.73 () {60 vars in 1381 bytes} [Thu Aug 5 11:47:59 2021] GET /placement/allocations/6a72066e-8ad3-402f-9ee8-3150e938905a => generated 19 bytes in 49 msecs (HTTP/1.1 200) 8 headers in 295 bytes (2 switches on core 0)
Aug 05 11:47:59.140314 n-d-803233-6 devstack@placement-api.service[94963]: DEBUG placement.requestlog [req-742a55f1-7e1a-4e94-9f97-2f79094d56b7 req-673dccdf-cc6b-498d-b73c-d86027b1fb10 None None] Starting request: 10.222.0.73 "PUT /placement/allocations/6a72066e-8ad3-402f-9ee8-3150e938905a" {{(pid=94963) __call__ /opt/stack/placement/placement/requestlog.py:55}}
Aug 05 11:47:59.371497 n-d-803233-6 devstack@placement-api.service[94963]: DEBUG placement.handlers.allocation [req-742a55f1-7e1a-4e94-9f97-2f79094d56b7 req-673dccdf-cc6b-498d-b73c-d86027b1fb10 service placement] Successfully wrote allocations [, , ] {{(pid=94963) _create_allocations /opt/stack/placement/placement/handlers/allocation.py:435}}
Aug 05 11:47:59.373149 n-d-803233-6 devstack@placement-api.service[94963]: INFO placement.requestlog [req-742a55f1-7e1a-4e94-9f97-2f79094d56b7 req-673dccdf-cc6b-498d-b73c-d86027b1fb10 service placement] 10.222.0.73 "PUT /placement/allocations/6a72066e-8ad3-402f-9ee8-3150e938905a" status: 204 len: 0 microversion: 1.35
Aug 05 11:47:59.384504 n-d-803233-6 devstack@placement-api.service[94963]: [pid: 94963|app: 0|req: 175/355] 10.222.0.73 () {64 vars in 1434 bytes} [Thu Aug 5 11:47:59 2021] PUT /placement/allocations/6a72066e-8ad3-402f-9ee8-3150e938905a => generated 0 bytes in 234 msecs (HTTP/1.1 204) 5 headers in 199 bytes (1 switches on core 0)
Aug 05 11:48:00.515530 n-d-803233-6 devstack@placement-api.service[94962]: DEBUG placement.requestlog [req-742a55f1-7e1a-4e94-9f97-2f79094d56b7 req-1a67d2fc-a968-46b0-ba62-f7d3df079b2c None None] Starting request: 10.222.0.112 "GET /placement/allocations/6a72066e-8ad3-402f-9ee8-3150e938905a" {{(pid=94962) __call__ /opt/stack/placement/placement/requestlog.py:55}}
Aug 05 11:48:00.623040 n-d-803233-6 devstack@placement-api.service[94962]: INFO placement.requestlog [req-742a55f1-7e1a-4e94-9f97-2f79094d56b7 req-1a67d2fc-a968-46b0-ba62-f7d3df079b2c service placement] 10.222.0.112 "GET /placement/allocations/6a72066e-8ad3-402f-9ee8-3150e938905a" status: 200 len: 259 microversion: 1.28
Aug 05 11:48:00.625931 n-d-803233-6 devstack@placement-api.service[94962]: [pid: 94962|app: 0|req: 181/356] 10.222.0.112 () {60 vars in 1379 bytes} [Thu Aug 5 11:48:00 2021] GET /placement/allocations/6a72066e-8ad3-402f-9ee8-3150e938905a => generated 259 bytes in 111 msecs (HTTP/1.1 200) 8 headers in 296 bytes (1 switches on core 0)
Aug 05 11:48:03.167923 n-d-803233-6 devstack@placement-api.service[94963]: DEBUG placement.requestlog [req-0b1c5f94-a6dc-4ef9-be08-f5ad0f2e3195 req-0b1193f3-5b5b-493f-90b7-5844c2694d8d None None] Starting request: 10.222.0.98 "GET /placement/allocations/89f3ddee-dec4-463f-b1a1-373d42d90aab" {{(pid=94963) __call__ /opt/stack/placement/placement/requestlog.py:55}}
Aug 05 11:48:03.269656 n-d-803233-6 devstack@placement-api.service[94963]: INFO placement.requestlog [req-0b1c5f94-a6dc-4ef9-be08-f5ad0f2e3195 req-0b1193f3-5b5b-493f-90b7-5844c2694d8d service placement] 10.222.0.98 "GET /placement/allocations/89f3ddee-dec4-463f-b1a1-373d42d90aab" status: 200 len: 259 microversion: 1.28
Aug 05 11:48:03.271061 n-d-803233-6 devstack@placement-api.service[94963]: [pid: 94963|app: 0|req: 176/357] 10.222.0.98 () {60 vars in 1378 bytes} [Thu Aug 5 11:48:03 2021] GET /placement/allocations/89f3ddee-dec4-463f-b1a1-373d42d90aab => generated 259 bytes in 104 msecs (HTTP/1.1 200) 8 headers in 296 bytes (1 switches on core 0)
Aug 05 11:48:03.286956 n-d-803233-6 devstack@placement-api.service[94962]: DEBUG placement.requestlog [req-0b1c5f94-a6dc-4ef9-be08-f5ad0f2e3195 req-e74cc4a1-179b-4725-aa08-de2cd80bc28b None None] Starting request: 10.222.0.98 "PUT /placement/allocations/89f3ddee-dec4-463f-b1a1-373d42d90aab" {{(pid=94962) __call__ /opt/stack/placement/placement/requestlog.py:55}}
Aug 05 11:48:03.553378 n-d-803233-6 devstack@placement-api.service[94962]: DEBUG placement.handlers.allocation [req-0b1c5f94-a6dc-4ef9-be08-f5ad0f2e3195 req-e74cc4a1-179b-4725-aa08-de2cd80bc28b service placement] Successfully wrote allocations [, , ] {{(pid=94962) _create_allocations /opt/stack/placement/placement/handlers/allocation.py:435}}
Aug 05 11:48:03.554874 n-d-803233-6 devstack@placement-api.service[94962]: INFO placement.requestlog [req-0b1c5f94-a6dc-4ef9-be08-f5ad0f2e3195 req-e74cc4a1-179b-4725-aa08-de2cd80bc28b service placement] 10.222.0.98 "PUT /placement/allocations/89f3ddee-dec4-463f-b1a1-373d42d90aab" status: 204 len: 0 microversion: 1.28
Aug 05 11:48:03.556058 n-d-803233-6 devstack@placement-api.service[94962]: [pid: 94962|app: 0|req: 182/358] 10.222.0.98 () {64 vars in 1431 bytes} [Thu Aug 5 11:48:03 2021] PUT /placement/allocations/89f3ddee-dec4-463f-b1a1-373d42d90aab => generated 0 bytes in 270 msecs (HTTP/1.1 204) 5 headers in 199 bytes (2 switches on core 0)
Aug 05 11:48:06.462108 n-d-803233-6 devstack@placement-api.service[94963]: DEBUG placement.requestlog [req-5bcf99c7-a79a-4af8-8223-3f03e7e80ed1 req-edec9350-f7e5-4413-b40e-2ea5ca86c34f None None] Starting request: 10.222.0.98 "GET /placement/allocations/4751d778-86c2-4fda-9cb9-6b35fac9cfc7" {{(pid=94963) __call__ /opt/stack/placement/placement/requestlog.py:55}}
Aug 05 11:48:06.541418 n-d-803233-6 devstack@placement-api.service[94963]: INFO placement.requestlog [req-5bcf99c7-a79a-4af8-8223-3f03e7e80ed1 req-edec9350-f7e5-4413-b40e-2ea5ca86c34f service placement] 10.222.0.98 "GET /placement/allocations/4751d778-86c2-4fda-9cb9-6b35fac9cfc7" status: 200 len: 259 microversion: 1.28
Aug 05 11:48:06.549017 n-d-803233-6 devstack@placement-api.service[94963]: [pid: 94963|app: 0|req: 177/359] 10.222.0.98 () {60 vars in 1378 bytes} [Thu Aug 5 11:48:06 2021] GET /placement/allocations/4751d778-86c2-4fda-9cb9-6b35fac9cfc7 => generated 259 bytes in 87 msecs (HTTP/1.1 200) 8 headers in 296 bytes (1 switches on core 0)
Aug 05 11:48:06.561812 n-d-803233-6 devstack@placement-api.service[94962]: DEBUG placement.requestlog [req-5bcf99c7-a79a-4af8-8223-3f03e7e80ed1 req-50e6d660-9451-4022-85c8-574814380601 None None] Starting request: 10.222.0.98 "PUT /placement/allocations/4751d778-86c2-4fda-9cb9-6b35fac9cfc7" {{(pid=94962) __call__ /opt/stack/placement/placement/requestlog.py:55}}
Aug 05 11:48:07.018798 n-d-803233-6 devstack@placement-api.service[94962]: DEBUG placement.handlers.allocation [req-5bcf99c7-a79a-4af8-8223-3f03e7e80ed1 req-50e6d660-9451-4022-85c8-574814380601 service placement] Successfully wrote allocations [, , ] {{(pid=94962) _create_allocations /opt/stack/placement/placement/handlers/allocation.py:435}}
Aug 05 11:48:07.021079 n-d-803233-6 devstack@placement-api.service[94962]: INFO placement.requestlog [req-5bcf99c7-a79a-4af8-8223-3f03e7e80ed1 req-50e6d660-9451-4022-85c8-574814380601 service placement] 10.222.0.98 "PUT /placement/allocations/4751d778-86c2-4fda-9cb9-6b35fac9cfc7" status: 204 len: 0 microversion: 1.28
Aug 05 11:48:07.021970 n-d-803233-6 devstack@placement-api.service[94962]: [pid: 94962|app: 0|req: 183/360] 10.222.0.98 () {64 vars in 1431 bytes} [Thu Aug 5 11:48:06 2021] PUT /placement/allocations/4751d778-86c2-4fda-9cb9-6b35fac9cfc7 => generated 0 bytes in 461 msecs (HTTP/1.1 204) 5 headers in 199 bytes (1 switches on core 0)
Aug 05 11:48:16.363592 n-d-803233-6 devstack@placement-api.service[94963]: DEBUG placement.requestlog [req-b303135b-adcb-4378-b799-565bca603a2c req-5bdca2a6-d00c-4b64-b410-836cdfaab0bc None None] Starting request: 10.222.0.98 "GET /placement/allocations/f43a5850-0dde-4bab-9e8a-a5426a45c5be" {{(pid=94963) __call__ /opt/stack/placement/placement/requestlog.py:55}}
Aug 05 11:48:16.513000 n-d-803233-6 devstack@placement-api.service[94963]: INFO placement.requestlog [req-b303135b-adcb-4378-b799-565bca603a2c req-5bdca2a6-d00c-4b64-b410-836cdfaab0bc service placement] 10.222.0.98 "GET /placement/allocations/f43a5850-0dde-4bab-9e8a-a5426a45c5be" status: 200 len: 259 microversion: 1.28
Aug 05 11:48:16.518910 n-d-803233-6 devstack@placement-api.service[94963]: [pid: 94963|app: 0|req: 178/361] 10.222.0.98 () {60 vars in 1378 bytes} [Thu Aug 5 11:48:16 2021] GET /placement/allocations/f43a5850-0dde-4bab-9e8a-a5426a45c5be => generated 259 bytes in 156 msecs (HTTP/1.1 200) 8 headers in 296 bytes (1 switches on core 0)
Aug 05 11:48:16.530914 n-d-803233-6 devstack@placement-api.service[94962]: DEBUG placement.requestlog [req-b303135b-adcb-4378-b799-565bca603a2c req-f8ca7dbf-1009-45a2-b288-bc53031b2374 None None] Starting request: 10.222.0.98 "PUT /placement/allocations/f43a5850-0dde-4bab-9e8a-a5426a45c5be" {{(pid=94962) __call__ /opt/stack/placement/placement/requestlog.py:55}}
Aug 05 11:48:16.888391 n-d-803233-6 devstack@placement-api.service[94962]: DEBUG placement.handlers.allocation [req-b303135b-adcb-4378-b799-565bca603a2c req-f8ca7dbf-1009-45a2-b288-bc53031b2374 service placement] Successfully wrote allocations [, , ] {{(pid=94962) _create_allocations /opt/stack/placement/placement/handlers/allocation.py:435}}
Aug 05 11:48:16.895118 n-d-803233-6 devstack@placement-api.service[94962]: INFO placement.requestlog [req-b303135b-adcb-4378-b799-565bca603a2c req-f8ca7dbf-1009-45a2-b288-bc53031b2374 service placement] 10.222.0.98 "PUT /placement/allocations/f43a5850-0dde-4bab-9e8a-a5426a45c5be" status: 204 len: 0 microversion: 1.28
Aug 05 11:48:16.898103 n-d-803233-6 devstack@placement-api.service[94962]: [pid: 94962|app: 0|req: 184/362] 10.222.0.98 () {64 vars in 1431 bytes} [Thu Aug 5 11:48:16 2021] PUT /placement/allocations/f43a5850-0dde-4bab-9e8a-a5426a45c5be => generated 0 bytes in 369 msecs (HTTP/1.1 204) 5 headers in 199 bytes (1 switches on core 0)
Aug 05 11:48:24.342382 n-d-803233-6 devstack@placement-api.service[94963]: DEBUG placement.requestlog [req-70977e66-788e-4e50-a77c-5310b2e69bfe req-67e336aa-7ba6-4199-8e8e-9b9c1504b106 None None] Starting request: 10.222.0.73 "GET /placement/allocation_candidates?limit=1000&resources=DISK_GB%3A1%2CMEMORY_MB%3A1024%2CVCPU%3A1&root_required=%21COMPUTE_STATUS_DISABLED" {{(pid=94963) __call__ /opt/stack/placement/placement/requestlog.py:55}}
Aug 05 11:48:24.514197 n-d-803233-6 devstack@placement-api.service[94963]: DEBUG placement.objects.research_context [req-70977e66-788e-4e50-a77c-5310b2e69bfe req-67e336aa-7ba6-4199-8e8e-9b9c1504b106 service placement] getting providers with 1 DISK_GB {{(pid=94963) __init__ /opt/stack/placement/placement/objects/research_context.py:126}}
