Aug 03 11:50:53.016671 n-d-803233-3 devstack@n-api.service[115630]: DEBUG nova.policy [None req-7d3779f3-71e9-4fb2-88a4-9948cac0fa8c tempest-ServersOnMultiNodesTest-645517388 tempest-ServersOnMultiNodesTest-645517388-project] Policy check for os_compute_api:os-extended-server-attributes failed with credentials {'is_admin': False, 'user_id': 'b8e7c3f4cea348f894cd4fc4c09654a1', 'user_domain_id': 'default', 'system_scope': None, 'domain_id': None, 'project_id': '4a228bc211fc451fa476d414ed0c5ac7', 'project_domain_id': 'default', 'roles': ['member', 'reader'], 'is_admin_project': True, 'service_user_id': None, 'service_user_domain_id': None, 'service_project_id': None, 'service_project_domain_id': None, 'service_roles': []} {{(pid=115630) authorize /opt/stack/nova/nova/policy.py:199}}
Aug 03 11:50:53.024288 n-d-803233-3 devstack@n-api.service[115630]: INFO nova.api.openstack.requestlog [None req-7d3779f3-71e9-4fb2-88a4-9948cac0fa8c tempest-ServersOnMultiNodesTest-645517388 tempest-ServersOnMultiNodesTest-645517388-project] 10.222.0.44 "GET /compute/v2.1/servers/ef92018f-cd69-4d28-a780-439ed6d963ec" status: 200 len: 1275 microversion: 2.1 time: 0.095790
Aug 03 11:50:53.025711 n-d-803233-3 devstack@n-api.service[115630]: [pid: 115630|app: 0|req: 112/278] 10.222.0.44 () {58 vars in 1236 bytes} [Tue Aug 3 11:50:52 2021] GET /compute/v2.1/servers/ef92018f-cd69-4d28-a780-439ed6d963ec => generated 1275 bytes in 100 msecs (HTTP/1.1 200) 9 headers in 358 bytes (1 switches on core 0)
Aug 03 11:50:53.043619 n-d-803233-3 devstack@n-api.service[115629]: DEBUG nova.api.openstack.wsgi [None req-ab57dbd0-557c-44de-b7a9-c4b99b04e419 tempest-DeleteServersAdminTestJSON-1575887452 tempest-DeleteServersAdminTestJSON-1575887452-project] Action: 'create', calling method: >, body: {"server": {"name": "tempest-DeleteServersAdminTestJSON-server-167320677", "imageRef": "6b914d67-d37c-4fd3-9dff-9a6bf93ec323", "flavorRef": "452"}} {{(pid=115629) _process_stack /opt/stack/nova/nova/api/openstack/wsgi.py:511}}
Aug 03 11:50:53.117101 n-d-803233-3 devstack@n-api.service[115629]: DEBUG nova.network.neutron [None req-ab57dbd0-557c-44de-b7a9-c4b99b04e419 tempest-DeleteServersAdminTestJSON-1575887452 tempest-DeleteServersAdminTestJSON-1575887452-project] validate_networks() for None {{(pid=115629) validate_networks /opt/stack/nova/nova/network/neutron.py:2255}}
Aug 03 11:50:53.393310 n-d-803233-3 devstack@n-api.service[115630]: DEBUG nova.api.openstack.wsgi [None req-405183ae-cc3f-4ac9-8fd2-564a8adfd1d3 tempest-LiveMigrationNegativeTest-1536228832 tempest-LiveMigrationNegativeTest-1536228832-project] Calling method '>' {{(pid=115630) _process_stack /opt/stack/nova/nova/api/openstack/wsgi.py:513}}
Aug 03 11:50:53.394469 n-d-803233-3 devstack@n-api.service[115630]: DEBUG nova.compute.api [None req-405183ae-cc3f-4ac9-8fd2-564a8adfd1d3 tempest-LiveMigrationNegativeTest-1536228832 tempest-LiveMigrationNegativeTest-1536228832-project] [instance: e9552319-9529-4f6e-8249-d24e9b3fa37f] Fetching instance by UUID {{(pid=115630) get /opt/stack/nova/nova/compute/api.py:2791}}
Aug 03 11:50:53.403578 n-d-803233-3 devstack@n-api.service[115630]: DEBUG oslo_concurrency.lockutils [None req-405183ae-cc3f-4ac9-8fd2-564a8adfd1d3 tempest-LiveMigrationNegativeTest-1536228832 tempest-LiveMigrationNegativeTest-1536228832-project] Lock "b58e0e00-50b2-4125-a551-8fcea3aab1c6" acquired by "nova.context.set_target_cell..get_or_set_cached_cell_and_set_connections" :: waited 0.000s {{(pid=115630) inner /usr/local/lib/python3.8/dist-packages/oslo_concurrency/lockutils.py:355}}
Aug 03 11:50:53.404499 n-d-803233-3 devstack@n-api.service[115630]: DEBUG oslo_concurrency.lockutils [None req-405183ae-cc3f-4ac9-8fd2-564a8adfd1d3 tempest-LiveMigrationNegativeTest-1536228832 tempest-LiveMigrationNegativeTest-1536228832-project] Lock "b58e0e00-50b2-4125-a551-8fcea3aab1c6" released by "nova.context.set_target_cell..get_or_set_cached_cell_and_set_connections" :: held 0.001s {{(pid=115630) inner /usr/local/lib/python3.8/dist-packages/oslo_concurrency/lockutils.py:367}}
Aug 03 11:50:53.405703 n-d-803233-3 devstack@n-api.service[115630]: DEBUG oslo_concurrency.lockutils [None req-405183ae-cc3f-4ac9-8fd2-564a8adfd1d3 tempest-LiveMigrationNegativeTest-1536228832 tempest-LiveMigrationNegativeTest-1536228832-project] Lock "b58e0e00-50b2-4125-a551-8fcea3aab1c6" acquired by "nova.context.set_target_cell..get_or_set_cached_cell_and_set_connections" :: waited 0.000s {{(pid=115630) inner /usr/local/lib/python3.8/dist-packages/oslo_concurrency/lockutils.py:355}}
Aug 03 11:50:53.406793 n-d-803233-3 devstack@n-api.service[115630]: DEBUG oslo_concurrency.lockutils [None req-405183ae-cc3f-4ac9-8fd2-564a8adfd1d3 tempest-LiveMigrationNegativeTest-1536228832 tempest-LiveMigrationNegativeTest-1536228832-project] Lock "b58e0e00-50b2-4125-a551-8fcea3aab1c6" released by "nova.context.set_target_cell..get_or_set_cached_cell_and_set_connections" :: held 0.001s {{(pid=115630) inner /usr/local/lib/python3.8/dist-packages/oslo_concurrency/lockutils.py:367}}
Aug 03 11:50:53.436978 n-d-803233-3 devstack@n-api.service[115629]: DEBUG nova.virt.hardware [None req-ab57dbd0-557c-44de-b7a9-c4b99b04e419 tempest-DeleteServersAdminTestJSON-1575887452 tempest-DeleteServersAdminTestJSON-1575887452-project] Flavor limits 0:0:0 {{(pid=115629) get_cpu_topology_constraints /opt/stack/nova/nova/virt/hardware.py:343}}
Aug 03 11:50:53.437559 n-d-803233-3 devstack@n-api.service[115629]: DEBUG nova.virt.hardware [None req-ab57dbd0-557c-44de-b7a9-c4b99b04e419 tempest-DeleteServersAdminTestJSON-1575887452 tempest-DeleteServersAdminTestJSON-1575887452-project] Image limits 0:0:0 {{(pid=115629) get_cpu_topology_constraints /opt/stack/nova/nova/virt/hardware.py:347}}
Aug 03 11:50:53.437841 n-d-803233-3 devstack@n-api.service[115629]: DEBUG nova.virt.hardware [None req-ab57dbd0-557c-44de-b7a9-c4b99b04e419 tempest-DeleteServersAdminTestJSON-1575887452 tempest-DeleteServersAdminTestJSON-1575887452-project] Flavor pref 0:0:0 {{(pid=115629) get_cpu_topology_constraints /opt/stack/nova/nova/virt/hardware.py:383}}
Aug 03 11:50:53.438241 n-d-803233-3 devstack@n-api.service[115629]: DEBUG nova.virt.hardware [None req-ab57dbd0-557c-44de-b7a9-c4b99b04e419 tempest-DeleteServersAdminTestJSON-1575887452 tempest-DeleteServersAdminTestJSON-1575887452-project] Image pref 0:0:0 {{(pid=115629) get_cpu_topology_constraints /opt/stack/nova/nova/virt/hardware.py:387}}
Aug 03 11:50:53.438661 n-d-803233-3 devstack@n-api.service[115629]: DEBUG nova.virt.hardware [None req-ab57dbd0-557c-44de-b7a9-c4b99b04e419 tempest-DeleteServersAdminTestJSON-1575887452 tempest-DeleteServersAdminTestJSON-1575887452-project] Chose sockets=0, cores=0, threads=0; limits were sockets=65536, cores=65536, threads=65536 {{(pid=115629) get_cpu_topology_constraints /opt/stack/nova/nova/virt/hardware.py:425}}
Aug 03 11:50:53.456834 n-d-803233-3 devstack@n-api.service[115629]: DEBUG oslo_concurrency.lockutils [None req-ab57dbd0-557c-44de-b7a9-c4b99b04e419 tempest-DeleteServersAdminTestJSON-1575887452 tempest-DeleteServersAdminTestJSON-1575887452-project] Lock "00000000-0000-0000-0000-000000000000" acquired by "nova.context.set_target_cell..get_or_set_cached_cell_and_set_connections" :: waited 0.000s {{(pid=115629) inner /usr/local/lib/python3.8/dist-packages/oslo_concurrency/lockutils.py:355}}
Aug 03 11:50:53.457278 n-d-803233-3 devstack@n-api.service[115629]: DEBUG oslo_concurrency.lockutils [None req-ab57dbd0-557c-44de-b7a9-c4b99b04e419 tempest-DeleteServersAdminTestJSON-1575887452 tempest-DeleteServersAdminTestJSON-1575887452-project] Lock "00000000-0000-0000-0000-000000000000" released by "nova.context.set_target_cell..get_or_set_cached_cell_and_set_connections" :: held 0.001s {{(pid=115629) inner /usr/local/lib/python3.8/dist-packages/oslo_concurrency/lockutils.py:367}}
Aug 03 11:50:53.458068 n-d-803233-3 devstack@n-api.service[115629]: DEBUG oslo_concurrency.lockutils [None req-ab57dbd0-557c-44de-b7a9-c4b99b04e419 tempest-DeleteServersAdminTestJSON-1575887452 tempest-DeleteServersAdminTestJSON-1575887452-project] Lock "b58e0e00-50b2-4125-a551-8fcea3aab1c6" acquired by "nova.context.set_target_cell..get_or_set_cached_cell_and_set_connections" :: waited 0.000s {{(pid=115629) inner /usr/local/lib/python3.8/dist-packages/oslo_concurrency/lockutils.py:355}}
Aug 03 11:50:53.458513 n-d-803233-3 devstack@n-api.service[115629]: DEBUG oslo_concurrency.lockutils [None req-ab57dbd0-557c-44de-b7a9-c4b99b04e419 tempest-DeleteServersAdminTestJSON-1575887452 tempest-DeleteServersAdminTestJSON-1575887452-project] Lock "b58e0e00-50b2-4125-a551-8fcea3aab1c6" released by "nova.context.set_target_cell..get_or_set_cached_cell_and_set_connections" :: held 0.000s {{(pid=115629) inner /usr/local/lib/python3.8/dist-packages/oslo_concurrency/lockutils.py:367}}
Aug 03 11:50:53.493502 n-d-803233-3 devstack@n-api.service[115629]: DEBUG nova.quota [None req-ab57dbd0-557c-44de-b7a9-c4b99b04e419 tempest-DeleteServersAdminTestJSON-1575887452 tempest-DeleteServersAdminTestJSON-1575887452-project] Getting quotas for project 3df1db59e65e40399b2e5a80cc4f188f. Resources: {'cores', 'ram', 'instances'} {{(pid=115629) _get_quotas /opt/stack/nova/nova/quota.py:384}}
Aug 03 11:50:53.498887 n-d-803233-3 devstack@n-api.service[115629]: DEBUG nova.quota [None req-ab57dbd0-557c-44de-b7a9-c4b99b04e419 tempest-DeleteServersAdminTestJSON-1575887452 tempest-DeleteServersAdminTestJSON-1575887452-project] Getting quotas for user 89824d3645054a559475dcd20bd12bc0 and project 3df1db59e65e40399b2e5a80cc4f188f. Resources: {'cores', 'ram', 'instances'} {{(pid=115629) _get_quotas /opt/stack/nova/nova/quota.py:374}}
Aug 03 11:50:53.512220 n-d-803233-3 devstack@n-api.service[115629]: DEBUG nova.compute.api [None req-ab57dbd0-557c-44de-b7a9-c4b99b04e419 tempest-DeleteServersAdminTestJSON-1575887452 tempest-DeleteServersAdminTestJSON-1575887452-project] Going to run 1 instances... {{(pid=115629) _provision_instances /opt/stack/nova/nova/compute/api.py:1280}}
Aug 03 11:50:53.515064 n-d-803233-3 devstack@n-api.service[115629]: DEBUG nova.compute.api [None req-ab57dbd0-557c-44de-b7a9-c4b99b04e419 tempest-DeleteServersAdminTestJSON-1575887452 tempest-DeleteServersAdminTestJSON-1575887452-project] [instance: 8809d0a9-f681-4f94-8dcf-8a17f64beb0a] block_device_mapping [BlockDeviceMapping(attachment_id=,boot_index=0,connection_info=None,created_at=,delete_on_termination=True,deleted=,deleted_at=,destination_type='local',device_name=None,device_type='disk',disk_bus=None,guest_format=None,id=,image_id='6b914d67-d37c-4fd3-9dff-9a6bf93ec323',instance=,instance_uuid=,no_device=False,snapshot_id=None,source_type='image',tag=None,updated_at=,uuid=,volume_id=None,volume_size=None,volume_type=None)] {{(pid=115629) _bdm_validate_set_size_and_instance /opt/stack/nova/nova/compute/api.py:1685}}
Aug 03 11:50:53.625639 n-d-803233-3 devstack@n-api.service[115629]: INFO nova.api.openstack.requestlog [None req-ab57dbd0-557c-44de-b7a9-c4b99b04e419 tempest-DeleteServersAdminTestJSON-1575887452 tempest-DeleteServersAdminTestJSON-1575887452-project] 10.222.0.44 "POST /compute/v2.1/servers" status: 202 len: 380 microversion: 2.1 time: 0.903374
Aug 03 11:50:53.630986 n-d-803233-3 devstack@n-api.service[115629]: [pid: 115629|app: 0|req: 167/279] 10.222.0.44 () {60 vars in 1147 bytes} [Tue Aug 3 11:50:52 2021] POST /compute/v2.1/servers => generated 380 bytes in 909 msecs (HTTP/1.1 202) 10 headers in 451 bytes (1 switches on core 0)
Aug 03 11:50:53.644525 n-d-803233-3 devstack@n-api.service[115629]: DEBUG nova.api.openstack.wsgi [None req-0fc27968-6b80-4fd2-a067-baa739b9357d tempest-LiveAutoBlockMigrationV225Test-84549680 tempest-LiveAutoBlockMigrationV225Test-84549680-project] Calling method '>' {{(pid=115629) _process_stack /opt/stack/nova/nova/api/openstack/wsgi.py:513}}
Aug 03 11:50:53.645108 n-d-803233-3 devstack@n-api.service[115629]: DEBUG nova.compute.api [None req-0fc27968-6b80-4fd2-a067-baa739b9357d tempest-LiveAutoBlockMigrationV225Test-84549680 tempest-LiveAutoBlockMigrationV225Test-84549680-project] [instance: db5390f7-af8b-4d8a-aabd-b4394f50c538] Fetching instance by UUID {{(pid=115629) get /opt/stack/nova/nova/compute/api.py:2791}}
Aug 03 11:50:53.657728 n-d-803233-3 devstack@n-api.service[115629]: DEBUG oslo_concurrency.lockutils [None req-0fc27968-6b80-4fd2-a067-baa739b9357d tempest-LiveAutoBlockMigrationV225Test-84549680 tempest-LiveAutoBlockMigrationV225Test-84549680-project] Lock "b58e0e00-50b2-4125-a551-8fcea3aab1c6" acquired by "nova.context.set_target_cell..get_or_set_cached_cell_and_set_connections" :: waited 0.000s {{(pid=115629) inner /usr/local/lib/python3.8/dist-packages/oslo_concurrency/lockutils.py:355}}
Aug 03 11:50:53.658489 n-d-803233-3 devstack@n-api.service[115629]: DEBUG oslo_concurrency.lockutils [None req-0fc27968-6b80-4fd2-a067-baa739b9357d tempest-LiveAutoBlockMigrationV225Test-84549680 tempest-LiveAutoBlockMigrationV225Test-84549680-project] Lock "b58e0e00-50b2-4125-a551-8fcea3aab1c6" released by "nova.context.set_target_cell..get_or_set_cached_cell_and_set_connections" :: held 0.001s {{(pid=115629) inner /usr/local/lib/python3.8/dist-packages/oslo_concurrency/lockutils.py:367}}
Aug 03 11:50:53.659435 n-d-803233-3 devstack@n-api.service[115629]: DEBUG oslo_concurrency.lockutils [None req-0fc27968-6b80-4fd2-a067-baa739b9357d tempest-LiveAutoBlockMigrationV225Test-84549680 tempest-LiveAutoBlockMigrationV225Test-84549680-project] Lock "b58e0e00-50b2-4125-a551-8fcea3aab1c6" acquired by "nova.context.set_target_cell..get_or_set_cached_cell_and_set_connections" :: waited 0.000s {{(pid=115629) inner /usr/local/lib/python3.8/dist-packages/oslo_concurrency/lockutils.py:355}}
Aug 03 11:50:53.660013 n-d-803233-3 devstack@n-api.service[115629]: DEBUG oslo_concurrency.lockutils [None req-0fc27968-6b80-4fd2-a067-baa739b9357d tempest-LiveAutoBlockMigrationV225Test-84549680 tempest-LiveAutoBlockMigrationV225Test-84549680-project] Lock "b58e0e00-50b2-4125-a551-8fcea3aab1c6" released by "nova.context.set_target_cell..get_or_set_cached_cell_and_set_connections" :: held 0.001s {{(pid=115629) inner /usr/local/lib/python3.8/dist-packages/oslo_concurrency/lockutils.py:367}}
Aug 03 11:50:53.943654 n-d-803233-3 devstack@n-api.service[115629]: DEBUG nova.policy [None req-0fc27968-6b80-4fd2-a067-baa739b9357d tempest-LiveAutoBlockMigrationV225Test-84549680 tempest-LiveAutoBlockMigrationV225Test-84549680-project] Policy check for os_compute_api:os-extended-server-attributes failed with credentials {'is_admin': False, 'user_id': 'b61f95e5b42a4b3999eca145ef106c7e', 'user_domain_id': 'default', 'system_scope': None, 'domain_id': None, 'project_id': 'f62b383c8b9e4eb091f6386e5beb4175', 'project_domain_id': 'default', 'roles': ['member', 'reader'], 'is_admin_project': True, 'service_user_id': None, 'service_user_domain_id': None, 'service_project_id': None, 'service_project_domain_id': None, 'service_roles': []} {{(pid=115629) authorize /opt/stack/nova/nova/policy.py:199}}
Aug 03 11:50:53.959829 n-d-803233-3 devstack@n-api.service[115629]: DEBUG nova.policy [None req-0fc27968-6b80-4fd2-a067-baa739b9357d tempest-LiveAutoBlockMigrationV225Test-84549680 tempest-LiveAutoBlockMigrationV225Test-84549680-project] Policy check for os_compute_api:servers:show:host_status failed with credentials {'is_admin': False, 'user_id': 'b61f95e5b42a4b3999eca145ef106c7e', 'user_domain_id': 'default', 'system_scope': None, 'domain_id': None, 'project_id': 'f62b383c8b9e4eb091f6386e5beb4175', 'project_domain_id': 'default', 'roles': ['member', 'reader'], 'is_admin_project': True, 'service_user_id': None, 'service_user_domain_id': None, 'service_project_id': None, 'service_project_domain_id': None, 'service_roles': []} {{(pid=115629) authorize /opt/stack/nova/nova/policy.py:199}}
Aug 03 11:50:53.961570 n-d-803233-3 devstack@n-api.service[115629]: DEBUG nova.policy [None req-0fc27968-6b80-4fd2-a067-baa739b9357d tempest-LiveAutoBlockMigrationV225Test-84549680 tempest-LiveAutoBlockMigrationV225Test-84549680-project] Policy check for os_compute_api:servers:show:host_status:unknown-only failed with credentials {'is_admin': False, 'user_id': 'b61f95e5b42a4b3999eca145ef106c7e', 'user_domain_id': 'default', 'system_scope': None, 'domain_id': None, 'project_id': 'f62b383c8b9e4eb091f6386e5beb4175', 'project_domain_id': 'default', 'roles': ['member', 'reader'], 'is_admin_project': True, 'service_user_id': None, 'service_user_domain_id': None, 'service_project_id': None, 'service_project_domain_id': None, 'service_roles': []} {{(pid=115629) authorize /opt/stack/nova/nova/policy.py:199}}
Aug 03 11:50:53.963171 n-d-803233-3 devstack@n-api.service[115629]: INFO nova.api.openstack.requestlog [None req-0fc27968-6b80-4fd2-a067-baa739b9357d tempest-LiveAutoBlockMigrationV225Test-84549680 tempest-LiveAutoBlockMigrationV225Test-84549680-project] 10.222.0.44 "GET /compute/v2.1/servers/db5390f7-af8b-4d8a-aabd-b4394f50c538" status: 200 len: 1568 microversion: 2.25 time: 0.331153
Aug 03 11:50:53.963904 n-d-803233-3 devstack@n-api.service[115629]: [pid: 115629|app: 0|req: 168/280] 10.222.0.44 () {60 vars in 1277 bytes} [Tue Aug 3 11:50:53 2021] GET /compute/v2.1/servers/db5390f7-af8b-4d8a-aabd-b4394f50c538 => generated 1568 bytes in 332 msecs (HTTP/1.1 200) 9 headers in 360 bytes (1 switches on core 0)
Aug 03 11:50:53.968498 n-d-803233-3 devstack@n-api.service[115629]: DEBUG nova.api.openstack.wsgi [None req-4f6a0518-7c6a-4f61-9605-af221e130aa2 tempest-DeleteServersAdminTestJSON-1575887452 tempest-DeleteServersAdminTestJSON-1575887452-project] Calling method '>' {{(pid=115629) _process_stack /opt/stack/nova/nova/api/openstack/wsgi.py:513}}
Aug 03 11:50:53.969953 n-d-803233-3 devstack@n-api.service[115629]: DEBUG nova.compute.api [None req-4f6a0518-7c6a-4f61-9605-af221e130aa2 tempest-DeleteServersAdminTestJSON-1575887452 tempest-DeleteServersAdminTestJSON-1575887452-project] [instance: 8809d0a9-f681-4f94-8dcf-8a17f64beb0a] Fetching instance by UUID {{(pid=115629) get /opt/stack/nova/nova/compute/api.py:2791}}
Aug 03 11:50:54.080406 n-d-803233-3 devstack@n-api.service[115630]: DEBUG nova.policy [None req-405183ae-cc3f-4ac9-8fd2-564a8adfd1d3 tempest-LiveMigrationNegativeTest-1536228832 tempest-LiveMigrationNegativeTest-1536228832-project] Policy check for os_compute_api:os-extended-server-attributes failed with credentials {'is_admin': False, 'user_id': '09b6d08c97f5407e93fe70207ea8e05a', 'user_domain_id': 'default', 'system_scope': None, 'domain_id': None, 'project_id': 'f3fc5cf2972d469e96790a656109fc2e', 'project_domain_id': 'default', 'roles': ['member', 'reader'], 'is_admin_project': True, 'service_user_id': None, 'service_user_domain_id': None, 'service_project_id': None, 'service_project_domain_id': None, 'service_roles': []} {{(pid=115630) authorize /opt/stack/nova/nova/policy.py:199}}
Aug 03 11:50:54.087657 n-d-803233-3 devstack@n-api.service[115629]: DEBUG nova.policy [None req-4f6a0518-7c6a-4f61-9605-af221e130aa2 tempest-DeleteServersAdminTestJSON-1575887452 tempest-DeleteServersAdminTestJSON-1575887452-project] Policy check for os_compute_api:os-extended-server-attributes failed with credentials {'is_admin': False, 'user_id': '89824d3645054a559475dcd20bd12bc0', 'user_domain_id': 'default', 'system_scope': None, 'domain_id': None, 'project_id': '3df1db59e65e40399b2e5a80cc4f188f', 'project_domain_id': 'default', 'roles': ['member', 'reader'], 'is_admin_project': True, 'service_user_id': None, 'service_user_domain_id': None, 'service_project_id': None, 'service_project_domain_id': None, 'service_roles': []} {{(pid=115629) authorize /opt/stack/nova/nova/policy.py:199}}
Aug 03 11:50:54.096956 n-d-803233-3 devstack@n-api.service[115629]: INFO nova.api.openstack.requestlog [None req-4f6a0518-7c6a-4f61-9605-af221e130aa2 tempest-DeleteServersAdminTestJSON-1575887452 tempest-DeleteServersAdminTestJSON-1575887452-project] 10.222.0.44 "GET /compute/v2.1/servers/8809d0a9-f681-4f94-8dcf-8a17f64beb0a" status: 200 len: 1219 microversion: 2.1 time: 0.131680
Aug 03 11:50:54.098855 n-d-803233-3 devstack@n-api.service[115630]: INFO nova.api.openstack.requestlog [None req-405183ae-cc3f-4ac9-8fd2-564a8adfd1d3 tempest-LiveMigrationNegativeTest-1536228832 tempest-LiveMigrationNegativeTest-1536228832-project] 10.222.0.44 "GET /compute/v2.1/servers/e9552319-9529-4f6e-8249-d24e9b3fa37f" status: 200 len: 1319 microversion: 2.1 time: 0.709746
Aug 03 11:50:54.099210 n-d-803233-3 devstack@n-api.service[115629]: [pid: 115629|app: 0|req: 169/281] 10.222.0.44 () {58 vars in 1236 bytes} [Tue Aug 3 11:50:53 2021] GET /compute/v2.1/servers/8809d0a9-f681-4f94-8dcf-8a17f64beb0a => generated 1219 bytes in 135 msecs (HTTP/1.1 200) 9 headers in 358 bytes (1 switches on core 0)
Aug 03 11:50:54.113931 n-d-803233-3 devstack@n-api.service[115629]: DEBUG nova.api.openstack.wsgi [None req-1ebd11e5-6843-4920-b1e4-6ca4d6edb6a4 tempest-ServerDiagnosticsNegativeTest-1497935280 tempest-ServerDiagnosticsNegativeTest-1497935280-project] Calling method '>' {{(pid=115629) _process_stack /opt/stack/nova/nova/api/openstack/wsgi.py:513}}
Aug 03 11:50:54.114855 n-d-803233-3 devstack@n-api.service[115630]: [pid: 115630|app: 0|req: 113/282] 10.222.0.44 () {58 vars in 1236 bytes} [Tue Aug 3 11:50:53 2021] GET /compute/v2.1/servers/e9552319-9529-4f6e-8249-d24e9b3fa37f => generated 1319 bytes in 727 msecs (HTTP/1.1 200) 9 headers in 358 bytes (2 switches on core 0)
Aug 03 11:50:54.115000 n-d-803233-3 devstack@n-api.service[115629]: DEBUG nova.compute.api [None req-1ebd11e5-6843-4920-b1e4-6ca4d6edb6a4 tempest-ServerDiagnosticsNegativeTest-1497935280 tempest-ServerDiagnosticsNegativeTest-1497935280-project] [instance: 24103b76-11aa-489b-94fa-942a1e50001d] Fetching instance by UUID {{(pid=115629) get /opt/stack/nova/nova/compute/api.py:2791}}
Aug 03 11:50:54.124098 n-d-803233-3 devstack@n-api.service[115629]: DEBUG oslo_concurrency.lockutils [None req-1ebd11e5-6843-4920-b1e4-6ca4d6edb6a4 tempest-ServerDiagnosticsNegativeTest-1497935280 tempest-ServerDiagnosticsNegativeTest-1497935280-project] Lock "b58e0e00-50b2-4125-a551-8fcea3aab1c6" acquired by "nova.context.set_target_cell..get_or_set_cached_cell_and_set_connections" :: waited 0.000s {{(pid=115629) inner /usr/local/lib/python3.8/dist-packages/oslo_concurrency/lockutils.py:355}}
Aug 03 11:50:54.133127 n-d-803233-3 devstack@n-api.service[115629]: DEBUG oslo_concurrency.lockutils [None req-1ebd11e5-6843-4920-b1e4-6ca4d6edb6a4 tempest-ServerDiagnosticsNegativeTest-1497935280 tempest-ServerDiagnosticsNegativeTest-1497935280-project] Lock "b58e0e00-50b2-4125-a551-8fcea3aab1c6" released by "nova.context.set_target_cell..get_or_set_cached_cell_and_set_connections" :: held 0.009s {{(pid=115629) inner /usr/local/lib/python3.8/dist-packages/oslo_concurrency/lockutils.py:367}}
Aug 03 11:50:54.134077 n-d-803233-3 devstack@n-api.service[115629]: DEBUG oslo_concurrency.lockutils [None req-1ebd11e5-6843-4920-b1e4-6ca4d6edb6a4 tempest-ServerDiagnosticsNegativeTest-1497935280 tempest-ServerDiagnosticsNegativeTest-1497935280-project] Lock "b58e0e00-50b2-4125-a551-8fcea3aab1c6" acquired by "nova.context.set_target_cell..get_or_set_cached_cell_and_set_connections" :: waited 0.000s {{(pid=115629) inner /usr/local/lib/python3.8/dist-packages/oslo_concurrency/lockutils.py:355}}
Aug 03 11:50:54.134611 n-d-803233-3 devstack@n-api.service[115629]: DEBUG oslo_concurrency.lockutils [None req-1ebd11e5-6843-4920-b1e4-6ca4d6edb6a4 tempest-ServerDiagnosticsNegativeTest-1497935280 tempest-ServerDiagnosticsNegativeTest-1497935280-project] Lock "b58e0e00-50b2-4125-a551-8fcea3aab1c6" released by "nova.context.set_target_cell..get_or_set_cached_cell_and_set_connections" :: held 0.001s {{(pid=115629) inner /usr/local/lib/python3.8/dist-packages/oslo_concurrency/lockutils.py:367}}
Aug 03 11:50:54.139594 n-d-803233-3 devstack@n-api.service[115630]: DEBUG nova.api.openstack.wsgi [None req-fb2e3aae-5f89-43ab-8458-554bb4910c15 tempest-ServersWithSpecificFlavorTestJSON-847335034 tempest-ServersWithSpecificFlavorTestJSON-847335034-project] Calling method '>' {{(pid=115630) _process_stack /opt/stack/nova/nova/api/openstack/wsgi.py:513}}
Aug 03 11:50:54.142092 n-d-803233-3 devstack@n-api.service[115630]: DEBUG nova.compute.api [None req-fb2e3aae-5f89-43ab-8458-554bb4910c15 tempest-ServersWithSpecificFlavorTestJSON-847335034 tempest-ServersWithSpecificFlavorTestJSON-847335034-project] [instance: aca6accc-2635-46f5-9cd5-a549d9790ec4] Fetching instance by UUID {{(pid=115630) get /opt/stack/nova/nova/compute/api.py:2791}}
Aug 03 11:50:54.150947 n-d-803233-3 devstack@n-api.service[115630]: DEBUG oslo_concurrency.lockutils [None req-fb2e3aae-5f89-43ab-8458-554bb4910c15 tempest-ServersWithSpecificFlavorTestJSON-847335034 tempest-ServersWithSpecificFlavorTestJSON-847335034-project] Lock "b58e0e00-50b2-4125-a551-8fcea3aab1c6" acquired by "nova.context.set_target_cell..get_or_set_cached_cell_and_set_connections" :: waited 0.000s {{(pid=115630) inner /usr/local/lib/python3.8/dist-packages/oslo_concurrency/lockutils.py:355}}
Aug 03 11:50:54.151727 n-d-803233-3 devstack@n-api.service[115630]: DEBUG oslo_concurrency.lockutils [None req-fb2e3aae-5f89-43ab-8458-554bb4910c15 tempest-ServersWithSpecificFlavorTestJSON-847335034 tempest-ServersWithSpecificFlavorTestJSON-847335034-project] Lock "b58e0e00-50b2-4125-a551-8fcea3aab1c6" released by "nova.context.set_target_cell..get_or_set_cached_cell_and_set_connections" :: held 0.001s {{(pid=115630) inner /usr/local/lib/python3.8/dist-packages/oslo_concurrency/lockutils.py:367}}
Aug 03 11:50:54.152859 n-d-803233-3 devstack@n-api.service[115630]: DEBUG oslo_concurrency.lockutils [None req-fb2e3aae-5f89-43ab-8458-554bb4910c15 tempest-ServersWithSpecificFlavorTestJSON-847335034 tempest-ServersWithSpecificFlavorTestJSON-847335034-project] Lock "b58e0e00-50b2-4125-a551-8fcea3aab1c6" acquired by "nova.context.set_target_cell..get_or_set_cached_cell_and_set_connections" :: waited 0.000s {{(pid=115630) inner /usr/local/lib/python3.8/dist-packages/oslo_concurrency/lockutils.py:355}}
Aug 03 11:50:54.153470 n-d-803233-3 devstack@n-api.service[115630]: DEBUG oslo_concurrency.lockutils [None req-fb2e3aae-5f89-43ab-8458-554bb4910c15 tempest-ServersWithSpecificFlavorTestJSON-847335034 tempest-ServersWithSpecificFlavorTestJSON-847335034-project] Lock "b58e0e00-50b2-4125-a551-8fcea3aab1c6" released by "nova.context.set_target_cell..get_or_set_cached_cell_and_set_connections" :: held 0.001s {{(pid=115630) inner /usr/local/lib/python3.8/dist-packages/oslo_concurrency/lockutils.py:367}}
Aug 03 11:50:54.378660 n-d-803233-3 devstack@n-api.service[115629]: DEBUG nova.policy [None req-1ebd11e5-6843-4920-b1e4-6ca4d6edb6a4 tempest-ServerDiagnosticsNegativeTest-1497935280 tempest-ServerDiagnosticsNegativeTest-1497935280-project] Policy check for os_compute_api:os-extended-server-attributes failed with credentials {'is_admin': False, 'user_id': '04b335fccf3146dcb54e8a16d281d693', 'user_domain_id': 'default', 'system_scope': None, 'domain_id': None, 'project_id': 'ae1d51024d864ee5a8a5864ab1cfeaa6', 'project_domain_id': 'default', 'roles': ['member', 'reader'], 'is_admin_project': True, 'service_user_id': None, 'service_user_domain_id': None, 'service_project_id': None, 'service_project_domain_id': None, 'service_roles': []} {{(pid=115629) authorize /opt/stack/nova/nova/policy.py:199}}
Aug 03 11:50:54.388567 n-d-803233-3 devstack@n-api.service[115629]: INFO nova.api.openstack.requestlog [None req-1ebd11e5-6843-4920-b1e4-6ca4d6edb6a4 tempest-ServerDiagnosticsNegativeTest-1497935280 tempest-ServerDiagnosticsNegativeTest-1497935280-project] 10.222.0.44 "GET /compute/v2.1/servers/24103b76-11aa-489b-94fa-942a1e50001d" status: 200 len: 1323 microversion: 2.1 time: 0.288144
Aug 03 11:50:54.389991 n-d-803233-3 devstack@n-api.service[115629]: [pid: 115629|app: 0|req: 170/283] 10.222.0.44 () {58 vars in 1236 bytes} [Tue Aug 3 11:50:54 2021] GET /compute/v2.1/servers/24103b76-11aa-489b-94fa-942a1e50001d => generated 1323 bytes in 290 msecs (HTTP/1.1 200) 9 headers in 358 bytes (1 switches on core 0)
Aug 03 11:50:54.404778 n-d-803233-3 devstack@n-api.service[115629]: DEBUG nova.api.openstack.wsgi [None req-549bc626-590d-4750-ac69-126f8be5af59 tempest-ServersOnMultiNodesTest-645517388 tempest-ServersOnMultiNodesTest-645517388-project] Calling method '>' {{(pid=115629) _process_stack /opt/stack/nova/nova/api/openstack/wsgi.py:513}}
Aug 03 11:50:54.406258 n-d-803233-3 devstack@n-api.service[115629]: DEBUG nova.compute.api [None req-549bc626-590d-4750-ac69-126f8be5af59 tempest-ServersOnMultiNodesTest-645517388 tempest-ServersOnMultiNodesTest-645517388-project] [instance: ef92018f-cd69-4d28-a780-439ed6d963ec] Fetching instance by UUID {{(pid=115629) get /opt/stack/nova/nova/compute/api.py:2791}}
Aug 03 11:50:54.433185 n-d-803233-3 devstack@n-api.service[115629]: DEBUG oslo_concurrency.lockutils [None req-549bc626-590d-4750-ac69-126f8be5af59 tempest-ServersOnMultiNodesTest-645517388 tempest-ServersOnMultiNodesTest-645517388-project] Lock "b58e0e00-50b2-4125-a551-8fcea3aab1c6" acquired by "nova.context.set_target_cell..get_or_set_cached_cell_and_set_connections" :: waited 0.000s {{(pid=115629) inner /usr/local/lib/python3.8/dist-packages/oslo_concurrency/lockutils.py:355}}
Aug 03 11:50:54.433885 n-d-803233-3 devstack@n-api.service[115629]: DEBUG oslo_concurrency.lockutils [None req-549bc626-590d-4750-ac69-126f8be5af59 tempest-ServersOnMultiNodesTest-645517388 tempest-ServersOnMultiNodesTest-645517388-project] Lock "b58e0e00-50b2-4125-a551-8fcea3aab1c6" released by "nova.context.set_target_cell..get_or_set_cached_cell_and_set_connections" :: held 0.003s {{(pid=115629) inner /usr/local/lib/python3.8/dist-packages/oslo_concurrency/lockutils.py:367}}
Aug 03 11:50:54.435840 n-d-803233-3 devstack@n-api.service[115629]: DEBUG oslo_concurrency.lockutils [None req-549bc626-590d-4750-ac69-126f8be5af59 tempest-ServersOnMultiNodesTest-645517388 tempest-ServersOnMultiNodesTest-645517388-project] Lock "b58e0e00-50b2-4125-a551-8fcea3aab1c6" acquired by "nova.context.set_target_cell..get_or_set_cached_cell_and_set_connections" :: waited 0.000s {{(pid=115629) inner /usr/local/lib/python3.8/dist-packages/oslo_concurrency/lockutils.py:355}}
Aug 03 11:50:54.437740 n-d-803233-3 devstack@n-api.service[115629]: DEBUG oslo_concurrency.lockutils [None req-549bc626-590d-4750-ac69-126f8be5af59 tempest-ServersOnMultiNodesTest-645517388 tempest-ServersOnMultiNodesTest-645517388-project] Lock "b58e0e00-50b2-4125-a551-8fcea3aab1c6" released by "nova.context.set_target_cell..get_or_set_cached_cell_and_set_connections" :: held 0.002s {{(pid=115629) inner /usr/local/lib/python3.8/dist-packages/oslo_concurrency/lockutils.py:367}}
Aug 03 11:50:54.554349 n-d-803233-3 devstack@n-api.service[115630]: DEBUG nova.policy [None req-fb2e3aae-5f89-43ab-8458-554bb4910c15 tempest-ServersWithSpecificFlavorTestJSON-847335034 tempest-ServersWithSpecificFlavorTestJSON-847335034-project] Policy check for os_compute_api:os-extended-server-attributes failed with credentials {'is_admin': False, 'user_id': 'd91a8eccf0434e71ab77fb1663fea00b', 'user_domain_id': 'default', 'system_scope': None, 'domain_id': None, 'project_id': '2e845ca7cb714510aaabaf854ecb8e6e', 'project_domain_id': 'default', 'roles': ['member', 'reader'], 'is_admin_project': True, 'service_user_id': None, 'service_user_domain_id': None, 'service_project_id': None, 'service_project_domain_id': None, 'service_roles': []} {{(pid=115630) authorize /opt/stack/nova/nova/policy.py:199}}
Aug 03 11:50:54.562393 n-d-803233-3 devstack@n-api.service[115630]: INFO nova.api.openstack.requestlog [None req-fb2e3aae-5f89-43ab-8458-554bb4910c15 tempest-ServersWithSpecificFlavorTestJSON-847335034 tempest-ServersWithSpecificFlavorTestJSON-847335034-project] 10.222.0.44 "GET /compute/v2.1/servers/aca6accc-2635-46f5-9cd5-a549d9790ec4" status: 200 len: 1386 microversion: 2.1 time: 0.436972
Aug 03 11:50:54.565374 n-d-803233-3 devstack@n-api.service[115630]: [pid: 115630|app: 0|req: 114/284] 10.222.0.44 () {58 vars in 1236 bytes} [Tue Aug 3 11:50:54 2021] GET /compute/v2.1/servers/aca6accc-2635-46f5-9cd5-a549d9790ec4 => generated 1386 bytes in 450 msecs (HTTP/1.1 200) 9 headers in 358 bytes (1 switches on core 0)
Aug 03 11:50:54.833807 n-d-803233-3 devstack@n-api.service[115629]: DEBUG nova.policy [None req-549bc626-590d-4750-ac69-126f8be5af59 tempest-ServersOnMultiNodesTest-645517388 tempest-ServersOnMultiNodesTest-645517388-project] Policy check for os_compute_api:os-extended-server-attributes failed with credentials {'is_admin': False, 'user_id': 'b8e7c3f4cea348f894cd4fc4c09654a1', 'user_domain_id': 'default', 'system_scope': None, 'domain_id': None, 'project_id': '4a228bc211fc451fa476d414ed0c5ac7', 'project_domain_id': 'default', 'roles': ['member', 'reader'], 'is_admin_project': True, 'service_user_id': None, 'service_user_domain_id': None, 'service_project_id': None, 'service_project_domain_id': None, 'service_roles': []} {{(pid=115629) authorize /opt/stack/nova/nova/policy.py:199}}
Aug 03 11:50:54.848628 n-d-803233-3 devstack@n-api.service[115629]: INFO nova.api.openstack.requestlog [None req-549bc626-590d-4750-ac69-126f8be5af59 tempest-ServersOnMultiNodesTest-645517388 tempest-ServersOnMultiNodesTest-645517388-project] 10.222.0.44 "GET /compute/v2.1/servers/ef92018f-cd69-4d28-a780-439ed6d963ec" status: 200 len: 1317 microversion: 2.1 time: 0.456844
Aug 03 11:50:54.849852 n-d-803233-3 devstack@n-api.service[115629]: [pid: 115629|app: 0|req: 171/285] 10.222.0.44 () {58 vars in 1236 bytes} [Tue Aug 3 11:50:54 2021] GET /compute/v2.1/servers/ef92018f-cd69-4d28-a780-439ed6d963ec => generated 1317 bytes in 458 msecs (HTTP/1.1 200) 9 headers in 358 bytes (1 switches on core 0)
Aug 03 11:50:54.987590 n-d-803233-3 devstack@n-api.service[115630]: DEBUG nova.api.openstack.wsgi [None req-ee6fcbc9-e3fc-4d1f-abd9-3f94d2aab891 tempest-LiveAutoBlockMigrationV225Test-84549680 tempest-LiveAutoBlockMigrationV225Test-84549680-project] Calling method '>' {{(pid=115630) _process_stack /opt/stack/nova/nova/api/openstack/wsgi.py:513}}
Aug 03 11:50:54.989232 n-d-803233-3 devstack@n-api.service[115630]: DEBUG nova.compute.api [None req-ee6fcbc9-e3fc-4d1f-abd9-3f94d2aab891 tempest-LiveAutoBlockMigrationV225Test-84549680 tempest-LiveAutoBlockMigrationV225Test-84549680-project] [instance: db5390f7-af8b-4d8a-aabd-b4394f50c538] Fetching instance by UUID {{(pid=115630) get /opt/stack/nova/nova/compute/api.py:2791}}
Aug 03 11:50:54.997177 n-d-803233-3 devstack@n-api.service[115629]: DEBUG nova.api.openstack.wsgi [req-0f04e913-e3dd-459b-9c3e-b4a41ccd8efa req-20a42ee8-1721-4f7b-b611-61c40f037ad3 service nova] Action: 'create', calling method: >, body: {"events": [{"name": "network-changed", "server_uuid": "ef92018f-cd69-4d28-a780-439ed6d963ec", "tag": "8e89b6fc-cd94-4126-a783-13c89814a322"}]} {{(pid=115629) _process_stack /opt/stack/nova/nova/api/openstack/wsgi.py:511}}
Aug 03 11:50:55.000230 n-d-803233-3 devstack@n-api.service[115629]: /usr/local/lib/python3.8/dist-packages/oslo_policy/policy.py:1064: UserWarning: Policy os_compute_api:os-server-external-events:create failed scope check. The token used to make the request was project scoped but the policy requires ['system'] scope. This behavior may change in the future where using the intended scope is required
Aug 03 11:50:55.000230 n-d-803233-3 devstack@n-api.service[115629]: warnings.warn(msg)
Aug 03 11:50:55.003034 n-d-803233-3 devstack@n-api.service[115630]: DEBUG oslo_concurrency.lockutils [None req-ee6fcbc9-e3fc-4d1f-abd9-3f94d2aab891 tempest-LiveAutoBlockMigrationV225Test-84549680 tempest-LiveAutoBlockMigrationV225Test-84549680-project] Lock "b58e0e00-50b2-4125-a551-8fcea3aab1c6" acquired by "nova.context.set_target_cell..get_or_set_cached_cell_and_set_connections" :: waited 0.000s {{(pid=115630) inner /usr/local/lib/python3.8/dist-packages/oslo_concurrency/lockutils.py:355}}
Aug 03 11:50:55.004627 n-d-803233-3 devstack@n-api.service[115630]: DEBUG oslo_concurrency.lockutils [None req-ee6fcbc9-e3fc-4d1f-abd9-3f94d2aab891 tempest-LiveAutoBlockMigrationV225Test-84549680 tempest-LiveAutoBlockMigrationV225Test-84549680-project] Lock "b58e0e00-50b2-4125-a551-8fcea3aab1c6" released by "nova.context.set_target_cell..get_or_set_cached_cell_and_set_connections" :: held 0.001s {{(pid=115630) inner /usr/local/lib/python3.8/dist-packages/oslo_concurrency/lockutils.py:367}}
Aug 03 11:50:55.007575 n-d-803233-3 devstack@n-api.service[115630]: DEBUG oslo_concurrency.lockutils [None req-ee6fcbc9-e3fc-4d1f-abd9-3f94d2aab891 tempest-LiveAutoBlockMigrationV225Test-84549680 tempest-LiveAutoBlockMigrationV225Test-84549680-project] Lock "b58e0e00-50b2-4125-a551-8fcea3aab1c6" acquired by "nova.context.set_target_cell..get_or_set_cached_cell_and_set_connections" :: waited 0.000s {{(pid=115630) inner /usr/local/lib/python3.8/dist-packages/oslo_concurrency/lockutils.py:355}}
Aug 03 11:50:55.010038 n-d-803233-3 devstack@n-api.service[115630]: DEBUG oslo_concurrency.lockutils [None req-ee6fcbc9-e3fc-4d1f-abd9-3f94d2aab891 tempest-LiveAutoBlockMigrationV225Test-84549680 tempest-LiveAutoBlockMigrationV225Test-84549680-project] Lock "b58e0e00-50b2-4125-a551-8fcea3aab1c6" released by "nova.context.set_target_cell..get_or_set_cached_cell_and_set_connections" :: held 0.002s {{(pid=115630) inner /usr/local/lib/python3.8/dist-packages/oslo_concurrency/lockutils.py:367}}
Aug 03 11:50:55.033188 n-d-803233-3 devstack@n-api.service[115629]: DEBUG oslo_concurrency.lockutils [req-0f04e913-e3dd-459b-9c3e-b4a41ccd8efa req-20a42ee8-1721-4f7b-b611-61c40f037ad3 service nova] Lock "b58e0e00-50b2-4125-a551-8fcea3aab1c6" acquired by "nova.context.set_target_cell..get_or_set_cached_cell_and_set_connections" :: waited 0.000s {{(pid=115629) inner /usr/local/lib/python3.8/dist-packages/oslo_concurrency/lockutils.py:355}}
Aug 03 11:50:55.035321 n-d-803233-3 devstack@n-api.service[115629]: DEBUG oslo_concurrency.lockutils [req-0f04e913-e3dd-459b-9c3e-b4a41ccd8efa req-20a42ee8-1721-4f7b-b611-61c40f037ad3 service nova] Lock "b58e0e00-50b2-4125-a551-8fcea3aab1c6" released by "nova.context.set_target_cell..get_or_set_cached_cell_and_set_connections" :: held 0.002s {{(pid=115629) inner /usr/local/lib/python3.8/dist-packages/oslo_concurrency/lockutils.py:367}}
Aug 03 11:50:55.062005 n-d-803233-3 devstack@n-api.service[115629]: INFO nova.api.openstack.compute.server_external_events [req-0f04e913-e3dd-459b-9c3e-b4a41ccd8efa req-20a42ee8-1721-4f7b-b611-61c40f037ad3 service nova] Creating event network-changed:8e89b6fc-cd94-4126-a783-13c89814a322 for instance ef92018f-cd69-4d28-a780-439ed6d963ec on n-h1-803233-3
Aug 03 11:50:55.069561 n-d-803233-3 devstack@n-api.service[115629]: INFO nova.api.openstack.requestlog [req-0f04e913-e3dd-459b-9c3e-b4a41ccd8efa req-20a42ee8-1721-4f7b-b611-61c40f037ad3 service nova] 10.222.0.44 "POST /compute/v2.1/os-server-external-events" status: 200 len: 179 microversion: 2.1 time: 0.082037
Aug 03 11:50:55.070172 n-d-803233-3 devstack@n-api.service[115629]: [pid: 115629|app: 0|req: 172/286] 10.222.0.44 () {64 vars in 1318 bytes} [Tue Aug 3 11:50:54 2021] POST /compute/v2.1/os-server-external-events => generated 179 bytes in 84 msecs (HTTP/1.1 200) 9 headers in 357 bytes (1 switches on core 0)
Aug 03 11:50:55.416238 n-d-803233-3 devstack@n-api.service[115629]: DEBUG nova.api.openstack.wsgi [None req-7195049d-1b32-45ae-98a1-f971005441e0 tempest-LiveMigrationTest-1941669475 tempest-LiveMigrationTest-1941669475-project] Action: 'create', calling method: >, body: {"server": {"name": "tempest-LiveMigrationTest-server-410985091", "imageRef": "6b914d67-d37c-4fd3-9dff-9a6bf93ec323", "flavorRef": "452", "networks": [{"uuid": "2470d86d-040d-4bbc-934d-c6130f81934b"}]}} {{(pid=115629) _process_stack /opt/stack/nova/nova/api/openstack/wsgi.py:511}}
Aug 03 11:50:55.492098 n-d-803233-3 devstack@n-api.service[115630]: DEBUG nova.policy [None req-ee6fcbc9-e3fc-4d1f-abd9-3f94d2aab891 tempest-LiveAutoBlockMigrationV225Test-84549680 tempest-LiveAutoBlockMigrationV225Test-84549680-project] Policy check for os_compute_api:os-extended-server-attributes failed with credentials {'is_admin': False, 'user_id': 'b61f95e5b42a4b3999eca145ef106c7e', 'user_domain_id': 'default', 'system_scope': None, 'domain_id': None, 'project_id': 'f62b383c8b9e4eb091f6386e5beb4175', 'project_domain_id': 'default', 'roles': ['member', 'reader'], 'is_admin_project': True, 'service_user_id': None, 'service_user_domain_id': None, 'service_project_id': None, 'service_project_domain_id': None, 'service_roles': []} {{(pid=115630) authorize /opt/stack/nova/nova/policy.py:199}}
Aug 03 11:50:55.500462 n-d-803233-3 devstack@n-api.service[115629]: DEBUG nova.network.neutron [None req-7195049d-1b32-45ae-98a1-f971005441e0 tempest-LiveMigrationTest-1941669475 tempest-LiveMigrationTest-1941669475-project] validate_networks() for [('2470d86d-040d-4bbc-934d-c6130f81934b', None, None, None)] {{(pid=115629) validate_networks /opt/stack/nova/nova/network/neutron.py:2255}}
Aug 03 11:50:55.514207 n-d-803233-3 devstack@n-api.service[115630]: DEBUG nova.policy [None req-ee6fcbc9-e3fc-4d1f-abd9-3f94d2aab891 tempest-LiveAutoBlockMigrationV225Test-84549680 tempest-LiveAutoBlockMigrationV225Test-84549680-project] Policy check for os_compute_api:servers:show:host_status failed with credentials {'is_admin': False, 'user_id': 'b61f95e5b42a4b3999eca145ef106c7e', 'user_domain_id': 'default', 'system_scope': None, 'domain_id': None, 'project_id': 'f62b383c8b9e4eb091f6386e5beb4175', 'project_domain_id': 'default', 'roles': ['member', 'reader'], 'is_admin_project': True, 'service_user_id': None, 'service_user_domain_id': None, 'service_project_id': None, 'service_project_domain_id': None, 'service_roles': []} {{(pid=115630) authorize /opt/stack/nova/nova/policy.py:199}}
Aug 03 11:50:55.518327 n-d-803233-3 devstack@n-api.service[115630]: DEBUG nova.policy [None req-ee6fcbc9-e3fc-4d1f-abd9-3f94d2aab891 tempest-LiveAutoBlockMigrationV225Test-84549680 tempest-LiveAutoBlockMigrationV225Test-84549680-project] Policy check for os_compute_api:servers:show:host_status:unknown-only failed with credentials {'is_admin': False, 'user_id': 'b61f95e5b42a4b3999eca145ef106c7e', 'user_domain_id': 'default', 'system_scope': None, 'domain_id': None, 'project_id': 'f62b383c8b9e4eb091f6386e5beb4175', 'project_domain_id': 'default', 'roles': ['member', 'reader'], 'is_admin_project': True, 'service_user_id': None, 'service_user_domain_id': None, 'service_project_id': None, 'service_project_domain_id': None, 'service_roles': []} {{(pid=115630) authorize /opt/stack/nova/nova/policy.py:199}}
Aug 03 11:50:55.522942 n-d-803233-3 devstack@n-api.service[115630]: INFO nova.api.openstack.requestlog [None req-ee6fcbc9-e3fc-4d1f-abd9-3f94d2aab891 tempest-LiveAutoBlockMigrationV225Test-84549680 tempest-LiveAutoBlockMigrationV225Test-84549680-project] 10.222.0.44 "GET /compute/v2.1/servers/db5390f7-af8b-4d8a-aabd-b4394f50c538" status: 200 len: 1568 microversion: 2.25 time: 0.538370
Aug 03 11:50:55.523505 n-d-803233-3 devstack@n-api.service[115630]: [pid: 115630|app: 0|req: 115/287] 10.222.0.44 () {60 vars in 1277 bytes} [Tue Aug 3 11:50:54 2021] GET /compute/v2.1/servers/db5390f7-af8b-4d8a-aabd-b4394f50c538 => generated 1568 bytes in 542 msecs (HTTP/1.1 200) 9 headers in 360 bytes (2 switches on core 0)
Aug 03 11:50:55.539665 n-d-803233-3 devstack@n-api.service[115630]: DEBUG nova.api.openstack.wsgi [None req-f20cba61-da7f-41e6-9844-6607dd5756f3 tempest-DeleteServersAdminTestJSON-1575887452 tempest-DeleteServersAdminTestJSON-1575887452-project] Calling method '>' {{(pid=115630) _process_stack /opt/stack/nova/nova/api/openstack/wsgi.py:513}}
Aug 03 11:50:55.540421 n-d-803233-3 devstack@n-api.service[115630]: DEBUG nova.compute.api [None req-f20cba61-da7f-41e6-9844-6607dd5756f3 tempest-DeleteServersAdminTestJSON-1575887452 tempest-DeleteServersAdminTestJSON-1575887452-project] [instance: 8809d0a9-f681-4f94-8dcf-8a17f64beb0a] Fetching instance by UUID {{(pid=115630) get /opt/stack/nova/nova/compute/api.py:2791}}
Aug 03 11:50:55.548622 n-d-803233-3 devstack@n-api.service[115630]: DEBUG oslo_concurrency.lockutils [None req-f20cba61-da7f-41e6-9844-6607dd5756f3 tempest-DeleteServersAdminTestJSON-1575887452 tempest-DeleteServersAdminTestJSON-1575887452-project] Lock "b58e0e00-50b2-4125-a551-8fcea3aab1c6" acquired by "nova.context.set_target_cell..get_or_set_cached_cell_and_set_connections" :: waited 0.000s {{(pid=115630) inner /usr/local/lib/python3.8/dist-packages/oslo_concurrency/lockutils.py:355}}
Aug 03 11:50:55.550872 n-d-803233-3 devstack@n-api.service[115630]: DEBUG oslo_concurrency.lockutils [None req-f20cba61-da7f-41e6-9844-6607dd5756f3 tempest-DeleteServersAdminTestJSON-1575887452 tempest-DeleteServersAdminTestJSON-1575887452-project] Lock "b58e0e00-50b2-4125-a551-8fcea3aab1c6" released by "nova.context.set_target_cell..get_or_set_cached_cell_and_set_connections" :: held 0.002s {{(pid=115630) inner /usr/local/lib/python3.8/dist-packages/oslo_concurrency/lockutils.py:367}}
Aug 03 11:50:55.552130 n-d-803233-3 devstack@n-api.service[115630]: DEBUG oslo_concurrency.lockutils [None req-f20cba61-da7f-41e6-9844-6607dd5756f3 tempest-DeleteServersAdminTestJSON-1575887452 tempest-DeleteServersAdminTestJSON-1575887452-project] Lock "b58e0e00-50b2-4125-a551-8fcea3aab1c6" acquired by "nova.context.set_target_cell..get_or_set_cached_cell_and_set_connections" :: waited 0.000s {{(pid=115630) inner /usr/local/lib/python3.8/dist-packages/oslo_concurrency/lockutils.py:355}}
Aug 03 11:50:55.553139 n-d-803233-3 devstack@n-api.service[115630]: DEBUG oslo_concurrency.lockutils [None req-f20cba61-da7f-41e6-9844-6607dd5756f3 tempest-DeleteServersAdminTestJSON-1575887452 tempest-DeleteServersAdminTestJSON-1575887452-project] Lock "b58e0e00-50b2-4125-a551-8fcea3aab1c6" released by "nova.context.set_target_cell..get_or_set_cached_cell_and_set_connections" :: held 0.001s {{(pid=115630) inner /usr/local/lib/python3.8/dist-packages/oslo_concurrency/lockutils.py:367}}
Aug 03 11:50:55.711800 n-d-803233-3 devstack@n-api.service[115630]: DEBUG nova.policy [None req-f20cba61-da7f-41e6-9844-6607dd5756f3 tempest-DeleteServersAdminTestJSON-1575887452 tempest-DeleteServersAdminTestJSON-1575887452-project] Policy check for os_compute_api:os-extended-server-attributes failed with credentials {'is_admin': False, 'user_id': '89824d3645054a559475dcd20bd12bc0', 'user_domain_id': 'default', 'system_scope': None, 'domain_id': None, 'project_id': '3df1db59e65e40399b2e5a80cc4f188f', 'project_domain_id': 'default', 'roles': ['member', 'reader'], 'is_admin_project': True, 'service_user_id': None, 'service_user_domain_id': None, 'service_project_id': None, 'service_project_domain_id': None, 'service_roles': []} {{(pid=115630) authorize /opt/stack/nova/nova/policy.py:199}}
Aug 03 11:50:55.720265 n-d-803233-3 devstack@n-api.service[115630]: INFO nova.api.openstack.requestlog [None req-f20cba61-da7f-41e6-9844-6607dd5756f3 tempest-DeleteServersAdminTestJSON-1575887452 tempest-DeleteServersAdminTestJSON-1575887452-project] 10.222.0.44 "GET /compute/v2.1/servers/8809d0a9-f681-4f94-8dcf-8a17f64beb0a" status: 200 len: 1277 microversion: 2.1 time: 0.184725
Aug 03 11:50:55.721588 n-d-803233-3 devstack@n-api.service[115630]: [pid: 115630|app: 0|req: 116/288] 10.222.0.44 () {58 vars in 1236 bytes} [Tue Aug 3 11:50:55 2021] GET /compute/v2.1/servers/8809d0a9-f681-4f94-8dcf-8a17f64beb0a => generated 1277 bytes in 187 msecs (HTTP/1.1 200) 9 headers in 358 bytes (1 switches on core 0)
Aug 03 11:50:55.726168 n-d-803233-3 devstack@n-api.service[115630]: DEBUG nova.api.openstack.wsgi [None req-d5ed2178-33fd-4c3c-a16a-71330bcd2608 tempest-LiveMigrationNegativeTest-1536228832 tempest-LiveMigrationNegativeTest-1536228832-project] Calling method '>' {{(pid=115630) _process_stack /opt/stack/nova/nova/api/openstack/wsgi.py:513}}
Aug 03 11:50:55.727081 n-d-803233-3 devstack@n-api.service[115630]: DEBUG nova.compute.api [None req-d5ed2178-33fd-4c3c-a16a-71330bcd2608 tempest-LiveMigrationNegativeTest-1536228832 tempest-LiveMigrationNegativeTest-1536228832-project] [instance: e9552319-9529-4f6e-8249-d24e9b3fa37f] Fetching instance by UUID {{(pid=115630) get /opt/stack/nova/nova/compute/api.py:2791}}
Aug 03 11:50:55.733513 n-d-803233-3 devstack@n-api.service[115630]: DEBUG oslo_concurrency.lockutils [None req-d5ed2178-33fd-4c3c-a16a-71330bcd2608 tempest-LiveMigrationNegativeTest-1536228832 tempest-LiveMigrationNegativeTest-1536228832-project] Lock "b58e0e00-50b2-4125-a551-8fcea3aab1c6" acquired by "nova.context.set_target_cell..get_or_set_cached_cell_and_set_connections" :: waited 0.000s {{(pid=115630) inner /usr/local/lib/python3.8/dist-packages/oslo_concurrency/lockutils.py:355}}
Aug 03 11:50:55.734040 n-d-803233-3 devstack@n-api.service[115630]: DEBUG oslo_concurrency.lockutils [None req-d5ed2178-33fd-4c3c-a16a-71330bcd2608 tempest-LiveMigrationNegativeTest-1536228832 tempest-LiveMigrationNegativeTest-1536228832-project] Lock "b58e0e00-50b2-4125-a551-8fcea3aab1c6" released by "nova.context.set_target_cell..get_or_set_cached_cell_and_set_connections" :: held 0.001s {{(pid=115630) inner /usr/local/lib/python3.8/dist-packages/oslo_concurrency/lockutils.py:367}}
Aug 03 11:50:55.735085 n-d-803233-3 devstack@n-api.service[115630]: DEBUG oslo_concurrency.lockutils [None req-d5ed2178-33fd-4c3c-a16a-71330bcd2608 tempest-LiveMigrationNegativeTest-1536228832 tempest-LiveMigrationNegativeTest-1536228832-project] Lock "b58e0e00-50b2-4125-a551-8fcea3aab1c6" acquired by "nova.context.set_target_cell..get_or_set_cached_cell_and_set_connections" :: waited 0.000s {{(pid=115630) inner /usr/local/lib/python3.8/dist-packages/oslo_concurrency/lockutils.py:355}}
