Aug 02 11:42:47.358265 n-d-803191-1 neutron-server[100470]: DEBUG neutron_lib.callbacks.manager [None req-aa4d8470-df98-439e-bef8-4c5ff09ea080 admin admin] Notify callbacks [] for security_group, precommit_create {{(pid=100470) _notify_loop /usr/local/lib/python3.8/dist-packages/neutron_lib/callbacks/manager.py:192}}
Aug 02 11:42:47.366395 n-d-803191-1 neutron-server[100470]: DEBUG neutron_lib.callbacks.manager [None req-aa4d8470-df98-439e-bef8-4c5ff09ea080 admin admin] Notify callbacks ['neutron.plugins.ml2.ovo_rpc._ObjectChangeHandler.handle_event-1566823'] for security_group, after_create {{(pid=100470) _notify_loop /usr/local/lib/python3.8/dist-packages/neutron_lib/callbacks/manager.py:192}}
Aug 02 11:42:47.376349 n-d-803191-1 neutron-server[100469]: DEBUG neutron_lib.callbacks.manager [None req-e4148d1c-01cb-4399-9363-32e44312fc48 admin admin] Notify callbacks [] for security_group, before_create {{(pid=100469) _notify_loop /usr/local/lib/python3.8/dist-packages/neutron_lib/callbacks/manager.py:192}}
Aug 02 11:42:47.452419 n-d-803191-1 neutron-server[100470]: INFO neutron.wsgi [None req-aa4d8470-df98-439e-bef8-4c5ff09ea080 admin admin] 10.222.0.50 "GET /v2.0/security-groups?tenant_id=9b721897191542a7825de21095277c2c&name=default HTTP/1.1" status: 200 len: 2979 time: 0.7232366
Aug 02 11:42:47.454226 n-d-803191-1 neutron-server[100470]: DEBUG neutron.api.rpc.handlers.resources_rpc [None req-aa4d8470-df98-439e-bef8-4c5ff09ea080 admin admin] Pushing event updated for resources: {'SecurityGroup': ['ID=f3992a65-5d71-43bb-a48c-de50c334b7de,revision_number=1']} {{(pid=100470) push /opt/stack/neutron/neutron/api/rpc/handlers/resources_rpc.py:237}}
Aug 02 11:42:47.458943 n-d-803191-1 neutron-server[100470]: DEBUG neutron.wsgi [-] (100470) accepted ('10.222.0.50', 49344) {{(pid=100470) server /usr/local/lib/python3.8/dist-packages/eventlet/wsgi.py:982}}
Aug 02 11:42:47.537855 n-d-803191-1 neutron-server[100469]: DEBUG neutron.pecan_wsgi.hooks.policy_enforcement [req-4b42dfad-8dd0-4cfb-b4c0-d2d6f17a62ef req-3504e3dd-64c6-4245-abd5-d911b9a22787 tempest-LiveMigrationNegativeTest-2040688049 tempest-LiveMigrationNegativeTest-2040688049-project] Attributes excluded by policy engine: ['standard_attr_id', 'binding:profile', 'binding:host_id', 'binding:vif_type', 'binding:vif_details'] {{(pid=100469) _exclude_attributes_by_policy /opt/stack/neutron/neutron/pecan_wsgi/hooks/policy_enforcement.py:255}}
Aug 02 11:42:47.542991 n-d-803191-1 neutron-server[100469]: INFO neutron.wsgi [req-4b42dfad-8dd0-4cfb-b4c0-d2d6f17a62ef req-3504e3dd-64c6-4245-abd5-d911b9a22787 tempest-LiveMigrationNegativeTest-2040688049 tempest-LiveMigrationNegativeTest-2040688049-project] 10.222.0.18 "GET /v2.0/ports?device_id=3731d408-07be-43a7-b849-9d4b4b631bb5 HTTP/1.1" status: 200 len: 949 time: 0.1153255
Aug 02 11:42:47.572425 n-d-803191-1 neutron-server[100470]: DEBUG neutron_lib.callbacks.manager [None req-3e69031a-48a9-4715-aa34-e4fd53440a88 admin admin] Notify callbacks [] for security_group, before_delete {{(pid=100470) _notify_loop /usr/local/lib/python3.8/dist-packages/neutron_lib/callbacks/manager.py:192}}
Aug 02 11:42:47.617172 n-d-803191-1 neutron-server[100470]: DEBUG neutron_lib.callbacks.manager [None req-3e69031a-48a9-4715-aa34-e4fd53440a88 admin admin] Notify callbacks [] for security_group, precommit_delete {{(pid=100470) _notify_loop /usr/local/lib/python3.8/dist-packages/neutron_lib/callbacks/manager.py:192}}
Aug 02 11:42:47.727084 n-d-803191-1 neutron-server[100470]: DEBUG neutron_lib.callbacks.manager [None req-3e69031a-48a9-4715-aa34-e4fd53440a88 admin admin] Notify callbacks ['neutron.plugins.ml2.ovo_rpc._ObjectChangeHandler.handle_event-1566823'] for security_group, after_delete {{(pid=100470) _notify_loop /usr/local/lib/python3.8/dist-packages/neutron_lib/callbacks/manager.py:192}}
Aug 02 11:42:47.731718 n-d-803191-1 neutron-server[100470]: DEBUG neutron_lib.callbacks.manager [None req-3e69031a-48a9-4715-aa34-e4fd53440a88 admin admin] Notify callbacks [] for security_group, before_response {{(pid=100470) _notify_loop /usr/local/lib/python3.8/dist-packages/neutron_lib/callbacks/manager.py:192}}
Aug 02 11:42:47.737092 n-d-803191-1 neutron-server[100470]: INFO neutron.wsgi [None req-3e69031a-48a9-4715-aa34-e4fd53440a88 admin admin] 10.222.0.50 "DELETE /v2.0/security-groups/f3992a65-5d71-43bb-a48c-de50c334b7de HTTP/1.1" status: 204 len: 168 time: 0.2748399
Aug 02 11:42:47.752702 n-d-803191-1 neutron-server[100470]: DEBUG neutron.api.rpc.handlers.resources_rpc [None req-3e69031a-48a9-4715-aa34-e4fd53440a88 admin admin] Pushing event deleted for resources: {'SecurityGroup': ['ID=f3992a65-5d71-43bb-a48c-de50c334b7de,revision_number=None']} {{(pid=100470) push /opt/stack/neutron/neutron/api/rpc/handlers/resources_rpc.py:237}}
Aug 02 11:42:47.761208 n-d-803191-1 neutron-server[100469]: DEBUG neutron_lib.callbacks.manager [None req-e4148d1c-01cb-4399-9363-32e44312fc48 admin admin] Notify callbacks [] for security_group, precommit_create {{(pid=100469) _notify_loop /usr/local/lib/python3.8/dist-packages/neutron_lib/callbacks/manager.py:192}}
Aug 02 11:42:47.792350 n-d-803191-1 neutron-server[100469]: DEBUG neutron_lib.callbacks.manager [None req-e4148d1c-01cb-4399-9363-32e44312fc48 admin admin] Notify callbacks ['neutron.plugins.ml2.ovo_rpc._ObjectChangeHandler.handle_event-1566823'] for security_group, after_create {{(pid=100469) _notify_loop /usr/local/lib/python3.8/dist-packages/neutron_lib/callbacks/manager.py:192}}
Aug 02 11:42:47.884187 n-d-803191-1 neutron-server[100469]: INFO neutron.wsgi [None req-e4148d1c-01cb-4399-9363-32e44312fc48 admin admin] 10.222.0.50 "GET /v2.0/security-groups?tenant_id=e85975c47b14433c8fb63e5feaaf011f&name=default HTTP/1.1" status: 200 len: 2979 time: 0.5239546
Aug 02 11:42:47.884187 n-d-803191-1 neutron-server[100469]: DEBUG neutron.plugins.ml2.plugin [req-4b42dfad-8dd0-4cfb-b4c0-d2d6f17a62ef req-5087a1af-26a7-4561-8f80-f8a25244d4ea tempest-LiveMigrationNegativeTest-2040688049 tempest-LiveMigrationNegativeTest-2040688049-project] Deleting port da135042-ab15-4e39-9e3f-3c6c516d17ab {{(pid=100469) _pre_delete_port /opt/stack/neutron/neutron/plugins/ml2/plugin.py:1919}}
Aug 02 11:42:47.884187 n-d-803191-1 neutron-server[100469]: DEBUG neutron_lib.callbacks.manager [req-4b42dfad-8dd0-4cfb-b4c0-d2d6f17a62ef req-5087a1af-26a7-4561-8f80-f8a25244d4ea tempest-LiveMigrationNegativeTest-2040688049 tempest-LiveMigrationNegativeTest-2040688049-project] Notify callbacks ['neutron.db.l3_db.L3_NAT_dbonly_mixin._prevent_l3_port_delete_callback-8768583484164'] for port, before_delete {{(pid=100469) _notify_loop /usr/local/lib/python3.8/dist-packages/neutron_lib/callbacks/manager.py:192}}
Aug 02 11:42:47.884751 n-d-803191-1 neutron-server[100470]: DEBUG neutron.wsgi [-] (100470) accepted ('10.222.0.50', 49356) {{(pid=100470) server /usr/local/lib/python3.8/dist-packages/eventlet/wsgi.py:982}}
Aug 02 11:42:47.898785 n-d-803191-1 neutron-server[100469]: DEBUG neutron.pecan_wsgi.hooks.policy_enforcement [req-19da9250-d66a-46e8-9df6-49622de17887 req-f76b57f4-bcee-4949-94aa-423127690798 tempest-MigrationsAdminTest-476666780 tempest-MigrationsAdminTest-476666780-project] Attributes excluded by policy engine: ['standard_attr_id', 'binding:profile', 'binding:host_id', 'binding:vif_type', 'binding:vif_details'] {{(pid=100469) _exclude_attributes_by_policy /opt/stack/neutron/neutron/pecan_wsgi/hooks/policy_enforcement.py:255}}
Aug 02 11:42:47.900388 n-d-803191-1 neutron-server[100469]: INFO neutron.wsgi [req-19da9250-d66a-46e8-9df6-49622de17887 req-f76b57f4-bcee-4949-94aa-423127690798 tempest-MigrationsAdminTest-476666780 tempest-MigrationsAdminTest-476666780-project] 10.222.0.50 "GET /v2.0/ports?device_id=2aeba592-4997-4a52-aec7-13aa0f5c867a HTTP/1.1" status: 200 len: 948 time: 0.2031877
Aug 02 11:42:47.918815 n-d-803191-1 neutron-server[100469]: DEBUG neutron.api.rpc.handlers.resources_rpc [None req-e4148d1c-01cb-4399-9363-32e44312fc48 admin admin] Pushing event updated for resources: {'SecurityGroup': ['ID=c009112e-a6c9-4a55-99f8-d0b84206d28f,revision_number=1']} {{(pid=100469) push /opt/stack/neutron/neutron/api/rpc/handlers/resources_rpc.py:237}}
Aug 02 11:42:48.016429 n-d-803191-1 neutron-server[100469]: INFO neutron.wsgi [req-19da9250-d66a-46e8-9df6-49622de17887 req-a537182e-f577-4295-b799-df180a0fd505 tempest-MigrationsAdminTest-476666780 tempest-MigrationsAdminTest-476666780-project] 10.222.0.50 "GET /v2.0/security-groups?id=7ea368c9-9b73-4d50-a4b9-b9c3947dc0df&fields=id&fields=name HTTP/1.1" status: 200 len: 286 time: 0.1010270
Aug 02 11:42:48.041991 n-d-803191-1 neutron-server[100469]: DEBUG neutron.plugins.ml2.db [req-4b42dfad-8dd0-4cfb-b4c0-d2d6f17a62ef req-5087a1af-26a7-4561-8f80-f8a25244d4ea tempest-LiveMigrationNegativeTest-2040688049 tempest-LiveMigrationNegativeTest-2040688049-project] For port da135042-ab15-4e39-9e3f-3c6c516d17ab, host n-h1-803191-1, got binding levels [PortBindingLevel(driver='hyperv',host='n-h1-803191-1',level=0,port_id=da135042-ab15-4e39-9e3f-3c6c516d17ab,segment=NetworkSegment(d024c7b5-c830-49bf-ba1f-449e8ceaa076),segment_id=d024c7b5-c830-49bf-ba1f-449e8ceaa076)] {{(pid=100469) get_binding_level_objs /opt/stack/neutron/neutron/plugins/ml2/db.py:74}}
Aug 02 11:42:48.042281 n-d-803191-1 neutron-server[100469]: DEBUG neutron_lib.callbacks.manager [req-4b42dfad-8dd0-4cfb-b4c0-d2d6f17a62ef req-5087a1af-26a7-4561-8f80-f8a25244d4ea tempest-LiveMigrationNegativeTest-2040688049 tempest-LiveMigrationNegativeTest-2040688049-project] Notify callbacks ['neutron.services.l3_router.l3_router_plugin.L3_NAT_dbonly_mixin._precommit_delete_port_callback-687585'] for port, precommit_delete {{(pid=100469) _notify_loop /usr/local/lib/python3.8/dist-packages/neutron_lib/callbacks/manager.py:192}}
Aug 02 11:42:48.052881 n-d-803191-1 neutron-server[100470]: DEBUG neutron_lib.callbacks.manager [None req-aeec37cc-e79f-4e41-9193-beea6b150a1b admin admin] Notify callbacks [] for security_group, before_delete {{(pid=100470) _notify_loop /usr/local/lib/python3.8/dist-packages/neutron_lib/callbacks/manager.py:192}}
Aug 02 11:42:48.060419 n-d-803191-1 neutron-server[100469]: DEBUG neutron.plugins.ml2.plugin [req-4b42dfad-8dd0-4cfb-b4c0-d2d6f17a62ef req-5087a1af-26a7-4561-8f80-f8a25244d4ea tempest-LiveMigrationNegativeTest-2040688049 tempest-LiveMigrationNegativeTest-2040688049-project] Calling delete_port for da135042-ab15-4e39-9e3f-3c6c516d17ab owned by compute:nova {{(pid=100469) delete_port /opt/stack/neutron/neutron/plugins/ml2/plugin.py:1997}}
Aug 02 11:42:48.102887 n-d-803191-1 neutron-server[100470]: DEBUG neutron_lib.callbacks.manager [None req-aeec37cc-e79f-4e41-9193-beea6b150a1b admin admin] Notify callbacks [] for security_group, precommit_delete {{(pid=100470) _notify_loop /usr/local/lib/python3.8/dist-packages/neutron_lib/callbacks/manager.py:192}}
Aug 02 11:42:48.210882 n-d-803191-1 neutron-server[100470]: DEBUG neutron_lib.callbacks.manager [None req-aeec37cc-e79f-4e41-9193-beea6b150a1b admin admin] Notify callbacks ['neutron.plugins.ml2.ovo_rpc._ObjectChangeHandler.handle_event-1566823'] for security_group, after_delete {{(pid=100470) _notify_loop /usr/local/lib/python3.8/dist-packages/neutron_lib/callbacks/manager.py:192}}
Aug 02 11:42:48.225837 n-d-803191-1 neutron-server[100470]: DEBUG neutron_lib.callbacks.manager [None req-aeec37cc-e79f-4e41-9193-beea6b150a1b admin admin] Notify callbacks [] for security_group, before_response {{(pid=100470) _notify_loop /usr/local/lib/python3.8/dist-packages/neutron_lib/callbacks/manager.py:192}}
Aug 02 11:42:48.228680 n-d-803191-1 neutron-server[100470]: INFO neutron.wsgi [None req-aeec37cc-e79f-4e41-9193-beea6b150a1b admin admin] 10.222.0.50 "DELETE /v2.0/security-groups/c009112e-a6c9-4a55-99f8-d0b84206d28f HTTP/1.1" status: 204 len: 168 time: 0.3418932
Aug 02 11:42:48.241419 n-d-803191-1 neutron-server[100470]: DEBUG neutron.api.rpc.handlers.resources_rpc [None req-aeec37cc-e79f-4e41-9193-beea6b150a1b admin admin] Pushing event deleted for resources: {'SecurityGroup': ['ID=c009112e-a6c9-4a55-99f8-d0b84206d28f,revision_number=None']} {{(pid=100470) push /opt/stack/neutron/neutron/api/rpc/handlers/resources_rpc.py:237}}
Aug 02 11:42:48.306654 n-d-803191-1 neutron-server[100469]: DEBUG neutron_lib.callbacks.manager [req-4b42dfad-8dd0-4cfb-b4c0-d2d6f17a62ef req-5087a1af-26a7-4561-8f80-f8a25244d4ea tempest-LiveMigrationNegativeTest-2040688049 tempest-LiveMigrationNegativeTest-2040688049-project] Notify callbacks ['neutron.plugins.ml2.plugin.SecurityGroupServerNotifierRpcMixin._notify_sg_on_port_change-559959', 'neutron.plugins.ml2.ovo_rpc._ObjectChangeHandler.handle_event-1988342', 'neutron.api.rpc.agentnotifiers.dhcp_rpc_agent_api.DhcpAgentNotifyAPI._native_event_send_dhcp_notification-1539888', 'neutron.db.l3_db.L3RpcNotifierMixin._notify_routers_callback-8768583489684', 'neutron.db.l3_dvrscheduler_db._notify_port_delete-8768583101579', 'neutron.services.segments.plugin.NovaSegmentNotifier._notify_port_created_or_deleted-5282114'] for port, after_delete {{(pid=100469) _notify_loop /usr/local/lib/python3.8/dist-packages/neutron_lib/callbacks/manager.py:192}}
Aug 02 11:42:48.328659 n-d-803191-1 neutron-server[100471]: DEBUG neutron.plugins.ml2.db [None req-147fbf5a-658a-4d1e-95ce-32bd1a0e5580 None None] get_ports_and_sgs() called for port_ids ['44b68858-b35b-4005-8d4e-0f580ef0d6ff', 'da135042-ab15-4e39-9e3f-3c6c516d17ab'] {{(pid=100471) get_ports_and_sgs /opt/stack/neutron/neutron/plugins/ml2/db.py:156}}
Aug 02 11:42:48.355181 n-d-803191-1 neutron-server[100469]: DEBUG neutron.api.rpc.handlers.resources_rpc [None req-5087a1af-26a7-4561-8f80-f8a25244d4ea tempest-LiveMigrationNegativeTest-2040688049 tempest-LiveMigrationNegativeTest-2040688049-project] Pushing event deleted for resources: {'Port': ['ID=da135042-ab15-4e39-9e3f-3c6c516d17ab,revision_number=None']} {{(pid=100469) push /opt/stack/neutron/neutron/api/rpc/handlers/resources_rpc.py:237}}
Aug 02 11:42:48.400326 n-d-803191-1 neutron-server[100470]: DEBUG neutron.wsgi [-] (100470) accepted ('10.222.0.50', 49374) {{(pid=100470) server /usr/local/lib/python3.8/dist-packages/eventlet/wsgi.py:982}}
Aug 02 11:42:48.427491 n-d-803191-1 neutron-server[100470]: DEBUG neutron_lib.callbacks.manager [None req-5ad38b9b-4df1-43d2-8f9e-d2bee82f4932 admin admin] Notify callbacks [] for security_group, before_create {{(pid=100470) _notify_loop /usr/local/lib/python3.8/dist-packages/neutron_lib/callbacks/manager.py:192}}
Aug 02 11:42:48.483808 n-d-803191-1 neutron-server[100469]: DEBUG neutron.db.l3_dvrscheduler_db [req-4b42dfad-8dd0-4cfb-b4c0-d2d6f17a62ef req-5087a1af-26a7-4561-8f80-f8a25244d4ea tempest-LiveMigrationNegativeTest-2040688049 tempest-LiveMigrationNegativeTest-2040688049-project] No DVR routers for this DVR port da135042-ab15-4e39-9e3f-3c6c516d17ab on host n-h1-803191-1 {{(pid=100469) get_dvr_routers_to_remove /opt/stack/neutron/neutron/db/l3_dvrscheduler_db.py:214}}
Aug 02 11:42:48.491832 n-d-803191-1 neutron-server[100469]: DEBUG neutron_lib.callbacks.manager [req-4b42dfad-8dd0-4cfb-b4c0-d2d6f17a62ef req-5087a1af-26a7-4561-8f80-f8a25244d4ea tempest-LiveMigrationNegativeTest-2040688049 tempest-LiveMigrationNegativeTest-2040688049-project] Notify callbacks ['neutron.notifiers.nova.Notifier._send_nova_notification-39225'] for port, before_response {{(pid=100469) _notify_loop /usr/local/lib/python3.8/dist-packages/neutron_lib/callbacks/manager.py:192}}
Aug 02 11:42:48.503902 n-d-803191-1 neutron-server[100469]: INFO neutron.wsgi [req-4b42dfad-8dd0-4cfb-b4c0-d2d6f17a62ef req-5087a1af-26a7-4561-8f80-f8a25244d4ea tempest-LiveMigrationNegativeTest-2040688049 tempest-LiveMigrationNegativeTest-2040688049-project] 10.222.0.18 "DELETE /v2.0/ports/da135042-ab15-4e39-9e3f-3c6c516d17ab HTTP/1.1" status: 204 len: 173 time: 0.9526906
Aug 02 11:42:48.504552 n-d-803191-1 neutron-server[100469]: DEBUG neutron.notifiers.nova [-] Sending events: [{'server_uuid': '3731d408-07be-43a7-b849-9d4b4b631bb5', 'name': 'network-vif-deleted', 'tag': 'da135042-ab15-4e39-9e3f-3c6c516d17ab'}] {{(pid=100469) send_events /opt/stack/neutron/neutron/notifiers/nova.py:262}}
Aug 02 11:42:48.507176 n-d-803191-1 neutron-server[100469]: DEBUG novaclient.v2.client [-] REQ: curl -g -i --cacert "/opt/stack/data/ca-bundle.pem" -X POST http://10.222.0.50/compute/v2.1/os-server-external-events -H "Accept: application/json" -H "Content-Type: application/json" -H "User-Agent: python-novaclient" -H "X-Auth-Token: {SHA256}574578c215088dd2f127876b6cb55e46781c4fe682d30065247695e2a51b3fb9" -H "X-OpenStack-Nova-API-Version: 2.1" -H "X-OpenStack-Request-ID: req-85877a81-28e9-43b9-bb73-c7b501bb84a6" -d '{"events": [{"server_uuid": "3731d408-07be-43a7-b849-9d4b4b631bb5", "name": "network-vif-deleted", "tag": "da135042-ab15-4e39-9e3f-3c6c516d17ab"}]}' {{(pid=100469) _http_log_request /usr/local/lib/python3.8/dist-packages/keystoneauth1/session.py:519}}
Aug 02 11:42:48.593031 n-d-803191-1 neutron-server[100469]: INFO neutron.wsgi [req-46ad4cd7-cc9b-4916-a855-7a4f1ef6c393 req-3f61bee5-bd55-41a1-bb3e-bfa1665b81d5 tempest-LiveMigrationNegativeTest-2040688049 tempest-LiveMigrationNegativeTest-2040688049-project] 10.222.0.50 "GET /v2.0/ports?device_id=3731d408-07be-43a7-b849-9d4b4b631bb5 HTTP/1.1" status: 200 len: 210 time: 0.0683558
Aug 02 11:42:48.672957 n-d-803191-1 neutron-server[100469]: DEBUG novaclient.v2.client [-] RESP: [200] Connection: close Content-Length: 183 Content-Type: application/json Date: Mon, 02 Aug 2021 11:42:48 GMT OpenStack-API-Version: compute 2.1 Server: Apache/2.4.41 (Ubuntu) Vary: OpenStack-API-Version,X-OpenStack-Nova-API-Version X-OpenStack-Nova-API-Version: 2.1 x-compute-request-id: req-2b4dfc0f-ae70-4b09-95c5-1abf858a1353 x-openstack-request-id: req-2b4dfc0f-ae70-4b09-95c5-1abf858a1353 {{(pid=100469) _http_log_response /usr/local/lib/python3.8/dist-packages/keystoneauth1/session.py:550}}
Aug 02 11:42:48.673546 n-d-803191-1 neutron-server[100469]: DEBUG novaclient.v2.client [-] RESP BODY: {"events": [{"server_uuid": "3731d408-07be-43a7-b849-9d4b4b631bb5", "name": "network-vif-deleted", "tag": "da135042-ab15-4e39-9e3f-3c6c516d17ab", "status": "completed", "code": 200}]} {{(pid=100469) _http_log_response /usr/local/lib/python3.8/dist-packages/keystoneauth1/session.py:582}}
Aug 02 11:42:48.673975 n-d-803191-1 neutron-server[100469]: DEBUG novaclient.v2.client [-] POST call to compute for http://10.222.0.50/compute/v2.1/os-server-external-events used request id req-2b4dfc0f-ae70-4b09-95c5-1abf858a1353 {{(pid=100469) request /usr/local/lib/python3.8/dist-packages/keystoneauth1/session.py:954}}
Aug 02 11:42:48.674533 n-d-803191-1 neutron-server[100469]: INFO neutron.notifiers.nova [-] Nova event response: {'server_uuid': '3731d408-07be-43a7-b849-9d4b4b631bb5', 'name': 'network-vif-deleted', 'tag': 'da135042-ab15-4e39-9e3f-3c6c516d17ab', 'status': 'completed', 'code': 200}
Aug 02 11:42:48.681656 n-d-803191-1 neutron-server[100470]: DEBUG neutron_lib.callbacks.manager [None req-5ad38b9b-4df1-43d2-8f9e-d2bee82f4932 admin admin] Notify callbacks [] for security_group, precommit_create {{(pid=100470) _notify_loop /usr/local/lib/python3.8/dist-packages/neutron_lib/callbacks/manager.py:192}}
Aug 02 11:42:48.690300 n-d-803191-1 neutron-server[100470]: DEBUG neutron_lib.callbacks.manager [None req-5ad38b9b-4df1-43d2-8f9e-d2bee82f4932 admin admin] Notify callbacks ['neutron.plugins.ml2.ovo_rpc._ObjectChangeHandler.handle_event-1566823'] for security_group, after_create {{(pid=100470) _notify_loop /usr/local/lib/python3.8/dist-packages/neutron_lib/callbacks/manager.py:192}}
Aug 02 11:42:48.750137 n-d-803191-1 neutron-server[100471]: DEBUG neutron_lib.callbacks.manager [None req-39b88360-dada-4c44-9a71-18957b16637f None None] Notify callbacks ['neutron.services.segments.db._update_segment_host_mapping_for_agent-8768583597972', 'neutron.plugins.ml2.plugin.Ml2Plugin._retry_binding_revived_agents-1495639'] for agent, after_update {{(pid=100471) _notify_loop /usr/local/lib/python3.8/dist-packages/neutron_lib/callbacks/manager.py:192}}
Aug 02 11:42:48.755472 n-d-803191-1 neutron-server[100470]: INFO neutron.wsgi [None req-5ad38b9b-4df1-43d2-8f9e-d2bee82f4932 admin admin] 10.222.0.50 "GET /v2.0/security-groups?tenant_id=86ceec98aa024c21a7e64aecc160b714&name=default HTTP/1.1" status: 200 len: 2979 time: 0.3538718
Aug 02 11:42:48.758646 n-d-803191-1 neutron-server[100470]: DEBUG neutron.api.rpc.handlers.resources_rpc [None req-5ad38b9b-4df1-43d2-8f9e-d2bee82f4932 admin admin] Pushing event updated for resources: {'SecurityGroup': ['ID=efdbc60a-bca2-4867-bb58-f542052ad506,revision_number=1']} {{(pid=100470) push /opt/stack/neutron/neutron/api/rpc/handlers/resources_rpc.py:237}}
Aug 02 11:42:48.759438 n-d-803191-1 neutron-server[100469]: DEBUG neutron.wsgi [-] (100469) accepted ('10.222.0.50', 49380) {{(pid=100469) server /usr/local/lib/python3.8/dist-packages/eventlet/wsgi.py:982}}
Aug 02 11:42:48.877161 n-d-803191-1 neutron-server[100469]: DEBUG neutron_lib.callbacks.manager [None req-02360d1b-ab33-4d4c-9224-bb95305909a0 admin admin] Notify callbacks [] for security_group, before_delete {{(pid=100469) _notify_loop /usr/local/lib/python3.8/dist-packages/neutron_lib/callbacks/manager.py:192}}
Aug 02 11:42:48.933909 n-d-803191-1 neutron-server[100469]: DEBUG neutron_lib.callbacks.manager [None req-02360d1b-ab33-4d4c-9224-bb95305909a0 admin admin] Notify callbacks [] for security_group, precommit_delete {{(pid=100469) _notify_loop /usr/local/lib/python3.8/dist-packages/neutron_lib/callbacks/manager.py:192}}
Aug 02 11:42:49.080454 n-d-803191-1 neutron-server[100469]: DEBUG neutron_lib.callbacks.manager [None req-02360d1b-ab33-4d4c-9224-bb95305909a0 admin admin] Notify callbacks ['neutron.plugins.ml2.ovo_rpc._ObjectChangeHandler.handle_event-1566823'] for security_group, after_delete {{(pid=100469) _notify_loop /usr/local/lib/python3.8/dist-packages/neutron_lib/callbacks/manager.py:192}}
Aug 02 11:42:49.085226 n-d-803191-1 neutron-server[100469]: DEBUG neutron_lib.callbacks.manager [None req-02360d1b-ab33-4d4c-9224-bb95305909a0 admin admin] Notify callbacks [] for security_group, before_response {{(pid=100469) _notify_loop /usr/local/lib/python3.8/dist-packages/neutron_lib/callbacks/manager.py:192}}
Aug 02 11:42:49.090739 n-d-803191-1 neutron-server[100469]: INFO neutron.wsgi [None req-02360d1b-ab33-4d4c-9224-bb95305909a0 admin admin] 10.222.0.50 "DELETE /v2.0/security-groups/efdbc60a-bca2-4867-bb58-f542052ad506 HTTP/1.1" status: 204 len: 168 time: 0.3264682
Aug 02 11:42:49.101402 n-d-803191-1 neutron-server[100469]: DEBUG neutron.api.rpc.handlers.resources_rpc [None req-02360d1b-ab33-4d4c-9224-bb95305909a0 admin admin] Pushing event deleted for resources: {'SecurityGroup': ['ID=efdbc60a-bca2-4867-bb58-f542052ad506,revision_number=None']} {{(pid=100469) push /opt/stack/neutron/neutron/api/rpc/handlers/resources_rpc.py:237}}
Aug 02 11:42:49.204695 n-d-803191-1 neutron-server[100469]: DEBUG neutron.pecan_wsgi.hooks.policy_enforcement [req-94a0c583-19d5-4419-92dc-908df827e91b req-e2c5b719-b29b-4f3e-9f41-ca15b8500463 tempest-MigrationsAdminTest-476666780 tempest-MigrationsAdminTest-476666780-project] Attributes excluded by policy engine: ['standard_attr_id', 'binding:profile', 'binding:host_id', 'binding:vif_type', 'binding:vif_details'] {{(pid=100469) _exclude_attributes_by_policy /opt/stack/neutron/neutron/pecan_wsgi/hooks/policy_enforcement.py:255}}
Aug 02 11:42:49.206500 n-d-803191-1 neutron-server[100469]: INFO neutron.wsgi [req-94a0c583-19d5-4419-92dc-908df827e91b req-e2c5b719-b29b-4f3e-9f41-ca15b8500463 tempest-MigrationsAdminTest-476666780 tempest-MigrationsAdminTest-476666780-project] 10.222.0.50 "GET /v2.0/ports?device_id=2aeba592-4997-4a52-aec7-13aa0f5c867a HTTP/1.1" status: 200 len: 948 time: 0.0652637
Aug 02 11:42:49.266769 n-d-803191-1 neutron-server[100469]: INFO neutron.wsgi [req-94a0c583-19d5-4419-92dc-908df827e91b req-dbdbf981-1a93-4a61-b5aa-93fada7fe83b tempest-MigrationsAdminTest-476666780 tempest-MigrationsAdminTest-476666780-project] 10.222.0.50 "GET /v2.0/security-groups?id=7ea368c9-9b73-4d50-a4b9-b9c3947dc0df&fields=id&fields=name HTTP/1.1" status: 200 len: 286 time: 0.0539856
Aug 02 11:42:49.417143 n-d-803191-1 neutron-server[100469]: DEBUG neutron.wsgi [-] (100469) accepted ('10.222.0.50', 49406) {{(pid=100469) server /usr/local/lib/python3.8/dist-packages/eventlet/wsgi.py:982}}
Aug 02 11:42:49.446842 n-d-803191-1 neutron-server[100469]: DEBUG neutron_lib.callbacks.manager [None req-599c2f6c-b8d1-4ed5-91da-fbdf14b2fb66 admin admin] Notify callbacks [] for security_group, before_create {{(pid=100469) _notify_loop /usr/local/lib/python3.8/dist-packages/neutron_lib/callbacks/manager.py:192}}
Aug 02 11:42:49.674181 n-d-803191-1 neutron-server[100469]: DEBUG neutron_lib.callbacks.manager [None req-599c2f6c-b8d1-4ed5-91da-fbdf14b2fb66 admin admin] Notify callbacks [] for security_group, precommit_create {{(pid=100469) _notify_loop /usr/local/lib/python3.8/dist-packages/neutron_lib/callbacks/manager.py:192}}
Aug 02 11:42:49.681522 n-d-803191-1 neutron-server[100469]: DEBUG neutron_lib.callbacks.manager [None req-599c2f6c-b8d1-4ed5-91da-fbdf14b2fb66 admin admin] Notify callbacks ['neutron.plugins.ml2.ovo_rpc._ObjectChangeHandler.handle_event-1566823'] for security_group, after_create {{(pid=100469) _notify_loop /usr/local/lib/python3.8/dist-packages/neutron_lib/callbacks/manager.py:192}}
Aug 02 11:42:49.746184 n-d-803191-1 neutron-server[100469]: DEBUG neutron.api.rpc.handlers.resources_rpc [None req-599c2f6c-b8d1-4ed5-91da-fbdf14b2fb66 admin admin] Pushing event updated for resources: {'SecurityGroup': ['ID=4b44b3cf-5e27-4e20-a9e4-b2c149324ba4,revision_number=1']} {{(pid=100469) push /opt/stack/neutron/neutron/api/rpc/handlers/resources_rpc.py:237}}
Aug 02 11:42:49.770096 n-d-803191-1 neutron-server[100469]: INFO neutron.wsgi [None req-599c2f6c-b8d1-4ed5-91da-fbdf14b2fb66 admin admin] 10.222.0.50 "GET /v2.0/security-groups?tenant_id=12bcca1b6b9248b08d0fd70a021ca7d4&name=default HTTP/1.1" status: 200 len: 2979 time: 0.3485768
Aug 02 11:42:49.772707 n-d-803191-1 neutron-server[100469]: DEBUG neutron.wsgi [-] (100469) accepted ('10.222.0.50', 49422) {{(pid=100469) server /usr/local/lib/python3.8/dist-packages/eventlet/wsgi.py:982}}
Aug 02 11:42:49.873632 n-d-803191-1 neutron-server[100469]: DEBUG neutron_lib.callbacks.manager [None req-9feacb0e-cf8d-4295-9a37-75a644c23f7a admin admin] Notify callbacks [] for security_group, before_delete {{(pid=100469) _notify_loop /usr/local/lib/python3.8/dist-packages/neutron_lib/callbacks/manager.py:192}}
Aug 02 11:42:49.927762 n-d-803191-1 neutron-server[100469]: DEBUG neutron_lib.callbacks.manager [None req-9feacb0e-cf8d-4295-9a37-75a644c23f7a admin admin] Notify callbacks [] for security_group, precommit_delete {{(pid=100469) _notify_loop /usr/local/lib/python3.8/dist-packages/neutron_lib/callbacks/manager.py:192}}
Aug 02 11:42:50.017552 n-d-803191-1 neutron-server[100469]: DEBUG neutron_lib.callbacks.manager [None req-9feacb0e-cf8d-4295-9a37-75a644c23f7a admin admin] Notify callbacks ['neutron.plugins.ml2.ovo_rpc._ObjectChangeHandler.handle_event-1566823'] for security_group, after_delete {{(pid=100469) _notify_loop /usr/local/lib/python3.8/dist-packages/neutron_lib/callbacks/manager.py:192}}
Aug 02 11:42:50.027253 n-d-803191-1 neutron-server[100469]: DEBUG neutron_lib.callbacks.manager [None req-9feacb0e-cf8d-4295-9a37-75a644c23f7a admin admin] Notify callbacks [] for security_group, before_response {{(pid=100469) _notify_loop /usr/local/lib/python3.8/dist-packages/neutron_lib/callbacks/manager.py:192}}
Aug 02 11:42:50.032615 n-d-803191-1 neutron-server[100469]: INFO neutron.wsgi [None req-9feacb0e-cf8d-4295-9a37-75a644c23f7a admin admin] 10.222.0.50 "DELETE /v2.0/security-groups/4b44b3cf-5e27-4e20-a9e4-b2c149324ba4 HTTP/1.1" status: 204 len: 168 time: 0.2552586
Aug 02 11:42:50.045890 n-d-803191-1 neutron-server[100469]: DEBUG neutron.api.rpc.handlers.resources_rpc [None req-9feacb0e-cf8d-4295-9a37-75a644c23f7a admin admin] Pushing event deleted for resources: {'SecurityGroup': ['ID=4b44b3cf-5e27-4e20-a9e4-b2c149324ba4,revision_number=None']} {{(pid=100469) push /opt/stack/neutron/neutron/api/rpc/handlers/resources_rpc.py:237}}
Aug 02 11:42:50.698534 n-d-803191-1 neutron-server[100469]: DEBUG neutron.pecan_wsgi.hooks.policy_enforcement [req-beef5627-1c86-49e8-a1b7-99d2fa0f1581 req-a60d4fcd-17ad-4045-a404-442caaa90353 tempest-LiveMigrationNegativeTest-2040688049 tempest-LiveMigrationNegativeTest-2040688049-project] Attributes excluded by policy engine: ['standard_attr_id', 'binding:profile', 'binding:host_id', 'binding:vif_type', 'binding:vif_details'] {{(pid=100469) _exclude_attributes_by_policy /opt/stack/neutron/neutron/pecan_wsgi/hooks/policy_enforcement.py:255}}
Aug 02 11:42:50.700285 n-d-803191-1 neutron-server[100469]: INFO neutron.wsgi [req-beef5627-1c86-49e8-a1b7-99d2fa0f1581 req-a60d4fcd-17ad-4045-a404-442caaa90353 tempest-LiveMigrationNegativeTest-2040688049 tempest-LiveMigrationNegativeTest-2040688049-project] 10.222.0.50 "GET /v2.0/ports?device_id=8f184633-1132-469d-a2fc-5a84f0fbba16 HTTP/1.1" status: 200 len: 971 time: 0.0687437
Aug 02 11:42:50.762117 n-d-803191-1 neutron-server[100469]: INFO neutron.wsgi [req-beef5627-1c86-49e8-a1b7-99d2fa0f1581 req-e1fd3e3b-6d87-4413-a177-790b85338516 tempest-LiveMigrationNegativeTest-2040688049 tempest-LiveMigrationNegativeTest-2040688049-project] 10.222.0.50 "GET /v2.0/security-groups?id=dc13b15d-145e-46a2-8817-11488415eb87&fields=id&fields=name HTTP/1.1" status: 200 len: 286 time: 0.0535243
Aug 02 11:42:50.977405 n-d-803191-1 neutron-server[100469]: DEBUG neutron.pecan_wsgi.hooks.policy_enforcement [req-a65bf6c0-124d-48f0-9d16-44ec3a7bd4d4 req-c388c84a-f7ba-4754-bf19-10f2311e2e88 tempest-MigrationsAdminTest-476666780 tempest-MigrationsAdminTest-476666780-project] Attributes excluded by policy engine: ['standard_attr_id', 'binding:profile', 'binding:host_id', 'binding:vif_type', 'binding:vif_details'] {{(pid=100469) _exclude_attributes_by_policy /opt/stack/neutron/neutron/pecan_wsgi/hooks/policy_enforcement.py:255}}
Aug 02 11:42:50.979150 n-d-803191-1 neutron-server[100469]: INFO neutron.wsgi [req-a65bf6c0-124d-48f0-9d16-44ec3a7bd4d4 req-c388c84a-f7ba-4754-bf19-10f2311e2e88 tempest-MigrationsAdminTest-476666780 tempest-MigrationsAdminTest-476666780-project] 10.222.0.50 "GET /v2.0/ports?device_id=2aeba592-4997-4a52-aec7-13aa0f5c867a HTTP/1.1" status: 200 len: 948 time: 0.0726664
Aug 02 11:42:51.043568 n-d-803191-1 neutron-server[100469]: INFO neutron.wsgi [req-a65bf6c0-124d-48f0-9d16-44ec3a7bd4d4 req-04f4ff2e-8da1-4a59-974e-6605e2f7f4f3 tempest-MigrationsAdminTest-476666780 tempest-MigrationsAdminTest-476666780-project] 10.222.0.50 "GET /v2.0/security-groups?id=7ea368c9-9b73-4d50-a4b9-b9c3947dc0df&fields=id&fields=name HTTP/1.1" status: 200 len: 286 time: 0.0535424
Aug 02 11:42:51.721290 n-d-803191-1 neutron-server[100469]: DEBUG neutron.wsgi [-] (100469) accepted ('10.222.0.50', 49506) {{(pid=100469) server /usr/local/lib/python3.8/dist-packages/eventlet/wsgi.py:982}}
Aug 02 11:42:51.891831 n-d-803191-1 neutron-server[100469]: DEBUG neutron.pecan_wsgi.hooks.policy_enforcement [req-0c426f79-1b64-42f4-88be-d742086b7b9c req-dc3c8d57-9313-475a-a2d4-6b5638415c77 tempest-LiveMigrationNegativeTest-2040688049 tempest-LiveMigrationNegativeTest-2040688049-project] Attributes excluded by policy engine: ['standard_attr_id', 'binding:profile', 'binding:host_id', 'binding:vif_type', 'binding:vif_details'] {{(pid=100469) _exclude_attributes_by_policy /opt/stack/neutron/neutron/pecan_wsgi/hooks/policy_enforcement.py:255}}
Aug 02 11:42:51.893510 n-d-803191-1 neutron-server[100469]: INFO neutron.wsgi [req-0c426f79-1b64-42f4-88be-d742086b7b9c req-dc3c8d57-9313-475a-a2d4-6b5638415c77 tempest-LiveMigrationNegativeTest-2040688049 tempest-LiveMigrationNegativeTest-2040688049-project] 10.222.0.18 "GET /v2.0/ports?device_id=8f184633-1132-469d-a2fc-5a84f0fbba16 HTTP/1.1" status: 200 len: 971 time: 0.0607569
Aug 02 11:42:52.037280 n-d-803191-1 neutron-server[100471]: DEBUG neutron.plugins.ml2.rpc [None req-147fbf5a-658a-4d1e-95ce-32bd1a0e5580 None None] Device da135042-ab15-4e39-9e3f-3c6c516d17ab no longer exists at agent hyperv_n-h1-803191-1 {{(pid=100471) update_device_down /opt/stack/neutron/neutron/plugins/ml2/rpc.py:259}}
Aug 02 11:42:52.083240 n-d-803191-1 neutron-server[100471]: DEBUG neutron.plugins.ml2.plugin [None req-147fbf5a-658a-4d1e-95ce-32bd1a0e5580 None None] No Port match for: da135042-ab15-4e39-9e3f-3c6c516d17ab {{(pid=100471) port_bound_to_host /opt/stack/neutron/neutron/plugins/ml2/plugin.py:2255}}
Aug 02 11:42:52.083998 n-d-803191-1 neutron-server[100471]: DEBUG neutron.plugins.ml2.rpc [None req-147fbf5a-658a-4d1e-95ce-32bd1a0e5580 None None] Device da135042-ab15-4e39-9e3f-3c6c516d17ab not bound to the agent host n-h1-803191-1 {{(pid=100471) update_device_down /opt/stack/neutron/neutron/plugins/ml2/rpc.py:269}}
Aug 02 11:42:52.109450 n-d-803191-1 neutron-server[100469]: DEBUG neutron.pecan_wsgi.hooks.policy_enforcement [req-64e39bf7-667f-4a62-a44c-b16b35e7e75f req-7bdc02c9-031d-4b7e-98ab-7ce810261bcf tempest-LiveMigrationNegativeTest-2040688049 tempest-LiveMigrationNegativeTest-2040688049-project] Attributes excluded by policy engine: ['standard_attr_id', 'binding:profile', 'binding:host_id', 'binding:vif_type', 'binding:vif_details'] {{(pid=100469) _exclude_attributes_by_policy /opt/stack/neutron/neutron/pecan_wsgi/hooks/policy_enforcement.py:255}}
Aug 02 11:42:52.122383 n-d-803191-1 neutron-server[100469]: INFO neutron.wsgi [req-64e39bf7-667f-4a62-a44c-b16b35e7e75f req-7bdc02c9-031d-4b7e-98ab-7ce810261bcf tempest-LiveMigrationNegativeTest-2040688049 tempest-LiveMigrationNegativeTest-2040688049-project] 10.222.0.50 "GET /v2.0/ports?device_id=8f184633-1132-469d-a2fc-5a84f0fbba16 HTTP/1.1" status: 200 len: 971 time: 0.1637702
Aug 02 11:42:52.171712 n-d-803191-1 neutron-server[100469]: DEBUG neutron_lib.callbacks.manager [None req-ebc96faf-856f-45b1-af74-45d75960bd88 admin admin] Notify callbacks [] for security_group, before_create {{(pid=100469) _notify_loop /usr/local/lib/python3.8/dist-packages/neutron_lib/callbacks/manager.py:192}}
Aug 02 11:42:52.240643 n-d-803191-1 neutron-server[100469]: DEBUG neutron.plugins.ml2.plugin [req-0c426f79-1b64-42f4-88be-d742086b7b9c req-151e41f9-1274-4839-914c-3f63a133e2e5 tempest-LiveMigrationNegativeTest-2040688049 tempest-LiveMigrationNegativeTest-2040688049-project] Deleting port 44b68858-b35b-4005-8d4e-0f580ef0d6ff {{(pid=100469) _pre_delete_port /opt/stack/neutron/neutron/plugins/ml2/plugin.py:1919}}
Aug 02 11:42:52.241063 n-d-803191-1 neutron-server[100469]: DEBUG neutron_lib.callbacks.manager [req-0c426f79-1b64-42f4-88be-d742086b7b9c req-151e41f9-1274-4839-914c-3f63a133e2e5 tempest-LiveMigrationNegativeTest-2040688049 tempest-LiveMigrationNegativeTest-2040688049-project] Notify callbacks ['neutron.db.l3_db.L3_NAT_dbonly_mixin._prevent_l3_port_delete_callback-8768583484164'] for port, before_delete {{(pid=100469) _notify_loop /usr/local/lib/python3.8/dist-packages/neutron_lib/callbacks/manager.py:192}}
Aug 02 11:42:52.374036 n-d-803191-1 neutron-server[100470]: DEBUG neutron.wsgi [-] (100470) accepted ('10.222.0.50', 49528) {{(pid=100470) server /usr/local/lib/python3.8/dist-packages/eventlet/wsgi.py:982}}
Aug 02 11:42:52.429435 n-d-803191-1 neutron-server[100469]: INFO neutron.wsgi [req-64e39bf7-667f-4a62-a44c-b16b35e7e75f req-046081e6-259e-4f91-87be-33076c15c573 tempest-LiveMigrationNegativeTest-2040688049 tempest-LiveMigrationNegativeTest-2040688049-project] 10.222.0.50 "GET /v2.0/security-groups?id=dc13b15d-145e-46a2-8817-11488415eb87&fields=id&fields=name HTTP/1.1" status: 200 len: 286 time: 0.3055515
Aug 02 11:42:52.557563 n-d-803191-1 neutron-server[100469]: DEBUG neutron.pecan_wsgi.hooks.policy_enforcement [req-7340025b-5aa7-43f8-897d-3297789876eb req-fcfeb2e1-c052-44ea-8a6f-fe8be5de533b tempest-MigrationsAdminTest-476666780 tempest-MigrationsAdminTest-476666780-project] Attributes excluded by policy engine: ['standard_attr_id', 'binding:profile', 'binding:host_id', 'binding:vif_type', 'binding:vif_details'] {{(pid=100469) _exclude_attributes_by_policy /opt/stack/neutron/neutron/pecan_wsgi/hooks/policy_enforcement.py:255}}
Aug 02 11:42:52.563739 n-d-803191-1 neutron-server[100469]: INFO neutron.wsgi [req-7340025b-5aa7-43f8-897d-3297789876eb req-fcfeb2e1-c052-44ea-8a6f-fe8be5de533b tempest-MigrationsAdminTest-476666780 tempest-MigrationsAdminTest-476666780-project] 10.222.0.50 "GET /v2.0/ports?device_id=2aeba592-4997-4a52-aec7-13aa0f5c867a HTTP/1.1" status: 200 len: 948 time: 0.3559663
Aug 02 11:42:52.567921 n-d-803191-1 neutron-server[100469]: DEBUG neutron_lib.callbacks.manager [None req-ebc96faf-856f-45b1-af74-45d75960bd88 admin admin] Notify callbacks [] for security_group, precommit_create {{(pid=100469) _notify_loop /usr/local/lib/python3.8/dist-packages/neutron_lib/callbacks/manager.py:192}}
Aug 02 11:42:52.603332 n-d-803191-1 neutron-server[100469]: DEBUG neutron_lib.callbacks.manager [None req-ebc96faf-856f-45b1-af74-45d75960bd88 admin admin] Notify callbacks ['neutron.plugins.ml2.ovo_rpc._ObjectChangeHandler.handle_event-1566823'] for security_group, after_create {{(pid=100469) _notify_loop /usr/local/lib/python3.8/dist-packages/neutron_lib/callbacks/manager.py:192}}
Aug 02 11:42:52.610429 n-d-803191-1 neutron-server[100470]: DEBUG neutron.api.v2.base [None req-9c6dbcd1-c9ea-4539-a7bc-8d3cee77ec1a admin admin] Request body: {'network': {'name': 'tempest-LiveAutoBlockMigrationV225Test-1349074579-network', 'tenant_id': 'ff102d07ade14b0e89e21972382e20aa'}} {{(pid=100470) prepare_request_body /opt/stack/neutron/neutron/api/v2/base.py:729}}
Aug 02 11:42:52.646272 n-d-803191-1 neutron-server[100470]: DEBUG neutron.pecan_wsgi.hooks.quota_enforcement [None req-9c6dbcd1-c9ea-4539-a7bc-8d3cee77ec1a admin admin] Made reservation on behalf of ff102d07ade14b0e89e21972382e20aa for: {'network': 1} {{(pid=100470) before /opt/stack/neutron/neutron/pecan_wsgi/hooks/quota_enforcement.py:53}}
Aug 02 11:42:52.649920 n-d-803191-1 neutron-server[100470]: DEBUG neutron_lib.callbacks.manager [None req-9c6dbcd1-c9ea-4539-a7bc-8d3cee77ec1a admin admin] Notify callbacks ['neutron.plugins.ml2.plugin.SecurityGroupDbMixin._ensure_default_security_group_handler-560020'] for network, before_create {{(pid=100470) _notify_loop /usr/local/lib/python3.8/dist-packages/neutron_lib/callbacks/manager.py:192}}
Aug 02 11:42:52.663428 n-d-803191-1 neutron-server[100470]: DEBUG neutron_lib.callbacks.manager [None req-9c6dbcd1-c9ea-4539-a7bc-8d3cee77ec1a admin admin] Notify callbacks [] for security_group, before_create {{(pid=100470) _notify_loop /usr/local/lib/python3.8/dist-packages/neutron_lib/callbacks/manager.py:192}}
Aug 02 11:42:52.767932 n-d-803191-1 neutron-server[100469]: DEBUG neutron.plugins.ml2.db [req-0c426f79-1b64-42f4-88be-d742086b7b9c req-151e41f9-1274-4839-914c-3f63a133e2e5 tempest-LiveMigrationNegativeTest-2040688049 tempest-LiveMigrationNegativeTest-2040688049-project] For port 44b68858-b35b-4005-8d4e-0f580ef0d6ff, host n-h1-803191-1, got binding levels [PortBindingLevel(driver='hyperv',host='n-h1-803191-1',level=0,port_id=44b68858-b35b-4005-8d4e-0f580ef0d6ff,segment=NetworkSegment(d024c7b5-c830-49bf-ba1f-449e8ceaa076),segment_id=d024c7b5-c830-49bf-ba1f-449e8ceaa076)] {{(pid=100469) get_binding_level_objs /opt/stack/neutron/neutron/plugins/ml2/db.py:74}}
Aug 02 11:42:52.768625 n-d-803191-1 neutron-server[100469]: DEBUG neutron_lib.callbacks.manager [req-0c426f79-1b64-42f4-88be-d742086b7b9c req-151e41f9-1274-4839-914c-3f63a133e2e5 tempest-LiveMigrationNegativeTest-2040688049 tempest-LiveMigrationNegativeTest-2040688049-project] Notify callbacks ['neutron.services.l3_router.l3_router_plugin.L3_NAT_dbonly_mixin._precommit_delete_port_callback-687585'] for port, precommit_delete {{(pid=100469) _notify_loop /usr/local/lib/python3.8/dist-packages/neutron_lib/callbacks/manager.py:192}}
Aug 02 11:42:52.779393 n-d-803191-1 neutron-server[100469]: INFO neutron.wsgi [req-7340025b-5aa7-43f8-897d-3297789876eb req-8c3795e0-efec-4a0e-bfca-2f995c208a89 tempest-MigrationsAdminTest-476666780 tempest-MigrationsAdminTest-476666780-project] 10.222.0.50 "GET /v2.0/security-groups?id=7ea368c9-9b73-4d50-a4b9-b9c3947dc0df&fields=id&fields=name HTTP/1.1" status: 200 len: 286 time: 0.1924129
Aug 02 11:42:52.788494 n-d-803191-1 neutron-server[100469]: INFO neutron.wsgi [None req-ebc96faf-856f-45b1-af74-45d75960bd88 admin admin] 10.222.0.50 "GET /v2.0/security-groups?tenant_id=fc97379d56fc44029df5d24dd2f76463&name=default HTTP/1.1" status: 200 len: 2979 time: 1.0660326
Aug 02 11:42:52.789489 n-d-803191-1 neutron-server[100469]: DEBUG neutron.api.rpc.handlers.resources_rpc [None req-ebc96faf-856f-45b1-af74-45d75960bd88 admin admin] Pushing event updated for resources: {'SecurityGroup': ['ID=5e104bc0-5144-42a0-9a11-a91912181422,revision_number=1']} {{(pid=100469) push /opt/stack/neutron/neutron/api/rpc/handlers/resources_rpc.py:237}}
Aug 02 11:42:52.812373 n-d-803191-1 neutron-server[100469]: DEBUG neutron.wsgi [-] (100469) accepted ('10.222.0.50', 49544) {{(pid=100469) server /usr/local/lib/python3.8/dist-packages/eventlet/wsgi.py:982}}
Aug 02 11:42:52.832231 n-d-803191-1 neutron-server[100469]: DEBUG neutron.plugins.ml2.plugin [req-0c426f79-1b64-42f4-88be-d742086b7b9c req-151e41f9-1274-4839-914c-3f63a133e2e5 tempest-LiveMigrationNegativeTest-2040688049 tempest-LiveMigrationNegativeTest-2040688049-project] Calling delete_port for 44b68858-b35b-4005-8d4e-0f580ef0d6ff owned by compute:tempest-test_az-870569839 {{(pid=100469) delete_port /opt/stack/neutron/neutron/plugins/ml2/plugin.py:1997}}
Aug 02 11:42:52.899946 n-d-803191-1 neutron-server[100470]: DEBUG neutron_lib.callbacks.manager [None req-9c6dbcd1-c9ea-4539-a7bc-8d3cee77ec1a admin admin] Notify callbacks [] for security_group, precommit_create {{(pid=100470) _notify_loop /usr/local/lib/python3.8/dist-packages/neutron_lib/callbacks/manager.py:192}}
Aug 02 11:42:52.909218 n-d-803191-1 neutron-server[100470]: DEBUG neutron_lib.callbacks.manager [None req-9c6dbcd1-c9ea-4539-a7bc-8d3cee77ec1a admin admin] Notify callbacks ['neutron.plugins.ml2.ovo_rpc._ObjectChangeHandler.handle_event-1566823'] for security_group, after_create {{(pid=100470) _notify_loop /usr/local/lib/python3.8/dist-packages/neutron_lib/callbacks/manager.py:192}}
Aug 02 11:42:52.948784 n-d-803191-1 neutron-server[100470]: DEBUG neutron.api.rpc.handlers.resources_rpc [None req-9c6dbcd1-c9ea-4539-a7bc-8d3cee77ec1a admin admin] Pushing event updated for resources: {'SecurityGroup': ['ID=38bbc2e7-a210-4ef7-87b0-5d82d9468f27,revision_number=1']} {{(pid=100470) push /opt/stack/neutron/neutron/api/rpc/handlers/resources_rpc.py:237}}
Aug 02 11:42:52.951697 n-d-803191-1 neutron-server[100470]: DEBUG neutron.plugins.ml2.drivers.helpers [None req-9c6dbcd1-c9ea-4539-a7bc-8d3cee77ec1a admin admin] vlan segment allocate from pool success with {'physical_network': 'physnet1', 'vlan_id': 84} {{(pid=100470) allocate_partially_specified_segment /opt/stack/neutron/neutron/plugins/ml2/drivers/helpers.py:153}}
Aug 02 11:42:52.964535 n-d-803191-1 neutron-server[100470]: DEBUG neutron_lib.callbacks.manager [None req-9c6dbcd1-c9ea-4539-a7bc-8d3cee77ec1a admin admin] Notify callbacks ['neutron.plugins.ml2.plugin.Ml2Plugin._handle_segment_change-1496832'] for segment, precommit_create {{(pid=100470) _notify_loop /usr/local/lib/python3.8/dist-packages/neutron_lib/callbacks/manager.py:192}}
Aug 02 11:42:52.964778 n-d-803191-1 neutron-server[100470]: INFO neutron.db.segments_db [None req-9c6dbcd1-c9ea-4539-a7bc-8d3cee77ec1a admin admin] Added segment 49753cdd-857f-4d71-8e28-9130fffdbce8 of type vlan for network 825ebf37-ce50-447e-a90c-176cbb72f598
Aug 02 11:42:53.024064 n-d-803191-1 neutron-server[100469]: DEBUG neutron_lib.callbacks.manager [None req-dc09223d-3eeb-4e6c-a9f5-f3d2d82029c8 admin admin] Notify callbacks [] for security_group, before_delete {{(pid=100469) _notify_loop /usr/local/lib/python3.8/dist-packages/neutron_lib/callbacks/manager.py:192}}
Aug 02 11:42:53.052199 n-d-803191-1 neutron-server[100470]: DEBUG neutron_lib.callbacks.manager [None req-9c6dbcd1-c9ea-4539-a7bc-8d3cee77ec1a admin admin] Notify callbacks ['neutron.services.auto_allocate.db._ensure_external_network_default_value_callback-8768583119598'] for network, precommit_create {{(pid=100470) _notify_loop /usr/local/lib/python3.8/dist-packages/neutron_lib/callbacks/manager.py:192}}
Aug 02 11:42:53.062970 n-d-803191-1 neutron-server[100469]: DEBUG neutron_lib.callbacks.manager [None req-dc09223d-3eeb-4e6c-a9f5-f3d2d82029c8 admin admin] Notify callbacks [] for security_group, precommit_delete {{(pid=100469) _notify_loop /usr/local/lib/python3.8/dist-packages/neutron_lib/callbacks/manager.py:192}}
Aug 02 11:42:53.098671 n-d-803191-1 neutron-server[100470]: DEBUG neutron_lib.callbacks.manager [None req-9c6dbcd1-c9ea-4539-a7bc-8d3cee77ec1a admin admin] Notify callbacks ['neutron.plugins.ml2.ovo_rpc._ObjectChangeHandler.handle_event-1566873', 'neutron.api.rpc.agentnotifiers.dhcp_rpc_agent_api.DhcpAgentNotifyAPI._native_event_send_dhcp_notification-1539888'] for network, after_create {{(pid=100470) _notify_loop /usr/local/lib/python3.8/dist-packages/neutron_lib/callbacks/manager.py:192}}
Aug 02 11:42:53.101135 n-d-803191-1 neutron-server[100470]: DEBUG neutron.pecan_wsgi.hooks.policy_enforcement [None req-9c6dbcd1-c9ea-4539-a7bc-8d3cee77ec1a admin admin] Attributes excluded by policy engine: ['standard_attr_id', 'vlan_transparent'] {{(pid=100470) _exclude_attributes_by_policy /opt/stack/neutron/neutron/pecan_wsgi/hooks/policy_enforcement.py:255}}
Aug 02 11:42:53.102190 n-d-803191-1 neutron-server[100470]: DEBUG neutron_lib.callbacks.manager [None req-9c6dbcd1-c9ea-4539-a7bc-8d3cee77ec1a admin admin] Notify callbacks ['neutron.api.rpc.agentnotifiers.dhcp_rpc_agent_api.DhcpAgentNotifyAPI._send_dhcp_notification-1539878'] for network, before_response {{(pid=100470) _notify_loop /usr/local/lib/python3.8/dist-packages/neutron_lib/callbacks/manager.py:192}}
Aug 02 11:42:53.151475 n-d-803191-1 neutron-server[100469]: DEBUG neutron_lib.callbacks.manager [None req-dc09223d-3eeb-4e6c-a9f5-f3d2d82029c8 admin admin] Notify callbacks ['neutron.plugins.ml2.ovo_rpc._ObjectChangeHandler.handle_event-1566823'] for security_group, after_delete {{(pid=100469) _notify_loop /usr/local/lib/python3.8/dist-packages/neutron_lib/callbacks/manager.py:192}}
Aug 02 11:42:53.156260 n-d-803191-1 neutron-server[100469]: DEBUG neutron_lib.callbacks.manager [None req-dc09223d-3eeb-4e6c-a9f5-f3d2d82029c8 admin admin] Notify callbacks [] for security_group, before_response {{(pid=100469) _notify_loop /usr/local/lib/python3.8/dist-packages/neutron_lib/callbacks/manager.py:192}}
Aug 02 11:42:53.160282 n-d-803191-1 neutron-server[100469]: INFO neutron.wsgi [None req-dc09223d-3eeb-4e6c-a9f5-f3d2d82029c8 admin admin] 10.222.0.50 "DELETE /v2.0/security-groups/5e104bc0-5144-42a0-9a11-a91912181422 HTTP/1.1" status: 204 len: 168 time: 0.3426809
Aug 02 11:42:53.184395 n-d-803191-1 neutron-server[100469]: DEBUG neutron.api.rpc.handlers.resources_rpc [None req-dc09223d-3eeb-4e6c-a9f5-f3d2d82029c8 admin admin] Pushing event deleted for resources: {'SecurityGroup': ['ID=5e104bc0-5144-42a0-9a11-a91912181422,revision_number=None']} {{(pid=100469) push /opt/stack/neutron/neutron/api/rpc/handlers/resources_rpc.py:237}}
Aug 02 11:42:53.264851 n-d-803191-1 neutron-server[100470]: DEBUG neutron.api.rpc.handlers.resources_rpc [None req-9c6dbcd1-c9ea-4539-a7bc-8d3cee77ec1a admin admin] Pushing event updated for resources: {'Network': ['ID=825ebf37-ce50-447e-a90c-176cbb72f598,revision_number=1']} {{(pid=100470) push /opt/stack/neutron/neutron/api/rpc/handlers/resources_rpc.py:237}}
Aug 02 11:42:53.280102 n-d-803191-1 neutron-server[100471]: DEBUG neutron.plugins.ml2.rpc [None req-6f92a2a3-ce2a-48f1-bcc3-608d36d438d5 None None] Network 825ebf37-ce50-447e-a90c-176cbb72f598 details requested by agent ovs-agent-n-d-803191-1 with host n-d-803191-1 {{(pid=100471) get_network_details /opt/stack/neutron/neutron/plugins/ml2/rpc.py:248}}
Aug 02 11:42:53.316387 n-d-803191-1 neutron-server[100470]: INFO neutron.wsgi [None req-9c6dbcd1-c9ea-4539-a7bc-8d3cee77ec1a admin admin] 10.222.0.50 "POST /v2.0/networks HTTP/1.1" status: 201 len: 893 time: 0.9381745
Aug 02 11:42:53.317275 n-d-803191-1 neutron-server[100470]: DEBUG neutron.wsgi [-] (100470) accepted ('10.222.0.50', 49566) {{(pid=100470) server /usr/local/lib/python3.8/dist-packages/eventlet/wsgi.py:982}}
Aug 02 11:42:53.328373 n-d-803191-1 neutron-server[100470]: DEBUG neutron.api.v2.base [None req-e2aafeb5-607e-4ba6-a6b6-f385afc5156a admin admin] Request body: {'subnet': {'network_id': '825ebf37-ce50-447e-a90c-176cbb72f598', 'cidr': '172.20.0.0/28', 'name': 'tempest-LiveAutoBlockMigrationV225Test-1349074579-subnet', 'tenant_id': 'ff102d07ade14b0e89e21972382e20aa', 'enable_dhcp': False, 'ip_version': 4}} {{(pid=100470) prepare_request_body /opt/stack/neutron/neutron/api/v2/base.py:729}}
