Aug 02 11:42:23.989858 n-d-803191-1 devstack@n-api.service[115495]: DEBUG oslo_concurrency.lockutils [None req-abb58a2d-00c0-44ec-ac4d-81be2301e22f tempest-MigrationsAdminTest-476666780 tempest-MigrationsAdminTest-476666780-project] Lock "86d86e11-a754-4f14-8346-aa44dda11d76" released by "nova.context.set_target_cell..get_or_set_cached_cell_and_set_connections" :: held 0.001s {{(pid=115495) inner /usr/local/lib/python3.8/dist-packages/oslo_concurrency/lockutils.py:367}}
Aug 02 11:42:23.991158 n-d-803191-1 devstack@n-api.service[115495]: DEBUG oslo_concurrency.lockutils [None req-abb58a2d-00c0-44ec-ac4d-81be2301e22f tempest-MigrationsAdminTest-476666780 tempest-MigrationsAdminTest-476666780-project] Lock "86d86e11-a754-4f14-8346-aa44dda11d76" acquired by "nova.context.set_target_cell..get_or_set_cached_cell_and_set_connections" :: waited 0.000s {{(pid=115495) inner /usr/local/lib/python3.8/dist-packages/oslo_concurrency/lockutils.py:355}}
Aug 02 11:42:23.992246 n-d-803191-1 devstack@n-api.service[115495]: DEBUG oslo_concurrency.lockutils [None req-abb58a2d-00c0-44ec-ac4d-81be2301e22f tempest-MigrationsAdminTest-476666780 tempest-MigrationsAdminTest-476666780-project] Lock "86d86e11-a754-4f14-8346-aa44dda11d76" released by "nova.context.set_target_cell..get_or_set_cached_cell_and_set_connections" :: held 0.001s {{(pid=115495) inner /usr/local/lib/python3.8/dist-packages/oslo_concurrency/lockutils.py:367}}
Aug 02 11:42:24.043699 n-d-803191-1 devstack@n-api.service[115496]: DEBUG nova.policy [None req-52daf8a9-f9e9-47ed-8b8b-0c2f9a4944c9 tempest-AggregatesAdminTestJSON-95570053 tempest-AggregatesAdminTestJSON-95570053-project] Policy check for os_compute_api:os-extended-server-attributes failed with credentials {'is_admin': False, 'user_id': 'fa9aa60616824c358e362b2a08b779a6', 'user_domain_id': 'default', 'system_scope': None, 'domain_id': None, 'project_id': '895e655206204587ac4779420c06477d', 'project_domain_id': 'default', 'roles': ['member', 'reader'], 'is_admin_project': True, 'service_user_id': None, 'service_user_domain_id': None, 'service_project_id': None, 'service_project_domain_id': None, 'service_roles': []} {{(pid=115496) authorize /opt/stack/nova/nova/policy.py:199}}
Aug 02 11:42:24.058544 n-d-803191-1 devstack@n-api.service[115496]: INFO nova.api.openstack.requestlog [None req-52daf8a9-f9e9-47ed-8b8b-0c2f9a4944c9 tempest-AggregatesAdminTestJSON-95570053 tempest-AggregatesAdminTestJSON-95570053-project] 10.222.0.50 "GET /compute/v2.1/servers/0b68087e-d5ed-493e-810e-652be8b935d8" status: 200 len: 1472 microversion: 2.1 time: 0.308755
Aug 02 11:42:24.059522 n-d-803191-1 devstack@n-api.service[115496]: [pid: 115496|app: 0|req: 108/212] 10.222.0.50 () {58 vars in 1236 bytes} [Mon Aug 2 11:42:23 2021] GET /compute/v2.1/servers/0b68087e-d5ed-493e-810e-652be8b935d8 => generated 1472 bytes in 310 msecs (HTTP/1.1 200) 9 headers in 358 bytes (1 switches on core 0)
Aug 02 11:42:24.064400 n-d-803191-1 devstack@n-api.service[115496]: DEBUG nova.api.openstack.wsgi [None req-33aaa91f-e3e8-48b9-a777-4705c3bf60c0 tempest-AggregatesAdminNegativeTestJSON-498385819 tempest-AggregatesAdminNegativeTestJSON-498385819-project-admin] Action: 'create', calling method: >, body: {"aggregate": {"name": "tempest-test_aggregate-148244907"}} {{(pid=115496) _process_stack /opt/stack/nova/nova/api/openstack/wsgi.py:511}}
Aug 02 11:42:24.066317 n-d-803191-1 devstack@n-api.service[115496]: /usr/local/lib/python3.8/dist-packages/oslo_policy/policy.py:1064: UserWarning: Policy os_compute_api:os-aggregates:create failed scope check. The token used to make the request was project scoped but the policy requires ['system'] scope. This behavior may change in the future where using the intended scope is required
Aug 02 11:42:24.066317 n-d-803191-1 devstack@n-api.service[115496]: warnings.warn(msg)
Aug 02 11:42:24.068322 n-d-803191-1 devstack@n-api.service[115496]: DEBUG nova.objects.aggregate [None req-33aaa91f-e3e8-48b9-a777-4705c3bf60c0 tempest-AggregatesAdminNegativeTestJSON-498385819 tempest-AggregatesAdminNegativeTestJSON-498385819-project-admin] Generated uuid d9ce9f6c-ec72-46d3-9b6c-6cf5678fc718 for aggregate {{(pid=115496) create /opt/stack/nova/nova/objects/aggregate.py:298}}
Aug 02 11:42:24.079877 n-d-803191-1 devstack@n-api.service[115496]: INFO nova.api.openstack.wsgi [None req-33aaa91f-e3e8-48b9-a777-4705c3bf60c0 tempest-AggregatesAdminNegativeTestJSON-498385819 tempest-AggregatesAdminNegativeTestJSON-498385819-project-admin] HTTP exception thrown: Aggregate tempest-test_aggregate-148244907 already exists.
Aug 02 11:42:24.080870 n-d-803191-1 devstack@n-api.service[115496]: DEBUG nova.api.openstack.wsgi [None req-33aaa91f-e3e8-48b9-a777-4705c3bf60c0 tempest-AggregatesAdminNegativeTestJSON-498385819 tempest-AggregatesAdminNegativeTestJSON-498385819-project-admin] Returning 409 to user: Aggregate tempest-test_aggregate-148244907 already exists. {{(pid=115496) __call__ /opt/stack/nova/nova/api/openstack/wsgi.py:927}}
Aug 02 11:42:24.081882 n-d-803191-1 devstack@n-api.service[115496]: INFO nova.api.openstack.requestlog [None req-33aaa91f-e3e8-48b9-a777-4705c3bf60c0 tempest-AggregatesAdminNegativeTestJSON-498385819 tempest-AggregatesAdminNegativeTestJSON-498385819-project-admin] 10.222.0.50 "POST /compute/v2.1/os-aggregates" status: 409 len: 110 microversion: 2.1 time: 0.020967
Aug 02 11:42:24.083611 n-d-803191-1 devstack@n-api.service[115496]: [pid: 115496|app: 0|req: 109/213] 10.222.0.50 () {60 vars in 1164 bytes} [Mon Aug 2 11:42:24 2021] POST /compute/v2.1/os-aggregates => generated 110 bytes in 23 msecs (HTTP/1.1 409) 9 headers in 378 bytes (1 switches on core 0)
Aug 02 11:42:24.092314 n-d-803191-1 devstack@n-api.service[115496]: DEBUG nova.api.openstack.wsgi [None req-bd3f8854-e8b0-4c2c-929c-7b9d6a3798ce tempest-DeleteServersAdminTestJSON-1698747628 tempest-DeleteServersAdminTestJSON-1698747628-project] Calling method '>' {{(pid=115496) _process_stack /opt/stack/nova/nova/api/openstack/wsgi.py:513}}
Aug 02 11:42:24.092314 n-d-803191-1 devstack@n-api.service[115496]: DEBUG nova.compute.api [None req-bd3f8854-e8b0-4c2c-929c-7b9d6a3798ce tempest-DeleteServersAdminTestJSON-1698747628 tempest-DeleteServersAdminTestJSON-1698747628-project] [instance: 441818aa-6357-46dc-905a-e355298bb31a] Fetching instance by UUID {{(pid=115496) get /opt/stack/nova/nova/compute/api.py:2791}}
Aug 02 11:42:24.099903 n-d-803191-1 devstack@n-api.service[115496]: DEBUG oslo_concurrency.lockutils [None req-bd3f8854-e8b0-4c2c-929c-7b9d6a3798ce tempest-DeleteServersAdminTestJSON-1698747628 tempest-DeleteServersAdminTestJSON-1698747628-project] Lock "86d86e11-a754-4f14-8346-aa44dda11d76" acquired by "nova.context.set_target_cell..get_or_set_cached_cell_and_set_connections" :: waited 0.000s {{(pid=115496) inner /usr/local/lib/python3.8/dist-packages/oslo_concurrency/lockutils.py:355}}
Aug 02 11:42:24.100350 n-d-803191-1 devstack@n-api.service[115496]: DEBUG oslo_concurrency.lockutils [None req-bd3f8854-e8b0-4c2c-929c-7b9d6a3798ce tempest-DeleteServersAdminTestJSON-1698747628 tempest-DeleteServersAdminTestJSON-1698747628-project] Lock "86d86e11-a754-4f14-8346-aa44dda11d76" released by "nova.context.set_target_cell..get_or_set_cached_cell_and_set_connections" :: held 0.001s {{(pid=115496) inner /usr/local/lib/python3.8/dist-packages/oslo_concurrency/lockutils.py:367}}
Aug 02 11:42:24.101343 n-d-803191-1 devstack@n-api.service[115496]: DEBUG oslo_concurrency.lockutils [None req-bd3f8854-e8b0-4c2c-929c-7b9d6a3798ce tempest-DeleteServersAdminTestJSON-1698747628 tempest-DeleteServersAdminTestJSON-1698747628-project] Lock "86d86e11-a754-4f14-8346-aa44dda11d76" acquired by "nova.context.set_target_cell..get_or_set_cached_cell_and_set_connections" :: waited 0.000s {{(pid=115496) inner /usr/local/lib/python3.8/dist-packages/oslo_concurrency/lockutils.py:355}}
Aug 02 11:42:24.101777 n-d-803191-1 devstack@n-api.service[115496]: DEBUG oslo_concurrency.lockutils [None req-bd3f8854-e8b0-4c2c-929c-7b9d6a3798ce tempest-DeleteServersAdminTestJSON-1698747628 tempest-DeleteServersAdminTestJSON-1698747628-project] Lock "86d86e11-a754-4f14-8346-aa44dda11d76" released by "nova.context.set_target_cell..get_or_set_cached_cell_and_set_connections" :: held 0.001s {{(pid=115496) inner /usr/local/lib/python3.8/dist-packages/oslo_concurrency/lockutils.py:367}}
Aug 02 11:42:24.325886 n-d-803191-1 devstack@n-api.service[115496]: DEBUG nova.policy [None req-bd3f8854-e8b0-4c2c-929c-7b9d6a3798ce tempest-DeleteServersAdminTestJSON-1698747628 tempest-DeleteServersAdminTestJSON-1698747628-project] Policy check for os_compute_api:os-extended-server-attributes failed with credentials {'is_admin': False, 'user_id': '454f058bbe3946c08cb24b86acb1b92b', 'user_domain_id': 'default', 'system_scope': None, 'domain_id': None, 'project_id': 'e0aafb21dd9c4b2d9463a8b30a7dd321', 'project_domain_id': 'default', 'roles': ['member', 'reader'], 'is_admin_project': True, 'service_user_id': None, 'service_user_domain_id': None, 'service_project_id': None, 'service_project_domain_id': None, 'service_roles': []} {{(pid=115496) authorize /opt/stack/nova/nova/policy.py:199}}
Aug 02 11:42:24.338075 n-d-803191-1 devstack@n-api.service[115496]: INFO nova.api.openstack.requestlog [None req-bd3f8854-e8b0-4c2c-929c-7b9d6a3798ce tempest-DeleteServersAdminTestJSON-1698747628 tempest-DeleteServersAdminTestJSON-1698747628-project] 10.222.0.50 "GET /compute/v2.1/servers/441818aa-6357-46dc-905a-e355298bb31a" status: 200 len: 1272 microversion: 2.1 time: 0.252879
Aug 02 11:42:24.349274 n-d-803191-1 devstack@n-api.service[115496]: [pid: 115496|app: 0|req: 110/214] 10.222.0.50 () {58 vars in 1236 bytes} [Mon Aug 2 11:42:24 2021] GET /compute/v2.1/servers/441818aa-6357-46dc-905a-e355298bb31a => generated 1272 bytes in 265 msecs (HTTP/1.1 200) 9 headers in 358 bytes (1 switches on core 0)
Aug 02 11:42:24.364024 n-d-803191-1 devstack@n-api.service[115495]: DEBUG nova.policy [None req-abb58a2d-00c0-44ec-ac4d-81be2301e22f tempest-MigrationsAdminTest-476666780 tempest-MigrationsAdminTest-476666780-project] Policy check for os_compute_api:os-extended-server-attributes failed with credentials {'is_admin': False, 'user_id': '4edd34d06e974183afbd36c86808419f', 'user_domain_id': 'default', 'system_scope': None, 'domain_id': None, 'project_id': '899c83335a5942f9b4497a8f8798505b', 'project_domain_id': 'default', 'roles': ['member', 'reader'], 'is_admin_project': True, 'service_user_id': None, 'service_user_domain_id': None, 'service_project_id': None, 'service_project_domain_id': None, 'service_roles': []} {{(pid=115495) authorize /opt/stack/nova/nova/policy.py:199}}
Aug 02 11:42:24.372181 n-d-803191-1 devstack@n-api.service[115495]: INFO nova.api.openstack.requestlog [None req-abb58a2d-00c0-44ec-ac4d-81be2301e22f tempest-MigrationsAdminTest-476666780 tempest-MigrationsAdminTest-476666780-project] 10.222.0.50 "GET /compute/v2.1/servers/2aeba592-4997-4a52-aec7-13aa0f5c867a" status: 200 len: 1312 microversion: 2.1 time: 0.432525
Aug 02 11:42:24.377243 n-d-803191-1 devstack@n-api.service[115495]: [pid: 115495|app: 0|req: 105/215] 10.222.0.50 () {58 vars in 1236 bytes} [Mon Aug 2 11:42:23 2021] GET /compute/v2.1/servers/2aeba592-4997-4a52-aec7-13aa0f5c867a => generated 1312 bytes in 434 msecs (HTTP/1.1 200) 9 headers in 358 bytes (1 switches on core 0)
Aug 02 11:42:24.390824 n-d-803191-1 devstack@n-api.service[115495]: DEBUG nova.api.openstack.wsgi [None req-e3f61f5a-b3a5-4ddf-b725-94cf7f12325f tempest-AggregatesAdminNegativeTestJSON-498385819 tempest-AggregatesAdminNegativeTestJSON-498385819-project-admin] Calling method '>' {{(pid=115495) _process_stack /opt/stack/nova/nova/api/openstack/wsgi.py:513}}
Aug 02 11:42:24.391590 n-d-803191-1 devstack@n-api.service[115495]: /usr/local/lib/python3.8/dist-packages/oslo_policy/policy.py:1064: UserWarning: Policy os_compute_api:os-aggregates:delete failed scope check. The token used to make the request was project scoped but the policy requires ['system'] scope. This behavior may change in the future where using the intended scope is required
Aug 02 11:42:24.391590 n-d-803191-1 devstack@n-api.service[115495]: warnings.warn(msg)
Aug 02 11:42:24.431929 n-d-803191-1 devstack@n-api.service[115495]: INFO nova.api.openstack.requestlog [None req-e3f61f5a-b3a5-4ddf-b725-94cf7f12325f tempest-AggregatesAdminNegativeTestJSON-498385819 tempest-AggregatesAdminNegativeTestJSON-498385819-project-admin] 10.222.0.50 "DELETE /compute/v2.1/os-aggregates/14" status: 200 len: 0 microversion: 2.1 time: 0.057893
Aug 02 11:42:24.438395 n-d-803191-1 devstack@n-api.service[115495]: [pid: 115495|app: 0|req: 106/216] 10.222.0.50 () {58 vars in 1155 bytes} [Mon Aug 2 11:42:24 2021] DELETE /compute/v2.1/os-aggregates/14 => generated 0 bytes in 60 msecs (HTTP/1.1 200) 9 headers in 355 bytes (1 switches on core 0)
Aug 02 11:42:24.443020 n-d-803191-1 devstack@n-api.service[115495]: DEBUG nova.api.openstack.wsgi [None req-1d9edd40-171c-434e-8c18-48be6749eaf5 tempest-VolumesAdminNegativeTest-1146015682 tempest-VolumesAdminNegativeTest-1146015682-project] Calling method '>' {{(pid=115495) _process_stack /opt/stack/nova/nova/api/openstack/wsgi.py:513}}
Aug 02 11:42:24.444091 n-d-803191-1 devstack@n-api.service[115495]: DEBUG nova.compute.api [None req-1d9edd40-171c-434e-8c18-48be6749eaf5 tempest-VolumesAdminNegativeTest-1146015682 tempest-VolumesAdminNegativeTest-1146015682-project] [instance: d1f0cc43-1cd3-4f60-8f6d-ea9baad30fd2] Fetching instance by UUID {{(pid=115495) get /opt/stack/nova/nova/compute/api.py:2791}}
Aug 02 11:42:24.457134 n-d-803191-1 devstack@n-api.service[115495]: DEBUG oslo_concurrency.lockutils [None req-1d9edd40-171c-434e-8c18-48be6749eaf5 tempest-VolumesAdminNegativeTest-1146015682 tempest-VolumesAdminNegativeTest-1146015682-project] Lock "86d86e11-a754-4f14-8346-aa44dda11d76" acquired by "nova.context.set_target_cell..get_or_set_cached_cell_and_set_connections" :: waited 0.000s {{(pid=115495) inner /usr/local/lib/python3.8/dist-packages/oslo_concurrency/lockutils.py:355}}
Aug 02 11:42:24.457536 n-d-803191-1 devstack@n-api.service[115495]: DEBUG oslo_concurrency.lockutils [None req-1d9edd40-171c-434e-8c18-48be6749eaf5 tempest-VolumesAdminNegativeTest-1146015682 tempest-VolumesAdminNegativeTest-1146015682-project] Lock "86d86e11-a754-4f14-8346-aa44dda11d76" released by "nova.context.set_target_cell..get_or_set_cached_cell_and_set_connections" :: held 0.001s {{(pid=115495) inner /usr/local/lib/python3.8/dist-packages/oslo_concurrency/lockutils.py:367}}
Aug 02 11:42:24.458339 n-d-803191-1 devstack@n-api.service[115495]: DEBUG oslo_concurrency.lockutils [None req-1d9edd40-171c-434e-8c18-48be6749eaf5 tempest-VolumesAdminNegativeTest-1146015682 tempest-VolumesAdminNegativeTest-1146015682-project] Lock "86d86e11-a754-4f14-8346-aa44dda11d76" acquired by "nova.context.set_target_cell..get_or_set_cached_cell_and_set_connections" :: waited 0.000s {{(pid=115495) inner /usr/local/lib/python3.8/dist-packages/oslo_concurrency/lockutils.py:355}}
Aug 02 11:42:24.458772 n-d-803191-1 devstack@n-api.service[115495]: DEBUG oslo_concurrency.lockutils [None req-1d9edd40-171c-434e-8c18-48be6749eaf5 tempest-VolumesAdminNegativeTest-1146015682 tempest-VolumesAdminNegativeTest-1146015682-project] Lock "86d86e11-a754-4f14-8346-aa44dda11d76" released by "nova.context.set_target_cell..get_or_set_cached_cell_and_set_connections" :: held 0.000s {{(pid=115495) inner /usr/local/lib/python3.8/dist-packages/oslo_concurrency/lockutils.py:367}}
Aug 02 11:42:24.738935 n-d-803191-1 devstack@n-api.service[115495]: DEBUG nova.policy [None req-1d9edd40-171c-434e-8c18-48be6749eaf5 tempest-VolumesAdminNegativeTest-1146015682 tempest-VolumesAdminNegativeTest-1146015682-project] Policy check for os_compute_api:os-extended-server-attributes failed with credentials {'is_admin': False, 'user_id': 'b4a6d74aa49449caaf11318f45332e97', 'user_domain_id': 'default', 'system_scope': None, 'domain_id': None, 'project_id': '303230fb77e0461b907905ce80a58614', 'project_domain_id': 'default', 'roles': ['member', 'reader'], 'is_admin_project': True, 'service_user_id': None, 'service_user_domain_id': None, 'service_project_id': None, 'service_project_domain_id': None, 'service_roles': []} {{(pid=115495) authorize /opt/stack/nova/nova/policy.py:199}}
Aug 02 11:42:24.786817 n-d-803191-1 devstack@n-api.service[115496]: DEBUG nova.api.openstack.wsgi [None req-328ba6fe-3240-45bd-8b78-cd06af8530a7 tempest-LiveMigrationNegativeTest-290827631 tempest-LiveMigrationNegativeTest-290827631-project-admin] Action: 'action', calling method: >, body: {"os-migrateLive": {"host": "tempest-host-1681441893", "block_migration": true, "disk_over_commit": false}} {{(pid=115496) _process_stack /opt/stack/nova/nova/api/openstack/wsgi.py:511}}
Aug 02 11:42:24.788874 n-d-803191-1 devstack@n-api.service[115496]: DEBUG nova.compute.api [None req-328ba6fe-3240-45bd-8b78-cd06af8530a7 tempest-LiveMigrationNegativeTest-290827631 tempest-LiveMigrationNegativeTest-290827631-project-admin] [instance: 8f184633-1132-469d-a2fc-5a84f0fbba16] Fetching instance by UUID {{(pid=115496) get /opt/stack/nova/nova/compute/api.py:2791}}
Aug 02 11:42:24.797177 n-d-803191-1 devstack@n-api.service[115495]: INFO nova.api.openstack.requestlog [None req-1d9edd40-171c-434e-8c18-48be6749eaf5 tempest-VolumesAdminNegativeTest-1146015682 tempest-VolumesAdminNegativeTest-1146015682-project] 10.222.0.50 "GET /compute/v2.1/servers/d1f0cc43-1cd3-4f60-8f6d-ea9baad30fd2" status: 200 len: 1317 microversion: 2.1 time: 0.351833
Aug 02 11:42:24.799623 n-d-803191-1 devstack@n-api.service[115496]: DEBUG oslo_concurrency.lockutils [None req-328ba6fe-3240-45bd-8b78-cd06af8530a7 tempest-LiveMigrationNegativeTest-290827631 tempest-LiveMigrationNegativeTest-290827631-project-admin] Lock "86d86e11-a754-4f14-8346-aa44dda11d76" acquired by "nova.context.set_target_cell..get_or_set_cached_cell_and_set_connections" :: waited 0.000s {{(pid=115496) inner /usr/local/lib/python3.8/dist-packages/oslo_concurrency/lockutils.py:355}}
Aug 02 11:42:24.809056 n-d-803191-1 devstack@n-api.service[115495]: [pid: 115495|app: 0|req: 107/217] 10.222.0.50 () {58 vars in 1236 bytes} [Mon Aug 2 11:42:24 2021] GET /compute/v2.1/servers/d1f0cc43-1cd3-4f60-8f6d-ea9baad30fd2 => generated 1317 bytes in 368 msecs (HTTP/1.1 200) 9 headers in 358 bytes (1 switches on core 0)
Aug 02 11:42:24.812058 n-d-803191-1 devstack@n-api.service[115496]: DEBUG oslo_concurrency.lockutils [None req-328ba6fe-3240-45bd-8b78-cd06af8530a7 tempest-LiveMigrationNegativeTest-290827631 tempest-LiveMigrationNegativeTest-290827631-project-admin] Lock "86d86e11-a754-4f14-8346-aa44dda11d76" released by "nova.context.set_target_cell..get_or_set_cached_cell_and_set_connections" :: held 0.001s {{(pid=115496) inner /usr/local/lib/python3.8/dist-packages/oslo_concurrency/lockutils.py:367}}
Aug 02 11:42:24.814030 n-d-803191-1 devstack@n-api.service[115496]: DEBUG oslo_concurrency.lockutils [None req-328ba6fe-3240-45bd-8b78-cd06af8530a7 tempest-LiveMigrationNegativeTest-290827631 tempest-LiveMigrationNegativeTest-290827631-project-admin] Lock "86d86e11-a754-4f14-8346-aa44dda11d76" acquired by "nova.context.set_target_cell..get_or_set_cached_cell_and_set_connections" :: waited 0.000s {{(pid=115496) inner /usr/local/lib/python3.8/dist-packages/oslo_concurrency/lockutils.py:355}}
Aug 02 11:42:24.814588 n-d-803191-1 devstack@n-api.service[115496]: DEBUG oslo_concurrency.lockutils [None req-328ba6fe-3240-45bd-8b78-cd06af8530a7 tempest-LiveMigrationNegativeTest-290827631 tempest-LiveMigrationNegativeTest-290827631-project-admin] Lock "86d86e11-a754-4f14-8346-aa44dda11d76" released by "nova.context.set_target_cell..get_or_set_cached_cell_and_set_connections" :: held 0.001s {{(pid=115496) inner /usr/local/lib/python3.8/dist-packages/oslo_concurrency/lockutils.py:367}}
Aug 02 11:42:24.840829 n-d-803191-1 devstack@n-api.service[115495]: DEBUG nova.api.openstack.wsgi [None req-54432276-8816-49a5-a945-c2bc97d83c5a tempest-ServersWithSpecificFlavorTestJSON-1849670252 tempest-ServersWithSpecificFlavorTestJSON-1849670252-project] Action: 'action', calling method: >, body: {"os-getConsoleOutput": {}} {{(pid=115495) _process_stack /opt/stack/nova/nova/api/openstack/wsgi.py:511}}
Aug 02 11:42:24.841774 n-d-803191-1 devstack@n-api.service[115495]: DEBUG nova.compute.api [None req-54432276-8816-49a5-a945-c2bc97d83c5a tempest-ServersWithSpecificFlavorTestJSON-1849670252 tempest-ServersWithSpecificFlavorTestJSON-1849670252-project] [instance: c9bf0dba-8c2f-458d-946a-083e44a9a31b] Fetching instance by UUID {{(pid=115495) get /opt/stack/nova/nova/compute/api.py:2791}}
Aug 02 11:42:24.867938 n-d-803191-1 devstack@n-api.service[115495]: DEBUG oslo_concurrency.lockutils [None req-54432276-8816-49a5-a945-c2bc97d83c5a tempest-ServersWithSpecificFlavorTestJSON-1849670252 tempest-ServersWithSpecificFlavorTestJSON-1849670252-project] Lock "86d86e11-a754-4f14-8346-aa44dda11d76" acquired by "nova.context.set_target_cell..get_or_set_cached_cell_and_set_connections" :: waited 0.000s {{(pid=115495) inner /usr/local/lib/python3.8/dist-packages/oslo_concurrency/lockutils.py:355}}
Aug 02 11:42:24.868390 n-d-803191-1 devstack@n-api.service[115495]: DEBUG oslo_concurrency.lockutils [None req-54432276-8816-49a5-a945-c2bc97d83c5a tempest-ServersWithSpecificFlavorTestJSON-1849670252 tempest-ServersWithSpecificFlavorTestJSON-1849670252-project] Lock "86d86e11-a754-4f14-8346-aa44dda11d76" released by "nova.context.set_target_cell..get_or_set_cached_cell_and_set_connections" :: held 0.001s {{(pid=115495) inner /usr/local/lib/python3.8/dist-packages/oslo_concurrency/lockutils.py:367}}
Aug 02 11:42:24.872343 n-d-803191-1 devstack@n-api.service[115495]: DEBUG oslo_concurrency.lockutils [None req-54432276-8816-49a5-a945-c2bc97d83c5a tempest-ServersWithSpecificFlavorTestJSON-1849670252 tempest-ServersWithSpecificFlavorTestJSON-1849670252-project] Lock "86d86e11-a754-4f14-8346-aa44dda11d76" acquired by "nova.context.set_target_cell..get_or_set_cached_cell_and_set_connections" :: waited 0.000s {{(pid=115495) inner /usr/local/lib/python3.8/dist-packages/oslo_concurrency/lockutils.py:355}}
Aug 02 11:42:24.873171 n-d-803191-1 devstack@n-api.service[115495]: DEBUG oslo_concurrency.lockutils [None req-54432276-8816-49a5-a945-c2bc97d83c5a tempest-ServersWithSpecificFlavorTestJSON-1849670252 tempest-ServersWithSpecificFlavorTestJSON-1849670252-project] Lock "86d86e11-a754-4f14-8346-aa44dda11d76" released by "nova.context.set_target_cell..get_or_set_cached_cell_and_set_connections" :: held 0.004s {{(pid=115495) inner /usr/local/lib/python3.8/dist-packages/oslo_concurrency/lockutils.py:367}}
Aug 02 11:42:24.991342 n-d-803191-1 devstack@n-api.service[115495]: INFO nova.api.openstack.requestlog [None req-54432276-8816-49a5-a945-c2bc97d83c5a tempest-ServersWithSpecificFlavorTestJSON-1849670252 tempest-ServersWithSpecificFlavorTestJSON-1849670252-project] 10.222.0.50 "POST /compute/v2.1/servers/c9bf0dba-8c2f-458d-946a-083e44a9a31b/action" status: 200 len: 14 microversion: 2.1 time: 0.187745
Aug 02 11:42:24.997477 n-d-803191-1 devstack@n-api.service[115495]: [pid: 115495|app: 0|req: 108/218] 10.222.0.50 () {60 vars in 1278 bytes} [Mon Aug 2 11:42:24 2021] POST /compute/v2.1/servers/c9bf0dba-8c2f-458d-946a-083e44a9a31b/action => generated 14 bytes in 195 msecs (HTTP/1.1 200) 9 headers in 356 bytes (1 switches on core 0)
Aug 02 11:42:25.012762 n-d-803191-1 devstack@n-api.service[115495]: DEBUG nova.api.openstack.wsgi [None req-c82eaa86-eeb5-4b6a-b0ae-3013e2934720 tempest-AggregatesAdminNegativeTestJSON-498385819 tempest-AggregatesAdminNegativeTestJSON-498385819-project-admin] Action: 'create', calling method: >, body: {"aggregate": {"name": "tempest-test_aggregate-1299703979"}} {{(pid=115495) _process_stack /opt/stack/nova/nova/api/openstack/wsgi.py:511}}
Aug 02 11:42:25.015493 n-d-803191-1 devstack@n-api.service[115495]: /usr/local/lib/python3.8/dist-packages/oslo_policy/policy.py:1064: UserWarning: Policy os_compute_api:os-aggregates:create failed scope check. The token used to make the request was project scoped but the policy requires ['system'] scope. This behavior may change in the future where using the intended scope is required
Aug 02 11:42:25.015493 n-d-803191-1 devstack@n-api.service[115495]: warnings.warn(msg)
Aug 02 11:42:25.018341 n-d-803191-1 devstack@n-api.service[115495]: DEBUG nova.objects.aggregate [None req-c82eaa86-eeb5-4b6a-b0ae-3013e2934720 tempest-AggregatesAdminNegativeTestJSON-498385819 tempest-AggregatesAdminNegativeTestJSON-498385819-project-admin] Generated uuid e09ef1c4-f31d-45c8-a4c9-837ef35a65d9 for aggregate {{(pid=115495) create /opt/stack/nova/nova/objects/aggregate.py:298}}
Aug 02 11:42:25.079937 n-d-803191-1 devstack@n-api.service[115495]: INFO nova.api.openstack.requestlog [None req-c82eaa86-eeb5-4b6a-b0ae-3013e2934720 tempest-AggregatesAdminNegativeTestJSON-498385819 tempest-AggregatesAdminNegativeTestJSON-498385819-project-admin] 10.222.0.50 "POST /compute/v2.1/os-aggregates" status: 200 len: 199 microversion: 2.1 time: 0.077413
Aug 02 11:42:25.091959 n-d-803191-1 devstack@n-api.service[115495]: [pid: 115495|app: 0|req: 109/219] 10.222.0.50 () {60 vars in 1164 bytes} [Mon Aug 2 11:42:24 2021] POST /compute/v2.1/os-aggregates => generated 199 bytes in 94 msecs (HTTP/1.1 200) 9 headers in 357 bytes (1 switches on core 0)
Aug 02 11:42:25.115173 n-d-803191-1 devstack@n-api.service[115495]: DEBUG nova.api.openstack.wsgi [None req-307a068a-faad-4e90-9341-7c98e5673f2f tempest-AggregatesAdminTestJSON-95570053 tempest-AggregatesAdminTestJSON-95570053-project] Calling method '>' {{(pid=115495) _process_stack /opt/stack/nova/nova/api/openstack/wsgi.py:513}}
Aug 02 11:42:25.116428 n-d-803191-1 devstack@n-api.service[115495]: DEBUG nova.compute.api [None req-307a068a-faad-4e90-9341-7c98e5673f2f tempest-AggregatesAdminTestJSON-95570053 tempest-AggregatesAdminTestJSON-95570053-project] [instance: 0b68087e-d5ed-493e-810e-652be8b935d8] Fetching instance by UUID {{(pid=115495) get /opt/stack/nova/nova/compute/api.py:2791}}
Aug 02 11:42:25.131662 n-d-803191-1 devstack@n-api.service[115496]: DEBUG nova.objects.instance [None req-328ba6fe-3240-45bd-8b78-cd06af8530a7 tempest-LiveMigrationNegativeTest-290827631 tempest-LiveMigrationNegativeTest-290827631-project-admin] Lazy-loading 'flavor' on Instance uuid 8f184633-1132-469d-a2fc-5a84f0fbba16 {{(pid=115496) obj_load_attr /opt/stack/nova/nova/objects/instance.py:1099}}
Aug 02 11:42:25.174735 n-d-803191-1 devstack@n-api.service[115495]: DEBUG oslo_concurrency.lockutils [None req-307a068a-faad-4e90-9341-7c98e5673f2f tempest-AggregatesAdminTestJSON-95570053 tempest-AggregatesAdminTestJSON-95570053-project] Lock "86d86e11-a754-4f14-8346-aa44dda11d76" acquired by "nova.context.set_target_cell..get_or_set_cached_cell_and_set_connections" :: waited 0.003s {{(pid=115495) inner /usr/local/lib/python3.8/dist-packages/oslo_concurrency/lockutils.py:355}}
Aug 02 11:42:25.175762 n-d-803191-1 devstack@n-api.service[115495]: DEBUG oslo_concurrency.lockutils [None req-307a068a-faad-4e90-9341-7c98e5673f2f tempest-AggregatesAdminTestJSON-95570053 tempest-AggregatesAdminTestJSON-95570053-project] Lock "86d86e11-a754-4f14-8346-aa44dda11d76" released by "nova.context.set_target_cell..get_or_set_cached_cell_and_set_connections" :: held 0.001s {{(pid=115495) inner /usr/local/lib/python3.8/dist-packages/oslo_concurrency/lockutils.py:367}}
Aug 02 11:42:25.177212 n-d-803191-1 devstack@n-api.service[115495]: DEBUG oslo_concurrency.lockutils [None req-307a068a-faad-4e90-9341-7c98e5673f2f tempest-AggregatesAdminTestJSON-95570053 tempest-AggregatesAdminTestJSON-95570053-project] Lock "86d86e11-a754-4f14-8346-aa44dda11d76" acquired by "nova.context.set_target_cell..get_or_set_cached_cell_and_set_connections" :: waited 0.000s {{(pid=115495) inner /usr/local/lib/python3.8/dist-packages/oslo_concurrency/lockutils.py:355}}
Aug 02 11:42:25.177965 n-d-803191-1 devstack@n-api.service[115495]: DEBUG oslo_concurrency.lockutils [None req-307a068a-faad-4e90-9341-7c98e5673f2f tempest-AggregatesAdminTestJSON-95570053 tempest-AggregatesAdminTestJSON-95570053-project] Lock "86d86e11-a754-4f14-8346-aa44dda11d76" released by "nova.context.set_target_cell..get_or_set_cached_cell_and_set_connections" :: held 0.001s {{(pid=115495) inner /usr/local/lib/python3.8/dist-packages/oslo_concurrency/lockutils.py:367}}
Aug 02 11:42:25.257455 n-d-803191-1 devstack@n-api.service[115496]: DEBUG nova.compute.api [None req-328ba6fe-3240-45bd-8b78-cd06af8530a7 tempest-LiveMigrationNegativeTest-290827631 tempest-LiveMigrationNegativeTest-290827631-project-admin] [instance: 8f184633-1132-469d-a2fc-5a84f0fbba16] Going to try to live migrate instance to tempest-host-1681441893 {{(pid=115496) live_migrate /opt/stack/nova/nova/compute/api.py:5129}}
Aug 02 11:42:25.265446 n-d-803191-1 devstack@n-api.service[115496]: INFO nova.api.openstack.wsgi [None req-328ba6fe-3240-45bd-8b78-cd06af8530a7 tempest-LiveMigrationNegativeTest-290827631 tempest-LiveMigrationNegativeTest-290827631-project-admin] HTTP exception thrown: Compute host tempest-host-1681441893 could not be found.
Aug 02 11:42:25.266606 n-d-803191-1 devstack@n-api.service[115496]: DEBUG nova.api.openstack.wsgi [None req-328ba6fe-3240-45bd-8b78-cd06af8530a7 tempest-LiveMigrationNegativeTest-290827631 tempest-LiveMigrationNegativeTest-290827631-project-admin] Returning 400 to user: Compute host tempest-host-1681441893 could not be found. {{(pid=115496) __call__ /opt/stack/nova/nova/api/openstack/wsgi.py:927}}
Aug 02 11:42:25.267520 n-d-803191-1 devstack@n-api.service[115496]: INFO nova.api.openstack.requestlog [None req-328ba6fe-3240-45bd-8b78-cd06af8530a7 tempest-LiveMigrationNegativeTest-290827631 tempest-LiveMigrationNegativeTest-290827631-project-admin] 10.222.0.50 "POST /compute/v2.1/servers/8f184633-1132-469d-a2fc-5a84f0fbba16/action" status: 400 len: 100 microversion: 2.1 time: 0.916942
Aug 02 11:42:25.268482 n-d-803191-1 devstack@n-api.service[115496]: [pid: 115496|app: 0|req: 111/220] 10.222.0.50 () {60 vars in 1279 bytes} [Mon Aug 2 11:42:24 2021] POST /compute/v2.1/servers/8f184633-1132-469d-a2fc-5a84f0fbba16/action => generated 100 bytes in 918 msecs (HTTP/1.1 400) 9 headers in 381 bytes (1 switches on core 0)
Aug 02 11:42:25.273944 n-d-803191-1 devstack@n-api.service[115496]: DEBUG nova.api.openstack.wsgi [None req-ca0e1b15-333e-4433-9726-945b7ba74db6 tempest-AggregatesAdminNegativeTestJSON-645225478 tempest-AggregatesAdminNegativeTestJSON-645225478-project] Calling method '>' {{(pid=115496) _process_stack /opt/stack/nova/nova/api/openstack/wsgi.py:513}}
Aug 02 11:42:25.275561 n-d-803191-1 devstack@n-api.service[115496]: /usr/local/lib/python3.8/dist-packages/oslo_policy/policy.py:1064: UserWarning: Policy os_compute_api:os-aggregates:delete failed scope check. The token used to make the request was project scoped but the policy requires ['system'] scope. This behavior may change in the future where using the intended scope is required
Aug 02 11:42:25.275561 n-d-803191-1 devstack@n-api.service[115496]: warnings.warn(msg)
Aug 02 11:42:25.275561 n-d-803191-1 devstack@n-api.service[115496]: DEBUG nova.policy [None req-ca0e1b15-333e-4433-9726-945b7ba74db6 tempest-AggregatesAdminNegativeTestJSON-645225478 tempest-AggregatesAdminNegativeTestJSON-645225478-project] Policy check for os_compute_api:os-aggregates:delete failed with credentials {'is_admin': False, 'user_id': '895022399a6e47f0a8a4d951ce3bee80', 'user_domain_id': 'default', 'system_scope': None, 'domain_id': None, 'project_id': 'ff47ad4bdcf3409bab0f166724a35b5f', 'project_domain_id': 'default', 'roles': ['member', 'reader'], 'is_admin_project': True, 'service_user_id': None, 'service_user_domain_id': None, 'service_project_id': None, 'service_project_domain_id': None, 'service_roles': []} {{(pid=115496) authorize /opt/stack/nova/nova/policy.py:199}}
Aug 02 11:42:25.276487 n-d-803191-1 devstack@n-api.service[115496]: DEBUG nova.api.openstack.wsgi [None req-ca0e1b15-333e-4433-9726-945b7ba74db6 tempest-AggregatesAdminNegativeTestJSON-645225478 tempest-AggregatesAdminNegativeTestJSON-645225478-project] Returning 403 to user: Policy doesn't allow os_compute_api:os-aggregates:delete to be performed. {{(pid=115496) __call__ /opt/stack/nova/nova/api/openstack/wsgi.py:927}}
Aug 02 11:42:25.277581 n-d-803191-1 devstack@n-api.service[115496]: INFO nova.api.openstack.requestlog [None req-ca0e1b15-333e-4433-9726-945b7ba74db6 tempest-AggregatesAdminNegativeTestJSON-645225478 tempest-AggregatesAdminNegativeTestJSON-645225478-project] 10.222.0.50 "DELETE /compute/v2.1/os-aggregates/15" status: 403 len: 116 microversion: 2.1 time: 0.008106
Aug 02 11:42:25.282666 n-d-803191-1 devstack@n-api.service[115496]: [pid: 115496|app: 0|req: 112/221] 10.222.0.50 () {58 vars in 1155 bytes} [Mon Aug 2 11:42:25 2021] DELETE /compute/v2.1/os-aggregates/15 => generated 116 bytes in 9 msecs (HTTP/1.1 403) 9 headers in 379 bytes (1 switches on core 0)
Aug 02 11:42:25.283145 n-d-803191-1 devstack@n-api.service[115496]: DEBUG nova.api.openstack.wsgi [None req-84b97441-3874-45f0-b7a4-3123a53d97ac tempest-LiveMigrationNegativeTest-2040688049 tempest-LiveMigrationNegativeTest-2040688049-project] Calling method '>' {{(pid=115496) _process_stack /opt/stack/nova/nova/api/openstack/wsgi.py:513}}
Aug 02 11:42:25.283789 n-d-803191-1 devstack@n-api.service[115496]: DEBUG nova.compute.api [None req-84b97441-3874-45f0-b7a4-3123a53d97ac tempest-LiveMigrationNegativeTest-2040688049 tempest-LiveMigrationNegativeTest-2040688049-project] [instance: 8f184633-1132-469d-a2fc-5a84f0fbba16] Fetching instance by UUID {{(pid=115496) get /opt/stack/nova/nova/compute/api.py:2791}}
Aug 02 11:42:25.289855 n-d-803191-1 devstack@n-api.service[115496]: DEBUG oslo_concurrency.lockutils [None req-84b97441-3874-45f0-b7a4-3123a53d97ac tempest-LiveMigrationNegativeTest-2040688049 tempest-LiveMigrationNegativeTest-2040688049-project] Lock "86d86e11-a754-4f14-8346-aa44dda11d76" acquired by "nova.context.set_target_cell..get_or_set_cached_cell_and_set_connections" :: waited 0.000s {{(pid=115496) inner /usr/local/lib/python3.8/dist-packages/oslo_concurrency/lockutils.py:355}}
Aug 02 11:42:25.290323 n-d-803191-1 devstack@n-api.service[115496]: DEBUG oslo_concurrency.lockutils [None req-84b97441-3874-45f0-b7a4-3123a53d97ac tempest-LiveMigrationNegativeTest-2040688049 tempest-LiveMigrationNegativeTest-2040688049-project] Lock "86d86e11-a754-4f14-8346-aa44dda11d76" released by "nova.context.set_target_cell..get_or_set_cached_cell_and_set_connections" :: held 0.000s {{(pid=115496) inner /usr/local/lib/python3.8/dist-packages/oslo_concurrency/lockutils.py:367}}
Aug 02 11:42:25.291036 n-d-803191-1 devstack@n-api.service[115496]: DEBUG oslo_concurrency.lockutils [None req-84b97441-3874-45f0-b7a4-3123a53d97ac tempest-LiveMigrationNegativeTest-2040688049 tempest-LiveMigrationNegativeTest-2040688049-project] Lock "86d86e11-a754-4f14-8346-aa44dda11d76" acquired by "nova.context.set_target_cell..get_or_set_cached_cell_and_set_connections" :: waited 0.000s {{(pid=115496) inner /usr/local/lib/python3.8/dist-packages/oslo_concurrency/lockutils.py:355}}
Aug 02 11:42:25.291455 n-d-803191-1 devstack@n-api.service[115496]: DEBUG oslo_concurrency.lockutils [None req-84b97441-3874-45f0-b7a4-3123a53d97ac tempest-LiveMigrationNegativeTest-2040688049 tempest-LiveMigrationNegativeTest-2040688049-project] Lock "86d86e11-a754-4f14-8346-aa44dda11d76" released by "nova.context.set_target_cell..get_or_set_cached_cell_and_set_connections" :: held 0.000s {{(pid=115496) inner /usr/local/lib/python3.8/dist-packages/oslo_concurrency/lockutils.py:367}}
Aug 02 11:42:25.708631 n-d-803191-1 devstack@n-api.service[115496]: DEBUG nova.policy [None req-84b97441-3874-45f0-b7a4-3123a53d97ac tempest-LiveMigrationNegativeTest-2040688049 tempest-LiveMigrationNegativeTest-2040688049-project] Policy check for os_compute_api:os-extended-server-attributes failed with credentials {'is_admin': False, 'user_id': 'efd740b342a54d6db364c4ccdc4105a2', 'user_domain_id': 'default', 'system_scope': None, 'domain_id': None, 'project_id': '9884ec34f9f046fd98ac9fbe7a47d0dc', 'project_domain_id': 'default', 'roles': ['member', 'reader'], 'is_admin_project': True, 'service_user_id': None, 'service_user_domain_id': None, 'service_project_id': None, 'service_project_domain_id': None, 'service_roles': []} {{(pid=115496) authorize /opt/stack/nova/nova/policy.py:199}}
Aug 02 11:42:25.718144 n-d-803191-1 devstack@n-api.service[115496]: INFO nova.api.openstack.requestlog [None req-84b97441-3874-45f0-b7a4-3123a53d97ac tempest-LiveMigrationNegativeTest-2040688049 tempest-LiveMigrationNegativeTest-2040688049-project] 10.222.0.50 "GET /compute/v2.1/servers/8f184633-1132-469d-a2fc-5a84f0fbba16" status: 200 len: 1468 microversion: 2.1 time: 0.438423
Aug 02 11:42:25.736694 n-d-803191-1 devstack@n-api.service[115496]: [pid: 115496|app: 0|req: 113/222] 10.222.0.50 () {58 vars in 1236 bytes} [Mon Aug 2 11:42:25 2021] GET /compute/v2.1/servers/8f184633-1132-469d-a2fc-5a84f0fbba16 => generated 1468 bytes in 457 msecs (HTTP/1.1 200) 9 headers in 358 bytes (1 switches on core 0)
Aug 02 11:42:25.746457 n-d-803191-1 devstack@n-api.service[115495]: DEBUG nova.policy [None req-307a068a-faad-4e90-9341-7c98e5673f2f tempest-AggregatesAdminTestJSON-95570053 tempest-AggregatesAdminTestJSON-95570053-project] Policy check for os_compute_api:os-extended-server-attributes failed with credentials {'is_admin': False, 'user_id': 'fa9aa60616824c358e362b2a08b779a6', 'user_domain_id': 'default', 'system_scope': None, 'domain_id': None, 'project_id': '895e655206204587ac4779420c06477d', 'project_domain_id': 'default', 'roles': ['member', 'reader'], 'is_admin_project': True, 'service_user_id': None, 'service_user_domain_id': None, 'service_project_id': None, 'service_project_domain_id': None, 'service_roles': []} {{(pid=115495) authorize /opt/stack/nova/nova/policy.py:199}}
Aug 02 11:42:25.747137 n-d-803191-1 devstack@n-api.service[115496]: DEBUG nova.api.openstack.wsgi [None req-44761489-847e-4d30-8804-12015aeef4f3 tempest-AggregatesAdminNegativeTestJSON-498385819 tempest-AggregatesAdminNegativeTestJSON-498385819-project-admin] Calling method '>' {{(pid=115496) _process_stack /opt/stack/nova/nova/api/openstack/wsgi.py:513}}
Aug 02 11:42:25.750336 n-d-803191-1 devstack@n-api.service[115496]: /usr/local/lib/python3.8/dist-packages/oslo_policy/policy.py:1064: UserWarning: Policy os_compute_api:os-aggregates:delete failed scope check. The token used to make the request was project scoped but the policy requires ['system'] scope. This behavior may change in the future where using the intended scope is required
Aug 02 11:42:25.750336 n-d-803191-1 devstack@n-api.service[115496]: warnings.warn(msg)
Aug 02 11:42:25.787904 n-d-803191-1 devstack@n-api.service[115495]: INFO nova.api.openstack.requestlog [None req-307a068a-faad-4e90-9341-7c98e5673f2f tempest-AggregatesAdminTestJSON-95570053 tempest-AggregatesAdminTestJSON-95570053-project] 10.222.0.50 "GET /compute/v2.1/servers/0b68087e-d5ed-493e-810e-652be8b935d8" status: 200 len: 1472 microversion: 2.1 time: 0.688043
Aug 02 11:42:25.788482 n-d-803191-1 devstack@n-api.service[115495]: [pid: 115495|app: 0|req: 110/223] 10.222.0.50 () {58 vars in 1236 bytes} [Mon Aug 2 11:42:25 2021] GET /compute/v2.1/servers/0b68087e-d5ed-493e-810e-652be8b935d8 => generated 1472 bytes in 696 msecs (HTTP/1.1 200) 9 headers in 358 bytes (1 switches on core 0)
Aug 02 11:42:25.815132 n-d-803191-1 devstack@n-api.service[115495]: DEBUG nova.api.openstack.wsgi [None req-9de39e37-a927-4d23-8e78-54ae4a09825b tempest-DeleteServersAdminTestJSON-1698747628 tempest-DeleteServersAdminTestJSON-1698747628-project] Calling method '>' {{(pid=115495) _process_stack /opt/stack/nova/nova/api/openstack/wsgi.py:513}}
Aug 02 11:42:25.815471 n-d-803191-1 devstack@n-api.service[115496]: INFO nova.api.openstack.requestlog [None req-44761489-847e-4d30-8804-12015aeef4f3 tempest-AggregatesAdminNegativeTestJSON-498385819 tempest-AggregatesAdminNegativeTestJSON-498385819-project-admin] 10.222.0.50 "DELETE /compute/v2.1/os-aggregates/15" status: 200 len: 0 microversion: 2.1 time: 0.077563
Aug 02 11:42:25.815942 n-d-803191-1 devstack@n-api.service[115495]: DEBUG nova.compute.api [None req-9de39e37-a927-4d23-8e78-54ae4a09825b tempest-DeleteServersAdminTestJSON-1698747628 tempest-DeleteServersAdminTestJSON-1698747628-project] [instance: 441818aa-6357-46dc-905a-e355298bb31a] Fetching instance by UUID {{(pid=115495) get /opt/stack/nova/nova/compute/api.py:2791}}
Aug 02 11:42:25.823151 n-d-803191-1 devstack@n-api.service[115496]: [pid: 115496|app: 0|req: 114/224] 10.222.0.50 () {58 vars in 1155 bytes} [Mon Aug 2 11:42:25 2021] DELETE /compute/v2.1/os-aggregates/15 => generated 0 bytes in 86 msecs (HTTP/1.1 200) 9 headers in 355 bytes (1 switches on core 0)
Aug 02 11:42:25.828642 n-d-803191-1 devstack@n-api.service[115495]: DEBUG oslo_concurrency.lockutils [None req-9de39e37-a927-4d23-8e78-54ae4a09825b tempest-DeleteServersAdminTestJSON-1698747628 tempest-DeleteServersAdminTestJSON-1698747628-project] Lock "86d86e11-a754-4f14-8346-aa44dda11d76" acquired by "nova.context.set_target_cell..get_or_set_cached_cell_and_set_connections" :: waited 0.000s {{(pid=115495) inner /usr/local/lib/python3.8/dist-packages/oslo_concurrency/lockutils.py:355}}
Aug 02 11:42:25.829736 n-d-803191-1 devstack@n-api.service[115495]: DEBUG oslo_concurrency.lockutils [None req-9de39e37-a927-4d23-8e78-54ae4a09825b tempest-DeleteServersAdminTestJSON-1698747628 tempest-DeleteServersAdminTestJSON-1698747628-project] Lock "86d86e11-a754-4f14-8346-aa44dda11d76" released by "nova.context.set_target_cell..get_or_set_cached_cell_and_set_connections" :: held 0.001s {{(pid=115495) inner /usr/local/lib/python3.8/dist-packages/oslo_concurrency/lockutils.py:367}}
Aug 02 11:42:25.830712 n-d-803191-1 devstack@n-api.service[115495]: DEBUG oslo_concurrency.lockutils [None req-9de39e37-a927-4d23-8e78-54ae4a09825b tempest-DeleteServersAdminTestJSON-1698747628 tempest-DeleteServersAdminTestJSON-1698747628-project] Lock "86d86e11-a754-4f14-8346-aa44dda11d76" acquired by "nova.context.set_target_cell..get_or_set_cached_cell_and_set_connections" :: waited 0.000s {{(pid=115495) inner /usr/local/lib/python3.8/dist-packages/oslo_concurrency/lockutils.py:355}}
Aug 02 11:42:25.831332 n-d-803191-1 devstack@n-api.service[115495]: DEBUG oslo_concurrency.lockutils [None req-9de39e37-a927-4d23-8e78-54ae4a09825b tempest-DeleteServersAdminTestJSON-1698747628 tempest-DeleteServersAdminTestJSON-1698747628-project] Lock "86d86e11-a754-4f14-8346-aa44dda11d76" released by "nova.context.set_target_cell..get_or_set_cached_cell_and_set_connections" :: held 0.001s {{(pid=115495) inner /usr/local/lib/python3.8/dist-packages/oslo_concurrency/lockutils.py:367}}
Aug 02 11:42:25.845398 n-d-803191-1 devstack@n-api.service[115496]: DEBUG nova.api.openstack.wsgi [None req-d6c89e28-3e76-4c98-89dc-7e9fb36b96c3 tempest-MigrationsAdminTest-476666780 tempest-MigrationsAdminTest-476666780-project] Calling method '>' {{(pid=115496) _process_stack /opt/stack/nova/nova/api/openstack/wsgi.py:513}}
Aug 02 11:42:25.845398 n-d-803191-1 devstack@n-api.service[115496]: DEBUG nova.compute.api [None req-d6c89e28-3e76-4c98-89dc-7e9fb36b96c3 tempest-MigrationsAdminTest-476666780 tempest-MigrationsAdminTest-476666780-project] [instance: 2aeba592-4997-4a52-aec7-13aa0f5c867a] Fetching instance by UUID {{(pid=115496) get /opt/stack/nova/nova/compute/api.py:2791}}
Aug 02 11:42:25.849038 n-d-803191-1 devstack@n-api.service[115496]: DEBUG oslo_concurrency.lockutils [None req-d6c89e28-3e76-4c98-89dc-7e9fb36b96c3 tempest-MigrationsAdminTest-476666780 tempest-MigrationsAdminTest-476666780-project] Lock "86d86e11-a754-4f14-8346-aa44dda11d76" acquired by "nova.context.set_target_cell..get_or_set_cached_cell_and_set_connections" :: waited 0.000s {{(pid=115496) inner /usr/local/lib/python3.8/dist-packages/oslo_concurrency/lockutils.py:355}}
Aug 02 11:42:25.849906 n-d-803191-1 devstack@n-api.service[115496]: DEBUG oslo_concurrency.lockutils [None req-d6c89e28-3e76-4c98-89dc-7e9fb36b96c3 tempest-MigrationsAdminTest-476666780 tempest-MigrationsAdminTest-476666780-project] Lock "86d86e11-a754-4f14-8346-aa44dda11d76" released by "nova.context.set_target_cell..get_or_set_cached_cell_and_set_connections" :: held 0.001s {{(pid=115496) inner /usr/local/lib/python3.8/dist-packages/oslo_concurrency/lockutils.py:367}}
Aug 02 11:42:25.850693 n-d-803191-1 devstack@n-api.service[115496]: DEBUG oslo_concurrency.lockutils [None req-d6c89e28-3e76-4c98-89dc-7e9fb36b96c3 tempest-MigrationsAdminTest-476666780 tempest-MigrationsAdminTest-476666780-project] Lock "86d86e11-a754-4f14-8346-aa44dda11d76" acquired by "nova.context.set_target_cell..get_or_set_cached_cell_and_set_connections" :: waited 0.000s {{(pid=115496) inner /usr/local/lib/python3.8/dist-packages/oslo_concurrency/lockutils.py:355}}
Aug 02 11:42:25.851115 n-d-803191-1 devstack@n-api.service[115496]: DEBUG oslo_concurrency.lockutils [None req-d6c89e28-3e76-4c98-89dc-7e9fb36b96c3 tempest-MigrationsAdminTest-476666780 tempest-MigrationsAdminTest-476666780-project] Lock "86d86e11-a754-4f14-8346-aa44dda11d76" released by "nova.context.set_target_cell..get_or_set_cached_cell_and_set_connections" :: held 0.000s {{(pid=115496) inner /usr/local/lib/python3.8/dist-packages/oslo_concurrency/lockutils.py:367}}
Aug 02 11:42:26.338570 n-d-803191-1 devstack@n-api.service[115495]: DEBUG nova.policy [None req-9de39e37-a927-4d23-8e78-54ae4a09825b tempest-DeleteServersAdminTestJSON-1698747628 tempest-DeleteServersAdminTestJSON-1698747628-project] Policy check for os_compute_api:os-extended-server-attributes failed with credentials {'is_admin': False, 'user_id': '454f058bbe3946c08cb24b86acb1b92b', 'user_domain_id': 'default', 'system_scope': None, 'domain_id': None, 'project_id': 'e0aafb21dd9c4b2d9463a8b30a7dd321', 'project_domain_id': 'default', 'roles': ['member', 'reader'], 'is_admin_project': True, 'service_user_id': None, 'service_user_domain_id': None, 'service_project_id': None, 'service_project_domain_id': None, 'service_roles': []} {{(pid=115495) authorize /opt/stack/nova/nova/policy.py:199}}
Aug 02 11:42:26.347398 n-d-803191-1 devstack@n-api.service[115495]: INFO nova.api.openstack.requestlog [None req-9de39e37-a927-4d23-8e78-54ae4a09825b tempest-DeleteServersAdminTestJSON-1698747628 tempest-DeleteServersAdminTestJSON-1698747628-project] 10.222.0.50 "GET /compute/v2.1/servers/441818aa-6357-46dc-905a-e355298bb31a" status: 200 len: 1320 microversion: 2.1 time: 0.547602
Aug 02 11:42:26.348737 n-d-803191-1 devstack@n-api.service[115495]: [pid: 115495|app: 0|req: 111/225] 10.222.0.50 () {58 vars in 1236 bytes} [Mon Aug 2 11:42:25 2021] GET /compute/v2.1/servers/441818aa-6357-46dc-905a-e355298bb31a => generated 1320 bytes in 560 msecs (HTTP/1.1 200) 9 headers in 358 bytes (1 switches on core 0)
Aug 02 11:42:26.353708 n-d-803191-1 devstack@n-api.service[115495]: DEBUG nova.api.openstack.wsgi [req-f5974f73-bf36-4f3c-aac0-9ad49b612723 req-c5194d79-6b04-4d2e-ac86-a63f573058a4 service nova] Action: 'create', calling method: >, body: {"events": [{"server_uuid": "d1f0cc43-1cd3-4f60-8f6d-ea9baad30fd2", "name": "network-vif-plugged", "status": "completed", "tag": "eef8a139-1cab-4d5f-a5ab-27a9534a87b6"}]} {{(pid=115495) _process_stack /opt/stack/nova/nova/api/openstack/wsgi.py:511}}
Aug 02 11:42:26.355991 n-d-803191-1 devstack@n-api.service[115495]: /usr/local/lib/python3.8/dist-packages/oslo_policy/policy.py:1064: UserWarning: Policy os_compute_api:os-server-external-events:create failed scope check. The token used to make the request was project scoped but the policy requires ['system'] scope. This behavior may change in the future where using the intended scope is required
Aug 02 11:42:26.355991 n-d-803191-1 devstack@n-api.service[115495]: warnings.warn(msg)
Aug 02 11:42:26.364380 n-d-803191-1 devstack@n-api.service[115495]: DEBUG oslo_concurrency.lockutils [req-f5974f73-bf36-4f3c-aac0-9ad49b612723 req-c5194d79-6b04-4d2e-ac86-a63f573058a4 service nova] Lock "86d86e11-a754-4f14-8346-aa44dda11d76" acquired by "nova.context.set_target_cell..get_or_set_cached_cell_and_set_connections" :: waited 0.000s {{(pid=115495) inner /usr/local/lib/python3.8/dist-packages/oslo_concurrency/lockutils.py:355}}
Aug 02 11:42:26.365076 n-d-803191-1 devstack@n-api.service[115495]: DEBUG oslo_concurrency.lockutils [req-f5974f73-bf36-4f3c-aac0-9ad49b612723 req-c5194d79-6b04-4d2e-ac86-a63f573058a4 service nova] Lock "86d86e11-a754-4f14-8346-aa44dda11d76" released by "nova.context.set_target_cell..get_or_set_cached_cell_and_set_connections" :: held 0.001s {{(pid=115495) inner /usr/local/lib/python3.8/dist-packages/oslo_concurrency/lockutils.py:367}}
Aug 02 11:42:26.365468 n-d-803191-1 devstack@n-api.service[115496]: DEBUG nova.policy [None req-d6c89e28-3e76-4c98-89dc-7e9fb36b96c3 tempest-MigrationsAdminTest-476666780 tempest-MigrationsAdminTest-476666780-project] Policy check for os_compute_api:os-extended-server-attributes failed with credentials {'is_admin': False, 'user_id': '4edd34d06e974183afbd36c86808419f', 'user_domain_id': 'default', 'system_scope': None, 'domain_id': None, 'project_id': '899c83335a5942f9b4497a8f8798505b', 'project_domain_id': 'default', 'roles': ['member', 'reader'], 'is_admin_project': True, 'service_user_id': None, 'service_user_domain_id': None, 'service_project_id': None, 'service_project_domain_id': None, 'service_roles': []} {{(pid=115496) authorize /opt/stack/nova/nova/policy.py:199}}
Aug 02 11:42:26.378263 n-d-803191-1 devstack@n-api.service[115496]: INFO nova.api.openstack.requestlog [None req-d6c89e28-3e76-4c98-89dc-7e9fb36b96c3 tempest-MigrationsAdminTest-476666780 tempest-MigrationsAdminTest-476666780-project] 10.222.0.50 "GET /compute/v2.1/servers/2aeba592-4997-4a52-aec7-13aa0f5c867a" status: 200 len: 1460 microversion: 2.1 time: 0.552387
