Jul 31 02:11:08.710147 n-d-803092-1 cinder-volume[87940]: DEBUG oslo_concurrency.processutils [-] Running cmd (subprocess): tgt-admin --show {{(pid=96667) execute /usr/local/lib/python3.8/dist-packages/oslo_concurrency/processutils.py:384}}
Jul 31 02:11:08.982059 n-d-803092-1 cinder-volume[87940]: DEBUG oslo_concurrency.processutils [-] CMD "tgt-admin --show" returned: 0 in 0.273s {{(pid=96667) execute /usr/local/lib/python3.8/dist-packages/oslo_concurrency/processutils.py:422}}
Jul 31 02:11:08.982941 n-d-803092-1 cinder-volume[87940]: DEBUG oslo.privsep.daemon [-] privsep: reply[139720795712320]: (4, ('Target 1: iqn.2010-10.org.openstack:volume-ad5a155b-c17c-44f8-9c81-cc74c7169a15\n System information:\n Driver: iscsi\n State: ready\n I_T nexus information:\n I_T nexus: 12\n Initiator: iqn.1991-05.com.microsoft:n-h2-803092-1.cbci-803092-1.local alias: none\n Connection: 1\n IP Address: 10.222.0.58\n LUN information:\n LUN: 0\n Type: controller\n SCSI ID: IET 00010000\n SCSI SN: beaf10\n Size: 0 MB, Block size: 1\n Online: Yes\n Removable media: No\n Prevent removal: No\n Readonly: No\n SWP: No\n Thin-provisioning: No\n Backing store type: null\n Backing store path: None\n Backing store flags: \n LUN: 1\n Type: disk\n SCSI ID: IET 00010001\n SCSI SN: beaf11\n Size: 1074 MB, Block size: 512\n Online: Yes\n Removable media: No\n Prevent removal: No\n Readonly: No\n SWP: No\n Thin-provisioning: No\n Backing store type: rdwr\n Backing store path: /dev/stack-volumes-lvmdriver-1/volume-ad5a155b-c17c-44f8-9c81-cc74c7169a15\n Backing store flags: \n Account information:\n 2e7LUGZmNXUt6jiK8cRK\n ACL information:\n ALL\nTarget 2: iqn.2010-10.org.openstack:volume-e21543d4-4cec-4361-af42-970563028cd5\n System information:\n Driver: iscsi\n State: ready\n I_T nexus information:\n I_T nexus: 13\n Initiator: iqn.1991-05.com.microsoft:n-h2-803092-1.cbci-803092-1.local alias: none\n Connection: 1\n IP Address: 10.222.0.58\n LUN information:\n LUN: 0\n Type: controller\n SCSI ID: IET 00020000\n SCSI SN: beaf20\n Size: 0 MB, Block size: 1\n Online: Yes\n Removable media: No\n Prevent removal: No\n Readonly: No\n SWP: No\n Thin-provisioning: No\n Backing store type: null\n Backing store path: None\n Backing store flags: \n LUN: 1\n Type: disk\n SCSI ID: IET 00020001\n SCSI SN: beaf21\n Size: 1074 MB, Block size: 512\n Online: Yes\n Removable media: No\n Prevent removal: No\n Readonly: No\n SWP: No\n Thin-provisioning: No\n Backing store type: rdwr\n Backing store path: /dev/stack-volumes-lvmdriver-1/volume-e21543d4-4cec-4361-af42-970563028cd5\n Backing store flags: \n Account information:\n e8BMLjPZhr9EH5VgWmcT\n ACL information:\n ALL\nTarget 3: iqn.2010-10.org.openstack:volume-9ed66542-26dd-4566-9855-866756394799\n System information:\n Driver: iscsi\n State: ready\n I_T nexus information:\n I_T nexus: 14\n Initiator: iqn.1991-05.com.microsoft:n-h2-803092-1.cbci-803092-1.local alias: none\n Connection: 1\n IP Address: 10.222.0.58\n LUN information:\n LUN: 0\n Type: controller\n SCSI ID: IET 00030000\n SCSI SN: beaf30\n Size: 0 MB, Block size: 1\n Online: Yes\n Removable media: No\n Prevent removal: No\n Readonly: No\n SWP: No\n Thin-provisioning: No\n Backing store type: null\n Backing store path: None\n Backing store flags: \n LUN: 1\n Type: disk\n SCSI ID: IET 00030001\n SCSI SN: beaf31\n Size: 1074 MB, Block size: 512\n Online: Yes\n Removable media: No\n Prevent removal: No\n Readonly: No\n SWP: No\n Thin-provisioning: No\n Backing store type: rdwr\n Backing store path: /dev/stack-volumes-lvmdriver-1/volume-9ed66542-26dd-4566-9855-866756394799\n Backing store flags: \n Account information:\n JeXiDkYQxEEYPJ2YAU6A\n ACL information:\n ALL\nTarget 4: iqn.2010-10.org.openstack:volume-89140ac0-e828-43ec-817c-a50883801b00\n System information:\n Driver: iscsi\n State: ready\n I_T nexus information:\n I_T nexus: 15\n Initiator: iqn.1991-05.com.microsoft:n-h1-803092-1.cbci-803092-1.local alias: none\n Connection: 1\n IP Address: 10.222.0.53\n LUN information:\n LUN: 0\n Type: controller\n SCSI ID: IET 00040000\n SCSI SN: beaf40\n Size: 0 MB, Block size: 1\n Online: Yes\n Removable media: No\n Prevent removal: No\n Readonly: No\n SWP: No\n Thin-provisioning: No\n Backing store type: null\n Backing store path: None\n Backing store flags: \n LUN: 1\n Type: disk\n SCSI ID: IET 00040001\n SCSI SN: beaf41\n Size: 1074 MB, Block size: 512\n Online: Yes\n Removable media: No\n Prevent removal: No\n Readonly: No\n SWP: No\n Thin-provisioning: No\n Backing store type: rdwr\n Backing store path: /dev/stack-volumes-lvmdriver-1/volume-89140ac0-e828-43ec-817c-a50883801b00\n Backing store flags: \n Account information:\n wYiW3Z7WEZnLaqyPMdCU\n ACL information:\n ALL\nTarget 5: iqn.2010-10.org.openstack:volume-be7199ee-4627-436b-82d6-eebe8d316c20\n System information:\n Driver: iscsi\n State: ready\n I_T nexus information:\n LUN information:\n LUN: 0\n Type: controller\n SCSI ID: IET 00050000\n SCSI SN: beaf50\n Size: 0 MB, Block size: 1\n Online: Yes\n Removable media: No\n Prevent removal: No\n Readonly: No\n SWP: No\n Thin-provisioning: No\n Backing store type: null\n Backing store path: None\n Backing store flags: \n LUN: 1\n Type: disk\n SCSI ID: IET 00050001\n SCSI SN: beaf51\n Size: 1074 MB, Block size: 512\n Online: Yes\n Removable media: No\n Prevent removal: No\n Readonly: No\n SWP: No\n Thin-provisioning: No\n Backing store type: rdwr\n Backing store path: /dev/stack-volumes-lvmdriver-1/volume-be7199ee-4627-436b-82d6-eebe8d316c20\n Backing store flags: \n Account information:\n 7GhhunQAR6CjtcmMoJgx\n ACL information:\n ALL\n', '')) {{(pid=96667) _call_back /usr/local/lib/python3.8/dist-packages/oslo_privsep/daemon.py:510}}
Jul 31 02:11:08.985257 n-d-803092-1 cinder-volume[87940]: DEBUG cinder.volume.targets.iscsi [req-ff2b47b1-06f6-4c55-b0da-6fc156cc71de req-e5f52797-bfdc-4486-8921-476cbf8cec5a tempest-VolumesBackupsTest-1945668320 None] Set provider_location to: 10.222.0.39:3260,5 iqn.2010-10.org.openstack:volume-be7199ee-4627-436b-82d6-eebe8d316c20 1 {{(pid=87940) create_export /opt/stack/cinder/cinder/volume/targets/iscsi.py:204}}
Jul 31 02:11:09.175264 n-d-803092-1 sudo[107548]: pam_unix(sudo:session): session closed for user root
Jul 31 02:11:09.264794 n-d-803092-1 cinder-volume[87940]: DEBUG oslo_concurrency.processutils [None req-86ebeddc-bc0b-4504-a719-84dcb8fe500f tempest-VolumesSnapshotListTestJSON-505105159 None] CMD "sudo cinder-rootwrap /etc/cinder/rootwrap.conf env LC_ALL=C lvs --noheadings --unit=g -o vg_name,name,size --nosuffix --readonly stack-volumes-lvmdriver-1/_snapshot-d4fba158-7164-4771-8418-fcb476dd7c08" returned: 0 in 0.877s {{(pid=87940) execute /usr/local/lib/python3.8/dist-packages/oslo_concurrency/processutils.py:422}}
Jul 31 02:11:09.268249 n-d-803092-1 cinder-volume[87940]: DEBUG oslo_concurrency.processutils [None req-86ebeddc-bc0b-4504-a719-84dcb8fe500f tempest-VolumesSnapshotListTestJSON-505105159 None] Running cmd (subprocess): sudo cinder-rootwrap /etc/cinder/rootwrap.conf lvremove --config activation { retry_deactivation = 1} -f stack-volumes-lvmdriver-1/_snapshot-d4fba158-7164-4771-8418-fcb476dd7c08 {{(pid=87940) execute /usr/local/lib/python3.8/dist-packages/oslo_concurrency/processutils.py:384}}
Jul 31 02:11:09.313622 n-d-803092-1 sudo[107586]: ubuntu : TTY=unknown ; PWD=/ ; USER=root ; COMMAND=/usr/local/bin/cinder-rootwrap /etc/cinder/rootwrap.conf lvremove --config activation { retry_deactivation = 1} -f stack-volumes-lvmdriver-1/_snapshot-d4fba158-7164-4771-8418-fcb476dd7c08
Jul 31 02:11:09.316056 n-d-803092-1 sudo[107586]: pam_unix(sudo:session): session opened for user root by (uid=0)
Jul 31 02:11:09.456292 n-d-803092-1 cinder-volume[87940]: INFO cinder.volume.manager [req-ff2b47b1-06f6-4c55-b0da-6fc156cc71de req-e5f52797-bfdc-4486-8921-476cbf8cec5a tempest-VolumesBackupsTest-1945668320 None] attachment_update completed successfully.
Jul 31 02:11:10.255540 n-d-803092-1 sudo[107586]: pam_unix(sudo:session): session closed for user root
Jul 31 02:11:10.258211 n-d-803092-1 cinder-volume[87940]: DEBUG oslo_concurrency.processutils [None req-86ebeddc-bc0b-4504-a719-84dcb8fe500f tempest-VolumesSnapshotListTestJSON-505105159 None] CMD "sudo cinder-rootwrap /etc/cinder/rootwrap.conf lvremove --config activation { retry_deactivation = 1} -f stack-volumes-lvmdriver-1/_snapshot-d4fba158-7164-4771-8418-fcb476dd7c08" returned: 0 in 0.990s {{(pid=87940) execute /usr/local/lib/python3.8/dist-packages/oslo_concurrency/processutils.py:422}}
Jul 31 02:11:10.493905 n-d-803092-1 cinder-volume[87940]: DEBUG cinder.quota [None req-86ebeddc-bc0b-4504-a719-84dcb8fe500f tempest-VolumesSnapshotListTestJSON-505105159 None] Created reservations ['0e897888-99e4-4933-98f2-f84431e37a0d', '6be049b8-b958-4d41-8d75-5bbd1cb6726c', 'ebc454a6-bb69-4d50-89a9-4ec3200029de', '85b1edb0-b919-4f1b-b774-b425a7adc90a'] {{(pid=87940) reserve /opt/stack/cinder/cinder/quota.py:756}}
Jul 31 02:11:10.604599 n-d-803092-1 cinder-volume[87940]: INFO cinder.volume.manager [None req-86ebeddc-bc0b-4504-a719-84dcb8fe500f tempest-VolumesSnapshotListTestJSON-505105159 None] Delete snapshot completed successfully.
Jul 31 02:11:10.621015 n-d-803092-1 cinder-volume[87940]: DEBUG cinder.coordination [None req-86ebeddc-bc0b-4504-a719-84dcb8fe500f tempest-VolumesSnapshotListTestJSON-505105159 None] Lock "b'cinder-d4fba158-7164-4771-8418-fcb476dd7c08-delete_snapshot'" released by "delete_snapshot" :: held 2.240s {{(pid=87940) _synchronized /opt/stack/cinder/cinder/coordination.py:158}}
Jul 31 02:11:10.857323 n-d-803092-1 cinder-volume[87940]: DEBUG cinder.coordination [None req-d665c0c1-8112-4c44-aa1f-4b3f617d383f tempest-VolumesSnapshotListTestJSON-505105159 None] Lock "b'cinder-c2913d2e-5b2c-47dd-9c0d-1739d922707e-delete_volume'" acquired by "delete_volume" :: waited 0.020s {{(pid=87940) _synchronized /opt/stack/cinder/cinder/coordination.py:146}}
Jul 31 02:11:11.085026 n-d-803092-1 cinder-volume[87940]: INFO cinder.volume.targets.iscsi [None req-d665c0c1-8112-4c44-aa1f-4b3f617d383f tempest-VolumesSnapshotListTestJSON-505105159 None] Skipping remove_export. No iscsi_target is presently exported for volume: c2913d2e-5b2c-47dd-9c0d-1739d922707e
Jul 31 02:11:11.092734 n-d-803092-1 cinder-volume[87940]: DEBUG oslo_concurrency.processutils [None req-d665c0c1-8112-4c44-aa1f-4b3f617d383f tempest-VolumesSnapshotListTestJSON-505105159 None] Running cmd (subprocess): sudo cinder-rootwrap /etc/cinder/rootwrap.conf env LC_ALL=C lvs --noheadings --unit=g -o vg_name,name,size --nosuffix --readonly stack-volumes-lvmdriver-1/volume-c2913d2e-5b2c-47dd-9c0d-1739d922707e {{(pid=87940) execute /usr/local/lib/python3.8/dist-packages/oslo_concurrency/processutils.py:384}}
Jul 31 02:11:11.157367 n-d-803092-1 sudo[107647]: ubuntu : TTY=unknown ; PWD=/ ; USER=root ; COMMAND=/usr/local/bin/cinder-rootwrap /etc/cinder/rootwrap.conf env LC_ALL=C lvs --noheadings --unit=g -o vg_name,name,size --nosuffix --readonly stack-volumes-lvmdriver-1/volume-c2913d2e-5b2c-47dd-9c0d-1739d922707e
Jul 31 02:11:11.159926 n-d-803092-1 sudo[107647]: pam_unix(sudo:session): session opened for user root by (uid=0)
Jul 31 02:11:11.877509 n-d-803092-1 sudo[107647]: pam_unix(sudo:session): session closed for user root
Jul 31 02:11:11.880390 n-d-803092-1 cinder-volume[87940]: DEBUG oslo_concurrency.processutils [None req-d665c0c1-8112-4c44-aa1f-4b3f617d383f tempest-VolumesSnapshotListTestJSON-505105159 None] CMD "sudo cinder-rootwrap /etc/cinder/rootwrap.conf env LC_ALL=C lvs --noheadings --unit=g -o vg_name,name,size --nosuffix --readonly stack-volumes-lvmdriver-1/volume-c2913d2e-5b2c-47dd-9c0d-1739d922707e" returned: 0 in 0.792s {{(pid=87940) execute /usr/local/lib/python3.8/dist-packages/oslo_concurrency/processutils.py:422}}
Jul 31 02:11:11.883816 n-d-803092-1 cinder-volume[87940]: DEBUG oslo_concurrency.processutils [None req-d665c0c1-8112-4c44-aa1f-4b3f617d383f tempest-VolumesSnapshotListTestJSON-505105159 None] Running cmd (subprocess): sudo cinder-rootwrap /etc/cinder/rootwrap.conf env LC_ALL=C lvdisplay --noheading -C -o Attr --readonly stack-volumes-lvmdriver-1/volume-c2913d2e-5b2c-47dd-9c0d-1739d922707e {{(pid=87940) execute /usr/local/lib/python3.8/dist-packages/oslo_concurrency/processutils.py:384}}
Jul 31 02:11:11.914888 n-d-803092-1 sudo[107652]: ubuntu : TTY=unknown ; PWD=/ ; USER=root ; COMMAND=/usr/local/bin/cinder-rootwrap /etc/cinder/rootwrap.conf env LC_ALL=C lvdisplay --noheading -C -o Attr --readonly stack-volumes-lvmdriver-1/volume-c2913d2e-5b2c-47dd-9c0d-1739d922707e
Jul 31 02:11:11.916648 n-d-803092-1 sudo[107652]: pam_unix(sudo:session): session opened for user root by (uid=0)
Jul 31 02:11:12.617739 n-d-803092-1 sudo[107652]: pam_unix(sudo:session): session closed for user root
Jul 31 02:11:12.620102 n-d-803092-1 cinder-volume[87940]: DEBUG oslo_concurrency.processutils [None req-d665c0c1-8112-4c44-aa1f-4b3f617d383f tempest-VolumesSnapshotListTestJSON-505105159 None] CMD "sudo cinder-rootwrap /etc/cinder/rootwrap.conf env LC_ALL=C lvdisplay --noheading -C -o Attr --readonly stack-volumes-lvmdriver-1/volume-c2913d2e-5b2c-47dd-9c0d-1739d922707e" returned: 0 in 0.736s {{(pid=87940) execute /usr/local/lib/python3.8/dist-packages/oslo_concurrency/processutils.py:422}}
Jul 31 02:11:12.622598 n-d-803092-1 cinder-volume[87940]: DEBUG oslo_concurrency.processutils [None req-d665c0c1-8112-4c44-aa1f-4b3f617d383f tempest-VolumesSnapshotListTestJSON-505105159 None] Running cmd (subprocess): sudo cinder-rootwrap /etc/cinder/rootwrap.conf lvremove --config activation { retry_deactivation = 1} -f stack-volumes-lvmdriver-1/volume-c2913d2e-5b2c-47dd-9c0d-1739d922707e {{(pid=87940) execute /usr/local/lib/python3.8/dist-packages/oslo_concurrency/processutils.py:384}}
Jul 31 02:11:12.646816 n-d-803092-1 sudo[107655]: ubuntu : TTY=unknown ; PWD=/ ; USER=root ; COMMAND=/usr/local/bin/cinder-rootwrap /etc/cinder/rootwrap.conf lvremove --config activation { retry_deactivation = 1} -f stack-volumes-lvmdriver-1/volume-c2913d2e-5b2c-47dd-9c0d-1739d922707e
Jul 31 02:11:12.647930 n-d-803092-1 sudo[107655]: pam_unix(sudo:session): session opened for user root by (uid=0)
Jul 31 02:11:13.563243 n-d-803092-1 sudo[107655]: pam_unix(sudo:session): session closed for user root
Jul 31 02:11:13.565569 n-d-803092-1 cinder-volume[87940]: DEBUG oslo_concurrency.processutils [None req-d665c0c1-8112-4c44-aa1f-4b3f617d383f tempest-VolumesSnapshotListTestJSON-505105159 None] CMD "sudo cinder-rootwrap /etc/cinder/rootwrap.conf lvremove --config activation { retry_deactivation = 1} -f stack-volumes-lvmdriver-1/volume-c2913d2e-5b2c-47dd-9c0d-1739d922707e" returned: 0 in 0.943s {{(pid=87940) execute /usr/local/lib/python3.8/dist-packages/oslo_concurrency/processutils.py:422}}
Jul 31 02:11:13.566763 n-d-803092-1 cinder-volume[87940]: INFO cinder.volume.drivers.lvm [None req-d665c0c1-8112-4c44-aa1f-4b3f617d383f tempest-VolumesSnapshotListTestJSON-505105159 None] Successfully deleted volume: c2913d2e-5b2c-47dd-9c0d-1739d922707e
Jul 31 02:11:13.635968 n-d-803092-1 cinder-volume[87940]: DEBUG cinder.quota [None req-d665c0c1-8112-4c44-aa1f-4b3f617d383f tempest-VolumesSnapshotListTestJSON-505105159 None] Created reservations ['864dd11d-c4cc-48f4-8afd-3c729a50c374', 'd9b0509d-747b-4b41-ae89-978e74f6e3a0', '4a3fbfd5-c454-43dd-9c83-f52793f465bf', 'd1c50a1d-1175-4362-9575-79847edcc7c1'] {{(pid=87940) reserve /opt/stack/cinder/cinder/quota.py:756}}
Jul 31 02:11:13.722080 n-d-803092-1 cinder-volume[87940]: DEBUG cinder.volume.drivers.lvm [None req-d665c0c1-8112-4c44-aa1f-4b3f617d383f tempest-VolumesSnapshotListTestJSON-505105159 None] Updating volume stats {{(pid=87940) _update_volume_stats /opt/stack/cinder/cinder/volume/drivers/lvm.py:214}}
Jul 31 02:11:13.723413 n-d-803092-1 cinder-volume[87940]: DEBUG oslo_concurrency.processutils [None req-d665c0c1-8112-4c44-aa1f-4b3f617d383f tempest-VolumesSnapshotListTestJSON-505105159 None] Running cmd (subprocess): sudo cinder-rootwrap /etc/cinder/rootwrap.conf env LC_ALL=C vgs --noheadings --unit=g -o name,size,free,lv_count,uuid --separator : --nosuffix stack-volumes-lvmdriver-1 {{(pid=87940) execute /usr/local/lib/python3.8/dist-packages/oslo_concurrency/processutils.py:384}}
Jul 31 02:11:13.765079 n-d-803092-1 sudo[107678]: ubuntu : TTY=unknown ; PWD=/ ; USER=root ; COMMAND=/usr/local/bin/cinder-rootwrap /etc/cinder/rootwrap.conf env LC_ALL=C vgs --noheadings --unit=g -o name,size,free,lv_count,uuid --separator : --nosuffix stack-volumes-lvmdriver-1
Jul 31 02:11:13.767558 n-d-803092-1 sudo[107678]: pam_unix(sudo:session): session opened for user root by (uid=0)
Jul 31 02:11:14.439119 n-d-803092-1 sudo[107678]: pam_unix(sudo:session): session closed for user root
Jul 31 02:11:14.442340 n-d-803092-1 cinder-volume[87940]: DEBUG oslo_concurrency.processutils [None req-d665c0c1-8112-4c44-aa1f-4b3f617d383f tempest-VolumesSnapshotListTestJSON-505105159 None] CMD "sudo cinder-rootwrap /etc/cinder/rootwrap.conf env LC_ALL=C vgs --noheadings --unit=g -o name,size,free,lv_count,uuid --separator : --nosuffix stack-volumes-lvmdriver-1" returned: 0 in 0.718s {{(pid=87940) execute /usr/local/lib/python3.8/dist-packages/oslo_concurrency/processutils.py:422}}
Jul 31 02:11:14.446384 n-d-803092-1 cinder-volume[87940]: DEBUG oslo_concurrency.processutils [None req-d665c0c1-8112-4c44-aa1f-4b3f617d383f tempest-VolumesSnapshotListTestJSON-505105159 None] Running cmd (subprocess): sudo cinder-rootwrap /etc/cinder/rootwrap.conf env LC_ALL=C lvs --noheadings --unit=g -o vg_name,name,size --nosuffix --readonly stack-volumes-lvmdriver-1 {{(pid=87940) execute /usr/local/lib/python3.8/dist-packages/oslo_concurrency/processutils.py:384}}
Jul 31 02:11:14.477927 n-d-803092-1 sudo[107685]: ubuntu : TTY=unknown ; PWD=/ ; USER=root ; COMMAND=/usr/local/bin/cinder-rootwrap /etc/cinder/rootwrap.conf env LC_ALL=C lvs --noheadings --unit=g -o vg_name,name,size --nosuffix --readonly stack-volumes-lvmdriver-1
Jul 31 02:11:14.479224 n-d-803092-1 sudo[107685]: pam_unix(sudo:session): session opened for user root by (uid=0)
Jul 31 02:11:15.615247 n-d-803092-1 sudo[107685]: pam_unix(sudo:session): session closed for user root
Jul 31 02:11:15.620016 n-d-803092-1 cinder-volume[87940]: DEBUG oslo_concurrency.processutils [None req-d665c0c1-8112-4c44-aa1f-4b3f617d383f tempest-VolumesSnapshotListTestJSON-505105159 None] CMD "sudo cinder-rootwrap /etc/cinder/rootwrap.conf env LC_ALL=C lvs --noheadings --unit=g -o vg_name,name,size --nosuffix --readonly stack-volumes-lvmdriver-1" returned: 0 in 1.174s {{(pid=87940) execute /usr/local/lib/python3.8/dist-packages/oslo_concurrency/processutils.py:422}}
Jul 31 02:11:15.624632 n-d-803092-1 cinder-volume[87940]: DEBUG cinder.manager [None req-d665c0c1-8112-4c44-aa1f-4b3f617d383f tempest-VolumesSnapshotListTestJSON-505105159 None] Notifying Schedulers of capabilities ... {{(pid=87940) _publish_service_capabilities /opt/stack/cinder/cinder/manager.py:197}}
Jul 31 02:11:15.645577 n-d-803092-1 cinder-volume[87940]: INFO cinder.volume.manager [None req-d665c0c1-8112-4c44-aa1f-4b3f617d383f tempest-VolumesSnapshotListTestJSON-505105159 None] Deleted volume successfully.
Jul 31 02:11:15.709858 n-d-803092-1 cinder-volume[87940]: DEBUG cinder.coordination [None req-d665c0c1-8112-4c44-aa1f-4b3f617d383f tempest-VolumesSnapshotListTestJSON-505105159 None] Lock "b'cinder-c2913d2e-5b2c-47dd-9c0d-1739d922707e-delete_volume'" released by "delete_volume" :: held 4.852s {{(pid=87940) _synchronized /opt/stack/cinder/cinder/coordination.py:158}}
Jul 31 02:11:20.032831 n-d-803092-1 cinder-volume[87940]: DEBUG cinder.volume.driver [None req-d0deea1a-88e0-41da-8dce-fc46ebb9c0f9 tempest-VolumesBackupsTest-1945668320 None] Creating a new backup for volume volume-be7199ee-4627-436b-82d6-eebe8d316c20. {{(pid=87940) _get_backup_volume_temp_volume /opt/stack/cinder/cinder/volume/driver.py:1222}}
Jul 31 02:11:20.168971 n-d-803092-1 cinder-volume[87940]: INFO cinder.volume.drivers.lvm [None req-d0deea1a-88e0-41da-8dce-fc46ebb9c0f9 tempest-VolumesBackupsTest-1945668320 None] Creating clone of volume: be7199ee-4627-436b-82d6-eebe8d316c20
Jul 31 02:11:20.170620 n-d-803092-1 cinder-volume[87940]: DEBUG oslo_concurrency.processutils [None req-d0deea1a-88e0-41da-8dce-fc46ebb9c0f9 tempest-VolumesBackupsTest-1945668320 None] Running cmd (subprocess): sudo cinder-rootwrap /etc/cinder/rootwrap.conf env LC_ALL=C lvs --noheadings --unit=g -o vg_name,name,size --nosuffix --readonly stack-volumes-lvmdriver-1/volume-be7199ee-4627-436b-82d6-eebe8d316c20 {{(pid=87940) execute /usr/local/lib/python3.8/dist-packages/oslo_concurrency/processutils.py:384}}
Jul 31 02:11:20.218233 n-d-803092-1 sudo[107713]: ubuntu : TTY=unknown ; PWD=/ ; USER=root ; COMMAND=/usr/local/bin/cinder-rootwrap /etc/cinder/rootwrap.conf env LC_ALL=C lvs --noheadings --unit=g -o vg_name,name,size --nosuffix --readonly stack-volumes-lvmdriver-1/volume-be7199ee-4627-436b-82d6-eebe8d316c20
Jul 31 02:11:20.221124 n-d-803092-1 sudo[107713]: pam_unix(sudo:session): session opened for user root by (uid=0)
Jul 31 02:11:21.065025 n-d-803092-1 sudo[107713]: pam_unix(sudo:session): session closed for user root
Jul 31 02:11:21.069560 n-d-803092-1 cinder-volume[87940]: DEBUG oslo_concurrency.processutils [None req-d0deea1a-88e0-41da-8dce-fc46ebb9c0f9 tempest-VolumesBackupsTest-1945668320 None] CMD "sudo cinder-rootwrap /etc/cinder/rootwrap.conf env LC_ALL=C lvs --noheadings --unit=g -o vg_name,name,size --nosuffix --readonly stack-volumes-lvmdriver-1/volume-be7199ee-4627-436b-82d6-eebe8d316c20" returned: 0 in 0.899s {{(pid=87940) execute /usr/local/lib/python3.8/dist-packages/oslo_concurrency/processutils.py:422}}
Jul 31 02:11:21.079207 n-d-803092-1 cinder-volume[87940]: DEBUG oslo_concurrency.processutils [None req-d0deea1a-88e0-41da-8dce-fc46ebb9c0f9 tempest-VolumesBackupsTest-1945668320 None] Running cmd (subprocess): sudo cinder-rootwrap /etc/cinder/rootwrap.conf env LC_ALL=C lvcreate --name clone-snap-3eb28ea9-8499-4a88-9374-b71fc6b49332 --snapshot stack-volumes-lvmdriver-1/volume-be7199ee-4627-436b-82d6-eebe8d316c20 -L 1.00g {{(pid=87940) execute /usr/local/lib/python3.8/dist-packages/oslo_concurrency/processutils.py:384}}
Jul 31 02:11:21.145520 n-d-803092-1 sudo[107716]: ubuntu : TTY=unknown ; PWD=/ ; USER=root ; COMMAND=/usr/local/bin/cinder-rootwrap /etc/cinder/rootwrap.conf env LC_ALL=C lvcreate --name clone-snap-3eb28ea9-8499-4a88-9374-b71fc6b49332 --snapshot stack-volumes-lvmdriver-1/volume-be7199ee-4627-436b-82d6-eebe8d316c20 -L 1.00g
Jul 31 02:11:21.147946 n-d-803092-1 sudo[107716]: pam_unix(sudo:session): session opened for user root by (uid=0)
Jul 31 02:11:22.067933 n-d-803092-1 cinder-volume[87940]: DEBUG cinder.volume.flows.manager.create_volume [None req-b89df07f-a21d-4d0c-ada6-ca159fcfbfba tempest-ServerRescueNegativeTestJSON-1118324063 None] Volume reschedule parameters: True retry: {'num_attempts': 1, 'backends': ['n-d-803092-1@lvmdriver-1#lvmdriver-1'], 'hosts': ['n-d-803092-1@lvmdriver-1#lvmdriver-1']} {{(pid=87940) get_flow /opt/stack/cinder/cinder/volume/flows/manager/create_volume.py:1263}}
Jul 31 02:11:22.080051 n-d-803092-1 cinder-volume[87940]: WARNING stevedore.named [None req-b89df07f-a21d-4d0c-ada6-ca159fcfbfba tempest-ServerRescueNegativeTestJSON-1118324063 None] Could not load cinder.keymgr.conf_key_mgr.ConfKeyManager
Jul 31 02:11:22.082493 n-d-803092-1 cinder-volume[87940]: WARNING castellan.key_manager [None req-b89df07f-a21d-4d0c-ada6-ca159fcfbfba tempest-ServerRescueNegativeTestJSON-1118324063 None] Deprecation Warning : cinder.keymgr.conf_key_mgr.ConfKeyManager is not a stevedore based driver, trying to load it as a class: stevedore.exception.NoMatches: No 'castellan.drivers' driver found, looking for 'cinder.keymgr.conf_key_mgr.ConfKeyManager'
Jul 31 02:11:22.116588 n-d-803092-1 cinder-volume[87940]: DEBUG cinder.volume.manager [None req-b89df07f-a21d-4d0c-ada6-ca159fcfbfba tempest-ServerRescueNegativeTestJSON-1118324063 None] Flow 'volume_create_manager' (b5ffe335-06c5-4e09-bdfd-aec09129070d) transitioned into state 'RUNNING' from state 'PENDING' {{(pid=87940) _flow_receiver /usr/local/lib/python3.8/dist-packages/taskflow/listeners/logging.py:141}}
Jul 31 02:11:22.124286 n-d-803092-1 cinder-volume[87940]: DEBUG cinder.volume.manager [None req-b89df07f-a21d-4d0c-ada6-ca159fcfbfba tempest-ServerRescueNegativeTestJSON-1118324063 None] Task 'cinder.volume.flows.manager.create_volume.ExtractVolumeRefTask;volume:create' (7958efb0-2ae6-4b9a-9f65-1c0b0594e774) transitioned into state 'RUNNING' from state 'PENDING' {{(pid=87940) _task_receiver /usr/local/lib/python3.8/dist-packages/taskflow/listeners/logging.py:190}}
Jul 31 02:11:22.165603 n-d-803092-1 cinder-volume[87940]: DEBUG oslo_db.sqlalchemy.engines [None req-b89df07f-a21d-4d0c-ada6-ca159fcfbfba tempest-ServerRescueNegativeTestJSON-1118324063 None] MySQL server mode set to STRICT_TRANS_TABLES,STRICT_ALL_TABLES,NO_ZERO_IN_DATE,NO_ZERO_DATE,ERROR_FOR_DIVISION_BY_ZERO,TRADITIONAL,NO_ENGINE_SUBSTITUTION {{(pid=87940) _check_effective_sql_mode /usr/local/lib/python3.8/dist-packages/oslo_db/sqlalchemy/engines.py:304}}
Jul 31 02:11:22.220214 n-d-803092-1 cinder-volume[87940]: DEBUG cinder.volume.manager [None req-b89df07f-a21d-4d0c-ada6-ca159fcfbfba tempest-ServerRescueNegativeTestJSON-1118324063 None] Task 'cinder.volume.flows.manager.create_volume.ExtractVolumeRefTask;volume:create' (7958efb0-2ae6-4b9a-9f65-1c0b0594e774) transitioned into state 'SUCCESS' from state 'RUNNING' with result 'Volume(_name_id=None,admin_metadata=>,attach_status='detached',availability_zone='nova',bootable=False,cluster=>,cluster_name=None,consistencygroup=>,consistencygroup_id=None,created_at=2021-07-31T02:11:21Z,deleted=False,deleted_at=None,display_description=None,display_name='tempest-ServerRescueNegativeTestJSON-volume-246219785',ec2_id=None,encryption_key_id=None,glance_metadata=>,group=>,group_id=None,host='n-d-803092-1@lvmdriver-1#lvmdriver-1',id=1d9a1ffe-3239-4049-8d60-f61f68150c74,launched_at=None,metadata={},migration_status=None,multiattach=False,previous_status=None,project_id='f1ec7ca376ba4781a52a9e3c10679bd4',provider_auth=None,provider_geometry=None,provider_id=None,provider_location=None,replication_driver_data=None,replication_extended_status=None,replication_status=None,scheduled_at=2021-07-31T02:11:22Z,service_uuid=None,shared_targets=True,size=1,snapshot_id=None,snapshots=>,source_volid=None,status='creating',terminated_at=None,updated_at=2021-07-31T02:11:22Z,user_id='ba8bf10675d54e7e9825380ecf8ba21c',volume_attachment=>,volume_type=VolumeType(9c65a820-e240-4a52-8348-3f6f6be8a15d),volume_type_id=9c65a820-e240-4a52-8348-3f6f6be8a15d)' {{(pid=87940) _task_receiver /usr/local/lib/python3.8/dist-packages/taskflow/listeners/logging.py:178}}
Jul 31 02:11:22.223320 n-d-803092-1 cinder-volume[87940]: DEBUG cinder.volume.manager [None req-b89df07f-a21d-4d0c-ada6-ca159fcfbfba tempest-ServerRescueNegativeTestJSON-1118324063 None] Task 'cinder.volume.flows.manager.create_volume.OnFailureRescheduleTask;volume:create' (e289740d-8497-4cea-8bff-96c3246e86ec) transitioned into state 'RUNNING' from state 'PENDING' {{(pid=87940) _task_receiver /usr/local/lib/python3.8/dist-packages/taskflow/listeners/logging.py:190}}
Jul 31 02:11:22.225507 n-d-803092-1 cinder-volume[87940]: DEBUG cinder.volume.manager [None req-b89df07f-a21d-4d0c-ada6-ca159fcfbfba tempest-ServerRescueNegativeTestJSON-1118324063 None] Task 'cinder.volume.flows.manager.create_volume.OnFailureRescheduleTask;volume:create' (e289740d-8497-4cea-8bff-96c3246e86ec) transitioned into state 'SUCCESS' from state 'RUNNING' with result 'None' {{(pid=87940) _task_receiver /usr/local/lib/python3.8/dist-packages/taskflow/listeners/logging.py:178}}
Jul 31 02:11:22.228223 n-d-803092-1 cinder-volume[87940]: DEBUG cinder.volume.manager [None req-b89df07f-a21d-4d0c-ada6-ca159fcfbfba tempest-ServerRescueNegativeTestJSON-1118324063 None] Task 'cinder.volume.flows.manager.create_volume.ExtractVolumeSpecTask;volume:create' (5cbf1007-c8fd-44bb-9ad8-ac27b01444d3) transitioned into state 'RUNNING' from state 'PENDING' {{(pid=87940) _task_receiver /usr/local/lib/python3.8/dist-packages/taskflow/listeners/logging.py:190}}
Jul 31 02:11:22.231539 n-d-803092-1 cinder-volume[87940]: DEBUG cinder.volume.manager [None req-b89df07f-a21d-4d0c-ada6-ca159fcfbfba tempest-ServerRescueNegativeTestJSON-1118324063 None] Task 'cinder.volume.flows.manager.create_volume.ExtractVolumeSpecTask;volume:create' (5cbf1007-c8fd-44bb-9ad8-ac27b01444d3) transitioned into state 'SUCCESS' from state 'RUNNING' with result '{'status': 'creating', 'type': 'raw', 'volume_id': '1d9a1ffe-3239-4049-8d60-f61f68150c74', 'volume_name': 'volume-1d9a1ffe-3239-4049-8d60-f61f68150c74', 'volume_size': 1}' {{(pid=87940) _task_receiver /usr/local/lib/python3.8/dist-packages/taskflow/listeners/logging.py:178}}
Jul 31 02:11:22.234375 n-d-803092-1 cinder-volume[87940]: DEBUG cinder.volume.manager [None req-b89df07f-a21d-4d0c-ada6-ca159fcfbfba tempest-ServerRescueNegativeTestJSON-1118324063 None] Task 'cinder.volume.flows.manager.create_volume.NotifyVolumeActionTask;volume:create, create.start' (3dc725c9-b1bb-453a-8dc9-100e845572b4) transitioned into state 'RUNNING' from state 'PENDING' {{(pid=87940) _task_receiver /usr/local/lib/python3.8/dist-packages/taskflow/listeners/logging.py:190}}
Jul 31 02:11:22.237814 n-d-803092-1 cinder-volume[87940]: DEBUG cinder.volume.manager [None req-b89df07f-a21d-4d0c-ada6-ca159fcfbfba tempest-ServerRescueNegativeTestJSON-1118324063 None] Task 'cinder.volume.flows.manager.create_volume.NotifyVolumeActionTask;volume:create, create.start' (3dc725c9-b1bb-453a-8dc9-100e845572b4) transitioned into state 'SUCCESS' from state 'RUNNING' with result 'None' {{(pid=87940) _task_receiver /usr/local/lib/python3.8/dist-packages/taskflow/listeners/logging.py:178}}
Jul 31 02:11:22.240615 n-d-803092-1 cinder-volume[87940]: DEBUG cinder.volume.manager [None req-b89df07f-a21d-4d0c-ada6-ca159fcfbfba tempest-ServerRescueNegativeTestJSON-1118324063 None] Task 'cinder.volume.flows.manager.create_volume.CreateVolumeFromSpecTask;volume:create' (589b6717-3309-48e5-96f8-761b92bd5d70) transitioned into state 'RUNNING' from state 'PENDING' {{(pid=87940) _task_receiver /usr/local/lib/python3.8/dist-packages/taskflow/listeners/logging.py:190}}
Jul 31 02:11:22.241684 n-d-803092-1 cinder-volume[87940]: INFO cinder.volume.flows.manager.create_volume [None req-b89df07f-a21d-4d0c-ada6-ca159fcfbfba tempest-ServerRescueNegativeTestJSON-1118324063 None] Volume 1d9a1ffe-3239-4049-8d60-f61f68150c74: being created as raw with specification: {'status': 'creating', 'volume_name': 'volume-1d9a1ffe-3239-4049-8d60-f61f68150c74', 'volume_size': 1}
Jul 31 02:11:22.243282 n-d-803092-1 cinder-volume[87940]: DEBUG oslo_concurrency.processutils [None req-b89df07f-a21d-4d0c-ada6-ca159fcfbfba tempest-ServerRescueNegativeTestJSON-1118324063 None] Running cmd (subprocess): sudo cinder-rootwrap /etc/cinder/rootwrap.conf env LC_ALL=C lvcreate -n volume-1d9a1ffe-3239-4049-8d60-f61f68150c74 stack-volumes-lvmdriver-1 -L 1g {{(pid=87940) execute /usr/local/lib/python3.8/dist-packages/oslo_concurrency/processutils.py:384}}
Jul 31 02:11:22.271863 n-d-803092-1 sudo[107740]: ubuntu : TTY=unknown ; PWD=/ ; USER=root ; COMMAND=/usr/local/bin/cinder-rootwrap /etc/cinder/rootwrap.conf env LC_ALL=C lvcreate -n volume-1d9a1ffe-3239-4049-8d60-f61f68150c74 stack-volumes-lvmdriver-1 -L 1g
Jul 31 02:11:22.273630 n-d-803092-1 sudo[107740]: pam_unix(sudo:session): session opened for user root by (uid=0)
Jul 31 02:11:22.732708 n-d-803092-1 sudo[107716]: pam_unix(sudo:session): session closed for user root
Jul 31 02:11:22.736285 n-d-803092-1 cinder-volume[87940]: DEBUG oslo_concurrency.processutils [None req-d0deea1a-88e0-41da-8dce-fc46ebb9c0f9 tempest-VolumesBackupsTest-1945668320 None] CMD "sudo cinder-rootwrap /etc/cinder/rootwrap.conf env LC_ALL=C lvcreate --name clone-snap-3eb28ea9-8499-4a88-9374-b71fc6b49332 --snapshot stack-volumes-lvmdriver-1/volume-be7199ee-4627-436b-82d6-eebe8d316c20 -L 1.00g" returned: 0 in 1.657s {{(pid=87940) execute /usr/local/lib/python3.8/dist-packages/oslo_concurrency/processutils.py:422}}
Jul 31 02:11:22.738916 n-d-803092-1 cinder-volume[87940]: DEBUG oslo_concurrency.processutils [None req-d0deea1a-88e0-41da-8dce-fc46ebb9c0f9 tempest-VolumesBackupsTest-1945668320 None] Running cmd (subprocess): sudo cinder-rootwrap /etc/cinder/rootwrap.conf env LC_ALL=C lvcreate -n volume-3eb28ea9-8499-4a88-9374-b71fc6b49332 stack-volumes-lvmdriver-1 -L 1g {{(pid=87940) execute /usr/local/lib/python3.8/dist-packages/oslo_concurrency/processutils.py:384}}
Jul 31 02:11:22.789572 n-d-803092-1 sudo[107826]: ubuntu : TTY=unknown ; PWD=/ ; USER=root ; COMMAND=/usr/local/bin/cinder-rootwrap /etc/cinder/rootwrap.conf env LC_ALL=C lvcreate -n volume-3eb28ea9-8499-4a88-9374-b71fc6b49332 stack-volumes-lvmdriver-1 -L 1g
Jul 31 02:11:22.791934 n-d-803092-1 sudo[107826]: pam_unix(sudo:session): session opened for user root by (uid=0)
Jul 31 02:11:23.037326 n-d-803092-1 sudo[107740]: pam_unix(sudo:session): session closed for user root
Jul 31 02:11:23.039585 n-d-803092-1 cinder-volume[87940]: DEBUG oslo_concurrency.processutils [None req-b89df07f-a21d-4d0c-ada6-ca159fcfbfba tempest-ServerRescueNegativeTestJSON-1118324063 None] CMD "sudo cinder-rootwrap /etc/cinder/rootwrap.conf env LC_ALL=C lvcreate -n volume-1d9a1ffe-3239-4049-8d60-f61f68150c74 stack-volumes-lvmdriver-1 -L 1g" returned: 0 in 0.796s {{(pid=87940) execute /usr/local/lib/python3.8/dist-packages/oslo_concurrency/processutils.py:422}}
Jul 31 02:11:23.045489 n-d-803092-1 cinder-volume[87940]: DEBUG cinder.volume.manager [None req-b89df07f-a21d-4d0c-ada6-ca159fcfbfba tempest-ServerRescueNegativeTestJSON-1118324063 None] Task 'cinder.volume.flows.manager.create_volume.CreateVolumeFromSpecTask;volume:create' (589b6717-3309-48e5-96f8-761b92bd5d70) transitioned into state 'SUCCESS' from state 'RUNNING' with result '{'status': 'creating', 'volume_name': 'volume-1d9a1ffe-3239-4049-8d60-f61f68150c74', 'volume_size': 1}' {{(pid=87940) _task_receiver /usr/local/lib/python3.8/dist-packages/taskflow/listeners/logging.py:178}}
Jul 31 02:11:23.048796 n-d-803092-1 cinder-volume[87940]: DEBUG cinder.volume.manager [None req-b89df07f-a21d-4d0c-ada6-ca159fcfbfba tempest-ServerRescueNegativeTestJSON-1118324063 None] Task 'cinder.volume.flows.manager.create_volume.CreateVolumeOnFinishTask;volume:create, create.end' (494c835b-bc15-4403-94ea-d7368573bb7e) transitioned into state 'RUNNING' from state 'PENDING' {{(pid=87940) _task_receiver /usr/local/lib/python3.8/dist-packages/taskflow/listeners/logging.py:190}}
Jul 31 02:11:23.109112 n-d-803092-1 cinder-volume[87940]: INFO cinder.volume.flows.manager.create_volume [None req-b89df07f-a21d-4d0c-ada6-ca159fcfbfba tempest-ServerRescueNegativeTestJSON-1118324063 None] Volume volume-1d9a1ffe-3239-4049-8d60-f61f68150c74 (1d9a1ffe-3239-4049-8d60-f61f68150c74): created successfully
Jul 31 02:11:23.116111 n-d-803092-1 cinder-volume[87940]: DEBUG cinder.volume.manager [None req-b89df07f-a21d-4d0c-ada6-ca159fcfbfba tempest-ServerRescueNegativeTestJSON-1118324063 None] Task 'cinder.volume.flows.manager.create_volume.CreateVolumeOnFinishTask;volume:create, create.end' (494c835b-bc15-4403-94ea-d7368573bb7e) transitioned into state 'SUCCESS' from state 'RUNNING' with result 'None' {{(pid=87940) _task_receiver /usr/local/lib/python3.8/dist-packages/taskflow/listeners/logging.py:178}}
Jul 31 02:11:23.142209 n-d-803092-1 cinder-volume[87940]: DEBUG cinder.volume.manager [None req-b89df07f-a21d-4d0c-ada6-ca159fcfbfba tempest-ServerRescueNegativeTestJSON-1118324063 None] Flow 'volume_create_manager' (b5ffe335-06c5-4e09-bdfd-aec09129070d) transitioned into state 'SUCCESS' from state 'RUNNING' {{(pid=87940) _flow_receiver /usr/local/lib/python3.8/dist-packages/taskflow/listeners/logging.py:141}}
Jul 31 02:11:23.185798 n-d-803092-1 cinder-volume[87940]: INFO cinder.volume.manager [None req-b89df07f-a21d-4d0c-ada6-ca159fcfbfba tempest-ServerRescueNegativeTestJSON-1118324063 None] Created volume successfully.
Jul 31 02:11:23.925363 n-d-803092-1 sudo[107826]: pam_unix(sudo:session): session closed for user root
Jul 31 02:11:23.928214 n-d-803092-1 cinder-volume[87940]: DEBUG oslo_concurrency.processutils [None req-d0deea1a-88e0-41da-8dce-fc46ebb9c0f9 tempest-VolumesBackupsTest-1945668320 None] CMD "sudo cinder-rootwrap /etc/cinder/rootwrap.conf env LC_ALL=C lvcreate -n volume-3eb28ea9-8499-4a88-9374-b71fc6b49332 stack-volumes-lvmdriver-1 -L 1g" returned: 0 in 1.189s {{(pid=87940) execute /usr/local/lib/python3.8/dist-packages/oslo_concurrency/processutils.py:422}}
Jul 31 02:11:23.930849 n-d-803092-1 cinder-volume[87940]: DEBUG oslo_concurrency.processutils [None req-d0deea1a-88e0-41da-8dce-fc46ebb9c0f9 tempest-VolumesBackupsTest-1945668320 None] Running cmd (subprocess): sudo cinder-rootwrap /etc/cinder/rootwrap.conf lvchange -a y --yes -K stack-volumes-lvmdriver-1/clone-snap-3eb28ea9-8499-4a88-9374-b71fc6b49332 {{(pid=87940) execute /usr/local/lib/python3.8/dist-packages/oslo_concurrency/processutils.py:384}}
Jul 31 02:11:24.030929 n-d-803092-1 sudo[107888]: ubuntu : TTY=unknown ; PWD=/ ; USER=root ; COMMAND=/usr/local/bin/cinder-rootwrap /etc/cinder/rootwrap.conf lvchange -a y --yes -K stack-volumes-lvmdriver-1/clone-snap-3eb28ea9-8499-4a88-9374-b71fc6b49332
Jul 31 02:11:24.034322 n-d-803092-1 sudo[107888]: pam_unix(sudo:session): session opened for user root by (uid=0)
Jul 31 02:11:24.839764 n-d-803092-1 sudo[107888]: pam_unix(sudo:session): session closed for user root
Jul 31 02:11:24.842150 n-d-803092-1 cinder-volume[87940]: DEBUG oslo_concurrency.processutils [None req-d0deea1a-88e0-41da-8dce-fc46ebb9c0f9 tempest-VolumesBackupsTest-1945668320 None] CMD "sudo cinder-rootwrap /etc/cinder/rootwrap.conf lvchange -a y --yes -K stack-volumes-lvmdriver-1/clone-snap-3eb28ea9-8499-4a88-9374-b71fc6b49332" returned: 0 in 0.912s {{(pid=87940) execute /usr/local/lib/python3.8/dist-packages/oslo_concurrency/processutils.py:422}}
Jul 31 02:11:24.844834 n-d-803092-1 cinder-volume[87940]: DEBUG oslo_concurrency.processutils [None req-d0deea1a-88e0-41da-8dce-fc46ebb9c0f9 tempest-VolumesBackupsTest-1945668320 None] Running cmd (subprocess): sudo cinder-rootwrap /etc/cinder/rootwrap.conf dd count=0 if=/dev/mapper/stack--volumes--lvmdriver--1-clone--snap--3eb28ea9--8499--4a88--9374--b71fc6b49332 of=/dev/mapper/stack--volumes--lvmdriver--1-volume--3eb28ea9--8499--4a88--9374--b71fc6b49332 iflag=direct {{(pid=87940) execute /usr/local/lib/python3.8/dist-packages/oslo_concurrency/processutils.py:384}}
Jul 31 02:11:24.865622 n-d-803092-1 sudo[107891]: ubuntu : TTY=unknown ; PWD=/ ; USER=root ; COMMAND=/usr/local/bin/cinder-rootwrap /etc/cinder/rootwrap.conf dd count=0 if=/dev/mapper/stack--volumes--lvmdriver--1-clone--snap--3eb28ea9--8499--4a88--9374--b71fc6b49332 of=/dev/mapper/stack--volumes--lvmdriver--1-volume--3eb28ea9--8499--4a88--9374--b71fc6b49332 iflag=direct
Jul 31 02:11:24.866457 n-d-803092-1 sudo[107891]: pam_unix(sudo:session): session opened for user root by (uid=0)
Jul 31 02:11:25.431319 n-d-803092-1 sudo[107891]: pam_unix(sudo:session): session closed for user root
Jul 31 02:11:25.434935 n-d-803092-1 cinder-volume[87940]: DEBUG oslo_concurrency.processutils [None req-d0deea1a-88e0-41da-8dce-fc46ebb9c0f9 tempest-VolumesBackupsTest-1945668320 None] CMD "sudo cinder-rootwrap /etc/cinder/rootwrap.conf dd count=0 if=/dev/mapper/stack--volumes--lvmdriver--1-clone--snap--3eb28ea9--8499--4a88--9374--b71fc6b49332 of=/dev/mapper/stack--volumes--lvmdriver--1-volume--3eb28ea9--8499--4a88--9374--b71fc6b49332 iflag=direct" returned: 0 in 0.589s {{(pid=87940) execute /usr/local/lib/python3.8/dist-packages/oslo_concurrency/processutils.py:422}}
Jul 31 02:11:25.438019 n-d-803092-1 cinder-volume[87940]: DEBUG oslo_concurrency.processutils [None req-d0deea1a-88e0-41da-8dce-fc46ebb9c0f9 tempest-VolumesBackupsTest-1945668320 None] Running cmd (subprocess): sudo cinder-rootwrap /etc/cinder/rootwrap.conf dd count=0 if=/dev/mapper/stack--volumes--lvmdriver--1-clone--snap--3eb28ea9--8499--4a88--9374--b71fc6b49332 of=/dev/mapper/stack--volumes--lvmdriver--1-volume--3eb28ea9--8499--4a88--9374--b71fc6b49332 oflag=direct {{(pid=87940) execute /usr/local/lib/python3.8/dist-packages/oslo_concurrency/processutils.py:384}}
Jul 31 02:11:25.470057 n-d-803092-1 sudo[107903]: ubuntu : TTY=unknown ; PWD=/ ; USER=root ; COMMAND=/usr/local/bin/cinder-rootwrap /etc/cinder/rootwrap.conf dd count=0 if=/dev/mapper/stack--volumes--lvmdriver--1-clone--snap--3eb28ea9--8499--4a88--9374--b71fc6b49332 of=/dev/mapper/stack--volumes--lvmdriver--1-volume--3eb28ea9--8499--4a88--9374--b71fc6b49332 oflag=direct
Jul 31 02:11:25.471142 n-d-803092-1 sudo[107903]: pam_unix(sudo:session): session opened for user root by (uid=0)
Jul 31 02:11:26.141275 n-d-803092-1 sudo[107903]: pam_unix(sudo:session): session closed for user root
Jul 31 02:11:26.148512 n-d-803092-1 cinder-volume[87940]: DEBUG oslo_concurrency.processutils [None req-d0deea1a-88e0-41da-8dce-fc46ebb9c0f9 tempest-VolumesBackupsTest-1945668320 None] CMD "sudo cinder-rootwrap /etc/cinder/rootwrap.conf dd count=0 if=/dev/mapper/stack--volumes--lvmdriver--1-clone--snap--3eb28ea9--8499--4a88--9374--b71fc6b49332 of=/dev/mapper/stack--volumes--lvmdriver--1-volume--3eb28ea9--8499--4a88--9374--b71fc6b49332 oflag=direct" returned: 0 in 0.707s {{(pid=87940) execute /usr/local/lib/python3.8/dist-packages/oslo_concurrency/processutils.py:422}}
Jul 31 02:11:26.148512 n-d-803092-1 cinder-volume[87940]: DEBUG oslo_concurrency.processutils [None req-d0deea1a-88e0-41da-8dce-fc46ebb9c0f9 tempest-VolumesBackupsTest-1945668320 None] Running cmd (subprocess): sudo cinder-rootwrap /etc/cinder/rootwrap.conf dd if=/dev/mapper/stack--volumes--lvmdriver--1-clone--snap--3eb28ea9--8499--4a88--9374--b71fc6b49332 of=/dev/mapper/stack--volumes--lvmdriver--1-volume--3eb28ea9--8499--4a88--9374--b71fc6b49332 count=1073741824 bs=1M iflag=count_bytes,direct oflag=direct {{(pid=87940) execute /usr/local/lib/python3.8/dist-packages/oslo_concurrency/processutils.py:384}}
Jul 31 02:11:26.193105 n-d-803092-1 sudo[107915]: ubuntu : TTY=unknown ; PWD=/ ; USER=root ; COMMAND=/usr/local/bin/cinder-rootwrap /etc/cinder/rootwrap.conf dd if=/dev/mapper/stack--volumes--lvmdriver--1-clone--snap--3eb28ea9--8499--4a88--9374--b71fc6b49332 of=/dev/mapper/stack--volumes--lvmdriver--1-volume--3eb28ea9--8499--4a88--9374--b71fc6b49332 count=1073741824 bs=1M iflag=count_bytes,direct oflag=direct
Jul 31 02:11:26.194402 n-d-803092-1 sudo[107915]: pam_unix(sudo:session): session opened for user root by (uid=0)
Jul 31 02:11:35.038824 n-d-803092-1 sudo[107915]: pam_unix(sudo:session): session closed for user root
Jul 31 02:11:35.044928 n-d-803092-1 cinder-volume[87940]: DEBUG oslo_concurrency.processutils [None req-d0deea1a-88e0-41da-8dce-fc46ebb9c0f9 tempest-VolumesBackupsTest-1945668320 None] CMD "sudo cinder-rootwrap /etc/cinder/rootwrap.conf dd if=/dev/mapper/stack--volumes--lvmdriver--1-clone--snap--3eb28ea9--8499--4a88--9374--b71fc6b49332 of=/dev/mapper/stack--volumes--lvmdriver--1-volume--3eb28ea9--8499--4a88--9374--b71fc6b49332 count=1073741824 bs=1M iflag=count_bytes,direct oflag=direct" returned: 0 in 8.896s {{(pid=87940) execute /usr/local/lib/python3.8/dist-packages/oslo_concurrency/processutils.py:422}}
Jul 31 02:11:35.046125 n-d-803092-1 cinder-volume[87940]: DEBUG cinder.volume.volume_utils [None req-d0deea1a-88e0-41da-8dce-fc46ebb9c0f9 tempest-VolumesBackupsTest-1945668320 None] Volume copy details: src /dev/mapper/stack--volumes--lvmdriver--1-clone--snap--3eb28ea9--8499--4a88--9374--b71fc6b49332, dest /dev/mapper/stack--volumes--lvmdriver--1-volume--3eb28ea9--8499--4a88--9374--b71fc6b49332, size 1024.00 MB, duration 8.90 sec {{(pid=87940) _copy_volume_with_path /opt/stack/cinder/cinder/volume/volume_utils.py:507}}
Jul 31 02:11:35.046851 n-d-803092-1 cinder-volume[87940]: INFO cinder.volume.volume_utils [None req-d0deea1a-88e0-41da-8dce-fc46ebb9c0f9 tempest-VolumesBackupsTest-1945668320 None] Volume copy 1024.00 MB at 115.07 MB/s
Jul 31 02:11:35.049960 n-d-803092-1 cinder-volume[87940]: DEBUG oslo_concurrency.processutils [None req-d0deea1a-88e0-41da-8dce-fc46ebb9c0f9 tempest-VolumesBackupsTest-1945668320 None] Running cmd (subprocess): sudo cinder-rootwrap /etc/cinder/rootwrap.conf env LC_ALL=C lvs --noheadings --unit=g -o vg_name,name,size --nosuffix --readonly stack-volumes-lvmdriver-1/clone-snap-3eb28ea9-8499-4a88-9374-b71fc6b49332 {{(pid=87940) execute /usr/local/lib/python3.8/dist-packages/oslo_concurrency/processutils.py:384}}
Jul 31 02:11:35.120458 n-d-803092-1 sudo[107934]: ubuntu : TTY=unknown ; PWD=/ ; USER=root ; COMMAND=/usr/local/bin/cinder-rootwrap /etc/cinder/rootwrap.conf env LC_ALL=C lvs --noheadings --unit=g -o vg_name,name,size --nosuffix --readonly stack-volumes-lvmdriver-1/clone-snap-3eb28ea9-8499-4a88-9374-b71fc6b49332
Jul 31 02:11:35.125572 n-d-803092-1 sudo[107934]: pam_unix(sudo:session): session opened for user root by (uid=0)
Jul 31 02:11:36.141507 n-d-803092-1 sudo[107934]: pam_unix(sudo:session): session closed for user root
Jul 31 02:11:36.146313 n-d-803092-1 cinder-volume[87940]: DEBUG oslo_concurrency.processutils [None req-d0deea1a-88e0-41da-8dce-fc46ebb9c0f9 tempest-VolumesBackupsTest-1945668320 None] CMD "sudo cinder-rootwrap /etc/cinder/rootwrap.conf env LC_ALL=C lvs --noheadings --unit=g -o vg_name,name,size --nosuffix --readonly stack-volumes-lvmdriver-1/clone-snap-3eb28ea9-8499-4a88-9374-b71fc6b49332" returned: 0 in 1.095s {{(pid=87940) execute /usr/local/lib/python3.8/dist-packages/oslo_concurrency/processutils.py:422}}
Jul 31 02:11:36.151302 n-d-803092-1 cinder-volume[87940]: DEBUG oslo_concurrency.processutils [None req-d0deea1a-88e0-41da-8dce-fc46ebb9c0f9 tempest-VolumesBackupsTest-1945668320 None] Running cmd (subprocess): sudo cinder-rootwrap /etc/cinder/rootwrap.conf lvremove --config activation { retry_deactivation = 1} -f stack-volumes-lvmdriver-1/clone-snap-3eb28ea9-8499-4a88-9374-b71fc6b49332 {{(pid=87940) execute /usr/local/lib/python3.8/dist-packages/oslo_concurrency/processutils.py:384}}
Jul 31 02:11:36.242586 n-d-803092-1 sudo[107937]: ubuntu : TTY=unknown ; PWD=/ ; USER=root ; COMMAND=/usr/local/bin/cinder-rootwrap /etc/cinder/rootwrap.conf lvremove --config activation { retry_deactivation = 1} -f stack-volumes-lvmdriver-1/clone-snap-3eb28ea9-8499-4a88-9374-b71fc6b49332
Jul 31 02:11:36.245593 n-d-803092-1 sudo[107937]: pam_unix(sudo:session): session opened for user root by (uid=0)
Jul 31 02:11:37.764813 n-d-803092-1 sudo[107937]: pam_unix(sudo:session): session closed for user root
Jul 31 02:11:37.767895 n-d-803092-1 cinder-volume[87940]: DEBUG oslo_concurrency.processutils [None req-d0deea1a-88e0-41da-8dce-fc46ebb9c0f9 tempest-VolumesBackupsTest-1945668320 None] CMD "sudo cinder-rootwrap /etc/cinder/rootwrap.conf lvremove --config activation { retry_deactivation = 1} -f stack-volumes-lvmdriver-1/clone-snap-3eb28ea9-8499-4a88-9374-b71fc6b49332" returned: 0 in 1.617s {{(pid=87940) execute /usr/local/lib/python3.8/dist-packages/oslo_concurrency/processutils.py:422}}
Jul 31 02:11:37.828358 n-d-803092-1 cinder-volume[87940]: DEBUG oslo_concurrency.processutils [None req-d0deea1a-88e0-41da-8dce-fc46ebb9c0f9 tempest-VolumesBackupsTest-1945668320 None] Running cmd (subprocess): sudo cinder-rootwrap /etc/cinder/rootwrap.conf lvchange -a y --yes -K stack-volumes-lvmdriver-1/volume-3eb28ea9-8499-4a88-9374-b71fc6b49332 {{(pid=87940) execute /usr/local/lib/python3.8/dist-packages/oslo_concurrency/processutils.py:384}}
Jul 31 02:11:37.889328 n-d-803092-1 sudo[107982]: ubuntu : TTY=unknown ; PWD=/ ; USER=root ; COMMAND=/usr/local/bin/cinder-rootwrap /etc/cinder/rootwrap.conf lvchange -a y --yes -K stack-volumes-lvmdriver-1/volume-3eb28ea9-8499-4a88-9374-b71fc6b49332
Jul 31 02:11:37.907561 n-d-803092-1 sudo[107982]: pam_unix(sudo:session): session opened for user root by (uid=0)
Jul 31 02:11:38.618177 n-d-803092-1 sudo[107982]: pam_unix(sudo:session): session closed for user root
Jul 31 02:11:38.620498 n-d-803092-1 cinder-volume[87940]: DEBUG oslo_concurrency.processutils [None req-d0deea1a-88e0-41da-8dce-fc46ebb9c0f9 tempest-VolumesBackupsTest-1945668320 None] CMD "sudo cinder-rootwrap /etc/cinder/rootwrap.conf lvchange -a y --yes -K stack-volumes-lvmdriver-1/volume-3eb28ea9-8499-4a88-9374-b71fc6b49332" returned: 0 in 0.792s {{(pid=87940) execute /usr/local/lib/python3.8/dist-packages/oslo_concurrency/processutils.py:422}}
Jul 31 02:11:38.750967 n-d-803092-1 cinder-volume[87940]: DEBUG oslo_concurrency.processutils [-] Running cmd (subprocess): tgtadm --lld iscsi --op show --mode target {{(pid=96667) execute /usr/local/lib/python3.8/dist-packages/oslo_concurrency/processutils.py:384}}
Jul 31 02:11:38.759157 n-d-803092-1 cinder-volume[87940]: DEBUG oslo_concurrency.processutils [-] CMD "tgtadm --lld iscsi --op show --mode target" returned: 0 in 0.010s {{(pid=96667) execute /usr/local/lib/python3.8/dist-packages/oslo_concurrency/processutils.py:422}}
