Jul 29 14:39:43.738499 n-d-802893-1 neutron-server[94157]: DEBUG neutron.api.rpc.handlers.resources_rpc [None req-e69ea9db-e6ad-47a6-b051-ad1141ca8d7b tempest-DeleteServersAdminTestJSON-1198808173 tempest-DeleteServersAdminTestJSON-1198808173-project] Pushing event updated for resources: {'SecurityGroup': ['ID=00362802-df85-4a25-9932-a78a7b8d9388,revision_number=1']} {{(pid=94157) push /opt/stack/neutron/neutron/api/rpc/handlers/resources_rpc.py:237}}
Jul 29 14:39:43.750159 n-d-802893-1 neutron-server[94158]: DEBUG neutron.wsgi [-] (94158) accepted ('10.222.0.16', 45790) {{(pid=94158) server /usr/local/lib/python3.8/dist-packages/eventlet/wsgi.py:982}}
Jul 29 14:39:43.858365 n-d-802893-1 neutron-server[94158]: DEBUG neutron.wsgi [-] (94158) accepted ('10.222.0.16', 45800) {{(pid=94158) server /usr/local/lib/python3.8/dist-packages/eventlet/wsgi.py:982}}
Jul 29 14:39:43.872533 n-d-802893-1 neutron-server[94158]: DEBUG neutron_lib.callbacks.manager [None req-413c48d2-6a14-497b-ad0a-b96f64969854 admin admin] Notify callbacks [] for security_group, before_create {{(pid=94158) _notify_loop /usr/local/lib/python3.8/dist-packages/neutron_lib/callbacks/manager.py:192}}
Jul 29 14:39:43.921665 n-d-802893-1 neutron-server[94157]: DEBUG neutron.db.db_base_plugin_common [req-710277e2-a75a-49a0-b4b8-1746b1135186 req-e69ea9db-e6ad-47a6-b051-ad1141ca8d7b tempest-DeleteServersAdminTestJSON-1198808173 tempest-DeleteServersAdminTestJSON-1198808173-project] Allocated IP 192.168.233.60 (685260eb-b7fc-4894-ada6-3f1ae471466f/74f63c3f-53ae-4284-9c43-dda4e8587945/a6d82098-780a-49ec-9b0c-ce02076c56bb) {{(pid=94157) _store_ip_allocation /opt/stack/neutron/neutron/db/db_base_plugin_common.py:131}}
Jul 29 14:39:43.990690 n-d-802893-1 neutron-server[94158]: DEBUG neutron_lib.callbacks.manager [None req-413c48d2-6a14-497b-ad0a-b96f64969854 admin admin] Notify callbacks [] for security_group, precommit_create {{(pid=94158) _notify_loop /usr/local/lib/python3.8/dist-packages/neutron_lib/callbacks/manager.py:192}}
Jul 29 14:39:43.998900 n-d-802893-1 neutron-server[94158]: DEBUG neutron_lib.callbacks.manager [None req-413c48d2-6a14-497b-ad0a-b96f64969854 admin admin] Notify callbacks ['neutron.plugins.ml2.ovo_rpc._ObjectChangeHandler.handle_event-527574'] for security_group, after_create {{(pid=94158) _notify_loop /usr/local/lib/python3.8/dist-packages/neutron_lib/callbacks/manager.py:192}}
Jul 29 14:39:44.049891 n-d-802893-1 neutron-server[94158]: INFO neutron.wsgi [None req-413c48d2-6a14-497b-ad0a-b96f64969854 admin admin] 10.222.0.16 "GET /v2.0/security-groups?tenant_id=e9a3dc350db047398dba461e004865e6&name=default HTTP/1.1" status: 200 len: 2975 time: 0.1901917
Jul 29 14:39:44.053054 n-d-802893-1 neutron-server[94158]: DEBUG neutron.wsgi [-] (94158) accepted ('10.222.0.16', 45804) {{(pid=94158) server /usr/local/lib/python3.8/dist-packages/eventlet/wsgi.py:982}}
Jul 29 14:39:44.065723 n-d-802893-1 neutron-server[94158]: DEBUG neutron.api.rpc.handlers.resources_rpc [None req-413c48d2-6a14-497b-ad0a-b96f64969854 admin admin] Pushing event updated for resources: {'SecurityGroup': ['ID=cbc7cf54-8340-4e55-83b2-65c453aecb9b,revision_number=1']} {{(pid=94158) push /opt/stack/neutron/neutron/api/rpc/handlers/resources_rpc.py:237}}
Jul 29 14:39:44.128010 n-d-802893-1 neutron-server[94158]: DEBUG neutron_lib.callbacks.manager [None req-6a53f29f-ee97-46ad-8f0e-00bbbdc33694 admin admin] Notify callbacks [] for security_group, before_create {{(pid=94158) _notify_loop /usr/local/lib/python3.8/dist-packages/neutron_lib/callbacks/manager.py:192}}
Jul 29 14:39:44.216558 n-d-802893-1 neutron-server[94158]: DEBUG neutron_lib.callbacks.manager [None req-a84670de-6791-40d6-b33f-e719e9a99974 admin admin] Notify callbacks [] for security_group, before_delete {{(pid=94158) _notify_loop /usr/local/lib/python3.8/dist-packages/neutron_lib/callbacks/manager.py:192}}
Jul 29 14:39:44.227196 n-d-802893-1 neutron-server[94157]: INFO neutron.wsgi [req-1e8d14de-e389-4993-94a5-c2347537a6f1 req-a70c80c0-7944-4a00-a548-e6dbed047f7c tempest-AggregatesAdminTestJSON-445373121 tempest-AggregatesAdminTestJSON-445373121-project] 10.222.0.16 "GET /v2.0/ports?device_id=7f22086a-596a-49ec-8ddc-fad7e18321b3 HTTP/1.1" status: 200 len: 210 time: 0.0494943
Jul 29 14:39:44.296651 n-d-802893-1 neutron-server[94158]: DEBUG neutron_lib.callbacks.manager [None req-a84670de-6791-40d6-b33f-e719e9a99974 admin admin] Notify callbacks [] for security_group, precommit_delete {{(pid=94158) _notify_loop /usr/local/lib/python3.8/dist-packages/neutron_lib/callbacks/manager.py:192}}
Jul 29 14:39:44.486756 n-d-802893-1 neutron-server[94157]: DEBUG neutron_lib.callbacks.manager [req-710277e2-a75a-49a0-b4b8-1746b1135186 req-e69ea9db-e6ad-47a6-b051-ad1141ca8d7b tempest-DeleteServersAdminTestJSON-1198808173 tempest-DeleteServersAdminTestJSON-1198808173-project] Notify callbacks [] for port, precommit_create {{(pid=94157) _notify_loop /usr/local/lib/python3.8/dist-packages/neutron_lib/callbacks/manager.py:192}}
Jul 29 14:39:44.499504 n-d-802893-1 neutron-server[94158]: INFO neutron.wsgi [req-3034bb14-bf1c-4be6-af37-dc8b50775e6e req-2e8d56c2-e44b-4746-b97b-1ba3546179cb tempest-DeleteServersAdminTestJSON-1198808173 tempest-DeleteServersAdminTestJSON-1198808173-project] 10.222.0.16 "GET /v2.0/ports?device_id=f41b22b8-9ce5-467b-a25c-0a3aaf3fa437 HTTP/1.1" status: 200 len: 210 time: 0.0634372
Jul 29 14:39:44.537799 n-d-802893-1 neutron-server[94158]: DEBUG neutron_lib.callbacks.manager [None req-6a53f29f-ee97-46ad-8f0e-00bbbdc33694 admin admin] Notify callbacks [] for security_group, precommit_create {{(pid=94158) _notify_loop /usr/local/lib/python3.8/dist-packages/neutron_lib/callbacks/manager.py:192}}
Jul 29 14:39:44.543375 n-d-802893-1 neutron-server[94158]: DEBUG neutron_lib.callbacks.manager [None req-6a53f29f-ee97-46ad-8f0e-00bbbdc33694 admin admin] Notify callbacks ['neutron.plugins.ml2.ovo_rpc._ObjectChangeHandler.handle_event-527574'] for security_group, after_create {{(pid=94158) _notify_loop /usr/local/lib/python3.8/dist-packages/neutron_lib/callbacks/manager.py:192}}
Jul 29 14:39:44.546349 n-d-802893-1 neutron-server[94157]: DEBUG neutron.db.provisioning_blocks [req-710277e2-a75a-49a0-b4b8-1746b1135186 req-e69ea9db-e6ad-47a6-b051-ad1141ca8d7b tempest-DeleteServersAdminTestJSON-1198808173 tempest-DeleteServersAdminTestJSON-1198808173-project] Transition to ACTIVE for port object a6d82098-780a-49ec-9b0c-ce02076c56bb will not be triggered until provisioned by entity DHCP. {{(pid=94157) add_provisioning_component /opt/stack/neutron/neutron/db/provisioning_blocks.py:73}}
Jul 29 14:39:44.552963 n-d-802893-1 neutron-server[94158]: DEBUG neutron_lib.callbacks.manager [None req-a84670de-6791-40d6-b33f-e719e9a99974 admin admin] Notify callbacks ['neutron.plugins.ml2.ovo_rpc._ObjectChangeHandler.handle_event-527574'] for security_group, after_delete {{(pid=94158) _notify_loop /usr/local/lib/python3.8/dist-packages/neutron_lib/callbacks/manager.py:192}}
Jul 29 14:39:44.561599 n-d-802893-1 neutron-server[94158]: DEBUG neutron_lib.callbacks.manager [None req-a84670de-6791-40d6-b33f-e719e9a99974 admin admin] Notify callbacks [] for security_group, before_response {{(pid=94158) _notify_loop /usr/local/lib/python3.8/dist-packages/neutron_lib/callbacks/manager.py:192}}
Jul 29 14:39:44.565460 n-d-802893-1 neutron-server[94158]: INFO neutron.wsgi [None req-a84670de-6791-40d6-b33f-e719e9a99974 admin admin] 10.222.0.16 "DELETE /v2.0/security-groups/cbc7cf54-8340-4e55-83b2-65c453aecb9b HTTP/1.1" status: 204 len: 168 time: 0.5085945
Jul 29 14:39:44.616469 n-d-802893-1 neutron-server[94158]: DEBUG neutron.api.rpc.handlers.resources_rpc [None req-6a53f29f-ee97-46ad-8f0e-00bbbdc33694 admin admin] Pushing event updated for resources: {'SecurityGroup': ['ID=e8f7d964-d8e5-4a13-b303-905c8745ce10,revision_number=1']} {{(pid=94158) push /opt/stack/neutron/neutron/api/rpc/handlers/resources_rpc.py:237}}
Jul 29 14:39:44.645592 n-d-802893-1 neutron-server[94158]: INFO neutron.wsgi [None req-6a53f29f-ee97-46ad-8f0e-00bbbdc33694 admin admin] 10.222.0.16 "GET /v2.0/security-groups?tenant_id=ba3e44ca652141fa8f82b7df87283495&name=default HTTP/1.1" status: 200 len: 2975 time: 0.8935173
Jul 29 14:39:44.648478 n-d-802893-1 neutron-server[94158]: DEBUG neutron.wsgi [-] (94158) accepted ('10.222.0.16', 45822) {{(pid=94158) server /usr/local/lib/python3.8/dist-packages/eventlet/wsgi.py:982}}
Jul 29 14:39:44.659976 n-d-802893-1 neutron-server[94157]: DEBUG neutron_lib.callbacks.manager [req-710277e2-a75a-49a0-b4b8-1746b1135186 req-e69ea9db-e6ad-47a6-b051-ad1141ca8d7b tempest-DeleteServersAdminTestJSON-1198808173 tempest-DeleteServersAdminTestJSON-1198808173-project] Notify callbacks ['neutron.plugins.ml2.plugin.SecurityGroupServerNotifierRpcMixin._notify_sg_on_port_change-134100527', 'neutron.plugins.ml2.ovo_rpc._ObjectChangeHandler.handle_event-216418', 'neutron.api.rpc.agentnotifiers.dhcp_rpc_agent_api.DhcpAgentNotifyAPI._native_event_send_dhcp_notification-748692', 'neutron.db.l3_dvrscheduler_db._notify_l3_agent_new_port-8743680316883'] for port, after_create {{(pid=94157) _notify_loop /usr/local/lib/python3.8/dist-packages/neutron_lib/callbacks/manager.py:192}}
Jul 29 14:39:44.679604 n-d-802893-1 neutron-server[94158]: DEBUG neutron.api.rpc.handlers.resources_rpc [None req-a84670de-6791-40d6-b33f-e719e9a99974 admin admin] Pushing event deleted for resources: {'SecurityGroup': ['ID=cbc7cf54-8340-4e55-83b2-65c453aecb9b,revision_number=None']} {{(pid=94158) push /opt/stack/neutron/neutron/api/rpc/handlers/resources_rpc.py:237}}
Jul 29 14:39:44.756450 n-d-802893-1 neutron-server[94158]: DEBUG neutron_lib.callbacks.manager [None req-0fa71d6b-792b-4510-81b1-ff7000175620 admin admin] Notify callbacks [] for security_group, before_delete {{(pid=94158) _notify_loop /usr/local/lib/python3.8/dist-packages/neutron_lib/callbacks/manager.py:192}}
Jul 29 14:39:44.784956 n-d-802893-1 neutron-server[94158]: DEBUG neutron_lib.callbacks.manager [None req-0fa71d6b-792b-4510-81b1-ff7000175620 admin admin] Notify callbacks [] for security_group, precommit_delete {{(pid=94158) _notify_loop /usr/local/lib/python3.8/dist-packages/neutron_lib/callbacks/manager.py:192}}
Jul 29 14:39:44.878711 n-d-802893-1 neutron-server[94157]: DEBUG neutron.api.rpc.handlers.resources_rpc [None req-e69ea9db-e6ad-47a6-b051-ad1141ca8d7b tempest-DeleteServersAdminTestJSON-1198808173 tempest-DeleteServersAdminTestJSON-1198808173-project] Pushing event updated for resources: {'Port': ['ID=a6d82098-780a-49ec-9b0c-ce02076c56bb,revision_number=1']} {{(pid=94157) push /opt/stack/neutron/neutron/api/rpc/handlers/resources_rpc.py:237}}
Jul 29 14:39:44.897980 n-d-802893-1 neutron-server[94157]: DEBUG neutron.scheduler.dhcp_agent_scheduler [req-710277e2-a75a-49a0-b4b8-1746b1135186 req-e69ea9db-e6ad-47a6-b051-ad1141ca8d7b tempest-DeleteServersAdminTestJSON-1198808173 tempest-DeleteServersAdminTestJSON-1198808173-project] Network 685260eb-b7fc-4894-ada6-3f1ae471466f is already hosted by enough agents. {{(pid=94157) _get_dhcp_agents_hosting_network /opt/stack/neutron/neutron/scheduler/dhcp_agent_scheduler.py:275}}
Jul 29 14:39:44.901111 n-d-802893-1 neutron-server[94157]: DEBUG neutron.scheduler.base_scheduler [req-710277e2-a75a-49a0-b4b8-1746b1135186 req-e69ea9db-e6ad-47a6-b051-ad1141ca8d7b tempest-DeleteServersAdminTestJSON-1198808173 tempest-DeleteServersAdminTestJSON-1198808173-project] Resources bound (agent type, host, resource id): {{(pid=94157) schedule /opt/stack/neutron/neutron/scheduler/base_scheduler.py:57}}
Jul 29 14:39:44.904925 n-d-802893-1 neutron-server[94157]: DEBUG neutron.db.l3_dvrscheduler_db [req-710277e2-a75a-49a0-b4b8-1746b1135186 req-e69ea9db-e6ad-47a6-b051-ad1141ca8d7b tempest-DeleteServersAdminTestJSON-1198808173 tempest-DeleteServersAdminTestJSON-1198808173-project] Received port after_create {{(pid=94157) _notify_l3_agent_new_port /opt/stack/neutron/neutron/db/l3_dvrscheduler_db.py:535}}
Jul 29 14:39:44.914021 n-d-802893-1 neutron-server[94157]: DEBUG neutron.pecan_wsgi.hooks.policy_enforcement [req-710277e2-a75a-49a0-b4b8-1746b1135186 req-e69ea9db-e6ad-47a6-b051-ad1141ca8d7b tempest-DeleteServersAdminTestJSON-1198808173 tempest-DeleteServersAdminTestJSON-1198808173-project] Attributes excluded by policy engine: ['standard_attr_id', 'binding:profile', 'binding:host_id', 'binding:vif_type', 'binding:vif_details', 'network'] {{(pid=94157) _exclude_attributes_by_policy /opt/stack/neutron/neutron/pecan_wsgi/hooks/policy_enforcement.py:255}}
Jul 29 14:39:44.915050 n-d-802893-1 neutron-server[94157]: DEBUG neutron_lib.callbacks.manager [req-710277e2-a75a-49a0-b4b8-1746b1135186 req-e69ea9db-e6ad-47a6-b051-ad1141ca8d7b tempest-DeleteServersAdminTestJSON-1198808173 tempest-DeleteServersAdminTestJSON-1198808173-project] Notify callbacks ['neutron.notifiers.nova.Notifier._send_nova_notification-419756', 'neutron.api.rpc.agentnotifiers.dhcp_rpc_agent_api.DhcpAgentNotifyAPI._send_dhcp_notification-748714'] for port, before_response {{(pid=94157) _notify_loop /usr/local/lib/python3.8/dist-packages/neutron_lib/callbacks/manager.py:192}}
Jul 29 14:39:44.926677 n-d-802893-1 neutron-server[94158]: DEBUG neutron_lib.callbacks.manager [None req-0fa71d6b-792b-4510-81b1-ff7000175620 admin admin] Notify callbacks ['neutron.plugins.ml2.ovo_rpc._ObjectChangeHandler.handle_event-527574'] for security_group, after_delete {{(pid=94158) _notify_loop /usr/local/lib/python3.8/dist-packages/neutron_lib/callbacks/manager.py:192}}
Jul 29 14:39:44.953925 n-d-802893-1 neutron-server[94157]: INFO neutron.wsgi [req-710277e2-a75a-49a0-b4b8-1746b1135186 req-e69ea9db-e6ad-47a6-b051-ad1141ca8d7b tempest-DeleteServersAdminTestJSON-1198808173 tempest-DeleteServersAdminTestJSON-1198808173-project] 10.222.0.38 "POST /v2.0/ports HTTP/1.1" status: 201 len: 937 time: 1.8506103
Jul 29 14:39:44.956884 n-d-802893-1 neutron-server[94158]: DEBUG neutron_lib.callbacks.manager [None req-0fa71d6b-792b-4510-81b1-ff7000175620 admin admin] Notify callbacks [] for security_group, before_response {{(pid=94158) _notify_loop /usr/local/lib/python3.8/dist-packages/neutron_lib/callbacks/manager.py:192}}
Jul 29 14:39:44.967978 n-d-802893-1 neutron-server[94158]: INFO neutron.wsgi [None req-0fa71d6b-792b-4510-81b1-ff7000175620 admin admin] 10.222.0.16 "DELETE /v2.0/security-groups/e8f7d964-d8e5-4a13-b303-905c8745ce10 HTTP/1.1" status: 204 len: 168 time: 0.3169539
Jul 29 14:39:44.978396 n-d-802893-1 neutron-server[94157]: DEBUG neutron.wsgi [req-710277e2-a75a-49a0-b4b8-1746b1135186 req-bc47f50a-596c-41e9-b462-1daedf037c6e tempest-DeleteServersAdminTestJSON-1198808173 tempest-DeleteServersAdminTestJSON-1198808173-project] http://10.222.0.16:9696/v2.0/extensions returned with HTTP 200 {{(pid=94157) __call__ /opt/stack/neutron/neutron/wsgi.py:729}}
Jul 29 14:39:44.979762 n-d-802893-1 neutron-server[94157]: INFO neutron.wsgi [req-710277e2-a75a-49a0-b4b8-1746b1135186 req-bc47f50a-596c-41e9-b462-1daedf037c6e tempest-DeleteServersAdminTestJSON-1198808173 tempest-DeleteServersAdminTestJSON-1198808173-project] 10.222.0.38 "GET /v2.0/extensions HTTP/1.1" status: 200 len: 13640 time: 0.0071993
Jul 29 14:39:44.987049 n-d-802893-1 neutron-server[94158]: DEBUG neutron.api.rpc.handlers.resources_rpc [None req-0fa71d6b-792b-4510-81b1-ff7000175620 admin admin] Pushing event deleted for resources: {'SecurityGroup': ['ID=e8f7d964-d8e5-4a13-b303-905c8745ce10,revision_number=None']} {{(pid=94158) push /opt/stack/neutron/neutron/api/rpc/handlers/resources_rpc.py:237}}
Jul 29 14:39:45.052410 n-d-802893-1 neutron-server[94158]: DEBUG neutron.wsgi [-] (94158) accepted ('10.222.0.39', 57528) {{(pid=94158) server /usr/local/lib/python3.8/dist-packages/eventlet/wsgi.py:982}}
Jul 29 14:39:45.104853 n-d-802893-1 neutron-server[94158]: INFO neutron.wsgi [req-8205ea5c-6c9c-4622-919d-4897f643f24a req-ded74e46-fe46-4a20-b2ac-d42a6f06ecc3 tempest-AggregatesAdminTestJSON-445373121 tempest-AggregatesAdminTestJSON-445373121-project] 10.222.0.39 "GET /v2.0/networks?tenant_id=b11bbc04c1e84148bd0b112f0d18688a&shared=False HTTP/1.1" status: 200 len: 213 time: 0.0510952
Jul 29 14:39:45.326902 n-d-802893-1 neutron-server[94158]: DEBUG neutron.pecan_wsgi.hooks.policy_enforcement [req-8205ea5c-6c9c-4622-919d-4897f643f24a req-add7dfa6-771b-458c-b287-eba045c49d96 tempest-AggregatesAdminTestJSON-445373121 tempest-AggregatesAdminTestJSON-445373121-project] Attributes excluded by policy engine: ['standard_attr_id', 'vlan_transparent', 'provider:network_type', 'provider:physical_network', 'provider:segmentation_id'] {{(pid=94158) _exclude_attributes_by_policy /opt/stack/neutron/neutron/pecan_wsgi/hooks/policy_enforcement.py:255}}
Jul 29 14:39:45.328856 n-d-802893-1 neutron-server[94158]: INFO neutron.wsgi [req-8205ea5c-6c9c-4622-919d-4897f643f24a req-add7dfa6-771b-458c-b287-eba045c49d96 tempest-AggregatesAdminTestJSON-445373121 tempest-AggregatesAdminTestJSON-445373121-project] 10.222.0.39 "GET /v2.0/networks?shared=True HTTP/1.1" status: 200 len: 769 time: 0.2175510
Jul 29 14:39:45.383066 n-d-802893-1 neutron-server[94158]: DEBUG neutron.api.v2.base [req-8205ea5c-6c9c-4622-919d-4897f643f24a req-28ee6df3-edeb-494c-9c4a-6ed8432070a5 tempest-AggregatesAdminTestJSON-445373121 tempest-AggregatesAdminTestJSON-445373121-project] Request body: {'port': {'device_id': '7f22086a-596a-49ec-8ddc-fad7e18321b3', 'network_id': '685260eb-b7fc-4894-ada6-3f1ae471466f', 'admin_state_up': True, 'tenant_id': 'b11bbc04c1e84148bd0b112f0d18688a'}} {{(pid=94158) prepare_request_body /opt/stack/neutron/neutron/api/v2/base.py:729}}
Jul 29 14:39:45.431371 n-d-802893-1 neutron-server[94159]: DEBUG neutron.db.provisioning_blocks [None req-1825b0d9-1606-4bee-9c07-ef439f31f6d0 None None] Provisioning for port a6d82098-780a-49ec-9b0c-ce02076c56bb completed by entity DHCP. {{(pid=94159) provisioning_complete /opt/stack/neutron/neutron/db/provisioning_blocks.py:133}}
Jul 29 14:39:45.438030 n-d-802893-1 neutron-server[94159]: DEBUG neutron.db.provisioning_blocks [None req-1825b0d9-1606-4bee-9c07-ef439f31f6d0 None None] Provisioning complete for port a6d82098-780a-49ec-9b0c-ce02076c56bb triggered by entity DHCP. {{(pid=94159) provisioning_complete /opt/stack/neutron/neutron/db/provisioning_blocks.py:139}}
Jul 29 14:39:45.439171 n-d-802893-1 neutron-server[94159]: DEBUG neutron_lib.callbacks.manager [None req-1825b0d9-1606-4bee-9c07-ef439f31f6d0 None None] Notify callbacks ['neutron.plugins.ml2.plugin.Ml2Plugin._port_provisioned-134156756'] for port, provisioning_complete {{(pid=94159) _notify_loop /usr/local/lib/python3.8/dist-packages/neutron_lib/callbacks/manager.py:192}}
Jul 29 14:39:45.461405 n-d-802893-1 neutron-server[94157]: INFO neutron.wsgi [req-903f45e3-36f9-4ccf-b153-fcecf536f14b req-0fbcac62-3224-4c96-8549-fb0d0c9c702e tempest-AggregatesAdminTestJSON-445373121 tempest-AggregatesAdminTestJSON-445373121-project] 10.222.0.16 "GET /v2.0/ports?device_id=7f22086a-596a-49ec-8ddc-fad7e18321b3 HTTP/1.1" status: 200 len: 210 time: 0.0981474
Jul 29 14:39:45.547007 n-d-802893-1 neutron-server[94159]: DEBUG neutron.plugins.ml2.plugin [None req-1825b0d9-1606-4bee-9c07-ef439f31f6d0 None None] Port a6d82098-780a-49ec-9b0c-ce02076c56bb cannot update to ACTIVE because it is not bound. {{(pid=94159) _port_provisioned /opt/stack/neutron/neutron/plugins/ml2/plugin.py:337}}
Jul 29 14:39:45.718537 n-d-802893-1 neutron-server[94157]: DEBUG neutron.wsgi [-] (94157) accepted ('10.222.0.16', 45858) {{(pid=94157) server /usr/local/lib/python3.8/dist-packages/eventlet/wsgi.py:982}}
Jul 29 14:39:45.749307 n-d-802893-1 neutron-server[94157]: DEBUG neutron_lib.callbacks.manager [None req-61801d0d-8737-4f71-8d9c-1d815c9580af admin admin] Notify callbacks [] for security_group, before_create {{(pid=94157) _notify_loop /usr/local/lib/python3.8/dist-packages/neutron_lib/callbacks/manager.py:192}}
Jul 29 14:39:45.872786 n-d-802893-1 neutron-server[94157]: DEBUG neutron.api.v2.base [req-710277e2-a75a-49a0-b4b8-1746b1135186 req-d226d02f-dc1d-4daf-b608-b6eccd01a74c service neutron] Request body: {'port': {'device_id': 'f41b22b8-9ce5-467b-a25c-0a3aaf3fa437', 'device_owner': 'compute:nova', 'binding:host_id': 'n-h1-802893-1'}} {{(pid=94157) prepare_request_body /opt/stack/neutron/neutron/api/v2/base.py:729}}
Jul 29 14:39:45.908265 n-d-802893-1 neutron-server[94158]: DEBUG neutron.pecan_wsgi.hooks.policy_enforcement [req-e032e19a-c117-4164-b8ec-e9f037a751f9 req-8091ac62-de7e-474c-bad3-8e49b0b1a00e tempest-DeleteServersAdminTestJSON-1198808173 tempest-DeleteServersAdminTestJSON-1198808173-project] Attributes excluded by policy engine: ['standard_attr_id', 'binding:profile', 'binding:host_id', 'binding:vif_type', 'binding:vif_details'] {{(pid=94158) _exclude_attributes_by_policy /opt/stack/neutron/neutron/pecan_wsgi/hooks/policy_enforcement.py:255}}
Jul 29 14:39:45.910237 n-d-802893-1 neutron-server[94158]: INFO neutron.wsgi [req-e032e19a-c117-4164-b8ec-e9f037a751f9 req-8091ac62-de7e-474c-bad3-8e49b0b1a00e tempest-DeleteServersAdminTestJSON-1198808173 tempest-DeleteServersAdminTestJSON-1198808173-project] 10.222.0.16 "GET /v2.0/ports?device_id=f41b22b8-9ce5-467b-a25c-0a3aaf3fa437 HTTP/1.1" status: 200 len: 935 time: 0.2175226
Jul 29 14:39:45.979098 n-d-802893-1 neutron-server[94157]: DEBUG neutron_lib.callbacks.manager [req-710277e2-a75a-49a0-b4b8-1746b1135186 req-d226d02f-dc1d-4daf-b608-b6eccd01a74c service neutron] Notify callbacks ['neutron.plugins.ml2.plugin.SecurityGroupDbMixin._ensure_default_security_group_handler-133725410'] for port, before_update {{(pid=94157) _notify_loop /usr/local/lib/python3.8/dist-packages/neutron_lib/callbacks/manager.py:192}}
Jul 29 14:39:46.059399 n-d-802893-1 neutron-server[94157]: DEBUG neutron_lib.callbacks.manager [None req-61801d0d-8737-4f71-8d9c-1d815c9580af admin admin] Notify callbacks [] for security_group, precommit_create {{(pid=94157) _notify_loop /usr/local/lib/python3.8/dist-packages/neutron_lib/callbacks/manager.py:192}}
Jul 29 14:39:46.060137 n-d-802893-1 neutron-server[94158]: INFO neutron.wsgi [req-e032e19a-c117-4164-b8ec-e9f037a751f9 req-229d9a45-f50f-4c83-a408-a57c8ac10c74 tempest-DeleteServersAdminTestJSON-1198808173 tempest-DeleteServersAdminTestJSON-1198808173-project] 10.222.0.16 "GET /v2.0/security-groups?id=00362802-df85-4a25-9932-a78a7b8d9388&fields=id&fields=name HTTP/1.1" status: 200 len: 286 time: 0.1220267
Jul 29 14:39:46.088206 n-d-802893-1 neutron-server[94157]: DEBUG neutron_lib.callbacks.manager [None req-61801d0d-8737-4f71-8d9c-1d815c9580af admin admin] Notify callbacks ['neutron.plugins.ml2.ovo_rpc._ObjectChangeHandler.handle_event-527574'] for security_group, after_create {{(pid=94157) _notify_loop /usr/local/lib/python3.8/dist-packages/neutron_lib/callbacks/manager.py:192}}
Jul 29 14:39:46.115504 n-d-802893-1 neutron-server[94158]: DEBUG neutron.pecan_wsgi.hooks.quota_enforcement [req-8205ea5c-6c9c-4622-919d-4897f643f24a req-28ee6df3-edeb-494c-9c4a-6ed8432070a5 tempest-AggregatesAdminTestJSON-445373121 tempest-AggregatesAdminTestJSON-445373121-project] Made reservation on behalf of b11bbc04c1e84148bd0b112f0d18688a for: {'port': 1} {{(pid=94158) before /opt/stack/neutron/neutron/pecan_wsgi/hooks/quota_enforcement.py:53}}
Jul 29 14:39:46.120965 n-d-802893-1 neutron-server[94158]: DEBUG neutron_lib.callbacks.manager [req-8205ea5c-6c9c-4622-919d-4897f643f24a req-28ee6df3-edeb-494c-9c4a-6ed8432070a5 tempest-AggregatesAdminTestJSON-445373121 tempest-AggregatesAdminTestJSON-445373121-project] Notify callbacks ['neutron.plugins.ml2.plugin.SecurityGroupDbMixin._ensure_default_security_group_handler-133725410'] for port, before_create {{(pid=94158) _notify_loop /usr/local/lib/python3.8/dist-packages/neutron_lib/callbacks/manager.py:192}}
Jul 29 14:39:46.151027 n-d-802893-1 neutron-server[94158]: DEBUG neutron_lib.callbacks.manager [req-8205ea5c-6c9c-4622-919d-4897f643f24a req-28ee6df3-edeb-494c-9c4a-6ed8432070a5 tempest-AggregatesAdminTestJSON-445373121 tempest-AggregatesAdminTestJSON-445373121-project] Notify callbacks [] for security_group, before_create {{(pid=94158) _notify_loop /usr/local/lib/python3.8/dist-packages/neutron_lib/callbacks/manager.py:192}}
Jul 29 14:39:46.356610 n-d-802893-1 neutron-server[94158]: DEBUG neutron_lib.callbacks.manager [req-8205ea5c-6c9c-4622-919d-4897f643f24a req-28ee6df3-edeb-494c-9c4a-6ed8432070a5 tempest-AggregatesAdminTestJSON-445373121 tempest-AggregatesAdminTestJSON-445373121-project] Notify callbacks [] for security_group, precommit_create {{(pid=94158) _notify_loop /usr/local/lib/python3.8/dist-packages/neutron_lib/callbacks/manager.py:192}}
Jul 29 14:39:46.360886 n-d-802893-1 neutron-server[94158]: DEBUG neutron_lib.callbacks.manager [req-8205ea5c-6c9c-4622-919d-4897f643f24a req-28ee6df3-edeb-494c-9c4a-6ed8432070a5 tempest-AggregatesAdminTestJSON-445373121 tempest-AggregatesAdminTestJSON-445373121-project] Notify callbacks ['neutron.plugins.ml2.ovo_rpc._ObjectChangeHandler.handle_event-527574'] for security_group, after_create {{(pid=94158) _notify_loop /usr/local/lib/python3.8/dist-packages/neutron_lib/callbacks/manager.py:192}}
Jul 29 14:39:46.377567 n-d-802893-1 neutron-server[94157]: INFO neutron.wsgi [None req-61801d0d-8737-4f71-8d9c-1d815c9580af admin admin] 10.222.0.16 "GET /v2.0/security-groups?tenant_id=aa58d1c92b804c9593aacbbed76c7261&name=default HTTP/1.1" status: 200 len: 2975 time: 0.6549647
Jul 29 14:39:46.392827 n-d-802893-1 neutron-server[94158]: DEBUG neutron.wsgi [-] (94158) accepted ('10.222.0.16', 45870) {{(pid=94158) server /usr/local/lib/python3.8/dist-packages/eventlet/wsgi.py:982}}
Jul 29 14:39:46.421332 n-d-802893-1 neutron-server[94157]: DEBUG neutron.api.rpc.handlers.resources_rpc [None req-61801d0d-8737-4f71-8d9c-1d815c9580af admin admin] Pushing event updated for resources: {'SecurityGroup': ['ID=34e88dac-b84d-4198-b6fb-864f91a06702,revision_number=1']} {{(pid=94157) push /opt/stack/neutron/neutron/api/rpc/handlers/resources_rpc.py:237}}
Jul 29 14:39:46.523708 n-d-802893-1 neutron-server[94158]: DEBUG neutron.api.rpc.handlers.resources_rpc [None req-28ee6df3-edeb-494c-9c4a-6ed8432070a5 tempest-AggregatesAdminTestJSON-445373121 tempest-AggregatesAdminTestJSON-445373121-project] Pushing event updated for resources: {'SecurityGroup': ['ID=a6c15f5b-0d9f-452f-971a-963a4b604b9e,revision_number=1']} {{(pid=94158) push /opt/stack/neutron/neutron/api/rpc/handlers/resources_rpc.py:237}}
Jul 29 14:39:46.672428 n-d-802893-1 neutron-server[94158]: DEBUG neutron_lib.callbacks.manager [None req-ac12938d-8467-4c58-b7b7-345eabe8f2d2 admin admin] Notify callbacks [] for security_group, before_delete {{(pid=94158) _notify_loop /usr/local/lib/python3.8/dist-packages/neutron_lib/callbacks/manager.py:192}}
Jul 29 14:39:46.736013 n-d-802893-1 neutron-server[94158]: DEBUG neutron_lib.callbacks.manager [None req-ac12938d-8467-4c58-b7b7-345eabe8f2d2 admin admin] Notify callbacks [] for security_group, precommit_delete {{(pid=94158) _notify_loop /usr/local/lib/python3.8/dist-packages/neutron_lib/callbacks/manager.py:192}}
Jul 29 14:39:46.779443 n-d-802893-1 neutron-server[94157]: INFO neutron.wsgi [req-29670c35-d8ff-4838-890d-00f81e5e118c req-4255bf69-d211-432c-8c94-6f901062dacf tempest-AggregatesAdminTestJSON-445373121 tempest-AggregatesAdminTestJSON-445373121-project] 10.222.0.16 "GET /v2.0/ports?device_id=7f22086a-596a-49ec-8ddc-fad7e18321b3 HTTP/1.1" status: 200 len: 210 time: 0.1543519
Jul 29 14:39:46.802724 n-d-802893-1 neutron-server[94158]: DEBUG neutron_lib.callbacks.manager [None req-ac12938d-8467-4c58-b7b7-345eabe8f2d2 admin admin] Notify callbacks ['neutron.plugins.ml2.ovo_rpc._ObjectChangeHandler.handle_event-527574'] for security_group, after_delete {{(pid=94158) _notify_loop /usr/local/lib/python3.8/dist-packages/neutron_lib/callbacks/manager.py:192}}
Jul 29 14:39:46.808019 n-d-802893-1 neutron-server[94158]: DEBUG neutron_lib.callbacks.manager [None req-ac12938d-8467-4c58-b7b7-345eabe8f2d2 admin admin] Notify callbacks [] for security_group, before_response {{(pid=94158) _notify_loop /usr/local/lib/python3.8/dist-packages/neutron_lib/callbacks/manager.py:192}}
Jul 29 14:39:46.814516 n-d-802893-1 neutron-server[94158]: INFO neutron.wsgi [None req-ac12938d-8467-4c58-b7b7-345eabe8f2d2 admin admin] 10.222.0.16 "DELETE /v2.0/security-groups/34e88dac-b84d-4198-b6fb-864f91a06702 HTTP/1.1" status: 204 len: 168 time: 0.4176579
Jul 29 14:39:46.826839 n-d-802893-1 neutron-server[94158]: DEBUG neutron.api.rpc.handlers.resources_rpc [None req-ac12938d-8467-4c58-b7b7-345eabe8f2d2 admin admin] Pushing event deleted for resources: {'SecurityGroup': ['ID=34e88dac-b84d-4198-b6fb-864f91a06702,revision_number=None']} {{(pid=94158) push /opt/stack/neutron/neutron/api/rpc/handlers/resources_rpc.py:237}}
Jul 29 14:39:46.964380 n-d-802893-1 neutron-server[94157]: DEBUG neutron.notifiers.nova [req-710277e2-a75a-49a0-b4b8-1746b1135186 req-d226d02f-dc1d-4daf-b608-b6eccd01a74c service neutron] Ignoring state change previous_port_status: DOWN current_port_status: DOWN port_id a6d82098-780a-49ec-9b0c-ce02076c56bb {{(pid=94157) record_port_status_changed /opt/stack/neutron/neutron/notifiers/nova.py:224}}
Jul 29 14:39:46.986353 n-d-802893-1 neutron-server[94157]: DEBUG neutron_lib.callbacks.manager [req-710277e2-a75a-49a0-b4b8-1746b1135186 req-d226d02f-dc1d-4daf-b608-b6eccd01a74c service neutron] Notify callbacks [] for port, precommit_update {{(pid=94157) _notify_loop /usr/local/lib/python3.8/dist-packages/neutron_lib/callbacks/manager.py:192}}
Jul 29 14:39:47.030470 n-d-802893-1 neutron-server[94157]: DEBUG neutron.db.provisioning_blocks [req-710277e2-a75a-49a0-b4b8-1746b1135186 req-d226d02f-dc1d-4daf-b608-b6eccd01a74c service neutron] Transition to ACTIVE for port object a6d82098-780a-49ec-9b0c-ce02076c56bb will not be triggered until provisioned by entity L2. {{(pid=94157) add_provisioning_component /opt/stack/neutron/neutron/db/provisioning_blocks.py:73}}
Jul 29 14:39:47.037592 n-d-802893-1 neutron-server[94157]: DEBUG neutron_lib.callbacks.manager [req-710277e2-a75a-49a0-b4b8-1746b1135186 req-d226d02f-dc1d-4daf-b608-b6eccd01a74c service neutron] Notify callbacks ['neutron.plugins.ml2.plugin.SecurityGroupServerNotifierRpcMixin._notify_sg_on_port_change-134100527', 'neutron.plugins.ml2.ovo_rpc._ObjectChangeHandler.handle_event-216418', 'neutron.api.rpc.agentnotifiers.dhcp_rpc_agent_api.DhcpAgentNotifyAPI._native_event_send_dhcp_notification-748692', 'neutron.db.l3_db.L3RpcNotifierMixin._notify_gateway_port_ip_changed-8743680688433', 'neutron.db.l3_dvrscheduler_db._notify_l3_agent_port_update-8743680316901', 'neutron.db.l3_hascheduler_db._notify_l3_agent_ha_port_update-8743680316919'] for port, after_update {{(pid=94157) _notify_loop /usr/local/lib/python3.8/dist-packages/neutron_lib/callbacks/manager.py:192}}
Jul 29 14:39:47.303431 n-d-802893-1 neutron-server[94157]: DEBUG neutron.api.rpc.handlers.resources_rpc [None req-d226d02f-dc1d-4daf-b608-b6eccd01a74c service neutron] Pushing event updated for resources: {'Port': ['ID=a6d82098-780a-49ec-9b0c-ce02076c56bb,revision_number=2']} {{(pid=94157) push /opt/stack/neutron/neutron/api/rpc/handlers/resources_rpc.py:237}}
Jul 29 14:39:47.423752 n-d-802893-1 neutron-server[94157]: DEBUG neutron.plugins.ml2.managers [req-710277e2-a75a-49a0-b4b8-1746b1135186 req-d226d02f-dc1d-4daf-b608-b6eccd01a74c service neutron] Attempting to bind port a6d82098-780a-49ec-9b0c-ce02076c56bb on host n-h1-802893-1 for vnic_type normal with profile {{(pid=94157) bind_port /opt/stack/neutron/neutron/plugins/ml2/managers.py:790}}
Jul 29 14:39:47.424102 n-d-802893-1 neutron-server[94157]: DEBUG neutron.plugins.ml2.managers [req-710277e2-a75a-49a0-b4b8-1746b1135186 req-d226d02f-dc1d-4daf-b608-b6eccd01a74c service neutron] Attempting to bind port a6d82098-780a-49ec-9b0c-ce02076c56bb by drivers openvswitch,hyperv on host n-h1-802893-1 at level 0 using segments [{'id': 'ceb94af9-6f54-4b9d-a69a-11294d8b1e8d', 'network_type': 'vlan', 'physical_network': 'physnet1', 'segmentation_id': 522, 'network_id': '685260eb-b7fc-4894-ada6-3f1ae471466f'}] {{(pid=94157) _bind_port_level /opt/stack/neutron/neutron/plugins/ml2/managers.py:815}}
Jul 29 14:39:47.432851 n-d-802893-1 neutron-server[94157]: DEBUG neutron.plugins.ml2.drivers.mech_agent [req-710277e2-a75a-49a0-b4b8-1746b1135186 req-d226d02f-dc1d-4daf-b608-b6eccd01a74c service neutron] Attempting to bind port a6d82098-780a-49ec-9b0c-ce02076c56bb on network 685260eb-b7fc-4894-ada6-3f1ae471466f {{(pid=94157) bind_port /opt/stack/neutron/neutron/plugins/ml2/drivers/mech_agent.py:85}}
Jul 29 14:39:47.452703 n-d-802893-1 neutron-server[94157]: DEBUG neutron.plugins.ml2.drivers.mech_agent [req-710277e2-a75a-49a0-b4b8-1746b1135186 req-d226d02f-dc1d-4daf-b608-b6eccd01a74c service neutron] Port a6d82098-780a-49ec-9b0c-ce02076c56bb on network 685260eb-b7fc-4894-ada6-3f1ae471466f not bound, no agent of type Open vSwitch agent registered on host n-h1-802893-1 {{(pid=94157) bind_port /opt/stack/neutron/neutron/plugins/ml2/drivers/mech_agent.py:97}}
Jul 29 14:39:47.454343 n-d-802893-1 neutron-server[94157]: DEBUG neutron.plugins.ml2.drivers.mech_agent [req-710277e2-a75a-49a0-b4b8-1746b1135186 req-d226d02f-dc1d-4daf-b608-b6eccd01a74c service neutron] Attempting to bind port a6d82098-780a-49ec-9b0c-ce02076c56bb on network 685260eb-b7fc-4894-ada6-3f1ae471466f {{(pid=94157) bind_port /opt/stack/neutron/neutron/plugins/ml2/drivers/mech_agent.py:85}}
Jul 29 14:39:47.476533 n-d-802893-1 neutron-server[94157]: DEBUG neutron.plugins.ml2.drivers.mech_agent [req-710277e2-a75a-49a0-b4b8-1746b1135186 req-d226d02f-dc1d-4daf-b608-b6eccd01a74c service neutron] Checking agent: {'id': '8876af75-daa7-4846-a154-7ea97d78dc58', 'agent_type': 'HyperV agent', 'binary': 'neutron-hyperv-agent', 'topic': 'N/A', 'host': 'n-h1-802893-1', 'admin_state_up': True, 'created_at': datetime.datetime(2021, 7, 29, 14, 37, 26), 'started_at': datetime.datetime(2021, 7, 29, 14, 37, 26), 'heartbeat_timestamp': datetime.datetime(2021, 7, 29, 14, 39, 26), 'description': None, 'resources_synced': None, 'availability_zone': None, 'alive': True, 'configurations': {'vswitch_mappings': {'physnet1$': 'br-data'}}, 'resource_versions': {}} {{(pid=94157) bind_port /opt/stack/neutron/neutron/plugins/ml2/drivers/mech_agent.py:104}}
Jul 29 14:39:47.477123 n-d-802893-1 neutron-server[94157]: DEBUG neutron.plugins.ml2.drivers.mech_agent [req-710277e2-a75a-49a0-b4b8-1746b1135186 req-d226d02f-dc1d-4daf-b608-b6eccd01a74c service neutron] Checking segment: {'id': 'ceb94af9-6f54-4b9d-a69a-11294d8b1e8d', 'network_type': 'vlan', 'physical_network': 'physnet1', 'segmentation_id': 522, 'network_id': '685260eb-b7fc-4894-ada6-3f1ae471466f'} for mappings: {'physnet1$': 'br-data'} with network types: ['local', 'flat', 'vlan'] {{(pid=94157) check_segment_for_agent /opt/stack/neutron/neutron/plugins/ml2/drivers/mech_agent.py:352}}
Jul 29 14:39:47.489439 n-d-802893-1 neutron-server[94157]: DEBUG neutron.plugins.ml2.drivers.mech_agent [req-710277e2-a75a-49a0-b4b8-1746b1135186 req-d226d02f-dc1d-4daf-b608-b6eccd01a74c service neutron] Bound using segment: {'id': 'ceb94af9-6f54-4b9d-a69a-11294d8b1e8d', 'network_type': 'vlan', 'physical_network': 'physnet1', 'segmentation_id': 522, 'network_id': '685260eb-b7fc-4894-ada6-3f1ae471466f'} {{(pid=94157) bind_port /opt/stack/neutron/neutron/plugins/ml2/drivers/mech_agent.py:114}}
Jul 29 14:39:47.490561 n-d-802893-1 neutron-server[94157]: DEBUG neutron.plugins.ml2.managers [req-710277e2-a75a-49a0-b4b8-1746b1135186 req-d226d02f-dc1d-4daf-b608-b6eccd01a74c service neutron] Bound port: a6d82098-780a-49ec-9b0c-ce02076c56bb, host: n-h1-802893-1, vif_type: hyperv, vif_details: {"connectivity": "legacy", "port_filter": false}, binding_levels: [{'bound_driver': 'hyperv', 'bound_segment': {'id': 'ceb94af9-6f54-4b9d-a69a-11294d8b1e8d', 'network_type': 'vlan', 'physical_network': 'physnet1', 'segmentation_id': 522, 'network_id': '685260eb-b7fc-4894-ada6-3f1ae471466f'}}] {{(pid=94157) _bind_port_level /opt/stack/neutron/neutron/plugins/ml2/managers.py:928}}
Jul 29 14:39:47.491213 n-d-802893-1 neutron-server[94157]: DEBUG neutron_lib.callbacks.manager [req-710277e2-a75a-49a0-b4b8-1746b1135186 req-d226d02f-dc1d-4daf-b608-b6eccd01a74c service neutron] Notify callbacks ['neutron.plugins.ml2.plugin.SecurityGroupDbMixin._ensure_default_security_group_handler-133725410'] for port, before_update {{(pid=94157) _notify_loop /usr/local/lib/python3.8/dist-packages/neutron_lib/callbacks/manager.py:192}}
Jul 29 14:39:47.527664 n-d-802893-1 neutron-server[94158]: DEBUG neutron.db.db_base_plugin_common [req-8205ea5c-6c9c-4622-919d-4897f643f24a req-28ee6df3-edeb-494c-9c4a-6ed8432070a5 tempest-AggregatesAdminTestJSON-445373121 tempest-AggregatesAdminTestJSON-445373121-project] Allocated IP 192.168.233.222 (685260eb-b7fc-4894-ada6-3f1ae471466f/74f63c3f-53ae-4284-9c43-dda4e8587945/3bb78113-4558-4ef7-8917-258dbf027c74) {{(pid=94158) _store_ip_allocation /opt/stack/neutron/neutron/db/db_base_plugin_common.py:131}}
Jul 29 14:39:47.661146 n-d-802893-1 neutron-server[94157]: DEBUG neutron.plugins.ml2.db [req-710277e2-a75a-49a0-b4b8-1746b1135186 req-d226d02f-dc1d-4daf-b608-b6eccd01a74c service neutron] For port a6d82098-780a-49ec-9b0c-ce02076c56bb, host n-h1-802893-1, cleared binding levels {{(pid=94157) clear_binding_levels /opt/stack/neutron/neutron/plugins/ml2/db.py:87}}
Jul 29 14:39:47.667214 n-d-802893-1 neutron-server[94157]: DEBUG neutron.plugins.ml2.db [req-710277e2-a75a-49a0-b4b8-1746b1135186 req-d226d02f-dc1d-4daf-b608-b6eccd01a74c service neutron] For port a6d82098-780a-49ec-9b0c-ce02076c56bb, host n-h1-802893-1, set binding levels [PortBindingLevel(driver='hyperv',host='n-h1-802893-1',level=0,port_id=a6d82098-780a-49ec-9b0c-ce02076c56bb,segment=NetworkSegment(ceb94af9-6f54-4b9d-a69a-11294d8b1e8d),segment_id=ceb94af9-6f54-4b9d-a69a-11294d8b1e8d)] {{(pid=94157) set_binding_levels /opt/stack/neutron/neutron/plugins/ml2/db.py:59}}
Jul 29 14:39:47.674553 n-d-802893-1 neutron-server[94157]: DEBUG neutron_lib.callbacks.manager [req-710277e2-a75a-49a0-b4b8-1746b1135186 req-d226d02f-dc1d-4daf-b608-b6eccd01a74c service neutron] Notify callbacks ['neutron.plugins.ml2.plugin.SecurityGroupServerNotifierRpcMixin._notify_sg_on_port_change-134100527', 'neutron.plugins.ml2.ovo_rpc._ObjectChangeHandler.handle_event-216418', 'neutron.api.rpc.agentnotifiers.dhcp_rpc_agent_api.DhcpAgentNotifyAPI._native_event_send_dhcp_notification-748692', 'neutron.db.l3_db.L3RpcNotifierMixin._notify_gateway_port_ip_changed-8743680688433', 'neutron.db.l3_dvrscheduler_db._notify_l3_agent_port_update-8743680316901', 'neutron.db.l3_hascheduler_db._notify_l3_agent_ha_port_update-8743680316919'] for port, after_update {{(pid=94157) _notify_loop /usr/local/lib/python3.8/dist-packages/neutron_lib/callbacks/manager.py:192}}
Jul 29 14:39:47.738061 n-d-802893-1 neutron-server[94158]: DEBUG neutron.pecan_wsgi.hooks.policy_enforcement [req-aa8339d7-3629-4b09-981f-6d0c95feb591 req-d40ed223-ed82-4503-985f-3b2af6973254 tempest-DeleteServersAdminTestJSON-1198808173 tempest-DeleteServersAdminTestJSON-1198808173-project] Attributes excluded by policy engine: ['standard_attr_id', 'binding:profile', 'binding:host_id', 'binding:vif_type', 'binding:vif_details'] {{(pid=94158) _exclude_attributes_by_policy /opt/stack/neutron/neutron/pecan_wsgi/hooks/policy_enforcement.py:255}}
Jul 29 14:39:47.740144 n-d-802893-1 neutron-server[94158]: INFO neutron.wsgi [req-aa8339d7-3629-4b09-981f-6d0c95feb591 req-d40ed223-ed82-4503-985f-3b2af6973254 tempest-DeleteServersAdminTestJSON-1198808173 tempest-DeleteServersAdminTestJSON-1198808173-project] 10.222.0.16 "GET /v2.0/ports?device_id=f41b22b8-9ce5-467b-a25c-0a3aaf3fa437 HTTP/1.1" status: 200 len: 947 time: 0.5073428
Jul 29 14:39:47.767856 n-d-802893-1 neutron-server[94157]: DEBUG neutron.api.rpc.handlers.resources_rpc [None req-d226d02f-dc1d-4daf-b608-b6eccd01a74c service neutron] Pushing event updated for resources: {'Port': ['ID=a6d82098-780a-49ec-9b0c-ce02076c56bb,revision_number=3']} {{(pid=94157) push /opt/stack/neutron/neutron/api/rpc/handlers/resources_rpc.py:237}}
Jul 29 14:39:47.845905 n-d-802893-1 neutron-server[94157]: DEBUG neutron.pecan_wsgi.hooks.policy_enforcement [req-710277e2-a75a-49a0-b4b8-1746b1135186 req-d226d02f-dc1d-4daf-b608-b6eccd01a74c service neutron] Attributes excluded by policy engine: ['standard_attr_id'] {{(pid=94157) _exclude_attributes_by_policy /opt/stack/neutron/neutron/pecan_wsgi/hooks/policy_enforcement.py:255}}
Jul 29 14:39:47.846878 n-d-802893-1 neutron-server[94157]: DEBUG neutron_lib.callbacks.manager [req-710277e2-a75a-49a0-b4b8-1746b1135186 req-d226d02f-dc1d-4daf-b608-b6eccd01a74c service neutron] Notify callbacks ['neutron.notifiers.nova.Notifier._send_nova_notification-419756', 'neutron.api.rpc.agentnotifiers.dhcp_rpc_agent_api.DhcpAgentNotifyAPI._send_dhcp_notification-748714'] for port, before_response {{(pid=94157) _notify_loop /usr/local/lib/python3.8/dist-packages/neutron_lib/callbacks/manager.py:192}}
Jul 29 14:39:47.849917 n-d-802893-1 neutron-server[94157]: INFO neutron.wsgi [req-710277e2-a75a-49a0-b4b8-1746b1135186 req-d226d02f-dc1d-4daf-b608-b6eccd01a74c service neutron] 10.222.0.38 "PUT /v2.0/ports/a6d82098-780a-49ec-9b0c-ce02076c56bb HTTP/1.1" status: 200 len: 1095 time: 2.2864769
Jul 29 14:39:47.850522 n-d-802893-1 neutron-server[94157]: DEBUG neutron.notifiers.nova [-] Sending events: [{'name': 'network-changed', 'server_uuid': 'f41b22b8-9ce5-467b-a25c-0a3aaf3fa437', 'tag': 'a6d82098-780a-49ec-9b0c-ce02076c56bb'}] {{(pid=94157) send_events /opt/stack/neutron/neutron/notifiers/nova.py:262}}
Jul 29 14:39:48.058676 n-d-802893-1 neutron-server[94158]: INFO neutron.wsgi [req-aa8339d7-3629-4b09-981f-6d0c95feb591 req-7e0ccf51-50fb-4204-883c-86b411f4110c tempest-DeleteServersAdminTestJSON-1198808173 tempest-DeleteServersAdminTestJSON-1198808173-project] 10.222.0.16 "GET /v2.0/security-groups?id=00362802-df85-4a25-9932-a78a7b8d9388&fields=id&fields=name HTTP/1.1" status: 200 len: 286 time: 0.2756751
Jul 29 14:39:48.287136 n-d-802893-1 neutron-server[94157]: INFO neutron.wsgi [req-3df8f428-6d9a-41cd-8e67-5b1ca826b3b9 req-862a4b43-7f1f-4821-96ea-2d36a836f494 tempest-AggregatesAdminTestJSON-445373121 tempest-AggregatesAdminTestJSON-445373121-project] 10.222.0.16 "GET /v2.0/ports?device_id=7f22086a-596a-49ec-8ddc-fad7e18321b3 HTTP/1.1" status: 200 len: 210 time: 0.3057930
Jul 29 14:39:48.337723 n-d-802893-1 neutron-server[94157]: DEBUG neutron.pecan_wsgi.hooks.policy_enforcement [req-710277e2-a75a-49a0-b4b8-1746b1135186 req-82efe342-acd4-41ea-a9c4-4330edf710e3 service neutron] Attributes excluded by policy engine: ['standard_attr_id'] {{(pid=94157) _exclude_attributes_by_policy /opt/stack/neutron/neutron/pecan_wsgi/hooks/policy_enforcement.py:255}}
Jul 29 14:39:48.341268 n-d-802893-1 neutron-server[94157]: INFO neutron.wsgi [req-710277e2-a75a-49a0-b4b8-1746b1135186 req-82efe342-acd4-41ea-a9c4-4330edf710e3 service neutron] 10.222.0.38 "GET /v2.0/ports?tenant_id=88483b44a7ed4d048b02d15355600f63&device_id=f41b22b8-9ce5-467b-a25c-0a3aaf3fa437 HTTP/1.1" status: 200 len: 1098 time: 0.3581636
Jul 29 14:39:48.354580 n-d-802893-1 neutron-server[94158]: DEBUG neutron_lib.callbacks.manager [req-8205ea5c-6c9c-4622-919d-4897f643f24a req-28ee6df3-edeb-494c-9c4a-6ed8432070a5 tempest-AggregatesAdminTestJSON-445373121 tempest-AggregatesAdminTestJSON-445373121-project] Notify callbacks [] for port, precommit_create {{(pid=94158) _notify_loop /usr/local/lib/python3.8/dist-packages/neutron_lib/callbacks/manager.py:192}}
Jul 29 14:39:48.425121 n-d-802893-1 neutron-server[94158]: DEBUG neutron.db.provisioning_blocks [req-8205ea5c-6c9c-4622-919d-4897f643f24a req-28ee6df3-edeb-494c-9c4a-6ed8432070a5 tempest-AggregatesAdminTestJSON-445373121 tempest-AggregatesAdminTestJSON-445373121-project] Transition to ACTIVE for port object 3bb78113-4558-4ef7-8917-258dbf027c74 will not be triggered until provisioned by entity DHCP. {{(pid=94158) add_provisioning_component /opt/stack/neutron/neutron/db/provisioning_blocks.py:73}}
Jul 29 14:39:48.542540 n-d-802893-1 neutron-server[94157]: INFO neutron.wsgi [req-710277e2-a75a-49a0-b4b8-1746b1135186 req-48d748e0-a336-4609-9d65-419e3e1ae67d service neutron] 10.222.0.38 "GET /v2.0/floatingips?fixed_ip_address=192.168.233.60&port_id=a6d82098-780a-49ec-9b0c-ce02076c56bb HTTP/1.1" status: 200 len: 217 time: 0.1715193
Jul 29 14:39:48.619325 n-d-802893-1 neutron-server[94157]: DEBUG novaclient.v2.client [-] REQ: curl -g -i --cacert "/opt/stack/data/ca-bundle.pem" -X POST http://10.222.0.16/compute/v2.1/os-server-external-events -H "Accept: application/json" -H "Content-Type: application/json" -H "User-Agent: python-novaclient" -H "X-Auth-Token: {SHA256}cfb86540e5eb1a234c7b81049ee9ca176435080b51db90e8e89529a9995e4e76" -H "X-OpenStack-Nova-API-Version: 2.1" -H "X-OpenStack-Request-ID: req-02cd0ebd-e8f6-4e05-90bf-5a5f5eed6145" -d '{"events": [{"name": "network-changed", "server_uuid": "f41b22b8-9ce5-467b-a25c-0a3aaf3fa437", "tag": "a6d82098-780a-49ec-9b0c-ce02076c56bb"}]}' {{(pid=94157) _http_log_request /usr/local/lib/python3.8/dist-packages/keystoneauth1/session.py:519}}
Jul 29 14:39:48.623659 n-d-802893-1 neutron-server[94158]: DEBUG neutron_lib.callbacks.manager [req-8205ea5c-6c9c-4622-919d-4897f643f24a req-28ee6df3-edeb-494c-9c4a-6ed8432070a5 tempest-AggregatesAdminTestJSON-445373121 tempest-AggregatesAdminTestJSON-445373121-project] Notify callbacks ['neutron.plugins.ml2.plugin.SecurityGroupServerNotifierRpcMixin._notify_sg_on_port_change-134100527', 'neutron.plugins.ml2.ovo_rpc._ObjectChangeHandler.handle_event-216418', 'neutron.api.rpc.agentnotifiers.dhcp_rpc_agent_api.DhcpAgentNotifyAPI._native_event_send_dhcp_notification-748692', 'neutron.db.l3_dvrscheduler_db._notify_l3_agent_new_port-8743680316883'] for port, after_create {{(pid=94158) _notify_loop /usr/local/lib/python3.8/dist-packages/neutron_lib/callbacks/manager.py:192}}
Jul 29 14:39:48.698124 n-d-802893-1 neutron-server[94157]: DEBUG neutron.pecan_wsgi.hooks.policy_enforcement [req-710277e2-a75a-49a0-b4b8-1746b1135186 req-bd570b19-f67b-4d67-bfb6-19b45c21ef6f service neutron] Attributes excluded by policy engine: ['standard_attr_id', 'shared'] {{(pid=94157) _exclude_attributes_by_policy /opt/stack/neutron/neutron/pecan_wsgi/hooks/policy_enforcement.py:255}}
Jul 29 14:39:48.703405 n-d-802893-1 neutron-server[94157]: INFO neutron.wsgi [req-710277e2-a75a-49a0-b4b8-1746b1135186 req-bd570b19-f67b-4d67-bfb6-19b45c21ef6f service neutron] 10.222.0.38 "GET /v2.0/subnets?id=74f63c3f-53ae-4284-9c43-dda4e8587945 HTTP/1.1" status: 200 len: 843 time: 0.1535850
Jul 29 14:39:48.808704 n-d-802893-1 neutron-server[94158]: DEBUG neutron.api.rpc.handlers.resources_rpc [None req-28ee6df3-edeb-494c-9c4a-6ed8432070a5 tempest-AggregatesAdminTestJSON-445373121 tempest-AggregatesAdminTestJSON-445373121-project] Pushing event updated for resources: {'Port': ['ID=3bb78113-4558-4ef7-8917-258dbf027c74,revision_number=1']} {{(pid=94158) push /opt/stack/neutron/neutron/api/rpc/handlers/resources_rpc.py:237}}
Jul 29 14:39:48.837476 n-d-802893-1 neutron-server[94158]: DEBUG neutron.scheduler.dhcp_agent_scheduler [req-8205ea5c-6c9c-4622-919d-4897f643f24a req-28ee6df3-edeb-494c-9c4a-6ed8432070a5 tempest-AggregatesAdminTestJSON-445373121 tempest-AggregatesAdminTestJSON-445373121-project] Network 685260eb-b7fc-4894-ada6-3f1ae471466f is already hosted by enough agents. {{(pid=94158) _get_dhcp_agents_hosting_network /opt/stack/neutron/neutron/scheduler/dhcp_agent_scheduler.py:275}}
Jul 29 14:39:48.844547 n-d-802893-1 neutron-server[94158]: DEBUG neutron.scheduler.base_scheduler [req-8205ea5c-6c9c-4622-919d-4897f643f24a req-28ee6df3-edeb-494c-9c4a-6ed8432070a5 tempest-AggregatesAdminTestJSON-445373121 tempest-AggregatesAdminTestJSON-445373121-project] Resources bound (agent type, host, resource id): {{(pid=94158) schedule /opt/stack/neutron/neutron/scheduler/base_scheduler.py:57}}
Jul 29 14:39:48.848796 n-d-802893-1 neutron-server[94158]: DEBUG neutron.db.l3_dvrscheduler_db [req-8205ea5c-6c9c-4622-919d-4897f643f24a req-28ee6df3-edeb-494c-9c4a-6ed8432070a5 tempest-AggregatesAdminTestJSON-445373121 tempest-AggregatesAdminTestJSON-445373121-project] Received port after_create {{(pid=94158) _notify_l3_agent_new_port /opt/stack/neutron/neutron/db/l3_dvrscheduler_db.py:535}}
Jul 29 14:39:48.856257 n-d-802893-1 neutron-server[94158]: DEBUG neutron.pecan_wsgi.hooks.policy_enforcement [req-8205ea5c-6c9c-4622-919d-4897f643f24a req-28ee6df3-edeb-494c-9c4a-6ed8432070a5 tempest-AggregatesAdminTestJSON-445373121 tempest-AggregatesAdminTestJSON-445373121-project] Attributes excluded by policy engine: ['standard_attr_id', 'binding:profile', 'binding:host_id', 'binding:vif_type', 'binding:vif_details', 'network'] {{(pid=94158) _exclude_attributes_by_policy /opt/stack/neutron/neutron/pecan_wsgi/hooks/policy_enforcement.py:255}}
Jul 29 14:39:48.857240 n-d-802893-1 neutron-server[94158]: DEBUG neutron_lib.callbacks.manager [req-8205ea5c-6c9c-4622-919d-4897f643f24a req-28ee6df3-edeb-494c-9c4a-6ed8432070a5 tempest-AggregatesAdminTestJSON-445373121 tempest-AggregatesAdminTestJSON-445373121-project] Notify callbacks ['neutron.notifiers.nova.Notifier._send_nova_notification-419756', 'neutron.api.rpc.agentnotifiers.dhcp_rpc_agent_api.DhcpAgentNotifyAPI._send_dhcp_notification-748714'] for port, before_response {{(pid=94158) _notify_loop /usr/local/lib/python3.8/dist-packages/neutron_lib/callbacks/manager.py:192}}
Jul 29 14:39:48.859918 n-d-802893-1 neutron-server[94157]: DEBUG neutron.pecan_wsgi.hooks.policy_enforcement [req-710277e2-a75a-49a0-b4b8-1746b1135186 req-52acdb66-06ed-440d-8b65-0eea2c2ee6c1 service neutron] Attributes excluded by policy engine: ['standard_attr_id'] {{(pid=94157) _exclude_attributes_by_policy /opt/stack/neutron/neutron/pecan_wsgi/hooks/policy_enforcement.py:255}}
