Jul 29 14:40:20.206527 n-d-802893-1 devstack@n-api.service[120811]: DEBUG nova.api.openstack.wsgi [None req-06330657-f988-4cbb-ac86-88d629ddb898 tempest-AggregatesAdminTestJSON-660256999 tempest-AggregatesAdminTestJSON-660256999-project-admin] Calling method '>' {{(pid=120811) _process_stack /opt/stack/nova/nova/api/openstack/wsgi.py:513}}
Jul 29 14:40:20.209369 n-d-802893-1 devstack@n-api.service[120811]: /usr/local/lib/python3.8/dist-packages/oslo_policy/policy.py:1064: UserWarning: Policy os_compute_api:os-aggregates:delete failed scope check. The token used to make the request was project scoped but the policy requires ['system'] scope. This behavior may change in the future where using the intended scope is required
Jul 29 14:40:20.209369 n-d-802893-1 devstack@n-api.service[120811]: warnings.warn(msg)
Jul 29 14:40:20.236023 n-d-802893-1 devstack@n-api.service[120811]: INFO nova.api.openstack.requestlog [None req-06330657-f988-4cbb-ac86-88d629ddb898 tempest-AggregatesAdminTestJSON-660256999 tempest-AggregatesAdminTestJSON-660256999-project-admin] 10.222.0.16 "DELETE /compute/v2.1/os-aggregates/15" status: 200 len: 0 microversion: 2.1 time: 0.037291
Jul 29 14:40:20.240223 n-d-802893-1 devstack@n-api.service[120811]: [pid: 120811|app: 0|req: 117/202] 10.222.0.16 () {58 vars in 1155 bytes} [Thu Jul 29 14:40:20 2021] DELETE /compute/v2.1/os-aggregates/15 => generated 0 bytes in 40 msecs (HTTP/1.1 200) 9 headers in 355 bytes (1 switches on core 0)
Jul 29 14:40:20.245183 n-d-802893-1 devstack@n-api.service[120811]: DEBUG nova.api.openstack.wsgi [None req-f7a69161-5d83-4f66-b6fd-9aebd1c3329f tempest-MigrationsAdminTest-640652705 tempest-MigrationsAdminTest-640652705-project] Calling method '>' {{(pid=120811) _process_stack /opt/stack/nova/nova/api/openstack/wsgi.py:513}}
Jul 29 14:40:20.247579 n-d-802893-1 devstack@n-api.service[120811]: DEBUG nova.compute.api [None req-f7a69161-5d83-4f66-b6fd-9aebd1c3329f tempest-MigrationsAdminTest-640652705 tempest-MigrationsAdminTest-640652705-project] [instance: 7ee8bd36-1da2-42d8-988d-979447d47dff] Fetching instance by UUID {{(pid=120811) get /opt/stack/nova/nova/compute/api.py:2791}}
Jul 29 14:40:20.258892 n-d-802893-1 devstack@n-api.service[120811]: DEBUG oslo_concurrency.lockutils [None req-f7a69161-5d83-4f66-b6fd-9aebd1c3329f tempest-MigrationsAdminTest-640652705 tempest-MigrationsAdminTest-640652705-project] Lock "2cbd51b2-8178-4159-a2ff-6d40f1dc1a57" acquired by "nova.context.set_target_cell..get_or_set_cached_cell_and_set_connections" :: waited 0.000s {{(pid=120811) inner /usr/local/lib/python3.8/dist-packages/oslo_concurrency/lockutils.py:355}}
Jul 29 14:40:20.260613 n-d-802893-1 devstack@n-api.service[120811]: DEBUG oslo_concurrency.lockutils [None req-f7a69161-5d83-4f66-b6fd-9aebd1c3329f tempest-MigrationsAdminTest-640652705 tempest-MigrationsAdminTest-640652705-project] Lock "2cbd51b2-8178-4159-a2ff-6d40f1dc1a57" released by "nova.context.set_target_cell..get_or_set_cached_cell_and_set_connections" :: held 0.002s {{(pid=120811) inner /usr/local/lib/python3.8/dist-packages/oslo_concurrency/lockutils.py:367}}
Jul 29 14:40:20.262002 n-d-802893-1 devstack@n-api.service[120811]: DEBUG oslo_concurrency.lockutils [None req-f7a69161-5d83-4f66-b6fd-9aebd1c3329f tempest-MigrationsAdminTest-640652705 tempest-MigrationsAdminTest-640652705-project] Lock "2cbd51b2-8178-4159-a2ff-6d40f1dc1a57" acquired by "nova.context.set_target_cell..get_or_set_cached_cell_and_set_connections" :: waited 0.000s {{(pid=120811) inner /usr/local/lib/python3.8/dist-packages/oslo_concurrency/lockutils.py:355}}
Jul 29 14:40:20.262581 n-d-802893-1 devstack@n-api.service[120811]: DEBUG oslo_concurrency.lockutils [None req-f7a69161-5d83-4f66-b6fd-9aebd1c3329f tempest-MigrationsAdminTest-640652705 tempest-MigrationsAdminTest-640652705-project] Lock "2cbd51b2-8178-4159-a2ff-6d40f1dc1a57" released by "nova.context.set_target_cell..get_or_set_cached_cell_and_set_connections" :: held 0.001s {{(pid=120811) inner /usr/local/lib/python3.8/dist-packages/oslo_concurrency/lockutils.py:367}}
Jul 29 14:40:20.433733 n-d-802893-1 devstack@n-api.service[120811]: DEBUG nova.policy [None req-f7a69161-5d83-4f66-b6fd-9aebd1c3329f tempest-MigrationsAdminTest-640652705 tempest-MigrationsAdminTest-640652705-project] Policy check for os_compute_api:os-extended-server-attributes failed with credentials {'is_admin': False, 'user_id': 'e26bceab4b0347d19d7aac4005ca70e6', 'user_domain_id': 'default', 'system_scope': None, 'domain_id': None, 'project_id': '066be3c079594f16a4e143f5f26610bd', 'project_domain_id': 'default', 'roles': ['reader', 'member'], 'is_admin_project': True, 'service_user_id': None, 'service_user_domain_id': None, 'service_project_id': None, 'service_project_domain_id': None, 'service_roles': []} {{(pid=120811) authorize /opt/stack/nova/nova/policy.py:199}}
Jul 29 14:40:20.444725 n-d-802893-1 devstack@n-api.service[120811]: INFO nova.api.openstack.requestlog [None req-f7a69161-5d83-4f66-b6fd-9aebd1c3329f tempest-MigrationsAdminTest-640652705 tempest-MigrationsAdminTest-640652705-project] 10.222.0.16 "GET /compute/v2.1/servers/7ee8bd36-1da2-42d8-988d-979447d47dff" status: 200 len: 1477 microversion: 2.1 time: 0.205788
Jul 29 14:40:20.446899 n-d-802893-1 devstack@n-api.service[120812]: INFO nova.api.openstack.requestlog [None req-e926b05a-cd6c-4345-b38c-67b533601ea9 tempest-FloatingIPsTestJSON-1878570470 tempest-FloatingIPsTestJSON-1878570470-project] 10.222.0.16 "DELETE /compute/v2.1/os-floating-ips/bf91cec0-ea8d-4294-8a03-1af4c478e4d4" status: 202 len: 0 microversion: 2.1 time: 1.726861
Jul 29 14:40:20.447978 n-d-802893-1 devstack@n-api.service[120812]: [pid: 120812|app: 0|req: 86/203] 10.222.0.16 () {58 vars in 1263 bytes} [Thu Jul 29 14:40:18 2021] DELETE /compute/v2.1/os-floating-ips/bf91cec0-ea8d-4294-8a03-1af4c478e4d4 => generated 0 bytes in 1733 msecs (HTTP/1.1 202) 9 headers in 361 bytes (1 switches on core 0)
Jul 29 14:40:20.453204 n-d-802893-1 devstack@n-api.service[120812]: DEBUG nova.api.openstack.wsgi [None req-d30c77df-711b-4571-9fe3-4924b5fefe16 tempest-AggregatesAdminTestV241-325224102 tempest-AggregatesAdminTestV241-325224102-project-admin] Calling method '>' {{(pid=120812) _process_stack /opt/stack/nova/nova/api/openstack/wsgi.py:513}}
Jul 29 14:40:20.454278 n-d-802893-1 devstack@n-api.service[120812]: /usr/local/lib/python3.8/dist-packages/oslo_policy/policy.py:1064: UserWarning: Policy os_compute_api:os-aggregates:delete failed scope check. The token used to make the request was project scoped but the policy requires ['system'] scope. This behavior may change in the future where using the intended scope is required
Jul 29 14:40:20.454278 n-d-802893-1 devstack@n-api.service[120812]: warnings.warn(msg)
Jul 29 14:40:20.457586 n-d-802893-1 devstack@n-api.service[120811]: [pid: 120811|app: 0|req: 118/204] 10.222.0.16 () {58 vars in 1236 bytes} [Thu Jul 29 14:40:20 2021] GET /compute/v2.1/servers/7ee8bd36-1da2-42d8-988d-979447d47dff => generated 1477 bytes in 219 msecs (HTTP/1.1 200) 9 headers in 358 bytes (1 switches on core 0)
Jul 29 14:40:20.465218 n-d-802893-1 devstack@n-api.service[120811]: DEBUG nova.api.openstack.wsgi [None req-5c8399d4-6ed2-4ace-89fe-1d63189b7414 tempest-AggregatesAdminTestJSON-660256999 tempest-AggregatesAdminTestJSON-660256999-project-admin] Calling method '>' {{(pid=120811) _process_stack /opt/stack/nova/nova/api/openstack/wsgi.py:513}}
Jul 29 14:40:20.465989 n-d-802893-1 devstack@n-api.service[120811]: /usr/local/lib/python3.8/dist-packages/oslo_policy/policy.py:1064: UserWarning: Policy os_compute_api:os-aggregates:show failed scope check. The token used to make the request was project scoped but the policy requires ['system'] scope. This behavior may change in the future where using the intended scope is required
Jul 29 14:40:20.465989 n-d-802893-1 devstack@n-api.service[120811]: warnings.warn(msg)
Jul 29 14:40:20.477340 n-d-802893-1 devstack@n-api.service[120811]: INFO nova.api.openstack.wsgi [None req-5c8399d4-6ed2-4ace-89fe-1d63189b7414 tempest-AggregatesAdminTestJSON-660256999 tempest-AggregatesAdminTestJSON-660256999-project-admin] HTTP exception thrown: Aggregate 15 could not be found.
Jul 29 14:40:20.477941 n-d-802893-1 devstack@n-api.service[120811]: DEBUG nova.api.openstack.wsgi [None req-5c8399d4-6ed2-4ace-89fe-1d63189b7414 tempest-AggregatesAdminTestJSON-660256999 tempest-AggregatesAdminTestJSON-660256999-project-admin] Returning 404 to user: Aggregate 15 could not be found. {{(pid=120811) __call__ /opt/stack/nova/nova/api/openstack/wsgi.py:927}}
Jul 29 14:40:20.478785 n-d-802893-1 devstack@n-api.service[120811]: INFO nova.api.openstack.requestlog [None req-5c8399d4-6ed2-4ace-89fe-1d63189b7414 tempest-AggregatesAdminTestJSON-660256999 tempest-AggregatesAdminTestJSON-660256999-project-admin] 10.222.0.16 "GET /compute/v2.1/os-aggregates/15" status: 404 len: 78 microversion: 2.1 time: 0.020476
Jul 29 14:40:20.482053 n-d-802893-1 devstack@n-api.service[120811]: [pid: 120811|app: 0|req: 119/205] 10.222.0.16 () {58 vars in 1152 bytes} [Thu Jul 29 14:40:20 2021] GET /compute/v2.1/os-aggregates/15 => generated 78 bytes in 23 msecs (HTTP/1.1 404) 9 headers in 378 bytes (1 switches on core 0)
Jul 29 14:40:20.487481 n-d-802893-1 devstack@n-api.service[120811]: DEBUG nova.api.openstack.wsgi [None req-fdecd220-1657-4058-849e-980db02c815a tempest-LiveMigrationNegativeTest-2072167865 tempest-LiveMigrationNegativeTest-2072167865-project] Calling method '>' {{(pid=120811) _process_stack /opt/stack/nova/nova/api/openstack/wsgi.py:513}}
Jul 29 14:40:20.488204 n-d-802893-1 devstack@n-api.service[120811]: DEBUG nova.compute.api [None req-fdecd220-1657-4058-849e-980db02c815a tempest-LiveMigrationNegativeTest-2072167865 tempest-LiveMigrationNegativeTest-2072167865-project] [instance: 3cc3cc88-10ff-43f4-94a1-ae6577059f18] Fetching instance by UUID {{(pid=120811) get /opt/stack/nova/nova/compute/api.py:2791}}
Jul 29 14:40:20.492039 n-d-802893-1 devstack@n-api.service[120812]: INFO nova.api.openstack.requestlog [None req-d30c77df-711b-4571-9fe3-4924b5fefe16 tempest-AggregatesAdminTestV241-325224102 tempest-AggregatesAdminTestV241-325224102-project-admin] 10.222.0.16 "DELETE /compute/v2.1/os-aggregates/14" status: 200 len: 0 microversion: 2.41 time: 0.042930
Jul 29 14:40:20.493359 n-d-802893-1 devstack@n-api.service[120812]: [pid: 120812|app: 0|req: 87/206] 10.222.0.16 () {60 vars in 1196 bytes} [Thu Jul 29 14:40:20 2021] DELETE /compute/v2.1/os-aggregates/14 => generated 0 bytes in 45 msecs (HTTP/1.1 200) 9 headers in 357 bytes (1 switches on core 0)
Jul 29 14:40:20.498319 n-d-802893-1 devstack@n-api.service[120812]: DEBUG nova.api.openstack.wsgi [None req-de82ba16-7fc8-4e5f-b6c3-fea3172c65a4 tempest-FloatingIPsTestJSON-1878570470 tempest-FloatingIPsTestJSON-1878570470-project] Calling method '.version_select at 0x7fadf89cf310>' {{(pid=120812) _process_stack /opt/stack/nova/nova/api/openstack/wsgi.py:513}}
Jul 29 14:40:20.521429 n-d-802893-1 devstack@n-api.service[120811]: DEBUG oslo_concurrency.lockutils [None req-fdecd220-1657-4058-849e-980db02c815a tempest-LiveMigrationNegativeTest-2072167865 tempest-LiveMigrationNegativeTest-2072167865-project] Lock "2cbd51b2-8178-4159-a2ff-6d40f1dc1a57" acquired by "nova.context.set_target_cell..get_or_set_cached_cell_and_set_connections" :: waited 0.000s {{(pid=120811) inner /usr/local/lib/python3.8/dist-packages/oslo_concurrency/lockutils.py:355}}
Jul 29 14:40:20.521894 n-d-802893-1 devstack@n-api.service[120811]: DEBUG oslo_concurrency.lockutils [None req-fdecd220-1657-4058-849e-980db02c815a tempest-LiveMigrationNegativeTest-2072167865 tempest-LiveMigrationNegativeTest-2072167865-project] Lock "2cbd51b2-8178-4159-a2ff-6d40f1dc1a57" released by "nova.context.set_target_cell..get_or_set_cached_cell_and_set_connections" :: held 0.001s {{(pid=120811) inner /usr/local/lib/python3.8/dist-packages/oslo_concurrency/lockutils.py:367}}
Jul 29 14:40:20.523169 n-d-802893-1 devstack@n-api.service[120811]: DEBUG oslo_concurrency.lockutils [None req-fdecd220-1657-4058-849e-980db02c815a tempest-LiveMigrationNegativeTest-2072167865 tempest-LiveMigrationNegativeTest-2072167865-project] Lock "2cbd51b2-8178-4159-a2ff-6d40f1dc1a57" acquired by "nova.context.set_target_cell..get_or_set_cached_cell_and_set_connections" :: waited 0.000s {{(pid=120811) inner /usr/local/lib/python3.8/dist-packages/oslo_concurrency/lockutils.py:355}}
Jul 29 14:40:20.523688 n-d-802893-1 devstack@n-api.service[120811]: DEBUG oslo_concurrency.lockutils [None req-fdecd220-1657-4058-849e-980db02c815a tempest-LiveMigrationNegativeTest-2072167865 tempest-LiveMigrationNegativeTest-2072167865-project] Lock "2cbd51b2-8178-4159-a2ff-6d40f1dc1a57" released by "nova.context.set_target_cell..get_or_set_cached_cell_and_set_connections" :: held 0.001s {{(pid=120811) inner /usr/local/lib/python3.8/dist-packages/oslo_concurrency/lockutils.py:367}}
Jul 29 14:40:20.564776 n-d-802893-1 devstack@n-api.service[120812]: DEBUG neutronclient.v2_0.client [None req-de82ba16-7fc8-4e5f-b6c3-fea3172c65a4 tempest-FloatingIPsTestJSON-1878570470 tempest-FloatingIPsTestJSON-1878570470-project] Error message: {"NeutronError": {"type": "FloatingIPNotFound", "message": "Floating IP bf91cec0-ea8d-4294-8a03-1af4c478e4d4 could not be found", "detail": ""}} {{(pid=120812) _handle_fault_response /usr/local/lib/python3.8/dist-packages/neutronclient/v2_0/client.py:262}}
Jul 29 14:40:20.565964 n-d-802893-1 devstack@n-api.service[120812]: INFO nova.api.openstack.wsgi [None req-de82ba16-7fc8-4e5f-b6c3-fea3172c65a4 tempest-FloatingIPsTestJSON-1878570470 tempest-FloatingIPsTestJSON-1878570470-project] HTTP exception thrown: Floating IP not found for ID bf91cec0-ea8d-4294-8a03-1af4c478e4d4
Jul 29 14:40:20.567120 n-d-802893-1 devstack@n-api.service[120812]: DEBUG nova.api.openstack.wsgi [None req-de82ba16-7fc8-4e5f-b6c3-fea3172c65a4 tempest-FloatingIPsTestJSON-1878570470 tempest-FloatingIPsTestJSON-1878570470-project] Returning 404 to user: Floating IP not found for ID bf91cec0-ea8d-4294-8a03-1af4c478e4d4 {{(pid=120812) __call__ /opt/stack/nova/nova/api/openstack/wsgi.py:927}}
Jul 29 14:40:20.568186 n-d-802893-1 devstack@n-api.service[120812]: INFO nova.api.openstack.requestlog [None req-de82ba16-7fc8-4e5f-b6c3-fea3172c65a4 tempest-FloatingIPsTestJSON-1878570470 tempest-FloatingIPsTestJSON-1878570470-project] 10.222.0.16 "GET /compute/v2.1/os-floating-ips/bf91cec0-ea8d-4294-8a03-1af4c478e4d4" status: 404 len: 111 microversion: 2.1 time: 0.073591
Jul 29 14:40:20.570341 n-d-802893-1 devstack@n-api.service[120812]: [pid: 120812|app: 0|req: 88/207] 10.222.0.16 () {58 vars in 1260 bytes} [Thu Jul 29 14:40:20 2021] GET /compute/v2.1/os-floating-ips/bf91cec0-ea8d-4294-8a03-1af4c478e4d4 => generated 111 bytes in 75 msecs (HTTP/1.1 404) 9 headers in 379 bytes (1 switches on core 0)
Jul 29 14:40:20.577023 n-d-802893-1 devstack@n-api.service[120812]: DEBUG nova.api.openstack.wsgi [None req-80edc7bf-de3f-453d-b599-ad056490908a tempest-AggregatesAdminTestJSON-660256999 tempest-AggregatesAdminTestJSON-660256999-project-admin] Calling method '>' {{(pid=120812) _process_stack /opt/stack/nova/nova/api/openstack/wsgi.py:513}}
Jul 29 14:40:20.577882 n-d-802893-1 devstack@n-api.service[120812]: /usr/local/lib/python3.8/dist-packages/oslo_policy/policy.py:1064: UserWarning: Policy os_compute_api:os-aggregates:delete failed scope check. The token used to make the request was project scoped but the policy requires ['system'] scope. This behavior may change in the future where using the intended scope is required
Jul 29 14:40:20.577882 n-d-802893-1 devstack@n-api.service[120812]: warnings.warn(msg)
Jul 29 14:40:20.591776 n-d-802893-1 devstack@n-api.service[120812]: INFO nova.api.openstack.wsgi [None req-80edc7bf-de3f-453d-b599-ad056490908a tempest-AggregatesAdminTestJSON-660256999 tempest-AggregatesAdminTestJSON-660256999-project-admin] HTTP exception thrown: Aggregate 15 could not be found.
Jul 29 14:40:20.592375 n-d-802893-1 devstack@n-api.service[120812]: DEBUG nova.api.openstack.wsgi [None req-80edc7bf-de3f-453d-b599-ad056490908a tempest-AggregatesAdminTestJSON-660256999 tempest-AggregatesAdminTestJSON-660256999-project-admin] Returning 404 to user: Aggregate 15 could not be found. {{(pid=120812) __call__ /opt/stack/nova/nova/api/openstack/wsgi.py:927}}
Jul 29 14:40:20.593782 n-d-802893-1 devstack@n-api.service[120812]: INFO nova.api.openstack.requestlog [None req-80edc7bf-de3f-453d-b599-ad056490908a tempest-AggregatesAdminTestJSON-660256999 tempest-AggregatesAdminTestJSON-660256999-project-admin] 10.222.0.16 "DELETE /compute/v2.1/os-aggregates/15" status: 404 len: 78 microversion: 2.1 time: 0.023669
Jul 29 14:40:20.594610 n-d-802893-1 devstack@n-api.service[120812]: [pid: 120812|app: 0|req: 89/208] 10.222.0.16 () {58 vars in 1155 bytes} [Thu Jul 29 14:40:20 2021] DELETE /compute/v2.1/os-aggregates/15 => generated 78 bytes in 25 msecs (HTTP/1.1 404) 9 headers in 378 bytes (1 switches on core 0)
Jul 29 14:40:20.606872 n-d-802893-1 devstack@n-api.service[120812]: DEBUG nova.api.openstack.wsgi [None req-21d6d227-f658-454c-989d-a0caa9eb29ce tempest-HostsAdminTestJSON-994008432 tempest-HostsAdminTestJSON-994008432-project-admin] Calling method '.version_select at 0x7fadf89f6e50>' {{(pid=120812) _process_stack /opt/stack/nova/nova/api/openstack/wsgi.py:513}}
Jul 29 14:40:20.610347 n-d-802893-1 devstack@n-api.service[120812]: /usr/local/lib/python3.8/dist-packages/oslo_policy/policy.py:1064: UserWarning: Policy os_compute_api:os-hosts:list failed scope check. The token used to make the request was project scoped but the policy requires ['system'] scope. This behavior may change in the future where using the intended scope is required
Jul 29 14:40:20.610347 n-d-802893-1 devstack@n-api.service[120812]: warnings.warn(msg)
Jul 29 14:40:20.613602 n-d-802893-1 devstack@n-api.service[120812]: DEBUG oslo_concurrency.lockutils [None req-21d6d227-f658-454c-989d-a0caa9eb29ce tempest-HostsAdminTestJSON-994008432 tempest-HostsAdminTestJSON-994008432-project-admin] Lock "00000000-0000-0000-0000-000000000000" acquired by "nova.context.set_target_cell..get_or_set_cached_cell_and_set_connections" :: waited 0.000s {{(pid=120812) inner /usr/local/lib/python3.8/dist-packages/oslo_concurrency/lockutils.py:355}}
Jul 29 14:40:20.615239 n-d-802893-1 devstack@n-api.service[120812]: DEBUG oslo_concurrency.lockutils [None req-21d6d227-f658-454c-989d-a0caa9eb29ce tempest-HostsAdminTestJSON-994008432 tempest-HostsAdminTestJSON-994008432-project-admin] Lock "00000000-0000-0000-0000-000000000000" released by "nova.context.set_target_cell..get_or_set_cached_cell_and_set_connections" :: held 0.001s {{(pid=120812) inner /usr/local/lib/python3.8/dist-packages/oslo_concurrency/lockutils.py:367}}
Jul 29 14:40:20.617278 n-d-802893-1 devstack@n-api.service[120812]: DEBUG oslo_concurrency.lockutils [None req-21d6d227-f658-454c-989d-a0caa9eb29ce tempest-HostsAdminTestJSON-994008432 tempest-HostsAdminTestJSON-994008432-project-admin] Lock "2cbd51b2-8178-4159-a2ff-6d40f1dc1a57" acquired by "nova.context.set_target_cell..get_or_set_cached_cell_and_set_connections" :: waited 0.000s {{(pid=120812) inner /usr/local/lib/python3.8/dist-packages/oslo_concurrency/lockutils.py:355}}
Jul 29 14:40:20.618455 n-d-802893-1 devstack@n-api.service[120812]: DEBUG oslo_concurrency.lockutils [None req-21d6d227-f658-454c-989d-a0caa9eb29ce tempest-HostsAdminTestJSON-994008432 tempest-HostsAdminTestJSON-994008432-project-admin] Lock "2cbd51b2-8178-4159-a2ff-6d40f1dc1a57" released by "nova.context.set_target_cell..get_or_set_cached_cell_and_set_connections" :: held 0.001s {{(pid=120812) inner /usr/local/lib/python3.8/dist-packages/oslo_concurrency/lockutils.py:367}}
Jul 29 14:40:20.672992 n-d-802893-1 devstack@n-api.service[120812]: INFO nova.api.openstack.requestlog [None req-21d6d227-f658-454c-989d-a0caa9eb29ce tempest-HostsAdminTestJSON-994008432 tempest-HostsAdminTestJSON-994008432-project-admin] 10.222.0.16 "GET /compute/v2.1/os-hosts" status: 200 len: 376 microversion: 2.1 time: 0.068757
Jul 29 14:40:20.674645 n-d-802893-1 devstack@n-api.service[120812]: [pid: 120812|app: 0|req: 90/209] 10.222.0.16 () {58 vars in 1128 bytes} [Thu Jul 29 14:40:20 2021] GET /compute/v2.1/os-hosts => generated 376 bytes in 79 msecs (HTTP/1.1 200) 9 headers in 357 bytes (1 switches on core 0)
Jul 29 14:40:20.680131 n-d-802893-1 devstack@n-api.service[120812]: DEBUG nova.api.openstack.wsgi [None req-582724e0-9ea5-4912-bda7-64009eda15de tempest-FloatingIPsTestJSON-1878570470 tempest-FloatingIPsTestJSON-1878570470-project] Calling method '.version_select at 0x7fadf8c0dee0>' {{(pid=120812) _process_stack /opt/stack/nova/nova/api/openstack/wsgi.py:513}}
Jul 29 14:40:20.718375 n-d-802893-1 devstack@n-api.service[120811]: DEBUG nova.policy [None req-fdecd220-1657-4058-849e-980db02c815a tempest-LiveMigrationNegativeTest-2072167865 tempest-LiveMigrationNegativeTest-2072167865-project] Policy check for os_compute_api:os-extended-server-attributes failed with credentials {'is_admin': False, 'user_id': '066f94b098054fd0a2810aa5865a1a69', 'user_domain_id': 'default', 'system_scope': None, 'domain_id': None, 'project_id': 'e8919edc38c64e5b9c0b04dff70dfc99', 'project_domain_id': 'default', 'roles': ['reader', 'member'], 'is_admin_project': True, 'service_user_id': None, 'service_user_domain_id': None, 'service_project_id': None, 'service_project_domain_id': None, 'service_roles': []} {{(pid=120811) authorize /opt/stack/nova/nova/policy.py:199}}
Jul 29 14:40:20.728092 n-d-802893-1 devstack@n-api.service[120811]: INFO nova.api.openstack.requestlog [None req-fdecd220-1657-4058-849e-980db02c815a tempest-LiveMigrationNegativeTest-2072167865 tempest-LiveMigrationNegativeTest-2072167865-project] 10.222.0.16 "GET /compute/v2.1/servers/3cc3cc88-10ff-43f4-94a1-ae6577059f18" status: 200 len: 1318 microversion: 2.1 time: 0.244975
Jul 29 14:40:20.728738 n-d-802893-1 devstack@n-api.service[120811]: [pid: 120811|app: 0|req: 120/210] 10.222.0.16 () {58 vars in 1236 bytes} [Thu Jul 29 14:40:20 2021] GET /compute/v2.1/servers/3cc3cc88-10ff-43f4-94a1-ae6577059f18 => generated 1318 bytes in 246 msecs (HTTP/1.1 200) 9 headers in 358 bytes (1 switches on core 0)
Jul 29 14:40:20.733999 n-d-802893-1 devstack@n-api.service[120811]: DEBUG nova.api.openstack.wsgi [None req-8f331dc5-9b56-4eb9-8fa7-ab0f62584a5e tempest-AggregatesAdminTestJSON-660256999 tempest-AggregatesAdminTestJSON-660256999-project-admin] Action: 'create', calling method: >, body: {"aggregate": {"name": "tempest-test_aggregate-1502085603"}} {{(pid=120811) _process_stack /opt/stack/nova/nova/api/openstack/wsgi.py:511}}
Jul 29 14:40:20.735405 n-d-802893-1 devstack@n-api.service[120811]: /usr/local/lib/python3.8/dist-packages/oslo_policy/policy.py:1064: UserWarning: Policy os_compute_api:os-aggregates:create failed scope check. The token used to make the request was project scoped but the policy requires ['system'] scope. This behavior may change in the future where using the intended scope is required
Jul 29 14:40:20.735405 n-d-802893-1 devstack@n-api.service[120811]: warnings.warn(msg)
Jul 29 14:40:20.737226 n-d-802893-1 devstack@n-api.service[120811]: DEBUG nova.objects.aggregate [None req-8f331dc5-9b56-4eb9-8fa7-ab0f62584a5e tempest-AggregatesAdminTestJSON-660256999 tempest-AggregatesAdminTestJSON-660256999-project-admin] Generated uuid 7093bedd-1511-4dad-9d9b-87885a18e02c for aggregate {{(pid=120811) create /opt/stack/nova/nova/objects/aggregate.py:299}}
Jul 29 14:40:20.765354 n-d-802893-1 devstack@n-api.service[120811]: INFO nova.api.openstack.requestlog [None req-8f331dc5-9b56-4eb9-8fa7-ab0f62584a5e tempest-AggregatesAdminTestJSON-660256999 tempest-AggregatesAdminTestJSON-660256999-project-admin] 10.222.0.16 "POST /compute/v2.1/os-aggregates" status: 200 len: 199 microversion: 2.1 time: 0.035201
Jul 29 14:40:20.769672 n-d-802893-1 devstack@n-api.service[120811]: [pid: 120811|app: 0|req: 121/211] 10.222.0.16 () {60 vars in 1164 bytes} [Thu Jul 29 14:40:20 2021] POST /compute/v2.1/os-aggregates => generated 199 bytes in 40 msecs (HTTP/1.1 200) 9 headers in 357 bytes (1 switches on core 0)
Jul 29 14:40:20.782557 n-d-802893-1 devstack@n-api.service[120811]: DEBUG nova.api.openstack.wsgi [None req-0153679d-0578-4495-8a57-a893b7cc10ab tempest-HostsAdminTestJSON-994008432 tempest-HostsAdminTestJSON-994008432-project-admin] Calling method '.version_select at 0x7fadf8cbc160>' {{(pid=120811) _process_stack /opt/stack/nova/nova/api/openstack/wsgi.py:513}}
Jul 29 14:40:20.784768 n-d-802893-1 devstack@n-api.service[120811]: /usr/local/lib/python3.8/dist-packages/oslo_policy/policy.py:1064: UserWarning: Policy os_compute_api:os-hosts:list failed scope check. The token used to make the request was project scoped but the policy requires ['system'] scope. This behavior may change in the future where using the intended scope is required
Jul 29 14:40:20.784768 n-d-802893-1 devstack@n-api.service[120811]: warnings.warn(msg)
Jul 29 14:40:20.788991 n-d-802893-1 devstack@n-api.service[120811]: DEBUG oslo_concurrency.lockutils [None req-0153679d-0578-4495-8a57-a893b7cc10ab tempest-HostsAdminTestJSON-994008432 tempest-HostsAdminTestJSON-994008432-project-admin] Lock "00000000-0000-0000-0000-000000000000" acquired by "nova.context.set_target_cell..get_or_set_cached_cell_and_set_connections" :: waited 0.000s {{(pid=120811) inner /usr/local/lib/python3.8/dist-packages/oslo_concurrency/lockutils.py:355}}
Jul 29 14:40:20.789686 n-d-802893-1 devstack@n-api.service[120811]: DEBUG oslo_concurrency.lockutils [None req-0153679d-0578-4495-8a57-a893b7cc10ab tempest-HostsAdminTestJSON-994008432 tempest-HostsAdminTestJSON-994008432-project-admin] Lock "00000000-0000-0000-0000-000000000000" released by "nova.context.set_target_cell..get_or_set_cached_cell_and_set_connections" :: held 0.003s {{(pid=120811) inner /usr/local/lib/python3.8/dist-packages/oslo_concurrency/lockutils.py:367}}
Jul 29 14:40:20.790893 n-d-802893-1 devstack@n-api.service[120811]: DEBUG oslo_concurrency.lockutils [None req-0153679d-0578-4495-8a57-a893b7cc10ab tempest-HostsAdminTestJSON-994008432 tempest-HostsAdminTestJSON-994008432-project-admin] Lock "2cbd51b2-8178-4159-a2ff-6d40f1dc1a57" acquired by "nova.context.set_target_cell..get_or_set_cached_cell_and_set_connections" :: waited 0.000s {{(pid=120811) inner /usr/local/lib/python3.8/dist-packages/oslo_concurrency/lockutils.py:355}}
Jul 29 14:40:20.791513 n-d-802893-1 devstack@n-api.service[120811]: DEBUG oslo_concurrency.lockutils [None req-0153679d-0578-4495-8a57-a893b7cc10ab tempest-HostsAdminTestJSON-994008432 tempest-HostsAdminTestJSON-994008432-project-admin] Lock "2cbd51b2-8178-4159-a2ff-6d40f1dc1a57" released by "nova.context.set_target_cell..get_or_set_cached_cell_and_set_connections" :: held 0.001s {{(pid=120811) inner /usr/local/lib/python3.8/dist-packages/oslo_concurrency/lockutils.py:367}}
Jul 29 14:40:20.796216 n-d-802893-1 devstack@n-api.service[120812]: DEBUG neutronclient.v2_0.client [None req-582724e0-9ea5-4912-bda7-64009eda15de tempest-FloatingIPsTestJSON-1878570470 tempest-FloatingIPsTestJSON-1878570470-project] Error message: {"NeutronError": {"type": "FloatingIPNotFound", "message": "Floating IP bf91cec0-ea8d-4294-8a03-1af4c478e4d4 could not be found", "detail": ""}} {{(pid=120812) _handle_fault_response /usr/local/lib/python3.8/dist-packages/neutronclient/v2_0/client.py:262}}
Jul 29 14:40:20.797049 n-d-802893-1 devstack@n-api.service[120812]: INFO nova.api.openstack.wsgi [None req-582724e0-9ea5-4912-bda7-64009eda15de tempest-FloatingIPsTestJSON-1878570470 tempest-FloatingIPsTestJSON-1878570470-project] HTTP exception thrown: Floating IP not found for ID bf91cec0-ea8d-4294-8a03-1af4c478e4d4
Jul 29 14:40:20.797755 n-d-802893-1 devstack@n-api.service[120812]: DEBUG nova.api.openstack.wsgi [None req-582724e0-9ea5-4912-bda7-64009eda15de tempest-FloatingIPsTestJSON-1878570470 tempest-FloatingIPsTestJSON-1878570470-project] Returning 404 to user: Floating IP not found for ID bf91cec0-ea8d-4294-8a03-1af4c478e4d4 {{(pid=120812) __call__ /opt/stack/nova/nova/api/openstack/wsgi.py:927}}
Jul 29 14:40:20.799340 n-d-802893-1 devstack@n-api.service[120812]: INFO nova.api.openstack.requestlog [None req-582724e0-9ea5-4912-bda7-64009eda15de tempest-FloatingIPsTestJSON-1878570470 tempest-FloatingIPsTestJSON-1878570470-project] 10.222.0.16 "DELETE /compute/v2.1/os-floating-ips/bf91cec0-ea8d-4294-8a03-1af4c478e4d4" status: 404 len: 111 microversion: 2.1 time: 0.123412
Jul 29 14:40:20.800196 n-d-802893-1 devstack@n-api.service[120812]: [pid: 120812|app: 0|req: 91/212] 10.222.0.16 () {58 vars in 1263 bytes} [Thu Jul 29 14:40:20 2021] DELETE /compute/v2.1/os-floating-ips/bf91cec0-ea8d-4294-8a03-1af4c478e4d4 => generated 111 bytes in 125 msecs (HTTP/1.1 404) 9 headers in 379 bytes (1 switches on core 0)
Jul 29 14:40:20.809320 n-d-802893-1 devstack@n-api.service[120812]: DEBUG nova.api.openstack.wsgi [None req-d05ca9ff-452c-4bc4-8f83-592382ba16fc tempest-AggregatesAdminTestJSON-660256999 tempest-AggregatesAdminTestJSON-660256999-project-admin] Calling method '>' {{(pid=120812) _process_stack /opt/stack/nova/nova/api/openstack/wsgi.py:513}}
Jul 29 14:40:20.810665 n-d-802893-1 devstack@n-api.service[120812]: /usr/local/lib/python3.8/dist-packages/oslo_policy/policy.py:1064: UserWarning: Policy os_compute_api:os-aggregates:show failed scope check. The token used to make the request was project scoped but the policy requires ['system'] scope. This behavior may change in the future where using the intended scope is required
Jul 29 14:40:20.810665 n-d-802893-1 devstack@n-api.service[120812]: warnings.warn(msg)
Jul 29 14:40:20.828369 n-d-802893-1 devstack@n-api.service[120812]: INFO nova.api.openstack.requestlog [None req-d05ca9ff-452c-4bc4-8f83-592382ba16fc tempest-AggregatesAdminTestJSON-660256999 tempest-AggregatesAdminTestJSON-660256999-project-admin] 10.222.0.16 "GET /compute/v2.1/os-aggregates/16" status: 200 len: 228 microversion: 2.1 time: 0.023926
Jul 29 14:40:20.839144 n-d-802893-1 devstack@n-api.service[120812]: [pid: 120812|app: 0|req: 92/213] 10.222.0.16 () {58 vars in 1152 bytes} [Thu Jul 29 14:40:20 2021] GET /compute/v2.1/os-aggregates/16 => generated 228 bytes in 38 msecs (HTTP/1.1 200) 9 headers in 357 bytes (1 switches on core 0)
Jul 29 14:40:20.848338 n-d-802893-1 devstack@n-api.service[120812]: DEBUG nova.api.openstack.wsgi [None req-c2c875b5-0634-46e1-a26f-2c3ecff7d043 tempest-AggregatesAdminTestJSON-660256999 tempest-AggregatesAdminTestJSON-660256999-project-admin] Action: 'action', calling method: >, body: {"set_metadata": {"metadata": {"key": "value"}}} {{(pid=120812) _process_stack /opt/stack/nova/nova/api/openstack/wsgi.py:511}}
Jul 29 14:40:20.851092 n-d-802893-1 devstack@n-api.service[120812]: /usr/local/lib/python3.8/dist-packages/oslo_policy/policy.py:1064: UserWarning: Policy os_compute_api:os-aggregates:set_metadata failed scope check. The token used to make the request was project scoped but the policy requires ['system'] scope. This behavior may change in the future where using the intended scope is required
Jul 29 14:40:20.851092 n-d-802893-1 devstack@n-api.service[120812]: warnings.warn(msg)
Jul 29 14:40:20.872312 n-d-802893-1 devstack@n-api.service[120811]: INFO nova.api.openstack.requestlog [None req-0153679d-0578-4495-8a57-a893b7cc10ab tempest-HostsAdminTestJSON-994008432 tempest-HostsAdminTestJSON-994008432-project-admin] 10.222.0.16 "GET /compute/v2.1/os-hosts?zone=internal" status: 200 len: 236 microversion: 2.1 time: 0.100002
Jul 29 14:40:20.879088 n-d-802893-1 devstack@n-api.service[120811]: [pid: 120811|app: 0|req: 122/214] 10.222.0.16 () {58 vars in 1155 bytes} [Thu Jul 29 14:40:20 2021] GET /compute/v2.1/os-hosts?zone=internal => generated 236 bytes in 108 msecs (HTTP/1.1 200) 9 headers in 357 bytes (1 switches on core 0)
Jul 29 14:40:20.892466 n-d-802893-1 devstack@n-api.service[120811]: DEBUG nova.api.openstack.wsgi [None req-35bd9e7f-f65b-4b1d-bd38-4c8b40c62844 tempest-HostsAdminTestJSON-994008432 tempest-HostsAdminTestJSON-994008432-project-admin] Calling method '.version_select at 0x7fadf8cc88b0>' {{(pid=120811) _process_stack /opt/stack/nova/nova/api/openstack/wsgi.py:513}}
Jul 29 14:40:20.893998 n-d-802893-1 devstack@n-api.service[120811]: /usr/local/lib/python3.8/dist-packages/oslo_policy/policy.py:1064: UserWarning: Policy os_compute_api:os-hosts:list failed scope check. The token used to make the request was project scoped but the policy requires ['system'] scope. This behavior may change in the future where using the intended scope is required
Jul 29 14:40:20.893998 n-d-802893-1 devstack@n-api.service[120811]: warnings.warn(msg)
Jul 29 14:40:20.895865 n-d-802893-1 devstack@n-api.service[120811]: DEBUG oslo_concurrency.lockutils [None req-35bd9e7f-f65b-4b1d-bd38-4c8b40c62844 tempest-HostsAdminTestJSON-994008432 tempest-HostsAdminTestJSON-994008432-project-admin] Lock "00000000-0000-0000-0000-000000000000" acquired by "nova.context.set_target_cell..get_or_set_cached_cell_and_set_connections" :: waited 0.000s {{(pid=120811) inner /usr/local/lib/python3.8/dist-packages/oslo_concurrency/lockutils.py:355}}
Jul 29 14:40:20.896918 n-d-802893-1 devstack@n-api.service[120811]: DEBUG oslo_concurrency.lockutils [None req-35bd9e7f-f65b-4b1d-bd38-4c8b40c62844 tempest-HostsAdminTestJSON-994008432 tempest-HostsAdminTestJSON-994008432-project-admin] Lock "00000000-0000-0000-0000-000000000000" released by "nova.context.set_target_cell..get_or_set_cached_cell_and_set_connections" :: held 0.001s {{(pid=120811) inner /usr/local/lib/python3.8/dist-packages/oslo_concurrency/lockutils.py:367}}
Jul 29 14:40:20.897919 n-d-802893-1 devstack@n-api.service[120811]: DEBUG oslo_concurrency.lockutils [None req-35bd9e7f-f65b-4b1d-bd38-4c8b40c62844 tempest-HostsAdminTestJSON-994008432 tempest-HostsAdminTestJSON-994008432-project-admin] Lock "2cbd51b2-8178-4159-a2ff-6d40f1dc1a57" acquired by "nova.context.set_target_cell..get_or_set_cached_cell_and_set_connections" :: waited 0.000s {{(pid=120811) inner /usr/local/lib/python3.8/dist-packages/oslo_concurrency/lockutils.py:355}}
Jul 29 14:40:20.898399 n-d-802893-1 devstack@n-api.service[120811]: DEBUG oslo_concurrency.lockutils [None req-35bd9e7f-f65b-4b1d-bd38-4c8b40c62844 tempest-HostsAdminTestJSON-994008432 tempest-HostsAdminTestJSON-994008432-project-admin] Lock "2cbd51b2-8178-4159-a2ff-6d40f1dc1a57" released by "nova.context.set_target_cell..get_or_set_cached_cell_and_set_connections" :: held 0.001s {{(pid=120811) inner /usr/local/lib/python3.8/dist-packages/oslo_concurrency/lockutils.py:367}}
Jul 29 14:40:20.906137 n-d-802893-1 devstack@n-api.service[120812]: INFO nova.api.openstack.requestlog [None req-c2c875b5-0634-46e1-a26f-2c3ecff7d043 tempest-AggregatesAdminTestJSON-660256999 tempest-AggregatesAdminTestJSON-660256999-project-admin] 10.222.0.16 "POST /compute/v2.1/os-aggregates/16/action" status: 200 len: 266 microversion: 2.1 time: 0.065642
Jul 29 14:40:20.913608 n-d-802893-1 devstack@n-api.service[120812]: [pid: 120812|app: 0|req: 93/215] 10.222.0.16 () {60 vars in 1194 bytes} [Thu Jul 29 14:40:20 2021] POST /compute/v2.1/os-aggregates/16/action => generated 266 bytes in 73 msecs (HTTP/1.1 200) 9 headers in 357 bytes (1 switches on core 0)
Jul 29 14:40:20.921302 n-d-802893-1 devstack@n-api.service[120812]: DEBUG nova.api.openstack.wsgi [None req-3e327ebc-da35-4a74-ac85-34c77e189a44 tempest-AggregatesAdminTestJSON-660256999 tempest-AggregatesAdminTestJSON-660256999-project-admin] Calling method '>' {{(pid=120812) _process_stack /opt/stack/nova/nova/api/openstack/wsgi.py:513}}
Jul 29 14:40:20.928712 n-d-802893-1 devstack@n-api.service[120811]: INFO nova.api.openstack.requestlog [None req-35bd9e7f-f65b-4b1d-bd38-4c8b40c62844 tempest-HostsAdminTestJSON-994008432 tempest-HostsAdminTestJSON-994008432-project-admin] 10.222.0.16 "GET /compute/v2.1/os-hosts" status: 200 len: 376 microversion: 2.1 time: 0.040939
Jul 29 14:40:20.929351 n-d-802893-1 devstack@n-api.service[120812]: /usr/local/lib/python3.8/dist-packages/oslo_policy/policy.py:1064: UserWarning: Policy os_compute_api:os-aggregates:show failed scope check. The token used to make the request was project scoped but the policy requires ['system'] scope. This behavior may change in the future where using the intended scope is required
Jul 29 14:40:20.929351 n-d-802893-1 devstack@n-api.service[120812]: warnings.warn(msg)
Jul 29 14:40:20.934460 n-d-802893-1 devstack@n-api.service[120811]: [pid: 120811|app: 0|req: 123/216] 10.222.0.16 () {58 vars in 1128 bytes} [Thu Jul 29 14:40:20 2021] GET /compute/v2.1/os-hosts => generated 376 bytes in 47 msecs (HTTP/1.1 200) 9 headers in 357 bytes (1 switches on core 0)
Jul 29 14:40:20.946042 n-d-802893-1 devstack@n-api.service[120812]: INFO nova.api.openstack.requestlog [None req-3e327ebc-da35-4a74-ac85-34c77e189a44 tempest-AggregatesAdminTestJSON-660256999 tempest-AggregatesAdminTestJSON-660256999-project-admin] 10.222.0.16 "GET /compute/v2.1/os-aggregates/16" status: 200 len: 242 microversion: 2.1 time: 0.030449
Jul 29 14:40:20.947386 n-d-802893-1 devstack@n-api.service[120811]: DEBUG nova.api.openstack.wsgi [None req-6673a4db-0a1b-4832-b8f7-4319c3919761 tempest-HostsAdminTestJSON-994008432 tempest-HostsAdminTestJSON-994008432-project-admin] Calling method '.version_select at 0x7fadf8c29a60>' {{(pid=120811) _process_stack /opt/stack/nova/nova/api/openstack/wsgi.py:513}}
Jul 29 14:40:20.949289 n-d-802893-1 devstack@n-api.service[120811]: /usr/local/lib/python3.8/dist-packages/oslo_policy/policy.py:1064: UserWarning: Policy os_compute_api:os-hosts:show failed scope check. The token used to make the request was project scoped but the policy requires ['system'] scope. This behavior may change in the future where using the intended scope is required
Jul 29 14:40:20.949289 n-d-802893-1 devstack@n-api.service[120811]: warnings.warn(msg)
Jul 29 14:40:20.952072 n-d-802893-1 devstack@n-api.service[120812]: [pid: 120812|app: 0|req: 94/217] 10.222.0.16 () {58 vars in 1152 bytes} [Thu Jul 29 14:40:20 2021] GET /compute/v2.1/os-aggregates/16 => generated 242 bytes in 37 msecs (HTTP/1.1 200) 9 headers in 357 bytes (1 switches on core 0)
Jul 29 14:40:20.963715 n-d-802893-1 devstack@n-api.service[120811]: DEBUG oslo_concurrency.lockutils [None req-6673a4db-0a1b-4832-b8f7-4319c3919761 tempest-HostsAdminTestJSON-994008432 tempest-HostsAdminTestJSON-994008432-project-admin] Lock "2cbd51b2-8178-4159-a2ff-6d40f1dc1a57" acquired by "nova.context.set_target_cell..get_or_set_cached_cell_and_set_connections" :: waited 0.000s {{(pid=120811) inner /usr/local/lib/python3.8/dist-packages/oslo_concurrency/lockutils.py:355}}
Jul 29 14:40:20.964335 n-d-802893-1 devstack@n-api.service[120812]: DEBUG nova.api.openstack.wsgi [None req-89ea35ee-b8b2-4d77-8fb7-07579b721458 tempest-AggregatesAdminTestJSON-660256999 tempest-AggregatesAdminTestJSON-660256999-project-admin] Calling method '>' {{(pid=120812) _process_stack /opt/stack/nova/nova/api/openstack/wsgi.py:513}}
Jul 29 14:40:20.966351 n-d-802893-1 devstack@n-api.service[120812]: /usr/local/lib/python3.8/dist-packages/oslo_policy/policy.py:1064: UserWarning: Policy os_compute_api:os-aggregates:delete failed scope check. The token used to make the request was project scoped but the policy requires ['system'] scope. This behavior may change in the future where using the intended scope is required
Jul 29 14:40:20.966351 n-d-802893-1 devstack@n-api.service[120812]: warnings.warn(msg)
Jul 29 14:40:20.967670 n-d-802893-1 devstack@n-api.service[120811]: DEBUG oslo_concurrency.lockutils [None req-6673a4db-0a1b-4832-b8f7-4319c3919761 tempest-HostsAdminTestJSON-994008432 tempest-HostsAdminTestJSON-994008432-project-admin] Lock "2cbd51b2-8178-4159-a2ff-6d40f1dc1a57" released by "nova.context.set_target_cell..get_or_set_cached_cell_and_set_connections" :: held 0.001s {{(pid=120811) inner /usr/local/lib/python3.8/dist-packages/oslo_concurrency/lockutils.py:367}}
Jul 29 14:40:21.001239 n-d-802893-1 devstack@n-api.service[120811]: DEBUG oslo_concurrency.lockutils [None req-6673a4db-0a1b-4832-b8f7-4319c3919761 tempest-HostsAdminTestJSON-994008432 tempest-HostsAdminTestJSON-994008432-project-admin] Lock "2cbd51b2-8178-4159-a2ff-6d40f1dc1a57" acquired by "nova.context.set_target_cell..get_or_set_cached_cell_and_set_connections" :: waited 0.000s {{(pid=120811) inner /usr/local/lib/python3.8/dist-packages/oslo_concurrency/lockutils.py:355}}
Jul 29 14:40:21.003769 n-d-802893-1 devstack@n-api.service[120811]: DEBUG oslo_concurrency.lockutils [None req-6673a4db-0a1b-4832-b8f7-4319c3919761 tempest-HostsAdminTestJSON-994008432 tempest-HostsAdminTestJSON-994008432-project-admin] Lock "2cbd51b2-8178-4159-a2ff-6d40f1dc1a57" released by "nova.context.set_target_cell..get_or_set_cached_cell_and_set_connections" :: held 0.003s {{(pid=120811) inner /usr/local/lib/python3.8/dist-packages/oslo_concurrency/lockutils.py:367}}
Jul 29 14:40:21.010391 n-d-802893-1 devstack@n-api.service[120812]: INFO nova.api.openstack.requestlog [None req-89ea35ee-b8b2-4d77-8fb7-07579b721458 tempest-AggregatesAdminTestJSON-660256999 tempest-AggregatesAdminTestJSON-660256999-project-admin] 10.222.0.16 "DELETE /compute/v2.1/os-aggregates/16" status: 200 len: 0 microversion: 2.1 time: 0.056865
Jul 29 14:40:21.011627 n-d-802893-1 devstack@n-api.service[120812]: [pid: 120812|app: 0|req: 95/218] 10.222.0.16 () {58 vars in 1155 bytes} [Thu Jul 29 14:40:20 2021] DELETE /compute/v2.1/os-aggregates/16 => generated 0 bytes in 59 msecs (HTTP/1.1 200) 9 headers in 355 bytes (1 switches on core 0)
Jul 29 14:40:21.021868 n-d-802893-1 devstack@n-api.service[120812]: DEBUG nova.api.openstack.wsgi [None req-1066e5f4-f8a9-412b-b82b-9104f2185008 tempest-AggregatesAdminTestJSON-660256999 tempest-AggregatesAdminTestJSON-660256999-project-admin] Action: 'create', calling method: >, body: {"aggregate": {"name": "tempest-test_aggregate-255918899", "availability_zone": "tempest-test_az-1370344381"}} {{(pid=120812) _process_stack /opt/stack/nova/nova/api/openstack/wsgi.py:511}}
Jul 29 14:40:21.023899 n-d-802893-1 devstack@n-api.service[120812]: /usr/local/lib/python3.8/dist-packages/oslo_policy/policy.py:1064: UserWarning: Policy os_compute_api:os-aggregates:create failed scope check. The token used to make the request was project scoped but the policy requires ['system'] scope. This behavior may change in the future where using the intended scope is required
Jul 29 14:40:21.023899 n-d-802893-1 devstack@n-api.service[120812]: warnings.warn(msg)
Jul 29 14:40:21.025282 n-d-802893-1 devstack@n-api.service[120812]: DEBUG nova.objects.aggregate [None req-1066e5f4-f8a9-412b-b82b-9104f2185008 tempest-AggregatesAdminTestJSON-660256999 tempest-AggregatesAdminTestJSON-660256999-project-admin] Generated uuid 913727b6-dd75-429d-977e-cdf260dd2267 for aggregate {{(pid=120812) create /opt/stack/nova/nova/objects/aggregate.py:299}}
Jul 29 14:40:21.060249 n-d-802893-1 devstack@n-api.service[120812]: INFO nova.api.openstack.requestlog [None req-1066e5f4-f8a9-412b-b82b-9104f2185008 tempest-AggregatesAdminTestJSON-660256999 tempest-AggregatesAdminTestJSON-660256999-project-admin] 10.222.0.16 "POST /compute/v2.1/os-aggregates" status: 200 len: 222 microversion: 2.1 time: 0.042743
Jul 29 14:40:21.061903 n-d-802893-1 devstack@n-api.service[120812]: [pid: 120812|app: 0|req: 96/219] 10.222.0.16 () {60 vars in 1165 bytes} [Thu Jul 29 14:40:21 2021] POST /compute/v2.1/os-aggregates => generated 222 bytes in 45 msecs (HTTP/1.1 200) 9 headers in 357 bytes (1 switches on core 0)
Jul 29 14:40:21.071504 n-d-802893-1 devstack@n-api.service[120812]: DEBUG nova.api.openstack.wsgi [None req-e755260a-e2d7-4914-9880-624a7005a26f tempest-DeleteServersAdminTestJSON-1198808173 tempest-DeleteServersAdminTestJSON-1198808173-project] Calling method '>' {{(pid=120812) _process_stack /opt/stack/nova/nova/api/openstack/wsgi.py:513}}
Jul 29 14:40:21.072476 n-d-802893-1 devstack@n-api.service[120812]: DEBUG nova.compute.api [None req-e755260a-e2d7-4914-9880-624a7005a26f tempest-DeleteServersAdminTestJSON-1198808173 tempest-DeleteServersAdminTestJSON-1198808173-project] [instance: 32c7f286-9c74-41b4-a0ab-ff322efac51a] Fetching instance by UUID {{(pid=120812) get /opt/stack/nova/nova/compute/api.py:2791}}
Jul 29 14:40:21.078638 n-d-802893-1 devstack@n-api.service[120811]: INFO nova.api.openstack.requestlog [None req-6673a4db-0a1b-4832-b8f7-4319c3919761 tempest-HostsAdminTestJSON-994008432 tempest-HostsAdminTestJSON-994008432-project-admin] 10.222.0.16 "GET /compute/v2.1/os-hosts/n-h2-802893-1" status: 200 len: 598 microversion: 2.1 time: 0.142434
Jul 29 14:40:21.080608 n-d-802893-1 devstack@n-api.service[120812]: DEBUG oslo_concurrency.lockutils [None req-e755260a-e2d7-4914-9880-624a7005a26f tempest-DeleteServersAdminTestJSON-1198808173 tempest-DeleteServersAdminTestJSON-1198808173-project] Lock "2cbd51b2-8178-4159-a2ff-6d40f1dc1a57" acquired by "nova.context.set_target_cell..get_or_set_cached_cell_and_set_connections" :: waited 0.000s {{(pid=120812) inner /usr/local/lib/python3.8/dist-packages/oslo_concurrency/lockutils.py:355}}
Jul 29 14:40:21.081056 n-d-802893-1 devstack@n-api.service[120811]: [pid: 120811|app: 0|req: 124/220] 10.222.0.16 () {58 vars in 1170 bytes} [Thu Jul 29 14:40:20 2021] GET /compute/v2.1/os-hosts/n-h2-802893-1 => generated 598 bytes in 146 msecs (HTTP/1.1 200) 9 headers in 357 bytes (1 switches on core 0)
Jul 29 14:40:21.082414 n-d-802893-1 devstack@n-api.service[120812]: DEBUG oslo_concurrency.lockutils [None req-e755260a-e2d7-4914-9880-624a7005a26f tempest-DeleteServersAdminTestJSON-1198808173 tempest-DeleteServersAdminTestJSON-1198808173-project] Lock "2cbd51b2-8178-4159-a2ff-6d40f1dc1a57" released by "nova.context.set_target_cell..get_or_set_cached_cell_and_set_connections" :: held 0.001s {{(pid=120812) inner /usr/local/lib/python3.8/dist-packages/oslo_concurrency/lockutils.py:367}}
Jul 29 14:40:21.083388 n-d-802893-1 devstack@n-api.service[120812]: DEBUG oslo_concurrency.lockutils [None req-e755260a-e2d7-4914-9880-624a7005a26f tempest-DeleteServersAdminTestJSON-1198808173 tempest-DeleteServersAdminTestJSON-1198808173-project] Lock "2cbd51b2-8178-4159-a2ff-6d40f1dc1a57" acquired by "nova.context.set_target_cell..get_or_set_cached_cell_and_set_connections" :: waited 0.000s {{(pid=120812) inner /usr/local/lib/python3.8/dist-packages/oslo_concurrency/lockutils.py:355}}
Jul 29 14:40:21.084330 n-d-802893-1 devstack@n-api.service[120812]: DEBUG oslo_concurrency.lockutils [None req-e755260a-e2d7-4914-9880-624a7005a26f tempest-DeleteServersAdminTestJSON-1198808173 tempest-DeleteServersAdminTestJSON-1198808173-project] Lock "2cbd51b2-8178-4159-a2ff-6d40f1dc1a57" released by "nova.context.set_target_cell..get_or_set_cached_cell_and_set_connections" :: held 0.001s {{(pid=120812) inner /usr/local/lib/python3.8/dist-packages/oslo_concurrency/lockutils.py:367}}
Jul 29 14:40:21.086231 n-d-802893-1 devstack@n-api.service[120811]: DEBUG nova.api.openstack.wsgi [None req-59fec387-d5af-45cd-b042-79c4391bba61 tempest-AggregatesAdminTestJSON-660256999 tempest-AggregatesAdminTestJSON-660256999-project-admin] Action: 'update', calling method: >, body: {"aggregate": {"name": "tempest-test_aggregate-255918899_new", "availability_zone": "tempest-test_az-1370344381_new"}} {{(pid=120811) _process_stack /opt/stack/nova/nova/api/openstack/wsgi.py:511}}
Jul 29 14:40:21.088677 n-d-802893-1 devstack@n-api.service[120811]: /usr/local/lib/python3.8/dist-packages/oslo_policy/policy.py:1064: UserWarning: Policy os_compute_api:os-aggregates:update failed scope check. The token used to make the request was project scoped but the policy requires ['system'] scope. This behavior may change in the future where using the intended scope is required
Jul 29 14:40:21.088677 n-d-802893-1 devstack@n-api.service[120811]: warnings.warn(msg)
Jul 29 14:40:21.130558 n-d-802893-1 devstack@n-api.service[120811]: DEBUG oslo_concurrency.lockutils [None req-59fec387-d5af-45cd-b042-79c4391bba61 tempest-AggregatesAdminTestJSON-660256999 tempest-AggregatesAdminTestJSON-660256999-project-admin] Lock "2cbd51b2-8178-4159-a2ff-6d40f1dc1a57" acquired by "nova.context.set_target_cell..get_or_set_cached_cell_and_set_connections" :: waited 0.000s {{(pid=120811) inner /usr/local/lib/python3.8/dist-packages/oslo_concurrency/lockutils.py:355}}
Jul 29 14:40:21.131289 n-d-802893-1 devstack@n-api.service[120811]: DEBUG oslo_concurrency.lockutils [None req-59fec387-d5af-45cd-b042-79c4391bba61 tempest-AggregatesAdminTestJSON-660256999 tempest-AggregatesAdminTestJSON-660256999-project-admin] Lock "2cbd51b2-8178-4159-a2ff-6d40f1dc1a57" released by "nova.context.set_target_cell..get_or_set_cached_cell_and_set_connections" :: held 0.001s {{(pid=120811) inner /usr/local/lib/python3.8/dist-packages/oslo_concurrency/lockutils.py:367}}
Jul 29 14:40:21.178275 n-d-802893-1 devstack@n-api.service[120811]: INFO nova.api.openstack.requestlog [None req-59fec387-d5af-45cd-b042-79c4391bba61 tempest-AggregatesAdminTestJSON-660256999 tempest-AggregatesAdminTestJSON-660256999-project-admin] 10.222.0.16 "PUT /compute/v2.1/os-aggregates/17" status: 200 len: 336 microversion: 2.1 time: 0.096045
Jul 29 14:40:21.179553 n-d-802893-1 devstack@n-api.service[120811]: [pid: 120811|app: 0|req: 125/221] 10.222.0.16 () {60 vars in 1173 bytes} [Thu Jul 29 14:40:21 2021] PUT /compute/v2.1/os-aggregates/17 => generated 336 bytes in 98 msecs (HTTP/1.1 200) 9 headers in 357 bytes (1 switches on core 0)
Jul 29 14:40:21.190104 n-d-802893-1 devstack@n-api.service[120811]: DEBUG nova.api.openstack.wsgi [None req-fe669c0e-0dcb-4852-9de6-7414f9db2c56 tempest-HostsAdminTestJSON-994008432 tempest-HostsAdminTestJSON-994008432-project-admin] Calling method '.version_select at 0x7fadf8c29ca0>' {{(pid=120811) _process_stack /opt/stack/nova/nova/api/openstack/wsgi.py:513}}
