Aug 20 13:47:01.612992 n-d-802317-6 neutron-server[106516]: DEBUG neutron_lib.callbacks.manager [None req-ff06955d-f8a1-4d0b-bc76-3e66bf17231d admin admin] Notify callbacks [] for security_group, precommit_create {{(pid=106516) _notify_loop /usr/local/lib/python3.8/dist-packages/neutron_lib/callbacks/manager.py:192}}
Aug 20 13:47:01.626548 n-d-802317-6 neutron-server[106516]: DEBUG neutron_lib.callbacks.manager [None req-ff06955d-f8a1-4d0b-bc76-3e66bf17231d admin admin] Notify callbacks ['neutron.plugins.ml2.ovo_rpc._ObjectChangeHandler.handle_event-3765987'] for security_group, after_create {{(pid=106516) _notify_loop /usr/local/lib/python3.8/dist-packages/neutron_lib/callbacks/manager.py:192}}
Aug 20 13:47:01.662848 n-d-802317-6 neutron-server[106516]: DEBUG neutron.plugins.ml2.drivers.helpers [None req-ff06955d-f8a1-4d0b-bc76-3e66bf17231d admin admin] vlan segment allocate from pool success with {'physical_network': 'physnet1', 'vlan_id': 185} {{(pid=106516) allocate_partially_specified_segment /opt/stack/neutron/neutron/plugins/ml2/drivers/helpers.py:153}}
Aug 20 13:47:01.670455 n-d-802317-6 neutron-server[106516]: DEBUG neutron.api.rpc.handlers.resources_rpc [None req-ff06955d-f8a1-4d0b-bc76-3e66bf17231d admin admin] Pushing event updated for resources: {'SecurityGroup': ['ID=d298c2a0-a407-42ff-92f4-6f1b0acec021,revision_number=1']} {{(pid=106516) push /opt/stack/neutron/neutron/api/rpc/handlers/resources_rpc.py:237}}
Aug 20 13:47:01.677935 n-d-802317-6 neutron-server[106516]: DEBUG neutron_lib.callbacks.manager [None req-ff06955d-f8a1-4d0b-bc76-3e66bf17231d admin admin] Notify callbacks ['neutron.plugins.ml2.plugin.Ml2Plugin._handle_segment_change-737901'] for segment, precommit_create {{(pid=106516) _notify_loop /usr/local/lib/python3.8/dist-packages/neutron_lib/callbacks/manager.py:192}}
Aug 20 13:47:01.678411 n-d-802317-6 neutron-server[106516]: INFO neutron.db.segments_db [None req-ff06955d-f8a1-4d0b-bc76-3e66bf17231d admin admin] Added segment 165e1854-5bf6-495b-9b71-8e16b5c83067 of type vlan for network cdd6f604-94c8-4d7c-a6a4-cc0e06a07025
Aug 20 13:47:01.732419 n-d-802317-6 neutron-server[106516]: DEBUG neutron_lib.callbacks.manager [None req-ff06955d-f8a1-4d0b-bc76-3e66bf17231d admin admin] Notify callbacks ['neutron.services.auto_allocate.db._ensure_external_network_default_value_callback-8754693051221'] for network, precommit_create {{(pid=106516) _notify_loop /usr/local/lib/python3.8/dist-packages/neutron_lib/callbacks/manager.py:192}}
Aug 20 13:47:01.743945 n-d-802317-6 neutron-server[106517]: DEBUG neutron_lib.callbacks.manager [req-09e478f0-719b-415a-b07e-b0db6049f7f7 req-27d3d998-0e36-4ad4-9d91-34b509421e5e service neutron] Notify callbacks ['neutron.plugins.ml2.plugin.SecurityGroupDbMixin._ensure_default_security_group_handler-702415'] for port, before_update {{(pid=106517) _notify_loop /usr/local/lib/python3.8/dist-packages/neutron_lib/callbacks/manager.py:192}}
Aug 20 13:47:01.843747 n-d-802317-6 neutron-server[106516]: DEBUG neutron_lib.callbacks.manager [None req-ff06955d-f8a1-4d0b-bc76-3e66bf17231d admin admin] Notify callbacks ['neutron.plugins.ml2.ovo_rpc._ObjectChangeHandler.handle_event-3766005', 'neutron.api.rpc.agentnotifiers.dhcp_rpc_agent_api.DhcpAgentNotifyAPI._native_event_send_dhcp_notification-3717613'] for network, after_create {{(pid=106516) _notify_loop /usr/local/lib/python3.8/dist-packages/neutron_lib/callbacks/manager.py:192}}
Aug 20 13:47:01.845644 n-d-802317-6 neutron-server[106516]: DEBUG neutron.pecan_wsgi.hooks.policy_enforcement [None req-ff06955d-f8a1-4d0b-bc76-3e66bf17231d admin admin] Attributes excluded by policy engine: ['standard_attr_id', 'vlan_transparent'] {{(pid=106516) _exclude_attributes_by_policy /opt/stack/neutron/neutron/pecan_wsgi/hooks/policy_enforcement.py:255}}
Aug 20 13:47:01.848413 n-d-802317-6 neutron-server[106516]: DEBUG neutron_lib.callbacks.manager [None req-ff06955d-f8a1-4d0b-bc76-3e66bf17231d admin admin] Notify callbacks ['neutron.api.rpc.agentnotifiers.dhcp_rpc_agent_api.DhcpAgentNotifyAPI._send_dhcp_notification-3717407'] for network, before_response {{(pid=106516) _notify_loop /usr/local/lib/python3.8/dist-packages/neutron_lib/callbacks/manager.py:192}}
Aug 20 13:47:01.856500 n-d-802317-6 neutron-server[106517]: DEBUG neutron.wsgi [-] (106517) accepted ('10.222.0.46', 42620) {{(pid=106517) server /usr/local/lib/python3.8/dist-packages/eventlet/wsgi.py:982}}
Aug 20 13:47:01.947582 n-d-802317-6 neutron-server[106516]: DEBUG neutron.pecan_wsgi.hooks.policy_enforcement [req-b467ee3c-04f9-4f99-b242-a898ec6abd79 req-381a1243-2b83-4121-b5cc-aa71fa502a6f tempest-LiveMigrationNegativeTest-1057285467 tempest-LiveMigrationNegativeTest-1057285467-project] Attributes excluded by policy engine: ['standard_attr_id', 'binding:profile', 'binding:host_id', 'binding:vif_type', 'binding:vif_details'] {{(pid=106516) _exclude_attributes_by_policy /opt/stack/neutron/neutron/pecan_wsgi/hooks/policy_enforcement.py:255}}
Aug 20 13:47:01.949691 n-d-802317-6 neutron-server[106516]: INFO neutron.wsgi [req-b467ee3c-04f9-4f99-b242-a898ec6abd79 req-381a1243-2b83-4121-b5cc-aa71fa502a6f tempest-LiveMigrationNegativeTest-1057285467 tempest-LiveMigrationNegativeTest-1057285467-project] 10.222.0.46 "GET /v2.0/ports?device_id=5d685b5a-31dd-4aba-8c15-4beb5277977f HTTP/1.1" status: 200 len: 935 time: 0.2038341
Aug 20 13:47:01.953630 n-d-802317-6 neutron-server[106516]: INFO neutron.wsgi [None req-ff06955d-f8a1-4d0b-bc76-3e66bf17231d admin admin] 10.222.0.46 "POST /v2.0/networks HTTP/1.1" status: 201 len: 896 time: 1.0030069
Aug 20 13:47:01.975333 n-d-802317-6 neutron-server[106516]: DEBUG neutron.wsgi [-] (106516) accepted ('10.222.0.46', 42624) {{(pid=106516) server /usr/local/lib/python3.8/dist-packages/eventlet/wsgi.py:982}}
Aug 20 13:47:01.981100 n-d-802317-6 neutron-server[106516]: DEBUG neutron.api.v2.base [None req-2ce0dcf5-c5e2-4483-9c10-dc08df0c6774 admin admin] Request body: {'subnet': {'network_id': 'cdd6f604-94c8-4d7c-a6a4-cc0e06a07025', 'cidr': '172.20.0.0/28', 'name': 'tempest-ServersWithSpecificFlavorTestJSON-263805371-subnet', 'tenant_id': '28c661a93422450abcb93ce0668771e4', 'enable_dhcp': True, 'ip_version': 4}} {{(pid=106516) prepare_request_body /opt/stack/neutron/neutron/api/v2/base.py:730}}
Aug 20 13:47:01.987141 n-d-802317-6 neutron-server[106516]: DEBUG neutron.api.rpc.handlers.resources_rpc [None req-ff06955d-f8a1-4d0b-bc76-3e66bf17231d admin admin] Pushing event updated for resources: {'Network': ['ID=cdd6f604-94c8-4d7c-a6a4-cc0e06a07025,revision_number=1']} {{(pid=106516) push /opt/stack/neutron/neutron/api/rpc/handlers/resources_rpc.py:237}}
Aug 20 13:47:02.009711 n-d-802317-6 neutron-server[106518]: DEBUG neutron.plugins.ml2.rpc [None req-b530997c-158c-43e0-a0c4-565e67239561 None None] Network cdd6f604-94c8-4d7c-a6a4-cc0e06a07025 details requested by agent ovs-agent-n-d-802317-6 with host n-d-802317-6 {{(pid=106518) get_network_details /opt/stack/neutron/neutron/plugins/ml2/rpc.py:248}}
Aug 20 13:47:02.046767 n-d-802317-6 neutron-server[106516]: DEBUG neutron.pecan_wsgi.hooks.quota_enforcement [None req-2ce0dcf5-c5e2-4483-9c10-dc08df0c6774 admin admin] Made reservation on behalf of 28c661a93422450abcb93ce0668771e4 for: {'subnet': 1} {{(pid=106516) before /opt/stack/neutron/neutron/pecan_wsgi/hooks/quota_enforcement.py:53}}
Aug 20 13:47:02.046767 n-d-802317-6 neutron-server[106516]: DEBUG neutron_lib.callbacks.manager [None req-2ce0dcf5-c5e2-4483-9c10-dc08df0c6774 admin admin] Notify callbacks [] for subnet, before_create {{(pid=106516) _notify_loop /usr/local/lib/python3.8/dist-packages/neutron_lib/callbacks/manager.py:192}}
Aug 20 13:47:02.169698 n-d-802317-6 neutron-server[106516]: INFO neutron.wsgi [req-b467ee3c-04f9-4f99-b242-a898ec6abd79 req-907527a5-5c57-417c-816c-9b8ae9d044ef tempest-LiveMigrationNegativeTest-1057285467 tempest-LiveMigrationNegativeTest-1057285467-project] 10.222.0.46 "GET /v2.0/security-groups?id=11b8c2ce-8900-4264-80ea-eb9f7a564ad6&fields=id&fields=name HTTP/1.1" status: 200 len: 286 time: 0.2091756
Aug 20 13:47:02.206523 n-d-802317-6 neutron-server[106516]: INFO neutron.wsgi [req-a37bfe6d-bb98-48a2-a068-6c6053b1b3dc req-b4841c1b-0006-4846-8e1a-2c263bc0cd9d tempest-LiveAutoBlockMigrationV225Test-746970011 tempest-LiveAutoBlockMigrationV225Test-746970011-project] 10.222.0.46 "GET /v2.0/ports?device_id=3d12cc10-799d-415f-8931-9c36e3bcc09f HTTP/1.1" status: 200 len: 210 time: 0.0929067
Aug 20 13:47:02.240624 n-d-802317-6 neutron-server[106516]: DEBUG neutron.wsgi [-] (106516) accepted ('10.222.0.44', 50315) {{(pid=106516) server /usr/local/lib/python3.8/dist-packages/eventlet/wsgi.py:982}}
Aug 20 13:47:02.280803 n-d-802317-6 neutron-server[106516]: INFO neutron.wsgi [req-c585732a-dea2-4bfc-8eba-d16889107b38 req-f1352b49-616b-4f88-9122-bea13e7dc19f tempest-AggregatesAdminTestJSON-680774474 tempest-AggregatesAdminTestJSON-680774474-project] 10.222.0.44 "GET /v2.0/networks?tenant_id=41dbba167bff456a9209df82a30204a0&shared=False HTTP/1.1" status: 200 len: 213 time: 0.0388656
Aug 20 13:47:02.297816 n-d-802317-6 neutron-server[106517]: DEBUG neutron_lib.callbacks.manager [None req-265e7829-ca85-41c9-bccf-e2e4105611fb admin admin] Notify callbacks [] for security_group, before_create {{(pid=106517) _notify_loop /usr/local/lib/python3.8/dist-packages/neutron_lib/callbacks/manager.py:192}}
Aug 20 13:47:02.535161 n-d-802317-6 neutron-server[106516]: DEBUG neutron.pecan_wsgi.hooks.policy_enforcement [req-c585732a-dea2-4bfc-8eba-d16889107b38 req-c92607cb-f877-4ae0-a533-2b40616a83b2 tempest-AggregatesAdminTestJSON-680774474 tempest-AggregatesAdminTestJSON-680774474-project] Attributes excluded by policy engine: ['standard_attr_id', 'vlan_transparent', 'provider:network_type', 'provider:physical_network', 'provider:segmentation_id'] {{(pid=106516) _exclude_attributes_by_policy /opt/stack/neutron/neutron/pecan_wsgi/hooks/policy_enforcement.py:255}}
Aug 20 13:47:02.539395 n-d-802317-6 neutron-server[106516]: INFO neutron.wsgi [req-c585732a-dea2-4bfc-8eba-d16889107b38 req-c92607cb-f877-4ae0-a533-2b40616a83b2 tempest-AggregatesAdminTestJSON-680774474 tempest-AggregatesAdminTestJSON-680774474-project] 10.222.0.44 "GET /v2.0/networks?shared=True HTTP/1.1" status: 200 len: 769 time: 0.2508922
Aug 20 13:47:02.546479 n-d-802317-6 neutron-server[106516]: DEBUG neutron_lib.callbacks.manager [None req-2ce0dcf5-c5e2-4483-9c10-dc08df0c6774 admin admin] Notify callbacks ['neutron.plugins.ml2.ovo_rpc._ObjectChangeHandler.handle_event-3740843', 'neutron.api.rpc.agentnotifiers.dhcp_rpc_agent_api.DhcpAgentNotifyAPI._native_event_send_dhcp_notification-3717613'] for subnet, after_create {{(pid=106516) _notify_loop /usr/local/lib/python3.8/dist-packages/neutron_lib/callbacks/manager.py:192}}
Aug 20 13:47:02.562863 n-d-802317-6 neutron-server[106516]: DEBUG neutron.api.v2.base [req-c585732a-dea2-4bfc-8eba-d16889107b38 req-743eddbf-f070-4ee9-9ad7-05562e8b260b tempest-AggregatesAdminTestJSON-680774474 tempest-AggregatesAdminTestJSON-680774474-project] Request body: {'port': {'device_id': 'f99471a4-0a05-4a0a-9924-20acbfdaf9c6', 'network_id': '41901080-8e90-401d-ac37-e8c42533f3a9', 'admin_state_up': True, 'tenant_id': '41dbba167bff456a9209df82a30204a0'}} {{(pid=106516) prepare_request_body /opt/stack/neutron/neutron/api/v2/base.py:730}}
Aug 20 13:47:02.679145 n-d-802317-6 neutron-server[106517]: DEBUG neutron.notifiers.nova [req-09e478f0-719b-415a-b07e-b0db6049f7f7 req-27d3d998-0e36-4ad4-9d91-34b509421e5e service neutron] Ignoring state change previous_port_status: DOWN current_port_status: DOWN port_id e87fc96e-62fc-4ccc-8817-683f640dc8b4 {{(pid=106517) record_port_status_changed /opt/stack/neutron/neutron/notifiers/nova.py:224}}
Aug 20 13:47:02.696503 n-d-802317-6 neutron-server[106517]: DEBUG neutron_lib.callbacks.manager [req-09e478f0-719b-415a-b07e-b0db6049f7f7 req-27d3d998-0e36-4ad4-9d91-34b509421e5e service neutron] Notify callbacks [] for port, precommit_update {{(pid=106517) _notify_loop /usr/local/lib/python3.8/dist-packages/neutron_lib/callbacks/manager.py:192}}
Aug 20 13:47:02.711304 n-d-802317-6 neutron-server[106517]: DEBUG neutron_lib.callbacks.manager [None req-265e7829-ca85-41c9-bccf-e2e4105611fb admin admin] Notify callbacks [] for security_group, precommit_create {{(pid=106517) _notify_loop /usr/local/lib/python3.8/dist-packages/neutron_lib/callbacks/manager.py:192}}
Aug 20 13:47:02.722958 n-d-802317-6 neutron-server[106517]: DEBUG neutron_lib.callbacks.manager [None req-265e7829-ca85-41c9-bccf-e2e4105611fb admin admin] Notify callbacks ['neutron.plugins.ml2.ovo_rpc._ObjectChangeHandler.handle_event-3765987'] for security_group, after_create {{(pid=106517) _notify_loop /usr/local/lib/python3.8/dist-packages/neutron_lib/callbacks/manager.py:192}}
Aug 20 13:47:02.730514 n-d-802317-6 neutron-server[106517]: DEBUG neutron.db.provisioning_blocks [req-09e478f0-719b-415a-b07e-b0db6049f7f7 req-27d3d998-0e36-4ad4-9d91-34b509421e5e service neutron] Transition to ACTIVE for port object e87fc96e-62fc-4ccc-8817-683f640dc8b4 will not be triggered until provisioned by entity L2. {{(pid=106517) add_provisioning_component /opt/stack/neutron/neutron/db/provisioning_blocks.py:73}}
Aug 20 13:47:02.753526 n-d-802317-6 neutron-server[106517]: DEBUG neutron_lib.callbacks.manager [req-09e478f0-719b-415a-b07e-b0db6049f7f7 req-27d3d998-0e36-4ad4-9d91-34b509421e5e service neutron] Notify callbacks ['neutron.plugins.ml2.plugin.SecurityGroupServerNotifierRpcMixin._notify_sg_on_port_change-702222', 'neutron.plugins.ml2.ovo_rpc._ObjectChangeHandler.handle_event-218071', 'neutron.api.rpc.agentnotifiers.dhcp_rpc_agent_api.DhcpAgentNotifyAPI._native_event_send_dhcp_notification-3717613', 'neutron.db.l3_db.L3RpcNotifierMixin._notify_gateway_port_ip_changed-8754693588035', 'neutron.db.l3_dvrscheduler_db._notify_l3_agent_port_update-8754693063693', 'neutron.db.l3_hascheduler_db._notify_l3_agent_ha_port_update-8754693063711'] for port, after_update {{(pid=106517) _notify_loop /usr/local/lib/python3.8/dist-packages/neutron_lib/callbacks/manager.py:192}}
Aug 20 13:47:02.773003 n-d-802317-6 neutron-server[106516]: DEBUG neutron.api.rpc.handlers.resources_rpc [None req-2ce0dcf5-c5e2-4483-9c10-dc08df0c6774 admin admin] Pushing event updated for resources: {'Subnet': ['ID=42db0893-9828-4b91-98ff-25205342651d,revision_number=0']} {{(pid=106516) push /opt/stack/neutron/neutron/api/rpc/handlers/resources_rpc.py:237}}
Aug 20 13:47:02.803585 n-d-802317-6 neutron-server[106516]: DEBUG neutron.plugins.ml2.drivers.mech_agent [None req-2ce0dcf5-c5e2-4483-9c10-dc08df0c6774 admin admin] Checking segment: {'id': '165e1854-5bf6-495b-9b71-8e16b5c83067', 'network_type': 'vlan', 'physical_network': 'physnet1', 'segmentation_id': 185, 'network_id': 'cdd6f604-94c8-4d7c-a6a4-cc0e06a07025'} for mappings: {'physnet1': 'br-data'} with network types: ['local', 'flat', 'vlan'] {{(pid=106516) check_segment_for_agent /opt/stack/neutron/neutron/plugins/ml2/drivers/mech_agent.py:352}}
Aug 20 13:47:02.804115 n-d-802317-6 neutron-server[106516]: DEBUG neutron.scheduler.dhcp_agent_scheduler [None req-2ce0dcf5-c5e2-4483-9c10-dc08df0c6774 admin admin] Network hostable DHCP agents. Network: cdd6f604-94c8-4d7c-a6a4-cc0e06a07025, hostable agents: ['5159b563-9116-4889-9f79-0aa1faec3ede'], hosted agents: [] {{(pid=106516) _get_network_hostable_dhcp_agents /opt/stack/neutron/neutron/scheduler/dhcp_agent_scheduler.py:329}}
Aug 20 13:47:02.857878 n-d-802317-6 neutron-server[106516]: INFO neutron.wsgi [req-510bfe04-cc18-4876-87f7-6d4a9335d060 req-a4c03f0b-b080-4ac7-933a-c86d957e5ee4 tempest-AggregatesAdminTestJSON-680774474 tempest-AggregatesAdminTestJSON-680774474-project] 10.222.0.46 "GET /v2.0/ports?device_id=f99471a4-0a05-4a0a-9924-20acbfdaf9c6 HTTP/1.1" status: 200 len: 210 time: 0.0557773
Aug 20 13:47:02.883852 n-d-802317-6 neutron-server[106517]: DEBUG neutron.api.rpc.handlers.resources_rpc [None req-265e7829-ca85-41c9-bccf-e2e4105611fb admin admin] Pushing event updated for resources: {'SecurityGroup': ['ID=49c0dfbf-e589-472d-a6bf-41e019a8179a,revision_number=1']} {{(pid=106517) push /opt/stack/neutron/neutron/api/rpc/handlers/resources_rpc.py:237}}
Aug 20 13:47:02.905957 n-d-802317-6 neutron-server[106517]: INFO neutron.wsgi [None req-265e7829-ca85-41c9-bccf-e2e4105611fb admin admin] 10.222.0.46 "GET /v2.0/security-groups?tenant_id=d13303308afb4f08920004999439dafb&name=default HTTP/1.1" status: 200 len: 2979 time: 1.0483799
Aug 20 13:47:02.912470 n-d-802317-6 neutron-server[106517]: DEBUG neutron.wsgi [-] (106517) accepted ('10.222.0.46', 42656) {{(pid=106517) server /usr/local/lib/python3.8/dist-packages/eventlet/wsgi.py:982}}
Aug 20 13:47:02.954117 n-d-802317-6 neutron-server[106516]: DEBUG neutron.scheduler.dhcp_agent_scheduler [None req-2ce0dcf5-c5e2-4483-9c10-dc08df0c6774 admin admin] Network cdd6f604-94c8-4d7c-a6a4-cc0e06a07025 is scheduled to be hosted by DHCP agent 5159b563-9116-4889-9f79-0aa1faec3ede with binding_index 1 {{(pid=106516) bind /opt/stack/neutron/neutron/scheduler/dhcp_agent_scheduler.py:227}}
Aug 20 13:47:02.993333 n-d-802317-6 neutron-server[106516]: DEBUG neutron.scheduler.base_scheduler [None req-2ce0dcf5-c5e2-4483-9c10-dc08df0c6774 admin admin] Resources bound (agent type, host, resource id): (DHCP agent, n-d-802317-6, cdd6f604-94c8-4d7c-a6a4-cc0e06a07025) {{(pid=106516) schedule /opt/stack/neutron/neutron/scheduler/base_scheduler.py:57}}
Aug 20 13:47:02.996957 n-d-802317-6 neutron-server[106516]: DEBUG neutron.pecan_wsgi.hooks.quota_enforcement [req-c585732a-dea2-4bfc-8eba-d16889107b38 req-743eddbf-f070-4ee9-9ad7-05562e8b260b tempest-AggregatesAdminTestJSON-680774474 tempest-AggregatesAdminTestJSON-680774474-project] Made reservation on behalf of 41dbba167bff456a9209df82a30204a0 for: {'port': 1} {{(pid=106516) before /opt/stack/neutron/neutron/pecan_wsgi/hooks/quota_enforcement.py:53}}
Aug 20 13:47:03.002424 n-d-802317-6 neutron-server[106516]: DEBUG neutron_lib.callbacks.manager [req-c585732a-dea2-4bfc-8eba-d16889107b38 req-743eddbf-f070-4ee9-9ad7-05562e8b260b tempest-AggregatesAdminTestJSON-680774474 tempest-AggregatesAdminTestJSON-680774474-project] Notify callbacks ['neutron.plugins.ml2.plugin.SecurityGroupDbMixin._ensure_default_security_group_handler-702415'] for port, before_create {{(pid=106516) _notify_loop /usr/local/lib/python3.8/dist-packages/neutron_lib/callbacks/manager.py:192}}
Aug 20 13:47:03.011527 n-d-802317-6 neutron-server[106518]: DEBUG neutron.api.rpc.handlers.dhcp_rpc [None req-e0e43750-2b1e-4e2b-b995-8112680ef4c7 None None] Network cdd6f604-94c8-4d7c-a6a4-cc0e06a07025 requested from n-d-802317-6 {{(pid=106518) get_network_info /opt/stack/neutron/neutron/api/rpc/handlers/dhcp_rpc.py:218}}
Aug 20 13:47:03.016924 n-d-802317-6 neutron-server[106517]: DEBUG neutron.api.rpc.handlers.resources_rpc [None req-27d3d998-0e36-4ad4-9d91-34b509421e5e service neutron] Pushing event updated for resources: {'Port': ['ID=e87fc96e-62fc-4ccc-8817-683f640dc8b4,revision_number=2']} {{(pid=106517) push /opt/stack/neutron/neutron/api/rpc/handlers/resources_rpc.py:237}}
Aug 20 13:47:03.034913 n-d-802317-6 neutron-server[106516]: DEBUG neutron_lib.callbacks.manager [req-c585732a-dea2-4bfc-8eba-d16889107b38 req-743eddbf-f070-4ee9-9ad7-05562e8b260b tempest-AggregatesAdminTestJSON-680774474 tempest-AggregatesAdminTestJSON-680774474-project] Notify callbacks [] for security_group, before_create {{(pid=106516) _notify_loop /usr/local/lib/python3.8/dist-packages/neutron_lib/callbacks/manager.py:192}}
Aug 20 13:47:03.044245 n-d-802317-6 neutron-server[106516]: DEBUG neutron.pecan_wsgi.hooks.policy_enforcement [None req-2ce0dcf5-c5e2-4483-9c10-dc08df0c6774 admin admin] Attributes excluded by policy engine: ['standard_attr_id', 'shared', 'network'] {{(pid=106516) _exclude_attributes_by_policy /opt/stack/neutron/neutron/pecan_wsgi/hooks/policy_enforcement.py:255}}
Aug 20 13:47:03.046089 n-d-802317-6 neutron-server[106516]: DEBUG neutron_lib.callbacks.manager [None req-2ce0dcf5-c5e2-4483-9c10-dc08df0c6774 admin admin] Notify callbacks ['neutron.api.rpc.agentnotifiers.dhcp_rpc_agent_api.DhcpAgentNotifyAPI._send_dhcp_notification-3717407'] for subnet, before_response {{(pid=106516) _notify_loop /usr/local/lib/python3.8/dist-packages/neutron_lib/callbacks/manager.py:192}}
Aug 20 13:47:03.108017 n-d-802317-6 neutron-server[106517]: DEBUG neutron.plugins.ml2.managers [req-09e478f0-719b-415a-b07e-b0db6049f7f7 req-27d3d998-0e36-4ad4-9d91-34b509421e5e service neutron] Attempting to bind port e87fc96e-62fc-4ccc-8817-683f640dc8b4 on host n-h2-802317-6 for vnic_type normal with profile {{(pid=106517) bind_port /opt/stack/neutron/neutron/plugins/ml2/managers.py:790}}
Aug 20 13:47:03.109009 n-d-802317-6 neutron-server[106517]: DEBUG neutron.plugins.ml2.managers [req-09e478f0-719b-415a-b07e-b0db6049f7f7 req-27d3d998-0e36-4ad4-9d91-34b509421e5e service neutron] Attempting to bind port e87fc96e-62fc-4ccc-8817-683f640dc8b4 by drivers openvswitch,hyperv on host n-h2-802317-6 at level 0 using segments [{'id': 'b24a2cd5-6b6a-427d-932c-ddb86420b260', 'network_type': 'vlan', 'physical_network': 'physnet1', 'segmentation_id': 191, 'network_id': '41901080-8e90-401d-ac37-e8c42533f3a9'}] {{(pid=106517) _bind_port_level /opt/stack/neutron/neutron/plugins/ml2/managers.py:815}}
Aug 20 13:47:03.109369 n-d-802317-6 neutron-server[106517]: DEBUG neutron.plugins.ml2.drivers.mech_agent [req-09e478f0-719b-415a-b07e-b0db6049f7f7 req-27d3d998-0e36-4ad4-9d91-34b509421e5e service neutron] Attempting to bind port e87fc96e-62fc-4ccc-8817-683f640dc8b4 on network 41901080-8e90-401d-ac37-e8c42533f3a9 {{(pid=106517) bind_port /opt/stack/neutron/neutron/plugins/ml2/drivers/mech_agent.py:85}}
Aug 20 13:47:03.115358 n-d-802317-6 neutron-server[106517]: DEBUG neutron.plugins.ml2.drivers.mech_agent [req-09e478f0-719b-415a-b07e-b0db6049f7f7 req-27d3d998-0e36-4ad4-9d91-34b509421e5e service neutron] Port e87fc96e-62fc-4ccc-8817-683f640dc8b4 on network 41901080-8e90-401d-ac37-e8c42533f3a9 not bound, no agent of type Open vSwitch agent registered on host n-h2-802317-6 {{(pid=106517) bind_port /opt/stack/neutron/neutron/plugins/ml2/drivers/mech_agent.py:97}}
Aug 20 13:47:03.115574 n-d-802317-6 neutron-server[106517]: DEBUG neutron.plugins.ml2.drivers.mech_agent [req-09e478f0-719b-415a-b07e-b0db6049f7f7 req-27d3d998-0e36-4ad4-9d91-34b509421e5e service neutron] Attempting to bind port e87fc96e-62fc-4ccc-8817-683f640dc8b4 on network 41901080-8e90-401d-ac37-e8c42533f3a9 {{(pid=106517) bind_port /opt/stack/neutron/neutron/plugins/ml2/drivers/mech_agent.py:85}}
Aug 20 13:47:03.125090 n-d-802317-6 neutron-server[106517]: DEBUG neutron.plugins.ml2.drivers.mech_agent [req-09e478f0-719b-415a-b07e-b0db6049f7f7 req-27d3d998-0e36-4ad4-9d91-34b509421e5e service neutron] Checking agent: {'id': 'e5fb4709-243d-4961-b5e3-b8936bdb9932', 'agent_type': 'HyperV agent', 'binary': 'neutron-hyperv-agent', 'topic': 'N/A', 'host': 'n-h2-802317-6', 'admin_state_up': True, 'created_at': datetime.datetime(2021, 8, 20, 13, 44, 30), 'started_at': datetime.datetime(2021, 8, 20, 13, 44, 30), 'heartbeat_timestamp': datetime.datetime(2021, 8, 20, 13, 47), 'description': None, 'resources_synced': None, 'availability_zone': None, 'alive': True, 'configurations': {'vswitch_mappings': {'physnet1$': 'br-data'}}, 'resource_versions': {}} {{(pid=106517) bind_port /opt/stack/neutron/neutron/plugins/ml2/drivers/mech_agent.py:104}}
Aug 20 13:47:03.125827 n-d-802317-6 neutron-server[106517]: DEBUG neutron.plugins.ml2.drivers.mech_agent [req-09e478f0-719b-415a-b07e-b0db6049f7f7 req-27d3d998-0e36-4ad4-9d91-34b509421e5e service neutron] Checking segment: {'id': 'b24a2cd5-6b6a-427d-932c-ddb86420b260', 'network_type': 'vlan', 'physical_network': 'physnet1', 'segmentation_id': 191, 'network_id': '41901080-8e90-401d-ac37-e8c42533f3a9'} for mappings: {'physnet1$': 'br-data'} with network types: ['local', 'flat', 'vlan'] {{(pid=106517) check_segment_for_agent /opt/stack/neutron/neutron/plugins/ml2/drivers/mech_agent.py:352}}
Aug 20 13:47:03.126553 n-d-802317-6 neutron-server[106517]: DEBUG neutron.plugins.ml2.drivers.mech_agent [req-09e478f0-719b-415a-b07e-b0db6049f7f7 req-27d3d998-0e36-4ad4-9d91-34b509421e5e service neutron] Bound using segment: {'id': 'b24a2cd5-6b6a-427d-932c-ddb86420b260', 'network_type': 'vlan', 'physical_network': 'physnet1', 'segmentation_id': 191, 'network_id': '41901080-8e90-401d-ac37-e8c42533f3a9'} {{(pid=106517) bind_port /opt/stack/neutron/neutron/plugins/ml2/drivers/mech_agent.py:114}}
Aug 20 13:47:03.127160 n-d-802317-6 neutron-server[106517]: DEBUG neutron.plugins.ml2.managers [req-09e478f0-719b-415a-b07e-b0db6049f7f7 req-27d3d998-0e36-4ad4-9d91-34b509421e5e service neutron] Bound port: e87fc96e-62fc-4ccc-8817-683f640dc8b4, host: n-h2-802317-6, vif_type: hyperv, vif_details: {"connectivity": "legacy", "port_filter": false}, binding_levels: [{'bound_driver': 'hyperv', 'bound_segment': {'id': 'b24a2cd5-6b6a-427d-932c-ddb86420b260', 'network_type': 'vlan', 'physical_network': 'physnet1', 'segmentation_id': 191, 'network_id': '41901080-8e90-401d-ac37-e8c42533f3a9'}}] {{(pid=106517) _bind_port_level /opt/stack/neutron/neutron/plugins/ml2/managers.py:928}}
Aug 20 13:47:03.127763 n-d-802317-6 neutron-server[106517]: DEBUG neutron_lib.callbacks.manager [req-09e478f0-719b-415a-b07e-b0db6049f7f7 req-27d3d998-0e36-4ad4-9d91-34b509421e5e service neutron] Notify callbacks ['neutron.plugins.ml2.plugin.SecurityGroupDbMixin._ensure_default_security_group_handler-702415'] for port, before_update {{(pid=106517) _notify_loop /usr/local/lib/python3.8/dist-packages/neutron_lib/callbacks/manager.py:192}}
Aug 20 13:47:03.174082 n-d-802317-6 neutron-server[106517]: DEBUG neutron_lib.callbacks.manager [None req-8d6ce8a6-d54c-4579-871f-de3f2ac57ef8 admin admin] Notify callbacks [] for security_group, before_delete {{(pid=106517) _notify_loop /usr/local/lib/python3.8/dist-packages/neutron_lib/callbacks/manager.py:192}}
Aug 20 13:47:03.200379 n-d-802317-6 neutron-server[106517]: DEBUG neutron_lib.callbacks.manager [None req-8d6ce8a6-d54c-4579-871f-de3f2ac57ef8 admin admin] Notify callbacks [] for security_group, precommit_delete {{(pid=106517) _notify_loop /usr/local/lib/python3.8/dist-packages/neutron_lib/callbacks/manager.py:192}}
Aug 20 13:47:03.211881 n-d-802317-6 neutron-server[106516]: DEBUG neutron_lib.callbacks.manager [req-c585732a-dea2-4bfc-8eba-d16889107b38 req-743eddbf-f070-4ee9-9ad7-05562e8b260b tempest-AggregatesAdminTestJSON-680774474 tempest-AggregatesAdminTestJSON-680774474-project] Notify callbacks [] for security_group, precommit_create {{(pid=106516) _notify_loop /usr/local/lib/python3.8/dist-packages/neutron_lib/callbacks/manager.py:192}}
Aug 20 13:47:03.222537 n-d-802317-6 neutron-server[106516]: DEBUG neutron_lib.callbacks.manager [req-c585732a-dea2-4bfc-8eba-d16889107b38 req-743eddbf-f070-4ee9-9ad7-05562e8b260b tempest-AggregatesAdminTestJSON-680774474 tempest-AggregatesAdminTestJSON-680774474-project] Notify callbacks ['neutron.plugins.ml2.ovo_rpc._ObjectChangeHandler.handle_event-3765987'] for security_group, after_create {{(pid=106516) _notify_loop /usr/local/lib/python3.8/dist-packages/neutron_lib/callbacks/manager.py:192}}
Aug 20 13:47:03.280770 n-d-802317-6 neutron-server[106516]: INFO neutron.wsgi [None req-2ce0dcf5-c5e2-4483-9c10-dc08df0c6774 admin admin] 10.222.0.46 "POST /v2.0/subnets HTTP/1.1" status: 201 len: 859 time: 1.3041427
Aug 20 13:47:03.314466 n-d-802317-6 neutron-server[106517]: DEBUG neutron.wsgi [-] (106517) accepted ('10.222.0.46', 42680) {{(pid=106517) server /usr/local/lib/python3.8/dist-packages/eventlet/wsgi.py:982}}
Aug 20 13:47:03.316894 n-d-802317-6 neutron-server[106517]: DEBUG neutron_lib.callbacks.manager [None req-8d6ce8a6-d54c-4579-871f-de3f2ac57ef8 admin admin] Notify callbacks ['neutron.plugins.ml2.ovo_rpc._ObjectChangeHandler.handle_event-3765987'] for security_group, after_delete {{(pid=106517) _notify_loop /usr/local/lib/python3.8/dist-packages/neutron_lib/callbacks/manager.py:192}}
Aug 20 13:47:03.319597 n-d-802317-6 neutron-server[106517]: DEBUG neutron_lib.callbacks.manager [None req-8d6ce8a6-d54c-4579-871f-de3f2ac57ef8 admin admin] Notify callbacks [] for security_group, before_response {{(pid=106517) _notify_loop /usr/local/lib/python3.8/dist-packages/neutron_lib/callbacks/manager.py:192}}
Aug 20 13:47:03.324357 n-d-802317-6 neutron-server[106517]: INFO neutron.wsgi [None req-8d6ce8a6-d54c-4579-871f-de3f2ac57ef8 admin admin] 10.222.0.46 "DELETE /v2.0/security-groups/49c0dfbf-e589-472d-a6bf-41e019a8179a HTTP/1.1" status: 204 len: 168 time: 0.4111934
Aug 20 13:47:03.327256 n-d-802317-6 neutron-server[106517]: DEBUG neutron.wsgi [-] (106517) accepted ('10.222.0.57', 65108) {{(pid=106517) server /usr/local/lib/python3.8/dist-packages/eventlet/wsgi.py:982}}
Aug 20 13:47:03.331229 n-d-802317-6 neutron-server[106517]: DEBUG neutron.api.v2.base [None req-3e335979-3f9c-4f73-85bb-baa5a957d323 admin admin] Request body: {'router': {'name': 'tempest-ServersWithSpecificFlavorTestJSON-263805371-router', 'tenant_id': '28c661a93422450abcb93ce0668771e4', 'external_gateway_info': {'network_id': 'f2e5c94b-fac6-45d5-95c0-3130c1e94143'}}} {{(pid=106517) prepare_request_body /opt/stack/neutron/neutron/api/v2/base.py:730}}
Aug 20 13:47:03.394960 n-d-802317-6 neutron-server[106517]: DEBUG neutron.api.rpc.handlers.resources_rpc [None req-8d6ce8a6-d54c-4579-871f-de3f2ac57ef8 admin admin] Pushing event deleted for resources: {'SecurityGroup': ['ID=49c0dfbf-e589-472d-a6bf-41e019a8179a,revision_number=None']} {{(pid=106517) push /opt/stack/neutron/neutron/api/rpc/handlers/resources_rpc.py:237}}
Aug 20 13:47:03.420109 n-d-802317-6 neutron-server[106518]: DEBUG neutron.api.rpc.handlers.dhcp_rpc [None req-d35041ae-5f89-4fb8-af9d-1a4c8e5f2010 None None] Create dhcp port {'port': {'name': '', 'admin_state_up': True, 'device_id': 'dhcp220af640-de17-5654-acc0-2734091338be-cdd6f604-94c8-4d7c-a6a4-cc0e06a07025', 'network_id': 'cdd6f604-94c8-4d7c-a6a4-cc0e06a07025', 'tenant_id': '28c661a93422450abcb93ce0668771e4', 'fixed_ips': [{'subnet_id': '42db0893-9828-4b91-98ff-25205342651d'}]}} from n-d-802317-6. {{(pid=106518) create_dhcp_port /opt/stack/neutron/neutron/api/rpc/handlers/dhcp_rpc.py:285}}
Aug 20 13:47:03.421468 n-d-802317-6 neutron-server[106518]: DEBUG neutron_lib.callbacks.manager [None req-d35041ae-5f89-4fb8-af9d-1a4c8e5f2010 None None] Notify callbacks ['neutron.plugins.ml2.plugin.SecurityGroupDbMixin._ensure_default_security_group_handler-702415'] for port, before_create {{(pid=106518) _notify_loop /usr/local/lib/python3.8/dist-packages/neutron_lib/callbacks/manager.py:192}}
Aug 20 13:47:03.489004 n-d-802317-6 neutron-server[106517]: DEBUG neutron_lib.callbacks.manager [None req-3e335979-3f9c-4f73-85bb-baa5a957d323 admin admin] Notify callbacks ['neutron.services.l3_router.l3_router_plugin.L3_HA_NAT_db_mixin._before_router_create_handler-3775742', 'neutron.services.l3_router.service_providers.driver_controller.DriverController._check_router_request-2978'] for router, before_create {{(pid=106517) _notify_loop /usr/local/lib/python3.8/dist-packages/neutron_lib/callbacks/manager.py:192}}
Aug 20 13:47:03.490412 n-d-802317-6 neutron-server[106517]: DEBUG neutron_lib.callbacks.manager [None req-3e335979-3f9c-4f73-85bb-baa5a957d323 admin admin] Notify callbacks ['neutron.services.l3_router.l3_router_plugin.L3_HA_NAT_db_mixin._precommit_router_create-3775498', 'neutron.services.l3_router.l3_router_plugin.DVRResourceOperationHandler._set_distributed_flag-3775167', 'neutron.services.l3_router.l3_router_plugin.RouterAvailabilityZoneMixin._process_az_request-3924867', 'neutron.services.l3_router.service_providers.driver_controller.DriverController._set_router_provider-3003'] for router, precommit_create {{(pid=106517) _notify_loop /usr/local/lib/python3.8/dist-packages/neutron_lib/callbacks/manager.py:192}}
Aug 20 13:47:03.535647 n-d-802317-6 neutron-server[106516]: DEBUG neutron.api.rpc.handlers.resources_rpc [None req-743eddbf-f070-4ee9-9ad7-05562e8b260b tempest-AggregatesAdminTestJSON-680774474 tempest-AggregatesAdminTestJSON-680774474-project] Pushing event updated for resources: {'SecurityGroup': ['ID=7ae4a975-5a23-48b8-b5eb-caf01c9e487b,revision_number=1']} {{(pid=106516) push /opt/stack/neutron/neutron/api/rpc/handlers/resources_rpc.py:237}}
Aug 20 13:47:03.598402 n-d-802317-6 neutron-server[106517]: DEBUG neutron_lib.callbacks.manager [None req-3e335979-3f9c-4f73-85bb-baa5a957d323 admin admin] Notify callbacks [] for router_controller, precommit_add_association {{(pid=106517) _notify_loop /usr/local/lib/python3.8/dist-packages/neutron_lib/callbacks/manager.py:192}}
Aug 20 13:47:03.646329 n-d-802317-6 neutron-server[106517]: DEBUG neutron.plugins.ml2.db [req-09e478f0-719b-415a-b07e-b0db6049f7f7 req-27d3d998-0e36-4ad4-9d91-34b509421e5e service neutron] For port e87fc96e-62fc-4ccc-8817-683f640dc8b4, host n-h2-802317-6, cleared binding levels {{(pid=106517) clear_binding_levels /opt/stack/neutron/neutron/plugins/ml2/db.py:87}}
Aug 20 13:47:03.675182 n-d-802317-6 neutron-server[106518]: DEBUG neutron.db.db_base_plugin_common [None req-d35041ae-5f89-4fb8-af9d-1a4c8e5f2010 None None] Allocated IP 172.20.0.2 (cdd6f604-94c8-4d7c-a6a4-cc0e06a07025/42db0893-9828-4b91-98ff-25205342651d/b11a5d2a-fa2e-4c5c-8f9f-283e14e1bda7) {{(pid=106518) _store_ip_allocation /opt/stack/neutron/neutron/db/db_base_plugin_common.py:131}}
Aug 20 13:47:03.717609 n-d-802317-6 neutron-server[106516]: INFO neutron.wsgi [req-12217030-644b-4f45-8180-807649216bae req-2a050b6f-efb9-431b-aedb-ecae34203482 tempest-LiveAutoBlockMigrationV225Test-746970011 tempest-LiveAutoBlockMigrationV225Test-746970011-project] 10.222.0.46 "GET /v2.0/ports?device_id=3d12cc10-799d-415f-8931-9c36e3bcc09f HTTP/1.1" status: 200 len: 210 time: 0.2735195
Aug 20 13:47:03.719237 n-d-802317-6 neutron-server[106516]: DEBUG neutron.wsgi [-] (106516) accepted ('10.222.0.46', 42696) {{(pid=106516) server /usr/local/lib/python3.8/dist-packages/eventlet/wsgi.py:982}}
Aug 20 13:47:03.774423 n-d-802317-6 neutron-server[106517]: DEBUG neutron.plugins.ml2.db [req-09e478f0-719b-415a-b07e-b0db6049f7f7 req-27d3d998-0e36-4ad4-9d91-34b509421e5e service neutron] For port e87fc96e-62fc-4ccc-8817-683f640dc8b4, host n-h2-802317-6, set binding levels [PortBindingLevel(driver='hyperv',host='n-h2-802317-6',level=0,port_id=e87fc96e-62fc-4ccc-8817-683f640dc8b4,segment=NetworkSegment(b24a2cd5-6b6a-427d-932c-ddb86420b260),segment_id=b24a2cd5-6b6a-427d-932c-ddb86420b260)] {{(pid=106517) set_binding_levels /opt/stack/neutron/neutron/plugins/ml2/db.py:59}}
Aug 20 13:47:03.777299 n-d-802317-6 neutron-server[106516]: DEBUG neutron.pecan_wsgi.hooks.policy_enforcement [req-4939bb48-c24c-4421-b48d-4bc69c7307d9 req-5868ad6e-3091-4794-92b4-5f514c5b29bf tempest-LiveMigrationNegativeTest-1057285467 tempest-LiveMigrationNegativeTest-1057285467-project] Attributes excluded by policy engine: ['standard_attr_id', 'binding:profile', 'binding:host_id', 'binding:vif_type', 'binding:vif_details'] {{(pid=106516) _exclude_attributes_by_policy /opt/stack/neutron/neutron/pecan_wsgi/hooks/policy_enforcement.py:255}}
Aug 20 13:47:03.780707 n-d-802317-6 neutron-server[106516]: INFO neutron.wsgi [req-4939bb48-c24c-4421-b48d-4bc69c7307d9 req-5868ad6e-3091-4794-92b4-5f514c5b29bf tempest-LiveMigrationNegativeTest-1057285467 tempest-LiveMigrationNegativeTest-1057285467-project] 10.222.0.46 "GET /v2.0/ports?device_id=5d685b5a-31dd-4aba-8c15-4beb5277977f HTTP/1.1" status: 200 len: 947 time: 0.3415043
Aug 20 13:47:03.822627 n-d-802317-6 neutron-server[106516]: DEBUG neutron.wsgi [-] (106516) accepted ('10.222.0.46', 42700) {{(pid=106516) server /usr/local/lib/python3.8/dist-packages/eventlet/wsgi.py:982}}
Aug 20 13:47:03.841391 n-d-802317-6 neutron-server[106517]: DEBUG neutron_lib.callbacks.manager [req-09e478f0-719b-415a-b07e-b0db6049f7f7 req-27d3d998-0e36-4ad4-9d91-34b509421e5e service neutron] Notify callbacks ['neutron.plugins.ml2.plugin.SecurityGroupServerNotifierRpcMixin._notify_sg_on_port_change-702222', 'neutron.plugins.ml2.ovo_rpc._ObjectChangeHandler.handle_event-218071', 'neutron.api.rpc.agentnotifiers.dhcp_rpc_agent_api.DhcpAgentNotifyAPI._native_event_send_dhcp_notification-3717613', 'neutron.db.l3_db.L3RpcNotifierMixin._notify_gateway_port_ip_changed-8754693588035', 'neutron.db.l3_dvrscheduler_db._notify_l3_agent_port_update-8754693063693', 'neutron.db.l3_hascheduler_db._notify_l3_agent_ha_port_update-8754693063711'] for port, after_update {{(pid=106517) _notify_loop /usr/local/lib/python3.8/dist-packages/neutron_lib/callbacks/manager.py:192}}
Aug 20 13:47:03.961777 n-d-802317-6 neutron-server[106518]: DEBUG neutron_lib.callbacks.manager [None req-d3f3bd77-d5cc-417b-8b70-4d83a96a6810 None None] Notify callbacks ['neutron.services.segments.db._update_segment_host_mapping_for_agent-8754693541160', 'neutron.plugins.ml2.plugin.Ml2Plugin._retry_binding_revived_agents-742627'] for agent, after_update {{(pid=106518) _notify_loop /usr/local/lib/python3.8/dist-packages/neutron_lib/callbacks/manager.py:192}}
Aug 20 13:47:03.976305 n-d-802317-6 neutron-server[106517]: DEBUG neutron.pecan_wsgi.hooks.policy_enforcement [req-a0733d8b-ffcd-4180-a744-b59704bb7900 req-61ed0d04-2e15-44c5-9093-e48ae068d75b tempest-LiveAutoBlockMigrationV225Test-746970011 tempest-LiveAutoBlockMigrationV225Test-746970011-project] Attributes excluded by policy engine: ['standard_attr_id', 'vlan_transparent', 'provider:network_type', 'provider:physical_network', 'provider:segmentation_id'] {{(pid=106517) _exclude_attributes_by_policy /opt/stack/neutron/neutron/pecan_wsgi/hooks/policy_enforcement.py:255}}
Aug 20 13:47:03.978778 n-d-802317-6 neutron-server[106517]: INFO neutron.wsgi [req-a0733d8b-ffcd-4180-a744-b59704bb7900 req-61ed0d04-2e15-44c5-9093-e48ae068d75b tempest-LiveAutoBlockMigrationV225Test-746970011 tempest-LiveAutoBlockMigrationV225Test-746970011-project] 10.222.0.57 "GET /v2.0/networks?id=40d070e2-1b6f-42b2-b665-3098593b19a3 HTTP/1.1" status: 200 len: 821 time: 0.6415465
Aug 20 13:47:03.983619 n-d-802317-6 neutron-server[106517]: DEBUG neutron_lib.callbacks.manager [None req-3e335979-3f9c-4f73-85bb-baa5a957d323 admin admin] Notify callbacks [] for router_gateway, precommit_update {{(pid=106517) _notify_loop /usr/local/lib/python3.8/dist-packages/neutron_lib/callbacks/manager.py:192}}
Aug 20 13:47:04.005048 n-d-802317-6 neutron-server[106517]: DEBUG neutron.pecan_wsgi.hooks.policy_enforcement [req-09e478f0-719b-415a-b07e-b0db6049f7f7 req-27d3d998-0e36-4ad4-9d91-34b509421e5e service neutron] Attributes excluded by policy engine: ['standard_attr_id'] {{(pid=106517) _exclude_attributes_by_policy /opt/stack/neutron/neutron/pecan_wsgi/hooks/policy_enforcement.py:255}}
Aug 20 13:47:04.005897 n-d-802317-6 neutron-server[106517]: DEBUG neutron_lib.callbacks.manager [req-09e478f0-719b-415a-b07e-b0db6049f7f7 req-27d3d998-0e36-4ad4-9d91-34b509421e5e service neutron] Notify callbacks ['neutron.notifiers.nova.Notifier._send_nova_notification-257305', 'neutron.api.rpc.agentnotifiers.dhcp_rpc_agent_api.DhcpAgentNotifyAPI._send_dhcp_notification-3717407'] for port, before_response {{(pid=106517) _notify_loop /usr/local/lib/python3.8/dist-packages/neutron_lib/callbacks/manager.py:192}}
Aug 20 13:47:04.007809 n-d-802317-6 neutron-server[106517]: INFO neutron.wsgi [req-09e478f0-719b-415a-b07e-b0db6049f7f7 req-27d3d998-0e36-4ad4-9d91-34b509421e5e service neutron] 10.222.0.44 "PUT /v2.0/ports/e87fc96e-62fc-4ccc-8817-683f640dc8b4 HTTP/1.1" status: 200 len: 1095 time: 2.6043460
Aug 20 13:47:04.008279 n-d-802317-6 neutron-server[106517]: DEBUG neutron.notifiers.nova [-] Sending events: [{'name': 'network-changed', 'server_uuid': '5d685b5a-31dd-4aba-8c15-4beb5277977f', 'tag': 'e87fc96e-62fc-4ccc-8817-683f640dc8b4'}] {{(pid=106517) send_events /opt/stack/neutron/neutron/notifiers/nova.py:262}}
Aug 20 13:47:04.088092 n-d-802317-6 neutron-server[106516]: DEBUG neutron.db.db_base_plugin_common [req-c585732a-dea2-4bfc-8eba-d16889107b38 req-743eddbf-f070-4ee9-9ad7-05562e8b260b tempest-AggregatesAdminTestJSON-680774474 tempest-AggregatesAdminTestJSON-680774474-project] Allocated IP 192.168.233.76 (41901080-8e90-401d-ac37-e8c42533f3a9/07f75279-1a8c-4d58-8b6a-cee315883b15/5d8bd703-0799-4241-aaed-32d684264c76) {{(pid=106516) _store_ip_allocation /opt/stack/neutron/neutron/db/db_base_plugin_common.py:131}}
Aug 20 13:47:04.143692 n-d-802317-6 neutron-server[106516]: INFO neutron.wsgi [req-4939bb48-c24c-4421-b48d-4bc69c7307d9 req-240a2d0b-4154-4144-bff2-2bb9a51c8635 tempest-LiveMigrationNegativeTest-1057285467 tempest-LiveMigrationNegativeTest-1057285467-project] 10.222.0.46 "GET /v2.0/security-groups?id=11b8c2ce-8900-4264-80ea-eb9f7a564ad6&fields=id&fields=name HTTP/1.1" status: 200 len: 286 time: 0.3198595
Aug 20 13:47:04.229125 n-d-802317-6 neutron-server[106516]: INFO neutron.wsgi [req-74f8c20e-77d9-457a-84d3-f7947c1a3d3c req-6890328a-f949-4f74-b5c2-b62747cb6252 tempest-AggregatesAdminTestJSON-680774474 tempest-AggregatesAdminTestJSON-680774474-project] 10.222.0.46 "GET /v2.0/ports?device_id=f99471a4-0a05-4a0a-9924-20acbfdaf9c6 HTTP/1.1" status: 200 len: 210 time: 0.1462960
Aug 20 13:47:04.259910 n-d-802317-6 neutron-server[106518]: DEBUG neutron_lib.callbacks.manager [None req-d35041ae-5f89-4fb8-af9d-1a4c8e5f2010 None None] Notify callbacks [] for port, precommit_create {{(pid=106518) _notify_loop /usr/local/lib/python3.8/dist-packages/neutron_lib/callbacks/manager.py:192}}
Aug 20 13:47:04.272082 n-d-802317-6 neutron-server[106518]: DEBUG neutron.db.provisioning_blocks [None req-d35041ae-5f89-4fb8-af9d-1a4c8e5f2010 None None] Transition to ACTIVE for port object b11a5d2a-fa2e-4c5c-8f9f-283e14e1bda7 will not be triggered until provisioned by entity L2. {{(pid=106518) add_provisioning_component /opt/stack/neutron/neutron/db/provisioning_blocks.py:73}}
Aug 20 13:47:04.276289 n-d-802317-6 neutron-server[106516]: DEBUG neutron_lib.callbacks.manager [None req-1e89f904-c414-464a-9820-66c1b932508d admin admin] Notify callbacks [] for security_group, before_create {{(pid=106516) _notify_loop /usr/local/lib/python3.8/dist-packages/neutron_lib/callbacks/manager.py:192}}
Aug 20 13:47:04.281012 n-d-802317-6 neutron-server[106516]: DEBUG neutron_lib.callbacks.manager [None req-f5c39399-c855-4490-9594-ea178bdd60d4 admin admin] Notify callbacks [] for security_group, before_create {{(pid=106516) _notify_loop /usr/local/lib/python3.8/dist-packages/neutron_lib/callbacks/manager.py:192}}
Aug 20 13:47:04.322463 n-d-802317-6 neutron-server[106518]: DEBUG neutron.db.provisioning_blocks [None req-d35041ae-5f89-4fb8-af9d-1a4c8e5f2010 None None] Transition to ACTIVE for port object b11a5d2a-fa2e-4c5c-8f9f-283e14e1bda7 will not be triggered until provisioned by entity DHCP. {{(pid=106518) add_provisioning_component /opt/stack/neutron/neutron/db/provisioning_blocks.py:73}}
Aug 20 13:47:04.346489 n-d-802317-6 neutron-server[106518]: DEBUG neutron_lib.callbacks.manager [None req-d35041ae-5f89-4fb8-af9d-1a4c8e5f2010 None None] Notify callbacks ['neutron.plugins.ml2.plugin.SecurityGroupServerNotifierRpcMixin._notify_sg_on_port_change-702222', 'neutron.plugins.ml2.ovo_rpc._ObjectChangeHandler.handle_event-218071', 'neutron.api.rpc.agentnotifiers.dhcp_rpc_agent_api.DhcpAgentNotifyAPI._native_event_send_dhcp_notification-3717613', 'neutron.db.l3_dvrscheduler_db._notify_l3_agent_new_port-8754693069047'] for port, after_create {{(pid=106518) _notify_loop /usr/local/lib/python3.8/dist-packages/neutron_lib/callbacks/manager.py:192}}
Aug 20 13:47:04.399649 n-d-802317-6 neutron-server[106517]: DEBUG neutron.wsgi [-] (106517) accepted ('10.222.0.46', 42712) {{(pid=106517) server /usr/local/lib/python3.8/dist-packages/eventlet/wsgi.py:982}}
Aug 20 13:47:04.401316 n-d-802317-6 neutron-server[106517]: DEBUG neutron.api.rpc.handlers.resources_rpc [None req-27d3d998-0e36-4ad4-9d91-34b509421e5e service neutron] Pushing event updated for resources: {'Port': ['ID=e87fc96e-62fc-4ccc-8817-683f640dc8b4,revision_number=3']} {{(pid=106517) push /opt/stack/neutron/neutron/api/rpc/handlers/resources_rpc.py:237}}
Aug 20 13:47:04.418549 n-d-802317-6 neutron-server[106518]: DEBUG neutron.scheduler.dhcp_agent_scheduler [None req-d35041ae-5f89-4fb8-af9d-1a4c8e5f2010 None None] Network cdd6f604-94c8-4d7c-a6a4-cc0e06a07025 is already hosted by enough agents. {{(pid=106518) _get_dhcp_agents_hosting_network /opt/stack/neutron/neutron/scheduler/dhcp_agent_scheduler.py:275}}
Aug 20 13:47:04.424592 n-d-802317-6 neutron-server[106518]: DEBUG neutron.scheduler.base_scheduler [None req-d35041ae-5f89-4fb8-af9d-1a4c8e5f2010 None None] Resources bound (agent type, host, resource id): {{(pid=106518) schedule /opt/stack/neutron/neutron/scheduler/base_scheduler.py:57}}
Aug 20 13:47:04.427696 n-d-802317-6 neutron-server[106517]: DEBUG neutron_lib.callbacks.manager [None req-fe705fbb-792a-41e6-8175-a6fb4ba10158 admin admin] Notify callbacks [] for security_group, before_create {{(pid=106517) _notify_loop /usr/local/lib/python3.8/dist-packages/neutron_lib/callbacks/manager.py:192}}
Aug 20 13:47:04.431600 n-d-802317-6 neutron-server[106518]: DEBUG neutron.db.l3_dvrscheduler_db [None req-d35041ae-5f89-4fb8-af9d-1a4c8e5f2010 None None] Received port after_create {{(pid=106518) _notify_l3_agent_new_port /opt/stack/neutron/neutron/db/l3_dvrscheduler_db.py:535}}
Aug 20 13:47:04.454922 n-d-802317-6 neutron-server[106518]: DEBUG neutron.api.rpc.handlers.resources_rpc [None req-d35041ae-5f89-4fb8-af9d-1a4c8e5f2010 None None] Pushing event updated for resources: {'Port': ['ID=b11a5d2a-fa2e-4c5c-8f9f-283e14e1bda7,revision_number=1']} {{(pid=106518) push /opt/stack/neutron/neutron/api/rpc/handlers/resources_rpc.py:237}}
Aug 20 13:47:04.468940 n-d-802317-6 neutron-server[106517]: DEBUG neutron.pecan_wsgi.hooks.policy_enforcement [req-09e478f0-719b-415a-b07e-b0db6049f7f7 req-43c6d894-d0f2-4600-912f-f1534c4f6895 service neutron] Attributes excluded by policy engine: ['standard_attr_id'] {{(pid=106517) _exclude_attributes_by_policy /opt/stack/neutron/neutron/pecan_wsgi/hooks/policy_enforcement.py:255}}
Aug 20 13:47:04.470863 n-d-802317-6 neutron-server[106517]: INFO neutron.wsgi [req-09e478f0-719b-415a-b07e-b0db6049f7f7 req-43c6d894-d0f2-4600-912f-f1534c4f6895 service neutron] 10.222.0.44 "GET /v2.0/ports?tenant_id=d787750b72f14ab5a109f2642b4be232&device_id=5d685b5a-31dd-4aba-8c15-4beb5277977f HTTP/1.1" status: 200 len: 1098 time: 0.3367736
Aug 20 13:47:04.492610 n-d-802317-6 neutron-server[106518]: DEBUG neutron.api.rpc.callbacks.version_manager [None req-d35041ae-5f89-4fb8-af9d-1a4c8e5f2010 None None] Version for resource type AddressGroup changed None to 1.2 on consumer Open vSwitch agent@n-d-802317-6 {{(pid=106518) _set_version /opt/stack/neutron/neutron/api/rpc/callbacks/version_manager.py:113}}
Aug 20 13:47:04.492956 n-d-802317-6 neutron-server[106518]: DEBUG neutron.api.rpc.callbacks.version_manager [None req-d35041ae-5f89-4fb8-af9d-1a4c8e5f2010 None None] Version for resource type ConntrackHelper changed None to 1.0 on consumer Open vSwitch agent@n-d-802317-6 {{(pid=106518) _set_version /opt/stack/neutron/neutron/api/rpc/callbacks/version_manager.py:113}}
Aug 20 13:47:04.493296 n-d-802317-6 neutron-server[106518]: DEBUG neutron.api.rpc.callbacks.version_manager [None req-d35041ae-5f89-4fb8-af9d-1a4c8e5f2010 None None] Version for resource type Log changed None to 1.0 on consumer Open vSwitch agent@n-d-802317-6 {{(pid=106518) _set_version /opt/stack/neutron/neutron/api/rpc/callbacks/version_manager.py:113}}
Aug 20 13:47:04.493630 n-d-802317-6 neutron-server[106518]: DEBUG neutron.api.rpc.callbacks.version_manager [None req-d35041ae-5f89-4fb8-af9d-1a4c8e5f2010 None None] Version for resource type Network changed None to 1.1 on consumer Open vSwitch agent@n-d-802317-6 {{(pid=106518) _set_version /opt/stack/neutron/neutron/api/rpc/callbacks/version_manager.py:113}}
Aug 20 13:47:04.493958 n-d-802317-6 neutron-server[106518]: DEBUG neutron.api.rpc.callbacks.version_manager [None req-d35041ae-5f89-4fb8-af9d-1a4c8e5f2010 None None] Version for resource type Port changed None to 1.7 on consumer Open vSwitch agent@n-d-802317-6 {{(pid=106518) _set_version /opt/stack/neutron/neutron/api/rpc/callbacks/version_manager.py:113}}
Aug 20 13:47:04.498907 n-d-802317-6 neutron-server[106518]: DEBUG neutron.api.rpc.callbacks.version_manager [None req-d35041ae-5f89-4fb8-af9d-1a4c8e5f2010 None None] Version for resource type PortForwarding changed None to 1.2 on consumer Open vSwitch agent@n-d-802317-6 {{(pid=106518) _set_version /opt/stack/neutron/neutron/api/rpc/callbacks/version_manager.py:113}}
Aug 20 13:47:04.499253 n-d-802317-6 neutron-server[106518]: DEBUG neutron.api.rpc.callbacks.version_manager [None req-d35041ae-5f89-4fb8-af9d-1a4c8e5f2010 None None] Version for resource type QosPolicy changed None to 1.9 on consumer Open vSwitch agent@n-d-802317-6 {{(pid=106518) _set_version /opt/stack/neutron/neutron/api/rpc/callbacks/version_manager.py:113}}
Aug 20 13:47:04.499588 n-d-802317-6 neutron-server[106518]: DEBUG neutron.api.rpc.callbacks.version_manager [None req-d35041ae-5f89-4fb8-af9d-1a4c8e5f2010 None None] Version for resource type SecurityGroup changed None to 1.4 on consumer Open vSwitch agent@n-d-802317-6 {{(pid=106518) _set_version /opt/stack/neutron/neutron/api/rpc/callbacks/version_manager.py:113}}
Aug 20 13:47:04.499918 n-d-802317-6 neutron-server[106518]: DEBUG neutron.api.rpc.callbacks.version_manager [None req-d35041ae-5f89-4fb8-af9d-1a4c8e5f2010 None None] Version for resource type SecurityGroupRule changed None to 1.2 on consumer Open vSwitch agent@n-d-802317-6 {{(pid=106518) _set_version /opt/stack/neutron/neutron/api/rpc/callbacks/version_manager.py:113}}
