Aug 20 13:47:27.012990 n-d-802317-6 devstack@n-api.service[121503]: DEBUG nova.api.openstack.wsgi [None req-aae07bb5-f362-4f35-b01c-d23ebc1589bb tempest-ImagesNegativeTestJSON-23171442 tempest-ImagesNegativeTestJSON-23171442-project] Action: 'create', calling method: >, body: {"server": {"name": "tempest-ImagesNegativeTestJSON-server-49065125", "imageRef": "1dcfd829-fe15-4aa3-a245-fd610b770a59", "flavorRef": "452"}} {{(pid=121503) _process_stack /opt/stack/nova/nova/api/openstack/wsgi.py:511}}
Aug 20 13:47:27.030382 n-d-802317-6 devstack@n-api.service[121502]: INFO nova.api.openstack.requestlog [None req-58cae4af-dcbd-4a54-b415-7ed42a048f96 tempest-ServersWithSpecificFlavorTestJSON-762164508 tempest-ServersWithSpecificFlavorTestJSON-762164508-project] 10.222.0.46 "POST /compute/v2.1/os-keypairs" status: 200 len: 2300 microversion: 2.1 time: 0.920526
Aug 20 13:47:27.033135 n-d-802317-6 devstack@n-api.service[121502]: [pid: 121502|app: 0|req: 106/214] 10.222.0.46 () {60 vars in 1158 bytes} [Fri Aug 20 13:47:26 2021] POST /compute/v2.1/os-keypairs => generated 2300 bytes in 924 msecs (HTTP/1.1 200) 9 headers in 358 bytes (1 switches on core 0)
Aug 20 13:47:27.049480 n-d-802317-6 devstack@n-api.service[121502]: DEBUG nova.api.openstack.wsgi [None req-d31e54d8-fdbf-439d-bb28-ddbab30cc567 tempest-ServersAdminNegativeTestJSON-102261264 tempest-ServersAdminNegativeTestJSON-102261264-project] Calling method '>' {{(pid=121502) _process_stack /opt/stack/nova/nova/api/openstack/wsgi.py:513}}
Aug 20 13:47:27.050107 n-d-802317-6 devstack@n-api.service[121502]: DEBUG nova.compute.api [None req-d31e54d8-fdbf-439d-bb28-ddbab30cc567 tempest-ServersAdminNegativeTestJSON-102261264 tempest-ServersAdminNegativeTestJSON-102261264-project] [instance: c70b8844-41b9-4da6-aa9f-411b45871d5b] Fetching instance by UUID {{(pid=121502) get /opt/stack/nova/nova/compute/api.py:2826}}
Aug 20 13:47:27.059006 n-d-802317-6 devstack@n-api.service[121502]: DEBUG oslo_concurrency.lockutils [None req-d31e54d8-fdbf-439d-bb28-ddbab30cc567 tempest-ServersAdminNegativeTestJSON-102261264 tempest-ServersAdminNegativeTestJSON-102261264-project] Lock "557da147-49e5-421f-9968-e21c5a455ff6" acquired by "nova.context.set_target_cell..get_or_set_cached_cell_and_set_connections" :: waited 0.000s {{(pid=121502) inner /usr/local/lib/python3.8/dist-packages/oslo_concurrency/lockutils.py:355}}
Aug 20 13:47:27.059762 n-d-802317-6 devstack@n-api.service[121502]: DEBUG oslo_concurrency.lockutils [None req-d31e54d8-fdbf-439d-bb28-ddbab30cc567 tempest-ServersAdminNegativeTestJSON-102261264 tempest-ServersAdminNegativeTestJSON-102261264-project] Lock "557da147-49e5-421f-9968-e21c5a455ff6" released by "nova.context.set_target_cell..get_or_set_cached_cell_and_set_connections" :: held 0.003s {{(pid=121502) inner /usr/local/lib/python3.8/dist-packages/oslo_concurrency/lockutils.py:367}}
Aug 20 13:47:27.061944 n-d-802317-6 devstack@n-api.service[121502]: DEBUG oslo_concurrency.lockutils [None req-d31e54d8-fdbf-439d-bb28-ddbab30cc567 tempest-ServersAdminNegativeTestJSON-102261264 tempest-ServersAdminNegativeTestJSON-102261264-project] Lock "557da147-49e5-421f-9968-e21c5a455ff6" acquired by "nova.context.set_target_cell..get_or_set_cached_cell_and_set_connections" :: waited 0.000s {{(pid=121502) inner /usr/local/lib/python3.8/dist-packages/oslo_concurrency/lockutils.py:355}}
Aug 20 13:47:27.063791 n-d-802317-6 devstack@n-api.service[121502]: DEBUG oslo_concurrency.lockutils [None req-d31e54d8-fdbf-439d-bb28-ddbab30cc567 tempest-ServersAdminNegativeTestJSON-102261264 tempest-ServersAdminNegativeTestJSON-102261264-project] Lock "557da147-49e5-421f-9968-e21c5a455ff6" released by "nova.context.set_target_cell..get_or_set_cached_cell_and_set_connections" :: held 0.001s {{(pid=121502) inner /usr/local/lib/python3.8/dist-packages/oslo_concurrency/lockutils.py:367}}
Aug 20 13:47:27.073634 n-d-802317-6 devstack@n-api.service[121503]: DEBUG nova.network.neutron [None req-aae07bb5-f362-4f35-b01c-d23ebc1589bb tempest-ImagesNegativeTestJSON-23171442 tempest-ImagesNegativeTestJSON-23171442-project] validate_networks() for None {{(pid=121503) validate_networks /opt/stack/nova/nova/network/neutron.py:2309}}
Aug 20 13:47:27.646375 n-d-802317-6 devstack@n-api.service[121502]: DEBUG nova.policy [None req-d31e54d8-fdbf-439d-bb28-ddbab30cc567 tempest-ServersAdminNegativeTestJSON-102261264 tempest-ServersAdminNegativeTestJSON-102261264-project] Policy check for os_compute_api:os-extended-server-attributes failed with credentials {'is_admin': False, 'user_id': '86323704f6964953a723115a542b7cce', 'user_domain_id': 'default', 'system_scope': None, 'domain_id': None, 'project_id': 'cb2e315cd3374aeda98fcd46ad55b7d8', 'project_domain_id': 'default', 'roles': ['member', 'reader'], 'is_admin_project': True, 'service_user_id': None, 'service_user_domain_id': None, 'service_project_id': None, 'service_project_domain_id': None, 'service_roles': []} {{(pid=121502) authorize /opt/stack/nova/nova/policy.py:199}}
Aug 20 13:47:27.656420 n-d-802317-6 devstack@n-api.service[121502]: INFO nova.api.openstack.requestlog [None req-d31e54d8-fdbf-439d-bb28-ddbab30cc567 tempest-ServersAdminNegativeTestJSON-102261264 tempest-ServersAdminNegativeTestJSON-102261264-project] 10.222.0.46 "GET /compute/v2.1/servers/c70b8844-41b9-4da6-aa9f-411b45871d5b" status: 200 len: 1321 microversion: 2.1 time: 0.621969
Aug 20 13:47:27.658993 n-d-802317-6 devstack@n-api.service[121502]: [pid: 121502|app: 0|req: 107/215] 10.222.0.46 () {58 vars in 1236 bytes} [Fri Aug 20 13:47:27 2021] GET /compute/v2.1/servers/c70b8844-41b9-4da6-aa9f-411b45871d5b => generated 1321 bytes in 625 msecs (HTTP/1.1 200) 9 headers in 358 bytes (1 switches on core 0)
Aug 20 13:47:27.687087 n-d-802317-6 devstack@n-api.service[121502]: DEBUG nova.api.openstack.wsgi [None req-e788f5fd-770c-4c50-acc3-48d013d1c077 tempest-AggregatesAdminTestJSON-1531763076 tempest-AggregatesAdminTestJSON-1531763076-project-admin] Calling method '>' {{(pid=121502) _process_stack /opt/stack/nova/nova/api/openstack/wsgi.py:513}}
Aug 20 13:47:27.688906 n-d-802317-6 devstack@n-api.service[121502]: /usr/local/lib/python3.8/dist-packages/oslo_policy/policy.py:1064: UserWarning: Policy os_compute_api:os-aggregates:index failed scope check. The token used to make the request was project scoped but the policy requires ['system'] scope. This behavior may change in the future where using the intended scope is required
Aug 20 13:47:27.688906 n-d-802317-6 devstack@n-api.service[121502]: warnings.warn(msg)
Aug 20 13:47:27.722115 n-d-802317-6 devstack@n-api.service[121502]: INFO nova.api.openstack.requestlog [None req-e788f5fd-770c-4c50-acc3-48d013d1c077 tempest-AggregatesAdminTestJSON-1531763076 tempest-AggregatesAdminTestJSON-1531763076-project-admin] 10.222.0.46 "GET /compute/v2.1/os-aggregates" status: 200 len: 242 microversion: 2.1 time: 0.060139
Aug 20 13:47:27.728193 n-d-802317-6 devstack@n-api.service[121503]: DEBUG nova.virt.hardware [None req-aae07bb5-f362-4f35-b01c-d23ebc1589bb tempest-ImagesNegativeTestJSON-23171442 tempest-ImagesNegativeTestJSON-23171442-project] Flavor limits 0:0:0 {{(pid=121503) get_cpu_topology_constraints /opt/stack/nova/nova/virt/hardware.py:343}}
Aug 20 13:47:27.728829 n-d-802317-6 devstack@n-api.service[121503]: DEBUG nova.virt.hardware [None req-aae07bb5-f362-4f35-b01c-d23ebc1589bb tempest-ImagesNegativeTestJSON-23171442 tempest-ImagesNegativeTestJSON-23171442-project] Image limits 0:0:0 {{(pid=121503) get_cpu_topology_constraints /opt/stack/nova/nova/virt/hardware.py:347}}
Aug 20 13:47:27.729456 n-d-802317-6 devstack@n-api.service[121503]: DEBUG nova.virt.hardware [None req-aae07bb5-f362-4f35-b01c-d23ebc1589bb tempest-ImagesNegativeTestJSON-23171442 tempest-ImagesNegativeTestJSON-23171442-project] Flavor pref 0:0:0 {{(pid=121503) get_cpu_topology_constraints /opt/stack/nova/nova/virt/hardware.py:383}}
Aug 20 13:47:27.730037 n-d-802317-6 devstack@n-api.service[121503]: DEBUG nova.virt.hardware [None req-aae07bb5-f362-4f35-b01c-d23ebc1589bb tempest-ImagesNegativeTestJSON-23171442 tempest-ImagesNegativeTestJSON-23171442-project] Image pref 0:0:0 {{(pid=121503) get_cpu_topology_constraints /opt/stack/nova/nova/virt/hardware.py:387}}
Aug 20 13:47:27.730595 n-d-802317-6 devstack@n-api.service[121503]: DEBUG nova.virt.hardware [None req-aae07bb5-f362-4f35-b01c-d23ebc1589bb tempest-ImagesNegativeTestJSON-23171442 tempest-ImagesNegativeTestJSON-23171442-project] Chose sockets=0, cores=0, threads=0; limits were sockets=65536, cores=65536, threads=65536 {{(pid=121503) get_cpu_topology_constraints /opt/stack/nova/nova/virt/hardware.py:425}}
Aug 20 13:47:27.738857 n-d-802317-6 devstack@n-api.service[121502]: [pid: 121502|app: 0|req: 108/216] 10.222.0.46 () {58 vars in 1143 bytes} [Fri Aug 20 13:47:27 2021] GET /compute/v2.1/os-aggregates => generated 242 bytes in 78 msecs (HTTP/1.1 200) 9 headers in 357 bytes (1 switches on core 0)
Aug 20 13:47:27.747570 n-d-802317-6 devstack@n-api.service[121503]: DEBUG oslo_concurrency.lockutils [None req-aae07bb5-f362-4f35-b01c-d23ebc1589bb tempest-ImagesNegativeTestJSON-23171442 tempest-ImagesNegativeTestJSON-23171442-project] Lock "00000000-0000-0000-0000-000000000000" acquired by "nova.context.set_target_cell..get_or_set_cached_cell_and_set_connections" :: waited 0.000s {{(pid=121503) inner /usr/local/lib/python3.8/dist-packages/oslo_concurrency/lockutils.py:355}}
Aug 20 13:47:27.748244 n-d-802317-6 devstack@n-api.service[121503]: DEBUG oslo_concurrency.lockutils [None req-aae07bb5-f362-4f35-b01c-d23ebc1589bb tempest-ImagesNegativeTestJSON-23171442 tempest-ImagesNegativeTestJSON-23171442-project] Lock "00000000-0000-0000-0000-000000000000" released by "nova.context.set_target_cell..get_or_set_cached_cell_and_set_connections" :: held 0.001s {{(pid=121503) inner /usr/local/lib/python3.8/dist-packages/oslo_concurrency/lockutils.py:367}}
Aug 20 13:47:27.749275 n-d-802317-6 devstack@n-api.service[121503]: DEBUG oslo_concurrency.lockutils [None req-aae07bb5-f362-4f35-b01c-d23ebc1589bb tempest-ImagesNegativeTestJSON-23171442 tempest-ImagesNegativeTestJSON-23171442-project] Lock "557da147-49e5-421f-9968-e21c5a455ff6" acquired by "nova.context.set_target_cell..get_or_set_cached_cell_and_set_connections" :: waited 0.000s {{(pid=121503) inner /usr/local/lib/python3.8/dist-packages/oslo_concurrency/lockutils.py:355}}
Aug 20 13:47:27.749859 n-d-802317-6 devstack@n-api.service[121503]: DEBUG oslo_concurrency.lockutils [None req-aae07bb5-f362-4f35-b01c-d23ebc1589bb tempest-ImagesNegativeTestJSON-23171442 tempest-ImagesNegativeTestJSON-23171442-project] Lock "557da147-49e5-421f-9968-e21c5a455ff6" released by "nova.context.set_target_cell..get_or_set_cached_cell_and_set_connections" :: held 0.001s {{(pid=121503) inner /usr/local/lib/python3.8/dist-packages/oslo_concurrency/lockutils.py:367}}
Aug 20 13:47:27.791355 n-d-802317-6 devstack@n-api.service[121503]: DEBUG nova.quota [None req-aae07bb5-f362-4f35-b01c-d23ebc1589bb tempest-ImagesNegativeTestJSON-23171442 tempest-ImagesNegativeTestJSON-23171442-project] Getting quotas for project b17b73cea3094f9a8b223a2ffc270fe0. Resources: {'cores', 'ram', 'instances'} {{(pid=121503) _get_quotas /opt/stack/nova/nova/quota.py:387}}
Aug 20 13:47:27.797683 n-d-802317-6 devstack@n-api.service[121503]: DEBUG nova.quota [None req-aae07bb5-f362-4f35-b01c-d23ebc1589bb tempest-ImagesNegativeTestJSON-23171442 tempest-ImagesNegativeTestJSON-23171442-project] Getting quotas for user 26bc09a7d7b946dcb7c943b94a4e7884 and project b17b73cea3094f9a8b223a2ffc270fe0. Resources: {'cores', 'ram', 'instances'} {{(pid=121503) _get_quotas /opt/stack/nova/nova/quota.py:377}}
Aug 20 13:47:27.838270 n-d-802317-6 devstack@n-api.service[121503]: DEBUG nova.compute.api [None req-aae07bb5-f362-4f35-b01c-d23ebc1589bb tempest-ImagesNegativeTestJSON-23171442 tempest-ImagesNegativeTestJSON-23171442-project] Going to run 1 instances... {{(pid=121503) _provision_instances /opt/stack/nova/nova/compute/api.py:1315}}
Aug 20 13:47:27.841119 n-d-802317-6 devstack@n-api.service[121503]: DEBUG nova.compute.api [None req-aae07bb5-f362-4f35-b01c-d23ebc1589bb tempest-ImagesNegativeTestJSON-23171442 tempest-ImagesNegativeTestJSON-23171442-project] [instance: f0c25a9c-e880-4aa7-adec-d5d5cd666156] block_device_mapping [BlockDeviceMapping(attachment_id=,boot_index=0,connection_info=None,created_at=,delete_on_termination=True,deleted=,deleted_at=,destination_type='local',device_name=None,device_type='disk',disk_bus=None,guest_format=None,id=,image_id='1dcfd829-fe15-4aa3-a245-fd610b770a59',instance=,instance_uuid=,no_device=False,snapshot_id=None,source_type='image',tag=None,updated_at=,uuid=,volume_id=None,volume_size=None,volume_type=None)] {{(pid=121503) _bdm_validate_set_size_and_instance /opt/stack/nova/nova/compute/api.py:1720}}
Aug 20 13:47:27.864203 n-d-802317-6 devstack@n-api.service[121502]: DEBUG nova.api.openstack.wsgi [None req-a5fd5d5e-3601-4e9a-a022-a8456111a5a1 tempest-InstanceUsageAuditLogTestJSON-106194553 tempest-InstanceUsageAuditLogTestJSON-106194553-project-admin] Calling method '>' {{(pid=121502) _process_stack /opt/stack/nova/nova/api/openstack/wsgi.py:513}}
Aug 20 13:47:27.865941 n-d-802317-6 devstack@n-api.service[121502]: /usr/local/lib/python3.8/dist-packages/oslo_policy/policy.py:1064: UserWarning: Policy os_compute_api:os-instance-usage-audit-log:show failed scope check. The token used to make the request was project scoped but the policy requires ['system'] scope. This behavior may change in the future where using the intended scope is required
Aug 20 13:47:27.865941 n-d-802317-6 devstack@n-api.service[121502]: warnings.warn(msg)
Aug 20 13:47:27.920755 n-d-802317-6 devstack@n-api.service[121503]: INFO nova.api.openstack.requestlog [None req-aae07bb5-f362-4f35-b01c-d23ebc1589bb tempest-ImagesNegativeTestJSON-23171442 tempest-ImagesNegativeTestJSON-23171442-project] 10.222.0.46 "POST /compute/v2.1/servers" status: 202 len: 380 microversion: 2.1 time: 1.150518
Aug 20 13:47:27.921137 n-d-802317-6 devstack@n-api.service[121502]: INFO nova.api.openstack.requestlog [None req-a5fd5d5e-3601-4e9a-a022-a8456111a5a1 tempest-InstanceUsageAuditLogTestJSON-106194553 tempest-InstanceUsageAuditLogTestJSON-106194553-project-admin] 10.222.0.46 "GET /compute/v2.1/os-instance_usage_audit_log/2021-08-20 13:47:26" status: 200 len: 318 microversion: 2.1 time: 0.180466
Aug 20 13:47:27.924129 n-d-802317-6 devstack@n-api.service[121502]: [pid: 121502|app: 0|req: 109/217] 10.222.0.46 () {58 vars in 1251 bytes} [Fri Aug 20 13:47:27 2021] GET /compute/v2.1/os-instance_usage_audit_log/2021-08-20%2013%3A47%3A26 => generated 318 bytes in 184 msecs (HTTP/1.1 200) 9 headers in 357 bytes (1 switches on core 0)
Aug 20 13:47:27.928372 n-d-802317-6 devstack@n-api.service[121503]: [pid: 121503|app: 0|req: 109/218] 10.222.0.46 () {60 vars in 1147 bytes} [Fri Aug 20 13:47:26 2021] POST /compute/v2.1/servers => generated 380 bytes in 1164 msecs (HTTP/1.1 202) 10 headers in 451 bytes (1 switches on core 0)
Aug 20 13:47:27.934115 n-d-802317-6 devstack@n-api.service[121502]: DEBUG nova.api.openstack.wsgi [None req-0854bd51-96ba-4a90-96b9-a8a9437dbcab tempest-LiveAutoBlockMigrationV225Test-746970011 tempest-LiveAutoBlockMigrationV225Test-746970011-project] Calling method '>' {{(pid=121502) _process_stack /opt/stack/nova/nova/api/openstack/wsgi.py:513}}
Aug 20 13:47:27.935779 n-d-802317-6 devstack@n-api.service[121503]: DEBUG nova.api.openstack.wsgi [None req-547bdf5c-8cd3-43e9-82b2-c64d0299f77b tempest-AggregatesAdminTestJSON-1531763076 tempest-AggregatesAdminTestJSON-1531763076-project-admin] Action: 'action', calling method: >, body: {"remove_host": {"host": "n-h2-802317-6"}} {{(pid=121503) _process_stack /opt/stack/nova/nova/api/openstack/wsgi.py:511}}
Aug 20 13:47:27.936894 n-d-802317-6 devstack@n-api.service[121502]: DEBUG nova.compute.api [None req-0854bd51-96ba-4a90-96b9-a8a9437dbcab tempest-LiveAutoBlockMigrationV225Test-746970011 tempest-LiveAutoBlockMigrationV225Test-746970011-project] [instance: 3d12cc10-799d-415f-8931-9c36e3bcc09f] Fetching instance by UUID {{(pid=121502) get /opt/stack/nova/nova/compute/api.py:2826}}
Aug 20 13:47:27.939400 n-d-802317-6 devstack@n-api.service[121503]: /usr/local/lib/python3.8/dist-packages/oslo_policy/policy.py:1064: UserWarning: Policy os_compute_api:os-aggregates:remove_host failed scope check. The token used to make the request was project scoped but the policy requires ['system'] scope. This behavior may change in the future where using the intended scope is required
Aug 20 13:47:27.939400 n-d-802317-6 devstack@n-api.service[121503]: warnings.warn(msg)
Aug 20 13:47:27.949335 n-d-802317-6 devstack@n-api.service[121502]: DEBUG oslo_concurrency.lockutils [None req-0854bd51-96ba-4a90-96b9-a8a9437dbcab tempest-LiveAutoBlockMigrationV225Test-746970011 tempest-LiveAutoBlockMigrationV225Test-746970011-project] Lock "557da147-49e5-421f-9968-e21c5a455ff6" acquired by "nova.context.set_target_cell..get_or_set_cached_cell_and_set_connections" :: waited 0.000s {{(pid=121502) inner /usr/local/lib/python3.8/dist-packages/oslo_concurrency/lockutils.py:355}}
Aug 20 13:47:27.950034 n-d-802317-6 devstack@n-api.service[121502]: DEBUG oslo_concurrency.lockutils [None req-0854bd51-96ba-4a90-96b9-a8a9437dbcab tempest-LiveAutoBlockMigrationV225Test-746970011 tempest-LiveAutoBlockMigrationV225Test-746970011-project] Lock "557da147-49e5-421f-9968-e21c5a455ff6" released by "nova.context.set_target_cell..get_or_set_cached_cell_and_set_connections" :: held 0.001s {{(pid=121502) inner /usr/local/lib/python3.8/dist-packages/oslo_concurrency/lockutils.py:367}}
Aug 20 13:47:27.951062 n-d-802317-6 devstack@n-api.service[121502]: DEBUG oslo_concurrency.lockutils [None req-0854bd51-96ba-4a90-96b9-a8a9437dbcab tempest-LiveAutoBlockMigrationV225Test-746970011 tempest-LiveAutoBlockMigrationV225Test-746970011-project] Lock "557da147-49e5-421f-9968-e21c5a455ff6" acquired by "nova.context.set_target_cell..get_or_set_cached_cell_and_set_connections" :: waited 0.000s {{(pid=121502) inner /usr/local/lib/python3.8/dist-packages/oslo_concurrency/lockutils.py:355}}
Aug 20 13:47:27.951908 n-d-802317-6 devstack@n-api.service[121502]: DEBUG oslo_concurrency.lockutils [None req-0854bd51-96ba-4a90-96b9-a8a9437dbcab tempest-LiveAutoBlockMigrationV225Test-746970011 tempest-LiveAutoBlockMigrationV225Test-746970011-project] Lock "557da147-49e5-421f-9968-e21c5a455ff6" released by "nova.context.set_target_cell..get_or_set_cached_cell_and_set_connections" :: held 0.001s {{(pid=121502) inner /usr/local/lib/python3.8/dist-packages/oslo_concurrency/lockutils.py:367}}
Aug 20 13:47:27.974829 n-d-802317-6 devstack@n-api.service[121503]: DEBUG oslo_concurrency.lockutils [None req-547bdf5c-8cd3-43e9-82b2-c64d0299f77b tempest-AggregatesAdminTestJSON-1531763076 tempest-AggregatesAdminTestJSON-1531763076-project-admin] Lock "557da147-49e5-421f-9968-e21c5a455ff6" acquired by "nova.context.set_target_cell..get_or_set_cached_cell_and_set_connections" :: waited 0.000s {{(pid=121503) inner /usr/local/lib/python3.8/dist-packages/oslo_concurrency/lockutils.py:355}}
Aug 20 13:47:27.975826 n-d-802317-6 devstack@n-api.service[121503]: DEBUG oslo_concurrency.lockutils [None req-547bdf5c-8cd3-43e9-82b2-c64d0299f77b tempest-AggregatesAdminTestJSON-1531763076 tempest-AggregatesAdminTestJSON-1531763076-project-admin] Lock "557da147-49e5-421f-9968-e21c5a455ff6" released by "nova.context.set_target_cell..get_or_set_cached_cell_and_set_connections" :: held 0.001s {{(pid=121503) inner /usr/local/lib/python3.8/dist-packages/oslo_concurrency/lockutils.py:367}}
Aug 20 13:47:28.178040 n-d-802317-6 devstack@n-api.service[121503]: INFO nova.api.openstack.requestlog [None req-547bdf5c-8cd3-43e9-82b2-c64d0299f77b tempest-AggregatesAdminTestJSON-1531763076 tempest-AggregatesAdminTestJSON-1531763076-project-admin] 10.222.0.46 "POST /compute/v2.1/os-aggregates/4/action" status: 200 len: 224 microversion: 2.1 time: 0.248186
Aug 20 13:47:28.179010 n-d-802317-6 devstack@n-api.service[121503]: [pid: 121503|app: 0|req: 110/219] 10.222.0.46 () {60 vars in 1191 bytes} [Fri Aug 20 13:47:27 2021] POST /compute/v2.1/os-aggregates/4/action => generated 224 bytes in 250 msecs (HTTP/1.1 200) 9 headers in 357 bytes (1 switches on core 0)
Aug 20 13:47:28.193402 n-d-802317-6 devstack@n-api.service[121503]: DEBUG nova.api.openstack.wsgi [None req-a6b8ea32-ff23-4b2d-a361-c0d2f0be9243 tempest-LiveMigrationNegativeTest-1057285467 tempest-LiveMigrationNegativeTest-1057285467-project] Calling method '>' {{(pid=121503) _process_stack /opt/stack/nova/nova/api/openstack/wsgi.py:513}}
Aug 20 13:47:28.194156 n-d-802317-6 devstack@n-api.service[121503]: DEBUG nova.compute.api [None req-a6b8ea32-ff23-4b2d-a361-c0d2f0be9243 tempest-LiveMigrationNegativeTest-1057285467 tempest-LiveMigrationNegativeTest-1057285467-project] [instance: 7da777d8-a90a-44c5-8ea0-c46f56f4a67f] Fetching instance by UUID {{(pid=121503) get /opt/stack/nova/nova/compute/api.py:2826}}
Aug 20 13:47:28.202792 n-d-802317-6 devstack@n-api.service[121503]: DEBUG oslo_concurrency.lockutils [None req-a6b8ea32-ff23-4b2d-a361-c0d2f0be9243 tempest-LiveMigrationNegativeTest-1057285467 tempest-LiveMigrationNegativeTest-1057285467-project] Lock "557da147-49e5-421f-9968-e21c5a455ff6" acquired by "nova.context.set_target_cell..get_or_set_cached_cell_and_set_connections" :: waited 0.000s {{(pid=121503) inner /usr/local/lib/python3.8/dist-packages/oslo_concurrency/lockutils.py:355}}
Aug 20 13:47:28.203164 n-d-802317-6 devstack@n-api.service[121503]: DEBUG oslo_concurrency.lockutils [None req-a6b8ea32-ff23-4b2d-a361-c0d2f0be9243 tempest-LiveMigrationNegativeTest-1057285467 tempest-LiveMigrationNegativeTest-1057285467-project] Lock "557da147-49e5-421f-9968-e21c5a455ff6" released by "nova.context.set_target_cell..get_or_set_cached_cell_and_set_connections" :: held 0.001s {{(pid=121503) inner /usr/local/lib/python3.8/dist-packages/oslo_concurrency/lockutils.py:367}}
Aug 20 13:47:28.203985 n-d-802317-6 devstack@n-api.service[121503]: DEBUG oslo_concurrency.lockutils [None req-a6b8ea32-ff23-4b2d-a361-c0d2f0be9243 tempest-LiveMigrationNegativeTest-1057285467 tempest-LiveMigrationNegativeTest-1057285467-project] Lock "557da147-49e5-421f-9968-e21c5a455ff6" acquired by "nova.context.set_target_cell..get_or_set_cached_cell_and_set_connections" :: waited 0.000s {{(pid=121503) inner /usr/local/lib/python3.8/dist-packages/oslo_concurrency/lockutils.py:355}}
Aug 20 13:47:28.204423 n-d-802317-6 devstack@n-api.service[121503]: DEBUG oslo_concurrency.lockutils [None req-a6b8ea32-ff23-4b2d-a361-c0d2f0be9243 tempest-LiveMigrationNegativeTest-1057285467 tempest-LiveMigrationNegativeTest-1057285467-project] Lock "557da147-49e5-421f-9968-e21c5a455ff6" released by "nova.context.set_target_cell..get_or_set_cached_cell_and_set_connections" :: held 0.000s {{(pid=121503) inner /usr/local/lib/python3.8/dist-packages/oslo_concurrency/lockutils.py:367}}
Aug 20 13:47:28.340021 n-d-802317-6 devstack@n-api.service[121502]: DEBUG nova.policy [None req-0854bd51-96ba-4a90-96b9-a8a9437dbcab tempest-LiveAutoBlockMigrationV225Test-746970011 tempest-LiveAutoBlockMigrationV225Test-746970011-project] Policy check for os_compute_api:os-extended-server-attributes failed with credentials {'is_admin': False, 'user_id': '0221712c86534b0695f96f34bec758b5', 'user_domain_id': 'default', 'system_scope': None, 'domain_id': None, 'project_id': '931a03cb3571434799bd3e19dc2b1f53', 'project_domain_id': 'default', 'roles': ['member', 'reader'], 'is_admin_project': True, 'service_user_id': None, 'service_user_domain_id': None, 'service_project_id': None, 'service_project_domain_id': None, 'service_roles': []} {{(pid=121502) authorize /opt/stack/nova/nova/policy.py:199}}
Aug 20 13:47:28.374293 n-d-802317-6 devstack@n-api.service[121502]: DEBUG nova.policy [None req-0854bd51-96ba-4a90-96b9-a8a9437dbcab tempest-LiveAutoBlockMigrationV225Test-746970011 tempest-LiveAutoBlockMigrationV225Test-746970011-project] Policy check for os_compute_api:servers:show:host_status failed with credentials {'is_admin': False, 'user_id': '0221712c86534b0695f96f34bec758b5', 'user_domain_id': 'default', 'system_scope': None, 'domain_id': None, 'project_id': '931a03cb3571434799bd3e19dc2b1f53', 'project_domain_id': 'default', 'roles': ['member', 'reader'], 'is_admin_project': True, 'service_user_id': None, 'service_user_domain_id': None, 'service_project_id': None, 'service_project_domain_id': None, 'service_roles': []} {{(pid=121502) authorize /opt/stack/nova/nova/policy.py:199}}
Aug 20 13:47:28.377063 n-d-802317-6 devstack@n-api.service[121502]: DEBUG nova.policy [None req-0854bd51-96ba-4a90-96b9-a8a9437dbcab tempest-LiveAutoBlockMigrationV225Test-746970011 tempest-LiveAutoBlockMigrationV225Test-746970011-project] Policy check for os_compute_api:servers:show:host_status:unknown-only failed with credentials {'is_admin': False, 'user_id': '0221712c86534b0695f96f34bec758b5', 'user_domain_id': 'default', 'system_scope': None, 'domain_id': None, 'project_id': '931a03cb3571434799bd3e19dc2b1f53', 'project_domain_id': 'default', 'roles': ['member', 'reader'], 'is_admin_project': True, 'service_user_id': None, 'service_user_domain_id': None, 'service_project_id': None, 'service_project_domain_id': None, 'service_roles': []} {{(pid=121502) authorize /opt/stack/nova/nova/policy.py:199}}
Aug 20 13:47:28.378506 n-d-802317-6 devstack@n-api.service[121502]: INFO nova.api.openstack.requestlog [None req-0854bd51-96ba-4a90-96b9-a8a9437dbcab tempest-LiveAutoBlockMigrationV225Test-746970011 tempest-LiveAutoBlockMigrationV225Test-746970011-project] 10.222.0.46 "GET /compute/v2.1/servers/3d12cc10-799d-415f-8931-9c36e3bcc09f" status: 200 len: 1558 microversion: 2.25 time: 0.452905
Aug 20 13:47:28.391194 n-d-802317-6 devstack@n-api.service[121502]: [pid: 121502|app: 0|req: 110/220] 10.222.0.46 () {60 vars in 1277 bytes} [Fri Aug 20 13:47:27 2021] GET /compute/v2.1/servers/3d12cc10-799d-415f-8931-9c36e3bcc09f => generated 1558 bytes in 466 msecs (HTTP/1.1 200) 9 headers in 360 bytes (1 switches on core 0)
Aug 20 13:47:28.400329 n-d-802317-6 devstack@n-api.service[121502]: DEBUG nova.api.openstack.wsgi [None req-8c4415db-3a3e-4c91-ba50-74f2868a7fdb tempest-ImagesNegativeTestJSON-23171442 tempest-ImagesNegativeTestJSON-23171442-project] Calling method '>' {{(pid=121502) _process_stack /opt/stack/nova/nova/api/openstack/wsgi.py:513}}
Aug 20 13:47:28.401173 n-d-802317-6 devstack@n-api.service[121502]: DEBUG nova.compute.api [None req-8c4415db-3a3e-4c91-ba50-74f2868a7fdb tempest-ImagesNegativeTestJSON-23171442 tempest-ImagesNegativeTestJSON-23171442-project] [instance: f0c25a9c-e880-4aa7-adec-d5d5cd666156] Fetching instance by UUID {{(pid=121502) get /opt/stack/nova/nova/compute/api.py:2826}}
Aug 20 13:47:28.539667 n-d-802317-6 devstack@n-api.service[121502]: DEBUG nova.policy [None req-8c4415db-3a3e-4c91-ba50-74f2868a7fdb tempest-ImagesNegativeTestJSON-23171442 tempest-ImagesNegativeTestJSON-23171442-project] Policy check for os_compute_api:os-extended-server-attributes failed with credentials {'is_admin': False, 'user_id': '26bc09a7d7b946dcb7c943b94a4e7884', 'user_domain_id': 'default', 'system_scope': None, 'domain_id': None, 'project_id': 'b17b73cea3094f9a8b223a2ffc270fe0', 'project_domain_id': 'default', 'roles': ['member', 'reader'], 'is_admin_project': True, 'service_user_id': None, 'service_user_domain_id': None, 'service_project_id': None, 'service_project_domain_id': None, 'service_roles': []} {{(pid=121502) authorize /opt/stack/nova/nova/policy.py:199}}
Aug 20 13:47:28.546753 n-d-802317-6 devstack@n-api.service[121502]: INFO nova.api.openstack.requestlog [None req-8c4415db-3a3e-4c91-ba50-74f2868a7fdb tempest-ImagesNegativeTestJSON-23171442 tempest-ImagesNegativeTestJSON-23171442-project] 10.222.0.46 "GET /compute/v2.1/servers/f0c25a9c-e880-4aa7-adec-d5d5cd666156" status: 200 len: 1214 microversion: 2.1 time: 0.152224
Aug 20 13:47:28.547330 n-d-802317-6 devstack@n-api.service[121502]: [pid: 121502|app: 0|req: 111/221] 10.222.0.46 () {58 vars in 1236 bytes} [Fri Aug 20 13:47:28 2021] GET /compute/v2.1/servers/f0c25a9c-e880-4aa7-adec-d5d5cd666156 => generated 1214 bytes in 154 msecs (HTTP/1.1 200) 9 headers in 358 bytes (1 switches on core 0)
Aug 20 13:47:28.558423 n-d-802317-6 devstack@n-api.service[121502]: DEBUG nova.api.openstack.wsgi [None req-367166ec-0517-4b84-9f9d-e1657cde5731 tempest-InstanceUsageAuditLogTestJSON-106194553 tempest-InstanceUsageAuditLogTestJSON-106194553-project-admin] Calling method '>' {{(pid=121502) _process_stack /opt/stack/nova/nova/api/openstack/wsgi.py:513}}
Aug 20 13:47:28.559696 n-d-802317-6 devstack@n-api.service[121502]: /usr/local/lib/python3.8/dist-packages/oslo_policy/policy.py:1064: UserWarning: Policy os_compute_api:os-instance-usage-audit-log:list failed scope check. The token used to make the request was project scoped but the policy requires ['system'] scope. This behavior may change in the future where using the intended scope is required
Aug 20 13:47:28.559696 n-d-802317-6 devstack@n-api.service[121502]: warnings.warn(msg)
Aug 20 13:47:28.591412 n-d-802317-6 devstack@n-api.service[121502]: INFO nova.api.openstack.requestlog [None req-367166ec-0517-4b84-9f9d-e1657cde5731 tempest-InstanceUsageAuditLogTestJSON-106194553 tempest-InstanceUsageAuditLogTestJSON-106194553-project-admin] 10.222.0.46 "GET /compute/v2.1/os-instance_usage_audit_log" status: 200 len: 319 microversion: 2.1 time: 0.037463
Aug 20 13:47:28.595022 n-d-802317-6 devstack@n-api.service[121502]: [pid: 121502|app: 0|req: 112/222] 10.222.0.46 () {58 vars in 1185 bytes} [Fri Aug 20 13:47:28 2021] GET /compute/v2.1/os-instance_usage_audit_log => generated 319 bytes in 42 msecs (HTTP/1.1 200) 9 headers in 357 bytes (1 switches on core 0)
Aug 20 13:47:28.611361 n-d-802317-6 devstack@n-api.service[121502]: DEBUG nova.api.openstack.wsgi [None req-4823c031-9760-4ed4-b8c0-520a0d9ef901 tempest-AggregatesAdminTestJSON-1531763076 tempest-AggregatesAdminTestJSON-1531763076-project-admin] Calling method '>' {{(pid=121502) _process_stack /opt/stack/nova/nova/api/openstack/wsgi.py:513}}
Aug 20 13:47:28.612497 n-d-802317-6 devstack@n-api.service[121502]: /usr/local/lib/python3.8/dist-packages/oslo_policy/policy.py:1064: UserWarning: Policy os_compute_api:os-aggregates:delete failed scope check. The token used to make the request was project scoped but the policy requires ['system'] scope. This behavior may change in the future where using the intended scope is required
Aug 20 13:47:28.612497 n-d-802317-6 devstack@n-api.service[121502]: warnings.warn(msg)
Aug 20 13:47:28.900355 n-d-802317-6 devstack@n-api.service[121503]: DEBUG nova.policy [None req-a6b8ea32-ff23-4b2d-a361-c0d2f0be9243 tempest-LiveMigrationNegativeTest-1057285467 tempest-LiveMigrationNegativeTest-1057285467-project] Policy check for os_compute_api:os-extended-server-attributes failed with credentials {'is_admin': False, 'user_id': 'c6ea194c12ec4f0594bdecf5d2017912', 'user_domain_id': 'default', 'system_scope': None, 'domain_id': None, 'project_id': 'd787750b72f14ab5a109f2642b4be232', 'project_domain_id': 'default', 'roles': ['member', 'reader'], 'is_admin_project': True, 'service_user_id': None, 'service_user_domain_id': None, 'service_project_id': None, 'service_project_domain_id': None, 'service_roles': []} {{(pid=121503) authorize /opt/stack/nova/nova/policy.py:199}}
Aug 20 13:47:28.912020 n-d-802317-6 devstack@n-api.service[121503]: INFO nova.api.openstack.requestlog [None req-a6b8ea32-ff23-4b2d-a361-c0d2f0be9243 tempest-LiveMigrationNegativeTest-1057285467 tempest-LiveMigrationNegativeTest-1057285467-project] 10.222.0.46 "GET /compute/v2.1/servers/7da777d8-a90a-44c5-8ea0-c46f56f4a67f" status: 200 len: 1318 microversion: 2.1 time: 0.730558
Aug 20 13:47:28.912632 n-d-802317-6 devstack@n-api.service[121503]: [pid: 121503|app: 0|req: 111/223] 10.222.0.46 () {58 vars in 1236 bytes} [Fri Aug 20 13:47:28 2021] GET /compute/v2.1/servers/7da777d8-a90a-44c5-8ea0-c46f56f4a67f => generated 1318 bytes in 733 msecs (HTTP/1.1 200) 9 headers in 358 bytes (1 switches on core 0)
Aug 20 13:47:28.933130 n-d-802317-6 devstack@n-api.service[121502]: INFO nova.api.openstack.requestlog [None req-4823c031-9760-4ed4-b8c0-520a0d9ef901 tempest-AggregatesAdminTestJSON-1531763076 tempest-AggregatesAdminTestJSON-1531763076-project-admin] 10.222.0.46 "DELETE /compute/v2.1/os-aggregates/4" status: 200 len: 0 microversion: 2.1 time: 0.336540
Aug 20 13:47:28.934724 n-d-802317-6 devstack@n-api.service[121502]: [pid: 121502|app: 0|req: 113/224] 10.222.0.46 () {58 vars in 1152 bytes} [Fri Aug 20 13:47:28 2021] DELETE /compute/v2.1/os-aggregates/4 => generated 0 bytes in 339 msecs (HTTP/1.1 200) 9 headers in 355 bytes (1 switches on core 0)
Aug 20 13:47:28.943274 n-d-802317-6 devstack@n-api.service[121502]: DEBUG nova.api.openstack.wsgi [None req-b76e8691-ab17-490b-ac0b-42807c07f963 tempest-ServersAdminNegativeTestJSON-102261264 tempest-ServersAdminNegativeTestJSON-102261264-project] Calling method '>' {{(pid=121502) _process_stack /opt/stack/nova/nova/api/openstack/wsgi.py:513}}
Aug 20 13:47:28.944292 n-d-802317-6 devstack@n-api.service[121502]: DEBUG nova.compute.api [None req-b76e8691-ab17-490b-ac0b-42807c07f963 tempest-ServersAdminNegativeTestJSON-102261264 tempest-ServersAdminNegativeTestJSON-102261264-project] [instance: c70b8844-41b9-4da6-aa9f-411b45871d5b] Fetching instance by UUID {{(pid=121502) get /opt/stack/nova/nova/compute/api.py:2826}}
Aug 20 13:47:28.951986 n-d-802317-6 devstack@n-api.service[121502]: DEBUG oslo_concurrency.lockutils [None req-b76e8691-ab17-490b-ac0b-42807c07f963 tempest-ServersAdminNegativeTestJSON-102261264 tempest-ServersAdminNegativeTestJSON-102261264-project] Lock "557da147-49e5-421f-9968-e21c5a455ff6" acquired by "nova.context.set_target_cell..get_or_set_cached_cell_and_set_connections" :: waited 0.000s {{(pid=121502) inner /usr/local/lib/python3.8/dist-packages/oslo_concurrency/lockutils.py:355}}
Aug 20 13:47:28.952793 n-d-802317-6 devstack@n-api.service[121502]: DEBUG oslo_concurrency.lockutils [None req-b76e8691-ab17-490b-ac0b-42807c07f963 tempest-ServersAdminNegativeTestJSON-102261264 tempest-ServersAdminNegativeTestJSON-102261264-project] Lock "557da147-49e5-421f-9968-e21c5a455ff6" released by "nova.context.set_target_cell..get_or_set_cached_cell_and_set_connections" :: held 0.001s {{(pid=121502) inner /usr/local/lib/python3.8/dist-packages/oslo_concurrency/lockutils.py:367}}
Aug 20 13:47:28.954432 n-d-802317-6 devstack@n-api.service[121502]: DEBUG oslo_concurrency.lockutils [None req-b76e8691-ab17-490b-ac0b-42807c07f963 tempest-ServersAdminNegativeTestJSON-102261264 tempest-ServersAdminNegativeTestJSON-102261264-project] Lock "557da147-49e5-421f-9968-e21c5a455ff6" acquired by "nova.context.set_target_cell..get_or_set_cached_cell_and_set_connections" :: waited 0.000s {{(pid=121502) inner /usr/local/lib/python3.8/dist-packages/oslo_concurrency/lockutils.py:355}}
Aug 20 13:47:28.962419 n-d-802317-6 devstack@n-api.service[121502]: DEBUG oslo_concurrency.lockutils [None req-b76e8691-ab17-490b-ac0b-42807c07f963 tempest-ServersAdminNegativeTestJSON-102261264 tempest-ServersAdminNegativeTestJSON-102261264-project] Lock "557da147-49e5-421f-9968-e21c5a455ff6" released by "nova.context.set_target_cell..get_or_set_cached_cell_and_set_connections" :: held 0.008s {{(pid=121502) inner /usr/local/lib/python3.8/dist-packages/oslo_concurrency/lockutils.py:367}}
Aug 20 13:47:29.184452 n-d-802317-6 devstack@n-api.service[121503]: DEBUG nova.api.openstack.wsgi [None req-15979672-8138-4192-b027-6f4ae18bced1 tempest-LiveAutoBlockMigrationV225Test-110604301 tempest-LiveAutoBlockMigrationV225Test-110604301-project-admin] Calling method '>' {{(pid=121503) _process_stack /opt/stack/nova/nova/api/openstack/wsgi.py:513}}
Aug 20 13:47:29.184989 n-d-802317-6 devstack@n-api.service[121503]: DEBUG nova.compute.api [None req-15979672-8138-4192-b027-6f4ae18bced1 tempest-LiveAutoBlockMigrationV225Test-110604301 tempest-LiveAutoBlockMigrationV225Test-110604301-project-admin] [instance: 3d12cc10-799d-415f-8931-9c36e3bcc09f] Fetching instance by UUID {{(pid=121503) get /opt/stack/nova/nova/compute/api.py:2826}}
Aug 20 13:47:29.204443 n-d-802317-6 devstack@n-api.service[121503]: DEBUG oslo_concurrency.lockutils [None req-15979672-8138-4192-b027-6f4ae18bced1 tempest-LiveAutoBlockMigrationV225Test-110604301 tempest-LiveAutoBlockMigrationV225Test-110604301-project-admin] Lock "557da147-49e5-421f-9968-e21c5a455ff6" acquired by "nova.context.set_target_cell..get_or_set_cached_cell_and_set_connections" :: waited 0.000s {{(pid=121503) inner /usr/local/lib/python3.8/dist-packages/oslo_concurrency/lockutils.py:355}}
Aug 20 13:47:29.204900 n-d-802317-6 devstack@n-api.service[121503]: DEBUG oslo_concurrency.lockutils [None req-15979672-8138-4192-b027-6f4ae18bced1 tempest-LiveAutoBlockMigrationV225Test-110604301 tempest-LiveAutoBlockMigrationV225Test-110604301-project-admin] Lock "557da147-49e5-421f-9968-e21c5a455ff6" released by "nova.context.set_target_cell..get_or_set_cached_cell_and_set_connections" :: held 0.001s {{(pid=121503) inner /usr/local/lib/python3.8/dist-packages/oslo_concurrency/lockutils.py:367}}
Aug 20 13:47:29.206243 n-d-802317-6 devstack@n-api.service[121503]: DEBUG oslo_concurrency.lockutils [None req-15979672-8138-4192-b027-6f4ae18bced1 tempest-LiveAutoBlockMigrationV225Test-110604301 tempest-LiveAutoBlockMigrationV225Test-110604301-project-admin] Lock "557da147-49e5-421f-9968-e21c5a455ff6" acquired by "nova.context.set_target_cell..get_or_set_cached_cell_and_set_connections" :: waited 0.000s {{(pid=121503) inner /usr/local/lib/python3.8/dist-packages/oslo_concurrency/lockutils.py:355}}
Aug 20 13:47:29.206713 n-d-802317-6 devstack@n-api.service[121503]: DEBUG oslo_concurrency.lockutils [None req-15979672-8138-4192-b027-6f4ae18bced1 tempest-LiveAutoBlockMigrationV225Test-110604301 tempest-LiveAutoBlockMigrationV225Test-110604301-project-admin] Lock "557da147-49e5-421f-9968-e21c5a455ff6" released by "nova.context.set_target_cell..get_or_set_cached_cell_and_set_connections" :: held 0.001s {{(pid=121503) inner /usr/local/lib/python3.8/dist-packages/oslo_concurrency/lockutils.py:367}}
Aug 20 13:47:29.322967 n-d-802317-6 devstack@n-api.service[121502]: DEBUG nova.policy [None req-b76e8691-ab17-490b-ac0b-42807c07f963 tempest-ServersAdminNegativeTestJSON-102261264 tempest-ServersAdminNegativeTestJSON-102261264-project] Policy check for os_compute_api:os-extended-server-attributes failed with credentials {'is_admin': False, 'user_id': '86323704f6964953a723115a542b7cce', 'user_domain_id': 'default', 'system_scope': None, 'domain_id': None, 'project_id': 'cb2e315cd3374aeda98fcd46ad55b7d8', 'project_domain_id': 'default', 'roles': ['member', 'reader'], 'is_admin_project': True, 'service_user_id': None, 'service_user_domain_id': None, 'service_project_id': None, 'service_project_domain_id': None, 'service_roles': []} {{(pid=121502) authorize /opt/stack/nova/nova/policy.py:199}}
Aug 20 13:47:29.334916 n-d-802317-6 devstack@n-api.service[121502]: INFO nova.api.openstack.requestlog [None req-b76e8691-ab17-490b-ac0b-42807c07f963 tempest-ServersAdminNegativeTestJSON-102261264 tempest-ServersAdminNegativeTestJSON-102261264-project] 10.222.0.46 "GET /compute/v2.1/servers/c70b8844-41b9-4da6-aa9f-411b45871d5b" status: 200 len: 1321 microversion: 2.1 time: 0.398884
Aug 20 13:47:29.335863 n-d-802317-6 devstack@n-api.service[121502]: [pid: 121502|app: 0|req: 114/225] 10.222.0.46 () {58 vars in 1236 bytes} [Fri Aug 20 13:47:28 2021] GET /compute/v2.1/servers/c70b8844-41b9-4da6-aa9f-411b45871d5b => generated 1321 bytes in 400 msecs (HTTP/1.1 200) 9 headers in 358 bytes (1 switches on core 0)
Aug 20 13:47:29.342178 n-d-802317-6 devstack@n-api.service[121502]: DEBUG nova.api.openstack.wsgi [req-1580b8b6-5543-4454-95d3-e2a2b3facbff req-0d09d1a5-22b5-4b07-974e-70c4b97206ba service nova] Action: 'create', calling method: >, body: {"events": [{"server_uuid": "c70b8844-41b9-4da6-aa9f-411b45871d5b", "name": "network-vif-plugged", "status": "completed", "tag": "795d6414-be85-4792-9762-bad13ba87a81"}]} {{(pid=121502) _process_stack /opt/stack/nova/nova/api/openstack/wsgi.py:511}}
Aug 20 13:47:29.343855 n-d-802317-6 devstack@n-api.service[121502]: /usr/local/lib/python3.8/dist-packages/oslo_policy/policy.py:1064: UserWarning: Policy os_compute_api:os-server-external-events:create failed scope check. The token used to make the request was project scoped but the policy requires ['system'] scope. This behavior may change in the future where using the intended scope is required
Aug 20 13:47:29.343855 n-d-802317-6 devstack@n-api.service[121502]: warnings.warn(msg)
Aug 20 13:47:29.359483 n-d-802317-6 devstack@n-api.service[121502]: DEBUG oslo_concurrency.lockutils [req-1580b8b6-5543-4454-95d3-e2a2b3facbff req-0d09d1a5-22b5-4b07-974e-70c4b97206ba service nova] Lock "557da147-49e5-421f-9968-e21c5a455ff6" acquired by "nova.context.set_target_cell..get_or_set_cached_cell_and_set_connections" :: waited 0.000s {{(pid=121502) inner /usr/local/lib/python3.8/dist-packages/oslo_concurrency/lockutils.py:355}}
Aug 20 13:47:29.360037 n-d-802317-6 devstack@n-api.service[121502]: DEBUG oslo_concurrency.lockutils [req-1580b8b6-5543-4454-95d3-e2a2b3facbff req-0d09d1a5-22b5-4b07-974e-70c4b97206ba service nova] Lock "557da147-49e5-421f-9968-e21c5a455ff6" released by "nova.context.set_target_cell..get_or_set_cached_cell_and_set_connections" :: held 0.001s {{(pid=121502) inner /usr/local/lib/python3.8/dist-packages/oslo_concurrency/lockutils.py:367}}
Aug 20 13:47:29.373360 n-d-802317-6 devstack@n-api.service[121502]: INFO nova.api.openstack.compute.server_external_events [req-1580b8b6-5543-4454-95d3-e2a2b3facbff req-0d09d1a5-22b5-4b07-974e-70c4b97206ba service nova] Creating event network-vif-plugged:795d6414-be85-4792-9762-bad13ba87a81 for instance c70b8844-41b9-4da6-aa9f-411b45871d5b on n-h1-802317-6
Aug 20 13:47:29.379627 n-d-802317-6 devstack@n-api.service[121502]: INFO nova.api.openstack.requestlog [req-1580b8b6-5543-4454-95d3-e2a2b3facbff req-0d09d1a5-22b5-4b07-974e-70c4b97206ba service nova] 10.222.0.46 "POST /compute/v2.1/os-server-external-events" status: 200 len: 183 microversion: 2.1 time: 0.041828
Aug 20 13:47:29.380970 n-d-802317-6 devstack@n-api.service[121502]: [pid: 121502|app: 0|req: 115/226] 10.222.0.46 () {64 vars in 1318 bytes} [Fri Aug 20 13:47:29 2021] POST /compute/v2.1/os-server-external-events => generated 183 bytes in 44 msecs (HTTP/1.1 200) 9 headers in 357 bytes (1 switches on core 0)
Aug 20 13:47:29.387418 n-d-802317-6 devstack@n-api.service[121502]: DEBUG nova.api.openstack.wsgi [None req-aa026dc1-683a-4f71-94d1-3bc497374608 tempest-AggregatesAdminTestJSON-1531763076 tempest-AggregatesAdminTestJSON-1531763076-project-admin] Action: 'create', calling method: >, body: {"aggregate": {"name": "tempest-test_aggregate-1317902000"}} {{(pid=121502) _process_stack /opt/stack/nova/nova/api/openstack/wsgi.py:511}}
Aug 20 13:47:29.389062 n-d-802317-6 devstack@n-api.service[121502]: /usr/local/lib/python3.8/dist-packages/oslo_policy/policy.py:1064: UserWarning: Policy os_compute_api:os-aggregates:create failed scope check. The token used to make the request was project scoped but the policy requires ['system'] scope. This behavior may change in the future where using the intended scope is required
Aug 20 13:47:29.389062 n-d-802317-6 devstack@n-api.service[121502]: warnings.warn(msg)
Aug 20 13:47:29.391040 n-d-802317-6 devstack@n-api.service[121502]: DEBUG nova.objects.aggregate [None req-aa026dc1-683a-4f71-94d1-3bc497374608 tempest-AggregatesAdminTestJSON-1531763076 tempest-AggregatesAdminTestJSON-1531763076-project-admin] Generated uuid 30cdc5e3-15f3-4e98-9f5c-e1d3b3336ba6 for aggregate {{(pid=121502) create /opt/stack/nova/nova/objects/aggregate.py:298}}
Aug 20 13:47:29.457525 n-d-802317-6 devstack@n-api.service[121502]: INFO nova.api.openstack.requestlog [None req-aa026dc1-683a-4f71-94d1-3bc497374608 tempest-AggregatesAdminTestJSON-1531763076 tempest-AggregatesAdminTestJSON-1531763076-project-admin] 10.222.0.46 "POST /compute/v2.1/os-aggregates" status: 200 len: 198 microversion: 2.1 time: 0.075149
Aug 20 13:47:29.460235 n-d-802317-6 devstack@n-api.service[121502]: [pid: 121502|app: 0|req: 116/227] 10.222.0.46 () {60 vars in 1164 bytes} [Fri Aug 20 13:47:29 2021] POST /compute/v2.1/os-aggregates => generated 198 bytes in 79 msecs (HTTP/1.1 200) 9 headers in 357 bytes (1 switches on core 0)
Aug 20 13:47:29.478751 n-d-802317-6 devstack@n-api.service[121502]: DEBUG nova.api.openstack.wsgi [None req-365e307c-9d61-4398-94ac-5fcfddc53833 tempest-ServersWithSpecificFlavorTestJSON-762164508 tempest-ServersWithSpecificFlavorTestJSON-762164508-project] Action: 'create', calling method: >, body: {"server": {"name": "tempest-ServersWithSpecificFlavorTestJSON-server-1293791349", "imageRef": "1dcfd829-fe15-4aa3-a245-fd610b770a59", "flavorRef": "558501565", "adminPass": "***", "networks": [{"uuid": "cdd6f604-94c8-4d7c-a6a4-cc0e06a07025"}], "security_groups": [{"name": "tempest-securitygroup--1712392252"}], "key_name": "tempest-keypair-338639397", "user_data": "IyEvYmluL3NoCmVjaG8gIlByaW50aW5nIHVidW50dSB1c2VyIGF1dGhvcml6ZWQga2V5cyIKY2F0IH51YnVudHUvLnNzaC9hdXRob3JpemVkX2tleXMgfHwgdHJ1ZQo="}} {{(pid=121502) _process_stack /opt/stack/nova/nova/api/openstack/wsgi.py:511}}
Aug 20 13:47:29.637165 n-d-802317-6 devstack@n-api.service[121503]: DEBUG nova.objects.instance [None req-15979672-8138-4192-b027-6f4ae18bced1 tempest-LiveAutoBlockMigrationV225Test-110604301 tempest-LiveAutoBlockMigrationV225Test-110604301-project-admin] Lazy-loading 'services' on Instance uuid 3d12cc10-799d-415f-8931-9c36e3bcc09f {{(pid=121503) obj_load_attr /opt/stack/nova/nova/objects/instance.py:1098}}
Aug 20 13:47:29.760044 n-d-802317-6 devstack@n-api.service[121503]: INFO nova.api.openstack.requestlog [None req-15979672-8138-4192-b027-6f4ae18bced1 tempest-LiveAutoBlockMigrationV225Test-110604301 tempest-LiveAutoBlockMigrationV225Test-110604301-project-admin] 10.222.0.46 "GET /compute/v2.1/servers/3d12cc10-799d-415f-8931-9c36e3bcc09f" status: 200 len: 2050 microversion: 2.25 time: 0.843009
Aug 20 13:47:29.760777 n-d-802317-6 devstack@n-api.service[121503]: [pid: 121503|app: 0|req: 112/228] 10.222.0.46 () {60 vars in 1277 bytes} [Fri Aug 20 13:47:28 2021] GET /compute/v2.1/servers/3d12cc10-799d-415f-8931-9c36e3bcc09f => generated 2050 bytes in 846 msecs (HTTP/1.1 200) 9 headers in 360 bytes (1 switches on core 0)
Aug 20 13:47:29.779760 n-d-802317-6 devstack@n-api.service[121503]: DEBUG nova.api.openstack.wsgi [None req-6f98c6b4-cc54-47eb-a84f-85974fb90dd2 tempest-AggregatesAdminTestJSON-1531763076 tempest-AggregatesAdminTestJSON-1531763076-project-admin] Action: 'action', calling method: >, body: {"add_host": {"host": "n-h2-802317-6"}} {{(pid=121503) _process_stack /opt/stack/nova/nova/api/openstack/wsgi.py:511}}
Aug 20 13:47:29.781277 n-d-802317-6 devstack@n-api.service[121503]: /usr/local/lib/python3.8/dist-packages/oslo_policy/policy.py:1064: UserWarning: Policy os_compute_api:os-aggregates:add_host failed scope check. The token used to make the request was project scoped but the policy requires ['system'] scope. This behavior may change in the future where using the intended scope is required
Aug 20 13:47:29.781277 n-d-802317-6 devstack@n-api.service[121503]: warnings.warn(msg)
Aug 20 13:47:29.803271 n-d-802317-6 devstack@n-api.service[121503]: DEBUG oslo_concurrency.lockutils [None req-6f98c6b4-cc54-47eb-a84f-85974fb90dd2 tempest-AggregatesAdminTestJSON-1531763076 tempest-AggregatesAdminTestJSON-1531763076-project-admin] Lock "557da147-49e5-421f-9968-e21c5a455ff6" acquired by "nova.context.set_target_cell..get_or_set_cached_cell_and_set_connections" :: waited 0.000s {{(pid=121503) inner /usr/local/lib/python3.8/dist-packages/oslo_concurrency/lockutils.py:355}}
Aug 20 13:47:29.803718 n-d-802317-6 devstack@n-api.service[121503]: DEBUG oslo_concurrency.lockutils [None req-6f98c6b4-cc54-47eb-a84f-85974fb90dd2 tempest-AggregatesAdminTestJSON-1531763076 tempest-AggregatesAdminTestJSON-1531763076-project-admin] Lock "557da147-49e5-421f-9968-e21c5a455ff6" released by "nova.context.set_target_cell..get_or_set_cached_cell_and_set_connections" :: held 0.001s {{(pid=121503) inner /usr/local/lib/python3.8/dist-packages/oslo_concurrency/lockutils.py:367}}
Aug 20 13:47:29.820227 n-d-802317-6 devstack@n-api.service[121502]: DEBUG nova.network.neutron [None req-365e307c-9d61-4398-94ac-5fcfddc53833 tempest-ServersWithSpecificFlavorTestJSON-762164508 tempest-ServersWithSpecificFlavorTestJSON-762164508-project] validate_networks() for [('cdd6f604-94c8-4d7c-a6a4-cc0e06a07025', None, None, None, None, None)] {{(pid=121502) validate_networks /opt/stack/nova/nova/network/neutron.py:2309}}
Aug 20 13:47:29.985828 n-d-802317-6 devstack@n-api.service[121503]: INFO nova.api.openstack.requestlog [None req-6f98c6b4-cc54-47eb-a84f-85974fb90dd2 tempest-AggregatesAdminTestJSON-1531763076 tempest-AggregatesAdminTestJSON-1531763076-project-admin] 10.222.0.46 "POST /compute/v2.1/os-aggregates/5/action" status: 200 len: 242 microversion: 2.1 time: 0.210403
Aug 20 13:47:29.987533 n-d-802317-6 devstack@n-api.service[121503]: [pid: 121503|app: 0|req: 113/229] 10.222.0.46 () {60 vars in 1191 bytes} [Fri Aug 20 13:47:29 2021] POST /compute/v2.1/os-aggregates/5/action => generated 242 bytes in 226 msecs (HTTP/1.1 200) 9 headers in 357 bytes (1 switches on core 0)
Aug 20 13:47:29.997856 n-d-802317-6 devstack@n-api.service[121503]: DEBUG nova.api.openstack.wsgi [None req-79bc25fa-b2cc-40e7-af22-9e606b0cb6cc tempest-ImagesNegativeTestJSON-23171442 tempest-ImagesNegativeTestJSON-23171442-project] Calling method '>' {{(pid=121503) _process_stack /opt/stack/nova/nova/api/openstack/wsgi.py:513}}
