Aug 27 11:33:45.808713 n-d-802225-5 devstack@n-api.service[116860]: /usr/local/lib/python3.8/dist-packages/oslo_policy/policy.py:1064: UserWarning: Policy os_compute_api:os-aggregates:index failed scope check. The token used to make the request was project scoped but the policy requires ['system'] scope. This behavior may change in the future where using the intended scope is required
Aug 27 11:33:45.808713 n-d-802225-5 devstack@n-api.service[116860]: warnings.warn(msg)
Aug 27 11:33:45.816137 n-d-802225-5 devstack@n-api.service[116860]: INFO nova.api.openstack.requestlog [None req-4462b7d8-7930-49e2-8409-aa5761cec062 tempest-AggregatesAdminTestJSON-164796276 tempest-AggregatesAdminTestJSON-164796276-project-admin] 10.222.0.22 "GET /compute/v2.1/os-aggregates" status: 200 len: 245 microversion: 2.1 time: 0.011769
Aug 27 11:33:45.816661 n-d-802225-5 devstack@n-api.service[116860]: [pid: 116860|app: 0|req: 87/173] 10.222.0.22 () {58 vars in 1143 bytes} [Fri Aug 27 11:33:45 2021] GET /compute/v2.1/os-aggregates => generated 245 bytes in 13 msecs (HTTP/1.1 200) 9 headers in 357 bytes (1 switches on core 0)
Aug 27 11:33:45.827490 n-d-802225-5 devstack@n-api.service[116859]: DEBUG nova.api.openstack.wsgi [None req-d976cd69-e51a-4765-8302-8559d2be7683 tempest-AggregatesAdminTestJSON-164796276 tempest-AggregatesAdminTestJSON-164796276-project-admin] Action: 'action', calling method: >, body: {"remove_host": {"host": "n-h1-802225-5"}} {{(pid=116859) _process_stack /opt/stack/nova/nova/api/openstack/wsgi.py:511}}
Aug 27 11:33:45.828697 n-d-802225-5 devstack@n-api.service[116859]: /usr/local/lib/python3.8/dist-packages/oslo_policy/policy.py:1064: UserWarning: Policy os_compute_api:os-aggregates:remove_host failed scope check. The token used to make the request was project scoped but the policy requires ['system'] scope. This behavior may change in the future where using the intended scope is required
Aug 27 11:33:45.828697 n-d-802225-5 devstack@n-api.service[116859]: warnings.warn(msg)
Aug 27 11:33:45.837575 n-d-802225-5 devstack@n-api.service[116859]: DEBUG oslo_concurrency.lockutils [None req-d976cd69-e51a-4765-8302-8559d2be7683 tempest-AggregatesAdminTestJSON-164796276 tempest-AggregatesAdminTestJSON-164796276-project-admin] Lock "2fbccd78-1504-4d4f-8d1f-35a74dcc706a" acquired by "nova.context.set_target_cell..get_or_set_cached_cell_and_set_connections" :: waited 0.000s {{(pid=116859) inner /usr/local/lib/python3.8/dist-packages/oslo_concurrency/lockutils.py:355}}
Aug 27 11:33:45.838001 n-d-802225-5 devstack@n-api.service[116859]: DEBUG oslo_concurrency.lockutils [None req-d976cd69-e51a-4765-8302-8559d2be7683 tempest-AggregatesAdminTestJSON-164796276 tempest-AggregatesAdminTestJSON-164796276-project-admin] Lock "2fbccd78-1504-4d4f-8d1f-35a74dcc706a" released by "nova.context.set_target_cell..get_or_set_cached_cell_and_set_connections" :: held 0.001s {{(pid=116859) inner /usr/local/lib/python3.8/dist-packages/oslo_concurrency/lockutils.py:367}}
Aug 27 11:33:46.065002 n-d-802225-5 devstack@n-api.service[116860]: DEBUG nova.api.openstack.wsgi [None req-10ceeb49-b389-4298-94e8-6b199d57cbef tempest-LiveMigrationNegativeTest-1598924240 tempest-LiveMigrationNegativeTest-1598924240-project] Calling method '>' {{(pid=116860) _process_stack /opt/stack/nova/nova/api/openstack/wsgi.py:513}}
Aug 27 11:33:46.065672 n-d-802225-5 devstack@n-api.service[116860]: DEBUG nova.compute.api [None req-10ceeb49-b389-4298-94e8-6b199d57cbef tempest-LiveMigrationNegativeTest-1598924240 tempest-LiveMigrationNegativeTest-1598924240-project] [instance: 2c2eb1c8-de99-46f0-b2c0-1e1e815e5418] Fetching instance by UUID {{(pid=116860) get /opt/stack/nova/nova/compute/api.py:2826}}
Aug 27 11:33:46.071844 n-d-802225-5 devstack@n-api.service[116860]: DEBUG oslo_concurrency.lockutils [None req-10ceeb49-b389-4298-94e8-6b199d57cbef tempest-LiveMigrationNegativeTest-1598924240 tempest-LiveMigrationNegativeTest-1598924240-project] Lock "2fbccd78-1504-4d4f-8d1f-35a74dcc706a" acquired by "nova.context.set_target_cell..get_or_set_cached_cell_and_set_connections" :: waited 0.000s {{(pid=116860) inner /usr/local/lib/python3.8/dist-packages/oslo_concurrency/lockutils.py:355}}
Aug 27 11:33:46.072288 n-d-802225-5 devstack@n-api.service[116860]: DEBUG oslo_concurrency.lockutils [None req-10ceeb49-b389-4298-94e8-6b199d57cbef tempest-LiveMigrationNegativeTest-1598924240 tempest-LiveMigrationNegativeTest-1598924240-project] Lock "2fbccd78-1504-4d4f-8d1f-35a74dcc706a" released by "nova.context.set_target_cell..get_or_set_cached_cell_and_set_connections" :: held 0.001s {{(pid=116860) inner /usr/local/lib/python3.8/dist-packages/oslo_concurrency/lockutils.py:367}}
Aug 27 11:33:46.073053 n-d-802225-5 devstack@n-api.service[116860]: DEBUG oslo_concurrency.lockutils [None req-10ceeb49-b389-4298-94e8-6b199d57cbef tempest-LiveMigrationNegativeTest-1598924240 tempest-LiveMigrationNegativeTest-1598924240-project] Lock "2fbccd78-1504-4d4f-8d1f-35a74dcc706a" acquired by "nova.context.set_target_cell..get_or_set_cached_cell_and_set_connections" :: waited 0.000s {{(pid=116860) inner /usr/local/lib/python3.8/dist-packages/oslo_concurrency/lockutils.py:355}}
Aug 27 11:33:46.073489 n-d-802225-5 devstack@n-api.service[116860]: DEBUG oslo_concurrency.lockutils [None req-10ceeb49-b389-4298-94e8-6b199d57cbef tempest-LiveMigrationNegativeTest-1598924240 tempest-LiveMigrationNegativeTest-1598924240-project] Lock "2fbccd78-1504-4d4f-8d1f-35a74dcc706a" released by "nova.context.set_target_cell..get_or_set_cached_cell_and_set_connections" :: held 0.000s {{(pid=116860) inner /usr/local/lib/python3.8/dist-packages/oslo_concurrency/lockutils.py:367}}
Aug 27 11:33:46.098184 n-d-802225-5 devstack@n-api.service[116859]: INFO nova.api.openstack.requestlog [None req-d976cd69-e51a-4765-8302-8559d2be7683 tempest-AggregatesAdminTestJSON-164796276 tempest-AggregatesAdminTestJSON-164796276-project-admin] 10.222.0.22 "POST /compute/v2.1/os-aggregates/3/action" status: 200 len: 227 microversion: 2.1 time: 0.275403
Aug 27 11:33:46.103175 n-d-802225-5 devstack@n-api.service[116859]: [pid: 116859|app: 0|req: 87/174] 10.222.0.22 () {60 vars in 1191 bytes} [Fri Aug 27 11:33:45 2021] POST /compute/v2.1/os-aggregates/3/action => generated 227 bytes in 277 msecs (HTTP/1.1 200) 9 headers in 357 bytes (1 switches on core 0)
Aug 27 11:33:46.109726 n-d-802225-5 devstack@n-api.service[116859]: DEBUG nova.api.openstack.wsgi [None req-d3af19b0-2d3d-46da-aa2a-2ac864ba62c4 tempest-AggregatesAdminTestJSON-164796276 tempest-AggregatesAdminTestJSON-164796276-project-admin] Calling method '>' {{(pid=116859) _process_stack /opt/stack/nova/nova/api/openstack/wsgi.py:513}}
Aug 27 11:33:46.110559 n-d-802225-5 devstack@n-api.service[116859]: /usr/local/lib/python3.8/dist-packages/oslo_policy/policy.py:1064: UserWarning: Policy os_compute_api:os-aggregates:delete failed scope check. The token used to make the request was project scoped but the policy requires ['system'] scope. This behavior may change in the future where using the intended scope is required
Aug 27 11:33:46.110559 n-d-802225-5 devstack@n-api.service[116859]: warnings.warn(msg)
Aug 27 11:33:46.135272 n-d-802225-5 devstack@n-api.service[116860]: DEBUG nova.policy [None req-10ceeb49-b389-4298-94e8-6b199d57cbef tempest-LiveMigrationNegativeTest-1598924240 tempest-LiveMigrationNegativeTest-1598924240-project] Policy check for os_compute_api:os-extended-server-attributes failed with credentials {'is_admin': False, 'user_id': 'e57312b9623f474eb280aa7d1e54e43b', 'user_domain_id': 'default', 'system_scope': None, 'domain_id': None, 'project_id': '659b313df8164ab4be4d59039c542906', 'project_domain_id': 'default', 'roles': ['reader', 'member'], 'is_admin_project': True, 'service_user_id': None, 'service_user_domain_id': None, 'service_project_id': None, 'service_project_domain_id': None, 'service_roles': []} {{(pid=116860) authorize /opt/stack/nova/nova/policy.py:199}}
Aug 27 11:33:46.143360 n-d-802225-5 devstack@n-api.service[116860]: INFO nova.api.openstack.requestlog [None req-10ceeb49-b389-4298-94e8-6b199d57cbef tempest-LiveMigrationNegativeTest-1598924240 tempest-LiveMigrationNegativeTest-1598924240-project] 10.222.0.22 "GET /compute/v2.1/servers/2c2eb1c8-de99-46f0-b2c0-1e1e815e5418" status: 200 len: 1222 microversion: 2.1 time: 0.081831
Aug 27 11:33:46.143787 n-d-802225-5 devstack@n-api.service[116860]: [pid: 116860|app: 0|req: 88/175] 10.222.0.22 () {58 vars in 1236 bytes} [Fri Aug 27 11:33:46 2021] GET /compute/v2.1/servers/2c2eb1c8-de99-46f0-b2c0-1e1e815e5418 => generated 1222 bytes in 83 msecs (HTTP/1.1 200) 9 headers in 358 bytes (2 switches on core 0)
Aug 27 11:33:46.224710 n-d-802225-5 devstack@n-api.service[116859]: INFO nova.api.openstack.requestlog [None req-d3af19b0-2d3d-46da-aa2a-2ac864ba62c4 tempest-AggregatesAdminTestJSON-164796276 tempest-AggregatesAdminTestJSON-164796276-project-admin] 10.222.0.22 "DELETE /compute/v2.1/os-aggregates/3" status: 200 len: 0 microversion: 2.1 time: 0.119549
Aug 27 11:33:46.225793 n-d-802225-5 devstack@n-api.service[116859]: [pid: 116859|app: 0|req: 88/176] 10.222.0.22 () {58 vars in 1152 bytes} [Fri Aug 27 11:33:46 2021] DELETE /compute/v2.1/os-aggregates/3 => generated 0 bytes in 121 msecs (HTTP/1.1 200) 9 headers in 355 bytes (2 switches on core 0)
Aug 27 11:33:46.238013 n-d-802225-5 devstack@n-api.service[116860]: DEBUG nova.api.openstack.wsgi [None req-4a701d03-f51b-4db8-94db-3bb50842d504 tempest-AggregatesAdminTestJSON-164796276 tempest-AggregatesAdminTestJSON-164796276-project-admin] Action: 'create', calling method: >, body: {"aggregate": {"name": "tempest-test_aggregate-1029169233"}} {{(pid=116860) _process_stack /opt/stack/nova/nova/api/openstack/wsgi.py:511}}
Aug 27 11:33:46.239913 n-d-802225-5 devstack@n-api.service[116860]: /usr/local/lib/python3.8/dist-packages/oslo_policy/policy.py:1064: UserWarning: Policy os_compute_api:os-aggregates:create failed scope check. The token used to make the request was project scoped but the policy requires ['system'] scope. This behavior may change in the future where using the intended scope is required
Aug 27 11:33:46.239913 n-d-802225-5 devstack@n-api.service[116860]: warnings.warn(msg)
Aug 27 11:33:46.241107 n-d-802225-5 devstack@n-api.service[116860]: DEBUG nova.objects.aggregate [None req-4a701d03-f51b-4db8-94db-3bb50842d504 tempest-AggregatesAdminTestJSON-164796276 tempest-AggregatesAdminTestJSON-164796276-project-admin] Generated uuid 538f4059-e55a-49f3-9e21-69e58774de0e for aggregate {{(pid=116860) create /opt/stack/nova/nova/objects/aggregate.py:298}}
Aug 27 11:33:46.353939 n-d-802225-5 devstack@n-api.service[116859]: DEBUG nova.api.openstack.wsgi [None req-06a03991-8546-4a07-beee-46b27e1d25af tempest-MigrationsAdminTest-226130761 tempest-MigrationsAdminTest-226130761-project] Calling method '>' {{(pid=116859) _process_stack /opt/stack/nova/nova/api/openstack/wsgi.py:513}}
Aug 27 11:33:46.354469 n-d-802225-5 devstack@n-api.service[116859]: DEBUG nova.compute.api [None req-06a03991-8546-4a07-beee-46b27e1d25af tempest-MigrationsAdminTest-226130761 tempest-MigrationsAdminTest-226130761-project] [instance: 9c6a2963-6407-404c-b7dd-0628cc2f7838] Fetching instance by UUID {{(pid=116859) get /opt/stack/nova/nova/compute/api.py:2826}}
Aug 27 11:33:46.361353 n-d-802225-5 devstack@n-api.service[116859]: DEBUG oslo_concurrency.lockutils [None req-06a03991-8546-4a07-beee-46b27e1d25af tempest-MigrationsAdminTest-226130761 tempest-MigrationsAdminTest-226130761-project] Lock "2fbccd78-1504-4d4f-8d1f-35a74dcc706a" acquired by "nova.context.set_target_cell..get_or_set_cached_cell_and_set_connections" :: waited 0.001s {{(pid=116859) inner /usr/local/lib/python3.8/dist-packages/oslo_concurrency/lockutils.py:355}}
Aug 27 11:33:46.361825 n-d-802225-5 devstack@n-api.service[116859]: DEBUG oslo_concurrency.lockutils [None req-06a03991-8546-4a07-beee-46b27e1d25af tempest-MigrationsAdminTest-226130761 tempest-MigrationsAdminTest-226130761-project] Lock "2fbccd78-1504-4d4f-8d1f-35a74dcc706a" released by "nova.context.set_target_cell..get_or_set_cached_cell_and_set_connections" :: held 0.001s {{(pid=116859) inner /usr/local/lib/python3.8/dist-packages/oslo_concurrency/lockutils.py:367}}
Aug 27 11:33:46.362670 n-d-802225-5 devstack@n-api.service[116859]: DEBUG oslo_concurrency.lockutils [None req-06a03991-8546-4a07-beee-46b27e1d25af tempest-MigrationsAdminTest-226130761 tempest-MigrationsAdminTest-226130761-project] Lock "2fbccd78-1504-4d4f-8d1f-35a74dcc706a" acquired by "nova.context.set_target_cell..get_or_set_cached_cell_and_set_connections" :: waited 0.000s {{(pid=116859) inner /usr/local/lib/python3.8/dist-packages/oslo_concurrency/lockutils.py:355}}
Aug 27 11:33:46.363205 n-d-802225-5 devstack@n-api.service[116859]: DEBUG oslo_concurrency.lockutils [None req-06a03991-8546-4a07-beee-46b27e1d25af tempest-MigrationsAdminTest-226130761 tempest-MigrationsAdminTest-226130761-project] Lock "2fbccd78-1504-4d4f-8d1f-35a74dcc706a" released by "nova.context.set_target_cell..get_or_set_cached_cell_and_set_connections" :: held 0.000s {{(pid=116859) inner /usr/local/lib/python3.8/dist-packages/oslo_concurrency/lockutils.py:367}}
Aug 27 11:33:46.377749 n-d-802225-5 devstack@n-api.service[116860]: INFO nova.api.openstack.requestlog [None req-4a701d03-f51b-4db8-94db-3bb50842d504 tempest-AggregatesAdminTestJSON-164796276 tempest-AggregatesAdminTestJSON-164796276-project-admin] 10.222.0.22 "POST /compute/v2.1/os-aggregates" status: 200 len: 198 microversion: 2.1 time: 0.143257
Aug 27 11:33:46.379373 n-d-802225-5 devstack@n-api.service[116860]: [pid: 116860|app: 0|req: 89/177] 10.222.0.22 () {60 vars in 1164 bytes} [Fri Aug 27 11:33:46 2021] POST /compute/v2.1/os-aggregates => generated 198 bytes in 145 msecs (HTTP/1.1 200) 9 headers in 357 bytes (1 switches on core 0)
Aug 27 11:33:46.390446 n-d-802225-5 devstack@n-api.service[116860]: DEBUG nova.api.openstack.wsgi [None req-1527094b-c742-4928-8a2d-44a7a76d4f49 tempest-AggregatesAdminTestJSON-164796276 tempest-AggregatesAdminTestJSON-164796276-project-admin] Action: 'action', calling method: >, body: {"add_host": {"host": "n-h1-802225-5"}} {{(pid=116860) _process_stack /opt/stack/nova/nova/api/openstack/wsgi.py:511}}
Aug 27 11:33:46.391665 n-d-802225-5 devstack@n-api.service[116860]: /usr/local/lib/python3.8/dist-packages/oslo_policy/policy.py:1064: UserWarning: Policy os_compute_api:os-aggregates:add_host failed scope check. The token used to make the request was project scoped but the policy requires ['system'] scope. This behavior may change in the future where using the intended scope is required
Aug 27 11:33:46.391665 n-d-802225-5 devstack@n-api.service[116860]: warnings.warn(msg)
Aug 27 11:33:46.399822 n-d-802225-5 devstack@n-api.service[116860]: DEBUG oslo_concurrency.lockutils [None req-1527094b-c742-4928-8a2d-44a7a76d4f49 tempest-AggregatesAdminTestJSON-164796276 tempest-AggregatesAdminTestJSON-164796276-project-admin] Lock "2fbccd78-1504-4d4f-8d1f-35a74dcc706a" acquired by "nova.context.set_target_cell..get_or_set_cached_cell_and_set_connections" :: waited 0.000s {{(pid=116860) inner /usr/local/lib/python3.8/dist-packages/oslo_concurrency/lockutils.py:355}}
Aug 27 11:33:46.400421 n-d-802225-5 devstack@n-api.service[116860]: DEBUG oslo_concurrency.lockutils [None req-1527094b-c742-4928-8a2d-44a7a76d4f49 tempest-AggregatesAdminTestJSON-164796276 tempest-AggregatesAdminTestJSON-164796276-project-admin] Lock "2fbccd78-1504-4d4f-8d1f-35a74dcc706a" released by "nova.context.set_target_cell..get_or_set_cached_cell_and_set_connections" :: held 0.001s {{(pid=116860) inner /usr/local/lib/python3.8/dist-packages/oslo_concurrency/lockutils.py:367}}
Aug 27 11:33:46.492746 n-d-802225-5 devstack@n-api.service[116859]: DEBUG nova.policy [None req-06a03991-8546-4a07-beee-46b27e1d25af tempest-MigrationsAdminTest-226130761 tempest-MigrationsAdminTest-226130761-project] Policy check for os_compute_api:os-extended-server-attributes failed with credentials {'is_admin': False, 'user_id': '11570ae6e48a448ea4da72bf19a3c2de', 'user_domain_id': 'default', 'system_scope': None, 'domain_id': None, 'project_id': 'b1093a0b9cfa47d29ba1693ea03e787e', 'project_domain_id': 'default', 'roles': ['reader', 'member'], 'is_admin_project': True, 'service_user_id': None, 'service_user_domain_id': None, 'service_project_id': None, 'service_project_domain_id': None, 'service_roles': []} {{(pid=116859) authorize /opt/stack/nova/nova/policy.py:199}}
Aug 27 11:33:46.500475 n-d-802225-5 devstack@n-api.service[116859]: INFO nova.api.openstack.requestlog [None req-06a03991-8546-4a07-beee-46b27e1d25af tempest-MigrationsAdminTest-226130761 tempest-MigrationsAdminTest-226130761-project] 10.222.0.22 "GET /compute/v2.1/servers/9c6a2963-6407-404c-b7dd-0628cc2f7838" status: 200 len: 1313 microversion: 2.1 time: 0.150336
Aug 27 11:33:46.501038 n-d-802225-5 devstack@n-api.service[116859]: [pid: 116859|app: 0|req: 89/178] 10.222.0.22 () {58 vars in 1236 bytes} [Fri Aug 27 11:33:46 2021] GET /compute/v2.1/servers/9c6a2963-6407-404c-b7dd-0628cc2f7838 => generated 1313 bytes in 152 msecs (HTTP/1.1 200) 9 headers in 358 bytes (2 switches on core 0)
Aug 27 11:33:46.535778 n-d-802225-5 devstack@n-api.service[116859]: DEBUG nova.api.openstack.wsgi [None req-5511340b-0a5c-41f1-9477-554f010653ec tempest-DeleteServersAdminTestJSON-1401192520 tempest-DeleteServersAdminTestJSON-1401192520-project] Calling method '>' {{(pid=116859) _process_stack /opt/stack/nova/nova/api/openstack/wsgi.py:513}}
Aug 27 11:33:46.536448 n-d-802225-5 devstack@n-api.service[116859]: DEBUG nova.compute.api [None req-5511340b-0a5c-41f1-9477-554f010653ec tempest-DeleteServersAdminTestJSON-1401192520 tempest-DeleteServersAdminTestJSON-1401192520-project] [instance: 2d19c971-43f7-4c0e-b5c9-f8c5da38ea0e] Fetching instance by UUID {{(pid=116859) get /opt/stack/nova/nova/compute/api.py:2826}}
Aug 27 11:33:46.542495 n-d-802225-5 devstack@n-api.service[116859]: DEBUG oslo_concurrency.lockutils [None req-5511340b-0a5c-41f1-9477-554f010653ec tempest-DeleteServersAdminTestJSON-1401192520 tempest-DeleteServersAdminTestJSON-1401192520-project] Lock "2fbccd78-1504-4d4f-8d1f-35a74dcc706a" acquired by "nova.context.set_target_cell..get_or_set_cached_cell_and_set_connections" :: waited 0.000s {{(pid=116859) inner /usr/local/lib/python3.8/dist-packages/oslo_concurrency/lockutils.py:355}}
Aug 27 11:33:46.551138 n-d-802225-5 devstack@n-api.service[116859]: DEBUG oslo_concurrency.lockutils [None req-5511340b-0a5c-41f1-9477-554f010653ec tempest-DeleteServersAdminTestJSON-1401192520 tempest-DeleteServersAdminTestJSON-1401192520-project] Lock "2fbccd78-1504-4d4f-8d1f-35a74dcc706a" released by "nova.context.set_target_cell..get_or_set_cached_cell_and_set_connections" :: held 0.000s {{(pid=116859) inner /usr/local/lib/python3.8/dist-packages/oslo_concurrency/lockutils.py:367}}
Aug 27 11:33:46.551138 n-d-802225-5 devstack@n-api.service[116859]: DEBUG oslo_concurrency.lockutils [None req-5511340b-0a5c-41f1-9477-554f010653ec tempest-DeleteServersAdminTestJSON-1401192520 tempest-DeleteServersAdminTestJSON-1401192520-project] Lock "2fbccd78-1504-4d4f-8d1f-35a74dcc706a" acquired by "nova.context.set_target_cell..get_or_set_cached_cell_and_set_connections" :: waited 0.000s {{(pid=116859) inner /usr/local/lib/python3.8/dist-packages/oslo_concurrency/lockutils.py:355}}
Aug 27 11:33:46.551138 n-d-802225-5 devstack@n-api.service[116859]: DEBUG oslo_concurrency.lockutils [None req-5511340b-0a5c-41f1-9477-554f010653ec tempest-DeleteServersAdminTestJSON-1401192520 tempest-DeleteServersAdminTestJSON-1401192520-project] Lock "2fbccd78-1504-4d4f-8d1f-35a74dcc706a" released by "nova.context.set_target_cell..get_or_set_cached_cell_and_set_connections" :: held 0.000s {{(pid=116859) inner /usr/local/lib/python3.8/dist-packages/oslo_concurrency/lockutils.py:367}}
Aug 27 11:33:46.657586 n-d-802225-5 devstack@n-api.service[116860]: INFO nova.api.openstack.requestlog [None req-1527094b-c742-4928-8a2d-44a7a76d4f49 tempest-AggregatesAdminTestJSON-164796276 tempest-AggregatesAdminTestJSON-164796276-project-admin] 10.222.0.22 "POST /compute/v2.1/os-aggregates/4/action" status: 200 len: 242 microversion: 2.1 time: 0.272030
Aug 27 11:33:46.658122 n-d-802225-5 devstack@n-api.service[116860]: [pid: 116860|app: 0|req: 90/179] 10.222.0.22 () {60 vars in 1191 bytes} [Fri Aug 27 11:33:46 2021] POST /compute/v2.1/os-aggregates/4/action => generated 242 bytes in 273 msecs (HTTP/1.1 200) 9 headers in 357 bytes (1 switches on core 0)
Aug 27 11:33:46.667929 n-d-802225-5 devstack@n-api.service[116860]: DEBUG nova.api.openstack.wsgi [None req-f2016dcd-688d-4555-99bc-93d3a7ad00e3 tempest-AggregatesAdminTestJSON-164796276 tempest-AggregatesAdminTestJSON-164796276-project-admin] Action: 'action', calling method: >, body: {"remove_host": {"host": "n-h1-802225-5"}} {{(pid=116860) _process_stack /opt/stack/nova/nova/api/openstack/wsgi.py:511}}
Aug 27 11:33:46.670127 n-d-802225-5 devstack@n-api.service[116860]: /usr/local/lib/python3.8/dist-packages/oslo_policy/policy.py:1064: UserWarning: Policy os_compute_api:os-aggregates:remove_host failed scope check. The token used to make the request was project scoped but the policy requires ['system'] scope. This behavior may change in the future where using the intended scope is required
Aug 27 11:33:46.670127 n-d-802225-5 devstack@n-api.service[116860]: warnings.warn(msg)
Aug 27 11:33:46.672999 n-d-802225-5 devstack@n-api.service[116859]: DEBUG nova.policy [None req-5511340b-0a5c-41f1-9477-554f010653ec tempest-DeleteServersAdminTestJSON-1401192520 tempest-DeleteServersAdminTestJSON-1401192520-project] Policy check for os_compute_api:os-extended-server-attributes failed with credentials {'is_admin': False, 'user_id': '7c2351ccfdaf4572a64e7a9c1ac1e635', 'user_domain_id': 'default', 'system_scope': None, 'domain_id': None, 'project_id': 'b1c358721fcf42998be94857ac777e5e', 'project_domain_id': 'default', 'roles': ['reader', 'member'], 'is_admin_project': True, 'service_user_id': None, 'service_user_domain_id': None, 'service_project_id': None, 'service_project_domain_id': None, 'service_roles': []} {{(pid=116859) authorize /opt/stack/nova/nova/policy.py:199}}
Aug 27 11:33:46.678129 n-d-802225-5 devstack@n-api.service[116860]: DEBUG oslo_concurrency.lockutils [None req-f2016dcd-688d-4555-99bc-93d3a7ad00e3 tempest-AggregatesAdminTestJSON-164796276 tempest-AggregatesAdminTestJSON-164796276-project-admin] Lock "2fbccd78-1504-4d4f-8d1f-35a74dcc706a" acquired by "nova.context.set_target_cell..get_or_set_cached_cell_and_set_connections" :: waited 0.000s {{(pid=116860) inner /usr/local/lib/python3.8/dist-packages/oslo_concurrency/lockutils.py:355}}
Aug 27 11:33:46.678574 n-d-802225-5 devstack@n-api.service[116860]: DEBUG oslo_concurrency.lockutils [None req-f2016dcd-688d-4555-99bc-93d3a7ad00e3 tempest-AggregatesAdminTestJSON-164796276 tempest-AggregatesAdminTestJSON-164796276-project-admin] Lock "2fbccd78-1504-4d4f-8d1f-35a74dcc706a" released by "nova.context.set_target_cell..get_or_set_cached_cell_and_set_connections" :: held 0.001s {{(pid=116860) inner /usr/local/lib/python3.8/dist-packages/oslo_concurrency/lockutils.py:367}}
Aug 27 11:33:46.680302 n-d-802225-5 devstack@n-api.service[116859]: INFO nova.api.openstack.requestlog [None req-5511340b-0a5c-41f1-9477-554f010653ec tempest-DeleteServersAdminTestJSON-1401192520 tempest-DeleteServersAdminTestJSON-1401192520-project] 10.222.0.22 "GET /compute/v2.1/servers/2d19c971-43f7-4c0e-b5c9-f8c5da38ea0e" status: 200 len: 1320 microversion: 2.1 time: 0.148288
Aug 27 11:33:46.688975 n-d-802225-5 devstack@n-api.service[116859]: [pid: 116859|app: 0|req: 90/180] 10.222.0.22 () {58 vars in 1236 bytes} [Fri Aug 27 11:33:46 2021] GET /compute/v2.1/servers/2d19c971-43f7-4c0e-b5c9-f8c5da38ea0e => generated 1320 bytes in 157 msecs (HTTP/1.1 200) 9 headers in 358 bytes (2 switches on core 0)
Aug 27 11:33:46.776917 n-d-802225-5 devstack@n-api.service[116859]: DEBUG nova.api.openstack.wsgi [None req-1210101d-eedf-4a71-9ee1-b457eeb5acfc tempest-ServersWithSpecificFlavorTestJSON-506419102 tempest-ServersWithSpecificFlavorTestJSON-506419102-project] Calling method '>' {{(pid=116859) _process_stack /opt/stack/nova/nova/api/openstack/wsgi.py:513}}
Aug 27 11:33:46.777574 n-d-802225-5 devstack@n-api.service[116859]: DEBUG nova.compute.api [None req-1210101d-eedf-4a71-9ee1-b457eeb5acfc tempest-ServersWithSpecificFlavorTestJSON-506419102 tempest-ServersWithSpecificFlavorTestJSON-506419102-project] [instance: 1be79342-908e-44e8-a55f-ed6bb0693e0c] Fetching instance by UUID {{(pid=116859) get /opt/stack/nova/nova/compute/api.py:2826}}
Aug 27 11:33:46.783677 n-d-802225-5 devstack@n-api.service[116859]: DEBUG oslo_concurrency.lockutils [None req-1210101d-eedf-4a71-9ee1-b457eeb5acfc tempest-ServersWithSpecificFlavorTestJSON-506419102 tempest-ServersWithSpecificFlavorTestJSON-506419102-project] Lock "2fbccd78-1504-4d4f-8d1f-35a74dcc706a" acquired by "nova.context.set_target_cell..get_or_set_cached_cell_and_set_connections" :: waited 0.000s {{(pid=116859) inner /usr/local/lib/python3.8/dist-packages/oslo_concurrency/lockutils.py:355}}
Aug 27 11:33:46.784117 n-d-802225-5 devstack@n-api.service[116859]: DEBUG oslo_concurrency.lockutils [None req-1210101d-eedf-4a71-9ee1-b457eeb5acfc tempest-ServersWithSpecificFlavorTestJSON-506419102 tempest-ServersWithSpecificFlavorTestJSON-506419102-project] Lock "2fbccd78-1504-4d4f-8d1f-35a74dcc706a" released by "nova.context.set_target_cell..get_or_set_cached_cell_and_set_connections" :: held 0.000s {{(pid=116859) inner /usr/local/lib/python3.8/dist-packages/oslo_concurrency/lockutils.py:367}}
Aug 27 11:33:46.784880 n-d-802225-5 devstack@n-api.service[116859]: DEBUG oslo_concurrency.lockutils [None req-1210101d-eedf-4a71-9ee1-b457eeb5acfc tempest-ServersWithSpecificFlavorTestJSON-506419102 tempest-ServersWithSpecificFlavorTestJSON-506419102-project] Lock "2fbccd78-1504-4d4f-8d1f-35a74dcc706a" acquired by "nova.context.set_target_cell..get_or_set_cached_cell_and_set_connections" :: waited 0.000s {{(pid=116859) inner /usr/local/lib/python3.8/dist-packages/oslo_concurrency/lockutils.py:355}}
Aug 27 11:33:46.785305 n-d-802225-5 devstack@n-api.service[116859]: DEBUG oslo_concurrency.lockutils [None req-1210101d-eedf-4a71-9ee1-b457eeb5acfc tempest-ServersWithSpecificFlavorTestJSON-506419102 tempest-ServersWithSpecificFlavorTestJSON-506419102-project] Lock "2fbccd78-1504-4d4f-8d1f-35a74dcc706a" released by "nova.context.set_target_cell..get_or_set_cached_cell_and_set_connections" :: held 0.000s {{(pid=116859) inner /usr/local/lib/python3.8/dist-packages/oslo_concurrency/lockutils.py:367}}
Aug 27 11:33:46.907055 n-d-802225-5 devstack@n-api.service[116859]: DEBUG nova.policy [None req-1210101d-eedf-4a71-9ee1-b457eeb5acfc tempest-ServersWithSpecificFlavorTestJSON-506419102 tempest-ServersWithSpecificFlavorTestJSON-506419102-project] Policy check for os_compute_api:os-extended-server-attributes failed with credentials {'is_admin': False, 'user_id': '14a673c239114711a22af136818d8314', 'user_domain_id': 'default', 'system_scope': None, 'domain_id': None, 'project_id': 'b58258014792466c99633329bf8b933a', 'project_domain_id': 'default', 'roles': ['reader', 'member'], 'is_admin_project': True, 'service_user_id': None, 'service_user_domain_id': None, 'service_project_id': None, 'service_project_domain_id': None, 'service_roles': []} {{(pid=116859) authorize /opt/stack/nova/nova/policy.py:199}}
Aug 27 11:33:46.914959 n-d-802225-5 devstack@n-api.service[116859]: INFO nova.api.openstack.requestlog [None req-1210101d-eedf-4a71-9ee1-b457eeb5acfc tempest-ServersWithSpecificFlavorTestJSON-506419102 tempest-ServersWithSpecificFlavorTestJSON-506419102-project] 10.222.0.22 "GET /compute/v2.1/servers/1be79342-908e-44e8-a55f-ed6bb0693e0c" status: 200 len: 1389 microversion: 2.1 time: 0.141690
Aug 27 11:33:46.915522 n-d-802225-5 devstack@n-api.service[116859]: [pid: 116859|app: 0|req: 91/181] 10.222.0.22 () {58 vars in 1236 bytes} [Fri Aug 27 11:33:46 2021] GET /compute/v2.1/servers/1be79342-908e-44e8-a55f-ed6bb0693e0c => generated 1389 bytes in 143 msecs (HTTP/1.1 200) 9 headers in 358 bytes (1 switches on core 0)
Aug 27 11:33:46.953584 n-d-802225-5 devstack@n-api.service[116860]: INFO nova.api.openstack.requestlog [None req-f2016dcd-688d-4555-99bc-93d3a7ad00e3 tempest-AggregatesAdminTestJSON-164796276 tempest-AggregatesAdminTestJSON-164796276-project-admin] 10.222.0.22 "POST /compute/v2.1/os-aggregates/4/action" status: 200 len: 227 microversion: 2.1 time: 0.289235
Aug 27 11:33:46.954181 n-d-802225-5 devstack@n-api.service[116860]: [pid: 116860|app: 0|req: 91/182] 10.222.0.22 () {60 vars in 1191 bytes} [Fri Aug 27 11:33:46 2021] POST /compute/v2.1/os-aggregates/4/action => generated 227 bytes in 290 msecs (HTTP/1.1 200) 9 headers in 357 bytes (2 switches on core 0)
Aug 27 11:33:46.964084 n-d-802225-5 devstack@n-api.service[116859]: DEBUG nova.api.openstack.wsgi [None req-3e7eccc1-19dd-4dae-bc63-4473a9e6a601 tempest-AggregatesAdminTestJSON-164796276 tempest-AggregatesAdminTestJSON-164796276-project-admin] Calling method '>' {{(pid=116859) _process_stack /opt/stack/nova/nova/api/openstack/wsgi.py:513}}
Aug 27 11:33:46.964819 n-d-802225-5 devstack@n-api.service[116859]: /usr/local/lib/python3.8/dist-packages/oslo_policy/policy.py:1064: UserWarning: Policy os_compute_api:os-aggregates:delete failed scope check. The token used to make the request was project scoped but the policy requires ['system'] scope. This behavior may change in the future where using the intended scope is required
Aug 27 11:33:46.964819 n-d-802225-5 devstack@n-api.service[116859]: warnings.warn(msg)
Aug 27 11:33:47.049720 n-d-802225-5 devstack@n-api.service[116859]: INFO nova.api.openstack.requestlog [None req-3e7eccc1-19dd-4dae-bc63-4473a9e6a601 tempest-AggregatesAdminTestJSON-164796276 tempest-AggregatesAdminTestJSON-164796276-project-admin] 10.222.0.22 "DELETE /compute/v2.1/os-aggregates/4" status: 200 len: 0 microversion: 2.1 time: 0.089076
Aug 27 11:33:47.050290 n-d-802225-5 devstack@n-api.service[116859]: [pid: 116859|app: 0|req: 92/183] 10.222.0.22 () {58 vars in 1152 bytes} [Fri Aug 27 11:33:46 2021] DELETE /compute/v2.1/os-aggregates/4 => generated 0 bytes in 90 msecs (HTTP/1.1 200) 9 headers in 355 bytes (1 switches on core 0)
Aug 27 11:33:47.060029 n-d-802225-5 devstack@n-api.service[116860]: DEBUG nova.api.openstack.wsgi [None req-7b872720-f99c-4883-ba80-68309a46a278 tempest-AggregatesAdminTestJSON-164796276 tempest-AggregatesAdminTestJSON-164796276-project-admin] Action: 'create', calling method: >, body: {"aggregate": {"name": "tempest-test_aggregate-999651875"}} {{(pid=116860) _process_stack /opt/stack/nova/nova/api/openstack/wsgi.py:511}}
Aug 27 11:33:47.061302 n-d-802225-5 devstack@n-api.service[116860]: /usr/local/lib/python3.8/dist-packages/oslo_policy/policy.py:1064: UserWarning: Policy os_compute_api:os-aggregates:create failed scope check. The token used to make the request was project scoped but the policy requires ['system'] scope. This behavior may change in the future where using the intended scope is required
Aug 27 11:33:47.061302 n-d-802225-5 devstack@n-api.service[116860]: warnings.warn(msg)
Aug 27 11:33:47.062483 n-d-802225-5 devstack@n-api.service[116860]: DEBUG nova.objects.aggregate [None req-7b872720-f99c-4883-ba80-68309a46a278 tempest-AggregatesAdminTestJSON-164796276 tempest-AggregatesAdminTestJSON-164796276-project-admin] Generated uuid 1cf5e05d-70c3-4660-a2f3-7dcd71506668 for aggregate {{(pid=116860) create /opt/stack/nova/nova/objects/aggregate.py:298}}
Aug 27 11:33:47.075248 n-d-802225-5 devstack@n-api.service[116859]: DEBUG nova.api.openstack.wsgi [None req-426df01b-3fae-4ac0-acf6-88e21b369a78 tempest-AggregatesAdminTestV241-1786811794 tempest-AggregatesAdminTestV241-1786811794-project-admin] Action: 'create', calling method: >, body: {"aggregate": {"name": "tempest-test_aggregate-28761781"}} {{(pid=116859) _process_stack /opt/stack/nova/nova/api/openstack/wsgi.py:511}}
Aug 27 11:33:47.076534 n-d-802225-5 devstack@n-api.service[116859]: /usr/local/lib/python3.8/dist-packages/oslo_policy/policy.py:1064: UserWarning: Policy os_compute_api:os-aggregates:create failed scope check. The token used to make the request was project scoped but the policy requires ['system'] scope. This behavior may change in the future where using the intended scope is required
Aug 27 11:33:47.076534 n-d-802225-5 devstack@n-api.service[116859]: warnings.warn(msg)
Aug 27 11:33:47.077712 n-d-802225-5 devstack@n-api.service[116859]: DEBUG nova.objects.aggregate [None req-426df01b-3fae-4ac0-acf6-88e21b369a78 tempest-AggregatesAdminTestV241-1786811794 tempest-AggregatesAdminTestV241-1786811794-project-admin] Generated uuid 94e23896-e496-497a-b65c-0ebfaedc2990 for aggregate {{(pid=116859) create /opt/stack/nova/nova/objects/aggregate.py:298}}
Aug 27 11:33:47.156224 n-d-802225-5 devstack@n-api.service[116860]: INFO nova.api.openstack.requestlog [None req-7b872720-f99c-4883-ba80-68309a46a278 tempest-AggregatesAdminTestJSON-164796276 tempest-AggregatesAdminTestJSON-164796276-project-admin] 10.222.0.22 "POST /compute/v2.1/os-aggregates" status: 200 len: 197 microversion: 2.1 time: 0.097745
Aug 27 11:33:47.157063 n-d-802225-5 devstack@n-api.service[116860]: [pid: 116860|app: 0|req: 92/184] 10.222.0.22 () {60 vars in 1164 bytes} [Fri Aug 27 11:33:47 2021] POST /compute/v2.1/os-aggregates => generated 197 bytes in 102 msecs (HTTP/1.1 200) 9 headers in 357 bytes (1 switches on core 0)
Aug 27 11:33:47.161777 n-d-802225-5 devstack@n-api.service[116860]: DEBUG nova.api.openstack.wsgi [None req-5b1a218f-f354-4a7f-994e-f31f8d5344d0 tempest-LiveMigrationNegativeTest-1598924240 tempest-LiveMigrationNegativeTest-1598924240-project] Calling method '>' {{(pid=116860) _process_stack /opt/stack/nova/nova/api/openstack/wsgi.py:513}}
Aug 27 11:33:47.162527 n-d-802225-5 devstack@n-api.service[116860]: DEBUG nova.compute.api [None req-5b1a218f-f354-4a7f-994e-f31f8d5344d0 tempest-LiveMigrationNegativeTest-1598924240 tempest-LiveMigrationNegativeTest-1598924240-project] [instance: 2c2eb1c8-de99-46f0-b2c0-1e1e815e5418] Fetching instance by UUID {{(pid=116860) get /opt/stack/nova/nova/compute/api.py:2826}}
Aug 27 11:33:47.169629 n-d-802225-5 devstack@n-api.service[116860]: DEBUG oslo_concurrency.lockutils [None req-5b1a218f-f354-4a7f-994e-f31f8d5344d0 tempest-LiveMigrationNegativeTest-1598924240 tempest-LiveMigrationNegativeTest-1598924240-project] Lock "2fbccd78-1504-4d4f-8d1f-35a74dcc706a" acquired by "nova.context.set_target_cell..get_or_set_cached_cell_and_set_connections" :: waited 0.000s {{(pid=116860) inner /usr/local/lib/python3.8/dist-packages/oslo_concurrency/lockutils.py:355}}
Aug 27 11:33:47.170276 n-d-802225-5 devstack@n-api.service[116860]: DEBUG oslo_concurrency.lockutils [None req-5b1a218f-f354-4a7f-994e-f31f8d5344d0 tempest-LiveMigrationNegativeTest-1598924240 tempest-LiveMigrationNegativeTest-1598924240-project] Lock "2fbccd78-1504-4d4f-8d1f-35a74dcc706a" released by "nova.context.set_target_cell..get_or_set_cached_cell_and_set_connections" :: held 0.001s {{(pid=116860) inner /usr/local/lib/python3.8/dist-packages/oslo_concurrency/lockutils.py:367}}
Aug 27 11:33:47.171059 n-d-802225-5 devstack@n-api.service[116860]: DEBUG oslo_concurrency.lockutils [None req-5b1a218f-f354-4a7f-994e-f31f8d5344d0 tempest-LiveMigrationNegativeTest-1598924240 tempest-LiveMigrationNegativeTest-1598924240-project] Lock "2fbccd78-1504-4d4f-8d1f-35a74dcc706a" acquired by "nova.context.set_target_cell..get_or_set_cached_cell_and_set_connections" :: waited 0.000s {{(pid=116860) inner /usr/local/lib/python3.8/dist-packages/oslo_concurrency/lockutils.py:355}}
Aug 27 11:33:47.171493 n-d-802225-5 devstack@n-api.service[116860]: DEBUG oslo_concurrency.lockutils [None req-5b1a218f-f354-4a7f-994e-f31f8d5344d0 tempest-LiveMigrationNegativeTest-1598924240 tempest-LiveMigrationNegativeTest-1598924240-project] Lock "2fbccd78-1504-4d4f-8d1f-35a74dcc706a" released by "nova.context.set_target_cell..get_or_set_cached_cell_and_set_connections" :: held 0.000s {{(pid=116860) inner /usr/local/lib/python3.8/dist-packages/oslo_concurrency/lockutils.py:367}}
Aug 27 11:33:47.179977 n-d-802225-5 devstack@n-api.service[116859]: INFO nova.api.openstack.requestlog [None req-426df01b-3fae-4ac0-acf6-88e21b369a78 tempest-AggregatesAdminTestV241-1786811794 tempest-AggregatesAdminTestV241-1786811794-project-admin] 10.222.0.22 "POST /compute/v2.1/os-aggregates" status: 200 len: 244 microversion: 2.41 time: 0.108338
Aug 27 11:33:47.180571 n-d-802225-5 devstack@n-api.service[116859]: [pid: 116859|app: 0|req: 93/185] 10.222.0.22 () {62 vars in 1205 bytes} [Fri Aug 27 11:33:47 2021] POST /compute/v2.1/os-aggregates => generated 244 bytes in 110 msecs (HTTP/1.1 200) 9 headers in 359 bytes (2 switches on core 0)
Aug 27 11:33:47.186292 n-d-802225-5 devstack@n-api.service[116859]: DEBUG nova.api.openstack.wsgi [None req-b52c5f0c-412b-4f38-a47e-02555158dcc7 tempest-AggregatesAdminTestJSON-164796276 tempest-AggregatesAdminTestJSON-164796276-project-admin] Calling method '>' {{(pid=116859) _process_stack /opt/stack/nova/nova/api/openstack/wsgi.py:513}}
Aug 27 11:33:47.187156 n-d-802225-5 devstack@n-api.service[116859]: /usr/local/lib/python3.8/dist-packages/oslo_policy/policy.py:1064: UserWarning: Policy os_compute_api:os-aggregates:delete failed scope check. The token used to make the request was project scoped but the policy requires ['system'] scope. This behavior may change in the future where using the intended scope is required
Aug 27 11:33:47.187156 n-d-802225-5 devstack@n-api.service[116859]: warnings.warn(msg)
Aug 27 11:33:47.233086 n-d-802225-5 devstack@n-api.service[116860]: DEBUG nova.policy [None req-5b1a218f-f354-4a7f-994e-f31f8d5344d0 tempest-LiveMigrationNegativeTest-1598924240 tempest-LiveMigrationNegativeTest-1598924240-project] Policy check for os_compute_api:os-extended-server-attributes failed with credentials {'is_admin': False, 'user_id': 'e57312b9623f474eb280aa7d1e54e43b', 'user_domain_id': 'default', 'system_scope': None, 'domain_id': None, 'project_id': '659b313df8164ab4be4d59039c542906', 'project_domain_id': 'default', 'roles': ['reader', 'member'], 'is_admin_project': True, 'service_user_id': None, 'service_user_domain_id': None, 'service_project_id': None, 'service_project_domain_id': None, 'service_roles': []} {{(pid=116860) authorize /opt/stack/nova/nova/policy.py:199}}
Aug 27 11:33:47.240423 n-d-802225-5 devstack@n-api.service[116860]: INFO nova.api.openstack.requestlog [None req-5b1a218f-f354-4a7f-994e-f31f8d5344d0 tempest-LiveMigrationNegativeTest-1598924240 tempest-LiveMigrationNegativeTest-1598924240-project] 10.222.0.22 "GET /compute/v2.1/servers/2c2eb1c8-de99-46f0-b2c0-1e1e815e5418" status: 200 len: 1270 microversion: 2.1 time: 0.082079
Aug 27 11:33:47.240982 n-d-802225-5 devstack@n-api.service[116860]: [pid: 116860|app: 0|req: 93/186] 10.222.0.22 () {58 vars in 1236 bytes} [Fri Aug 27 11:33:47 2021] GET /compute/v2.1/servers/2c2eb1c8-de99-46f0-b2c0-1e1e815e5418 => generated 1270 bytes in 83 msecs (HTTP/1.1 200) 9 headers in 358 bytes (1 switches on core 0)
Aug 27 11:33:47.245269 n-d-802225-5 devstack@n-api.service[116860]: DEBUG nova.api.openstack.wsgi [None req-c4078199-9fa6-49c2-b718-43dbeed35f8f tempest-AggregatesAdminTestV241-1786811794 tempest-AggregatesAdminTestV241-1786811794-project-admin] Action: 'update', calling method: >, body: {"aggregate": {"name": "tempest-test_aggregate-1362838244"}} {{(pid=116860) _process_stack /opt/stack/nova/nova/api/openstack/wsgi.py:511}}
Aug 27 11:33:47.285077 n-d-802225-5 devstack@n-api.service[116859]: INFO nova.api.openstack.requestlog [None req-b52c5f0c-412b-4f38-a47e-02555158dcc7 tempest-AggregatesAdminTestJSON-164796276 tempest-AggregatesAdminTestJSON-164796276-project-admin] 10.222.0.22 "DELETE /compute/v2.1/os-aggregates/5" status: 200 len: 0 microversion: 2.1 time: 0.102606
Aug 27 11:33:47.285638 n-d-802225-5 devstack@n-api.service[116859]: [pid: 116859|app: 0|req: 94/187] 10.222.0.22 () {58 vars in 1152 bytes} [Fri Aug 27 11:33:47 2021] DELETE /compute/v2.1/os-aggregates/5 => generated 0 bytes in 104 msecs (HTTP/1.1 200) 9 headers in 355 bytes (1 switches on core 0)
Aug 27 11:33:47.293401 n-d-802225-5 devstack@n-api.service[116859]: DEBUG nova.api.openstack.wsgi [None req-52d30ef5-ec22-41d3-b2e3-28e0a3bcc0bf tempest-AggregatesAdminTestJSON-164796276 tempest-AggregatesAdminTestJSON-164796276-project-admin] Calling method '>' {{(pid=116859) _process_stack /opt/stack/nova/nova/api/openstack/wsgi.py:513}}
Aug 27 11:33:47.294815 n-d-802225-5 devstack@n-api.service[116859]: /usr/local/lib/python3.8/dist-packages/oslo_policy/policy.py:1064: UserWarning: Policy os_compute_api:os-aggregates:show failed scope check. The token used to make the request was project scoped but the policy requires ['system'] scope. This behavior may change in the future where using the intended scope is required
Aug 27 11:33:47.294815 n-d-802225-5 devstack@n-api.service[116859]: warnings.warn(msg)
Aug 27 11:33:47.304669 n-d-802225-5 devstack@n-api.service[116859]: INFO nova.api.openstack.wsgi [None req-52d30ef5-ec22-41d3-b2e3-28e0a3bcc0bf tempest-AggregatesAdminTestJSON-164796276 tempest-AggregatesAdminTestJSON-164796276-project-admin] HTTP exception thrown: Aggregate 5 could not be found.
Aug 27 11:33:47.305238 n-d-802225-5 devstack@n-api.service[116859]: DEBUG nova.api.openstack.wsgi [None req-52d30ef5-ec22-41d3-b2e3-28e0a3bcc0bf tempest-AggregatesAdminTestJSON-164796276 tempest-AggregatesAdminTestJSON-164796276-project-admin] Returning 404 to user: Aggregate 5 could not be found. {{(pid=116859) __call__ /opt/stack/nova/nova/api/openstack/wsgi.py:927}}
Aug 27 11:33:47.306089 n-d-802225-5 devstack@n-api.service[116859]: INFO nova.api.openstack.requestlog [None req-52d30ef5-ec22-41d3-b2e3-28e0a3bcc0bf tempest-AggregatesAdminTestJSON-164796276 tempest-AggregatesAdminTestJSON-164796276-project-admin] 10.222.0.22 "GET /compute/v2.1/os-aggregates/5" status: 404 len: 77 microversion: 2.1 time: 0.016170
Aug 27 11:33:47.306789 n-d-802225-5 devstack@n-api.service[116859]: [pid: 116859|app: 0|req: 95/188] 10.222.0.22 () {58 vars in 1149 bytes} [Fri Aug 27 11:33:47 2021] GET /compute/v2.1/os-aggregates/5 => generated 77 bytes in 17 msecs (HTTP/1.1 404) 9 headers in 378 bytes (1 switches on core 0)
Aug 27 11:33:47.313963 n-d-802225-5 devstack@n-api.service[116859]: DEBUG nova.api.openstack.wsgi [None req-444d5b6d-3bf2-49a2-b52f-9d3094fa480c tempest-AggregatesAdminTestJSON-164796276 tempest-AggregatesAdminTestJSON-164796276-project-admin] Calling method '>' {{(pid=116859) _process_stack /opt/stack/nova/nova/api/openstack/wsgi.py:513}}
Aug 27 11:33:47.314702 n-d-802225-5 devstack@n-api.service[116859]: /usr/local/lib/python3.8/dist-packages/oslo_policy/policy.py:1064: UserWarning: Policy os_compute_api:os-aggregates:delete failed scope check. The token used to make the request was project scoped but the policy requires ['system'] scope. This behavior may change in the future where using the intended scope is required
Aug 27 11:33:47.314702 n-d-802225-5 devstack@n-api.service[116859]: warnings.warn(msg)
Aug 27 11:33:47.322338 n-d-802225-5 devstack@n-api.service[116860]: /usr/local/lib/python3.8/dist-packages/oslo_policy/policy.py:1064: UserWarning: Policy os_compute_api:os-aggregates:update failed scope check. The token used to make the request was project scoped but the policy requires ['system'] scope. This behavior may change in the future where using the intended scope is required
Aug 27 11:33:47.322338 n-d-802225-5 devstack@n-api.service[116860]: warnings.warn(msg)
Aug 27 11:33:47.328876 n-d-802225-5 devstack@n-api.service[116859]: INFO nova.api.openstack.wsgi [None req-444d5b6d-3bf2-49a2-b52f-9d3094fa480c tempest-AggregatesAdminTestJSON-164796276 tempest-AggregatesAdminTestJSON-164796276-project-admin] HTTP exception thrown: Aggregate 5 could not be found.
Aug 27 11:33:47.332792 n-d-802225-5 devstack@n-api.service[116859]: DEBUG nova.api.openstack.wsgi [None req-444d5b6d-3bf2-49a2-b52f-9d3094fa480c tempest-AggregatesAdminTestJSON-164796276 tempest-AggregatesAdminTestJSON-164796276-project-admin] Returning 404 to user: Aggregate 5 could not be found. {{(pid=116859) __call__ /opt/stack/nova/nova/api/openstack/wsgi.py:927}}
Aug 27 11:33:47.332792 n-d-802225-5 devstack@n-api.service[116859]: INFO nova.api.openstack.requestlog [None req-444d5b6d-3bf2-49a2-b52f-9d3094fa480c tempest-AggregatesAdminTestJSON-164796276 tempest-AggregatesAdminTestJSON-164796276-project-admin] 10.222.0.22 "DELETE /compute/v2.1/os-aggregates/5" status: 404 len: 77 microversion: 2.1 time: 0.019639
Aug 27 11:33:47.332792 n-d-802225-5 devstack@n-api.service[116859]: [pid: 116859|app: 0|req: 96/189] 10.222.0.22 () {58 vars in 1152 bytes} [Fri Aug 27 11:33:47 2021] DELETE /compute/v2.1/os-aggregates/5 => generated 77 bytes in 21 msecs (HTTP/1.1 404) 9 headers in 378 bytes (2 switches on core 0)
Aug 27 11:33:47.341236 n-d-802225-5 devstack@n-api.service[116859]: DEBUG nova.api.openstack.wsgi [None req-c28f33b3-9eb9-4827-a178-8789890baca8 tempest-AggregatesAdminTestJSON-164796276 tempest-AggregatesAdminTestJSON-164796276-project-admin] Action: 'create', calling method: >, body: {"aggregate": {"availability_zone": "tempest-test_az-334456002", "name": "tempest-test_aggregate-1295496191"}} {{(pid=116859) _process_stack /opt/stack/nova/nova/api/openstack/wsgi.py:511}}
Aug 27 11:33:47.343321 n-d-802225-5 devstack@n-api.service[116859]: /usr/local/lib/python3.8/dist-packages/oslo_policy/policy.py:1064: UserWarning: Policy os_compute_api:os-aggregates:create failed scope check. The token used to make the request was project scoped but the policy requires ['system'] scope. This behavior may change in the future where using the intended scope is required
Aug 27 11:33:47.343321 n-d-802225-5 devstack@n-api.service[116859]: warnings.warn(msg)
Aug 27 11:33:47.344816 n-d-802225-5 devstack@n-api.service[116859]: DEBUG nova.objects.aggregate [None req-c28f33b3-9eb9-4827-a178-8789890baca8 tempest-AggregatesAdminTestJSON-164796276 tempest-AggregatesAdminTestJSON-164796276-project-admin] Generated uuid 9224ed55-ec89-407f-970b-aa0bfbc043ca for aggregate {{(pid=116859) create /opt/stack/nova/nova/objects/aggregate.py:298}}
Aug 27 11:33:47.432761 n-d-802225-5 devstack@n-api.service[116860]: INFO nova.api.openstack.requestlog [None req-c4078199-9fa6-49c2-b718-43dbeed35f8f tempest-AggregatesAdminTestV241-1786811794 tempest-AggregatesAdminTestV241-1786811794-project-admin] 10.222.0.22 "PUT /compute/v2.1/os-aggregates/6" status: 200 len: 299 microversion: 2.41 time: 0.190758
Aug 27 11:33:47.439048 n-d-802225-5 devstack@n-api.service[116860]: [pid: 116860|app: 0|req: 94/190] 10.222.0.22 () {62 vars in 1210 bytes} [Fri Aug 27 11:33:47 2021] PUT /compute/v2.1/os-aggregates/6 => generated 299 bytes in 192 msecs (HTTP/1.1 200) 9 headers in 359 bytes (1 switches on core 0)
Aug 27 11:33:47.447822 n-d-802225-5 devstack@n-api.service[116860]: DEBUG nova.api.openstack.wsgi [None req-eded80d7-f000-484c-8745-852a2bf5104c tempest-AggregatesAdminTestV241-1786811794 tempest-AggregatesAdminTestV241-1786811794-project-admin] Calling method '>' {{(pid=116860) _process_stack /opt/stack/nova/nova/api/openstack/wsgi.py:513}}
Aug 27 11:33:47.447822 n-d-802225-5 devstack@n-api.service[116860]: /usr/local/lib/python3.8/dist-packages/oslo_policy/policy.py:1064: UserWarning: Policy os_compute_api:os-aggregates:show failed scope check. The token used to make the request was project scoped but the policy requires ['system'] scope. This behavior may change in the future where using the intended scope is required
Aug 27 11:33:47.447822 n-d-802225-5 devstack@n-api.service[116860]: warnings.warn(msg)
Aug 27 11:33:47.455271 n-d-802225-5 devstack@n-api.service[116860]: INFO nova.api.openstack.requestlog [None req-eded80d7-f000-484c-8745-852a2bf5104c tempest-AggregatesAdminTestV241-1786811794 tempest-AggregatesAdminTestV241-1786811794-project-admin] 10.222.0.22 "GET /compute/v2.1/os-aggregates/6" status: 200 len: 299 microversion: 2.41 time: 0.014440
Aug 27 11:33:47.456278 n-d-802225-5 devstack@n-api.service[116860]: [pid: 116860|app: 0|req: 95/191] 10.222.0.22 () {60 vars in 1190 bytes} [Fri Aug 27 11:33:47 2021] GET /compute/v2.1/os-aggregates/6 => generated 299 bytes in 16 msecs (HTTP/1.1 200) 9 headers in 359 bytes (2 switches on core 0)
Aug 27 11:33:47.468193 n-d-802225-5 devstack@n-api.service[116860]: DEBUG nova.api.openstack.wsgi [None req-25f32442-502e-45a4-99b8-a6d3d9aba89f tempest-AggregatesAdminTestV241-1786811794 tempest-AggregatesAdminTestV241-1786811794-project-admin] Action: 'action', calling method: >, body: {"add_host": {"host": "n-h1-802225-5"}} {{(pid=116860) _process_stack /opt/stack/nova/nova/api/openstack/wsgi.py:511}}
Aug 27 11:33:47.469438 n-d-802225-5 devstack@n-api.service[116860]: /usr/local/lib/python3.8/dist-packages/oslo_policy/policy.py:1064: UserWarning: Policy os_compute_api:os-aggregates:add_host failed scope check. The token used to make the request was project scoped but the policy requires ['system'] scope. This behavior may change in the future where using the intended scope is required
Aug 27 11:33:47.469438 n-d-802225-5 devstack@n-api.service[116860]: warnings.warn(msg)
Aug 27 11:33:47.477690 n-d-802225-5 devstack@n-api.service[116860]: DEBUG oslo_concurrency.lockutils [None req-25f32442-502e-45a4-99b8-a6d3d9aba89f tempest-AggregatesAdminTestV241-1786811794 tempest-AggregatesAdminTestV241-1786811794-project-admin] Lock "2fbccd78-1504-4d4f-8d1f-35a74dcc706a" acquired by "nova.context.set_target_cell..get_or_set_cached_cell_and_set_connections" :: waited 0.000s {{(pid=116860) inner /usr/local/lib/python3.8/dist-packages/oslo_concurrency/lockutils.py:355}}
