Aug 06 02:27:42.909987 n-d-802225-3 neutron-server[94099]: INFO neutron.wsgi [None req-a03da54c-1949-4ca9-a831-c1f858fa48f8 admin admin] 10.222.0.38 "DELETE /v2.0/security-groups/75d5d70b-87a0-45e6-852e-a33dd4ffb77d HTTP/1.1" status: 204 len: 168 time: 0.2558212
Aug 06 02:27:42.931874 n-d-802225-3 neutron-server[94099]: DEBUG neutron.api.rpc.handlers.resources_rpc [None req-a03da54c-1949-4ca9-a831-c1f858fa48f8 admin admin] Pushing event deleted for resources: {'SecurityGroup': ['ID=75d5d70b-87a0-45e6-852e-a33dd4ffb77d,revision_number=None']} {{(pid=94099) push /opt/stack/neutron/neutron/api/rpc/handlers/resources_rpc.py:237}}
Aug 06 02:27:42.973445 n-d-802225-3 neutron-server[94099]: INFO neutron.wsgi [req-d5107f17-86dc-41f6-be59-5bb0a44a7318 req-61300f8a-1066-4ed3-a5a7-25aeed433667 tempest-DeleteServersAdminTestJSON-527908937 tempest-DeleteServersAdminTestJSON-527908937-project] 10.222.0.38 "GET /v2.0/security-groups?id=f68d9c97-5366-4338-898f-f961e8898565&fields=id&fields=name HTTP/1.1" status: 200 len: 286 time: 0.0789933
Aug 06 02:27:43.063509 n-d-802225-3 neutron-server[94100]: DEBUG neutron.api.rpc.handlers.dhcp_rpc [None req-fab14da3-3857-48d7-8093-099564c63e4b None None] Create dhcp port {'port': {'name': '', 'admin_state_up': True, 'device_id': 'dhcp899e1fa4-b6ea-5a08-a33d-ec862abd2b7d-3c05986c-a6fa-4741-bb9e-a2d4fdc19392', 'network_id': '3c05986c-a6fa-4741-bb9e-a2d4fdc19392', 'tenant_id': 'b69508ca799a420489b7c150b7576d56', 'fixed_ips': [{'subnet_id': 'cf9d4024-96ae-4af0-aa00-30a58bb376ca'}]}} from n-d-802225-3. {{(pid=94100) create_dhcp_port /opt/stack/neutron/neutron/api/rpc/handlers/dhcp_rpc.py:285}}
Aug 06 02:27:43.064390 n-d-802225-3 neutron-server[94100]: DEBUG neutron_lib.callbacks.manager [None req-fab14da3-3857-48d7-8093-099564c63e4b None None] Notify callbacks ['neutron.plugins.ml2.plugin.SecurityGroupDbMixin._ensure_default_security_group_handler-1688184'] for port, before_create {{(pid=94100) _notify_loop /usr/local/lib/python3.8/dist-packages/neutron_lib/callbacks/manager.py:192}}
Aug 06 02:27:43.164744 n-d-802225-3 neutron-server[94098]: DEBUG neutron.notifiers.nova [-] Sending events: [{'name': 'network-changed', 'server_uuid': 'c701742c-148d-4cea-8fa7-551eed838cf8', 'tag': '83c92530-68b6-4a74-9a5d-1972d1b04a58'}] {{(pid=94098) send_events /opt/stack/neutron/neutron/notifiers/nova.py:262}}
Aug 06 02:27:43.169160 n-d-802225-3 neutron-server[94098]: DEBUG novaclient.v2.client [-] REQ: curl -g -i --cacert "/opt/stack/data/ca-bundle.pem" -X POST http://10.222.0.38/compute/v2.1/os-server-external-events -H "Accept: application/json" -H "Content-Type: application/json" -H "User-Agent: python-novaclient" -H "X-Auth-Token: {SHA256}465ba3d516d9807ba3ab92ca905dd0bc62b6c8a106814ab6390280b84095a5c1" -H "X-OpenStack-Nova-API-Version: 2.1" -H "X-OpenStack-Request-ID: req-5d35ed0c-b004-4f08-ab23-22aa2b750842" -d '{"events": [{"name": "network-changed", "server_uuid": "c701742c-148d-4cea-8fa7-551eed838cf8", "tag": "83c92530-68b6-4a74-9a5d-1972d1b04a58"}]}' {{(pid=94098) _http_log_request /usr/local/lib/python3.8/dist-packages/keystoneauth1/session.py:519}}
Aug 06 02:27:43.193755 n-d-802225-3 neutron-server[94098]: DEBUG neutron.pecan_wsgi.hooks.policy_enforcement [req-9de2afc8-9bc8-474f-bbb3-25845f85a6a8 req-4e739aef-795d-404e-8242-6d149368cef7 tempest-ServersWithSpecificFlavorTestJSON-859330222 tempest-ServersWithSpecificFlavorTestJSON-859330222-project] Attributes excluded by policy engine: ['standard_attr_id', 'binding:profile', 'binding:host_id', 'binding:vif_type', 'binding:vif_details'] {{(pid=94098) _exclude_attributes_by_policy /opt/stack/neutron/neutron/pecan_wsgi/hooks/policy_enforcement.py:255}}
Aug 06 02:27:43.202486 n-d-802225-3 neutron-server[94098]: INFO neutron.wsgi [req-9de2afc8-9bc8-474f-bbb3-25845f85a6a8 req-4e739aef-795d-404e-8242-6d149368cef7 tempest-ServersWithSpecificFlavorTestJSON-859330222 tempest-ServersWithSpecificFlavorTestJSON-859330222-project] 10.222.0.38 "GET /v2.0/ports?device_id=c21b132d-4bdb-4ef8-8175-39fcd89656ed HTTP/1.1" status: 200 len: 966 time: 0.4872346
Aug 06 02:27:43.237046 n-d-802225-3 neutron-server[94100]: DEBUG neutron_lib.callbacks.manager [None req-0ee907bb-5408-48d7-9aed-f360f57e793c None None] Notify callbacks ['neutron.services.segments.db._update_segment_host_mapping_for_agent-8746624153869', 'neutron.plugins.ml2.plugin.Ml2Plugin._retry_binding_revived_agents-1685852'] for agent, after_update {{(pid=94100) _notify_loop /usr/local/lib/python3.8/dist-packages/neutron_lib/callbacks/manager.py:192}}
Aug 06 02:27:43.241578 n-d-802225-3 neutron-server[94098]: DEBUG neutron_lib.callbacks.manager [None req-c6b9692e-8288-4280-ae63-07c21076afd7 admin admin] Notify callbacks [] for router_gateway, precommit_update {{(pid=94098) _notify_loop /usr/local/lib/python3.8/dist-packages/neutron_lib/callbacks/manager.py:192}}
Aug 06 02:27:43.262861 n-d-802225-3 neutron-server[94098]: INFO neutron.wsgi [req-9de2afc8-9bc8-474f-bbb3-25845f85a6a8 req-f6a3a252-bc46-453f-affe-83d2c8b0601d tempest-ServersWithSpecificFlavorTestJSON-859330222 tempest-ServersWithSpecificFlavorTestJSON-859330222-project] 10.222.0.38 "GET /v2.0/security-groups?id=03cb1aa7-942b-49b4-a2d9-165506ef09fd&fields=id&fields=name HTTP/1.1" status: 200 len: 313 time: 0.0600986
Aug 06 02:27:43.269342 n-d-802225-3 neutron-server[94100]: DEBUG neutron.db.db_base_plugin_common [None req-fab14da3-3857-48d7-8093-099564c63e4b None None] Allocated IP 172.20.0.2 (3c05986c-a6fa-4741-bb9e-a2d4fdc19392/cf9d4024-96ae-4af0-aa00-30a58bb376ca/718e40d2-f9e9-427f-b93f-71d3e670afa2) {{(pid=94100) _store_ip_allocation /opt/stack/neutron/neutron/db/db_base_plugin_common.py:131}}
Aug 06 02:27:43.284365 n-d-802225-3 neutron-server[94100]: DEBUG neutron.db.l3_hamode_db [None req-e880342b-28f2-4634-90da-0ebf2409ca83 None None] neutron.services.l3_router.l3_router_plugin.L3RouterPlugin method _process_sync_ha_data called with arguments (, [{'id': '540e245d-7deb-48f7-9c56-24e3333350c4', 'name': 'tempest-AttachSCSIVolumeTestJSON-1291832121-router', 'tenant_id': 'dd051fb346e54c078fdca2d2f44c7794', 'admin_state_up': True, 'status': 'ACTIVE', 'external_gateway_info': {'network_id': '4e8de4ba-38b6-431f-93d5-d877573a74c0', 'external_fixed_ips': [{'subnet_id': '29c53938-df5d-4a8b-9810-af9015d2748f', 'ip_address': '172.25.2.133'}], 'enable_snat': True}, 'gw_port_id': 'ca9a6752-cbaf-4fb4-8ada-d7256d1b9b00', 'description': '', 'availability_zones': ['nova'], 'distributed': False, 'ha': False, 'ha_vr_id': 0, 'availability_zone_hints': [], 'routes': [], 'flavor_id': None, 'tags': [], 'created_at': '2021-08-06T02:27:32Z', 'updated_at': '2021-08-06T02:27:37Z', 'revision_number': 4, 'project_id': 'dd051fb346e54c078fdca2d2f44c7794', 'gw_port': {'id': 'ca9a6752-cbaf-4fb4-8ada-d7256d1b9b00', 'name': '', 'network_id': '4e8de4ba-38b6-431f-93d5-d877573a74c0', 'tenant_id': '', 'mac_address': 'fa:16:3e:06:be:4a', 'admin_state_up': True, 'status': 'ACTIVE', 'device_id': '540e245d-7deb-48f7-9c56-24e3333350c4', 'device_owner': 'network:router_gateway', 'standard_attr_id': 213, 'fixed_ips': [{'subnet_id': '29c53938-df5d-4a8b-9810-af9015d2748f', 'ip_address': '172.25.2.133', 'prefixlen': 24}], 'allowed_address_pairs': [], 'extra_dhcp_opts': [], 'security_groups': [], 'description': '', 'binding:vnic_type': 'normal', 'binding:profile': {}, 'binding:host_id': 'n-d-802225-3', 'binding:vif_type': 'ovs', 'binding:vif_details': {'connectivity': 'l2', 'port_filter': True, 'ovs_hybrid_plug': False, 'datapath_type': 'system', 'bridge_name': 'br-int'}, 'port_security_enabled': False, 'tags': [], 'created_at': '2021-08-06T02:27:33Z', 'updated_at': '2021-08-06T02:27:39Z', 'revision_number': 4, 'project_id': '', 'subnets': [{'id': '29c53938-df5d-4a8b-9810-af9015d2748f', 'cidr': '172.25.2.0/24', 'gateway_ip': '172.25.2.1', 'dns_nameservers': [], 'ipv6_ra_mode': None, 'subnetpool_id': None}], 'extra_subnets': [], 'address_scopes': {4: None, 6: None}, 'mtu': 1500}, 'enable_snat': True, 'gw_port_host': 'n-d-802225-3', '_interfaces': [{'id': '57786c6c-3f18-412e-9a4d-d089d6655419', 'name': '', 'network_id': 'acc26f0b-8e2f-445e-9dda-e71e3e6de789', 'tenant_id': 'dd051fb346e54c078fdca2d2f44c7794', 'mac_address': 'fa:16:3e:10:11:ce', 'admin_state_up': True, 'status': 'DOWN', 'device_id': '540e245d-7deb-48f7-9c56-24e3333350c4', 'device_owner': 'network:router_interface', 'standard_attr_id': 224, 'fixed_ips': [{'subnet_id': 'd9b18b58-90d2-4546-9b66-ea978e2bddba', 'ip_address': '172.20.0.1', 'prefixlen': 28}], 'allowed_address_pairs': [], 'extra_dhcp_opts': [], 'security_groups': [], 'description': '', 'binding:vnic_type': 'normal', 'binding:profile': {}, 'binding:host_id': 'n-d-802225-3', 'binding:vif_type': 'ovs', 'binding:vif_details': {'connectivity': 'l2', 'port_filter': True, 'ovs_hybrid_plug': False, 'datapath_type': 'system', 'bridge_name': 'br-int'}, 'port_security_enabled': False, 'tags': [], 'created_at': '2021-08-06T02:27:36Z', 'updated_at': '2021-08-06T02:27:42Z', 'revision_number': 4, 'project_id': 'dd051fb346e54c078fdca2d2f44c7794', 'subnets': [{'id': 'd9b18b58-90d2-4546-9b66-ea978e2bddba', 'cidr': '172.20.0.0/28', 'gateway_ip': '172.20.0.1', 'dns_nameservers': [], 'ipv6_ra_mode': None, 'subnetpool_id': None}], 'extra_subnets': [], 'address_scopes': {4: None, 6: None}, 'mtu': 1500}]}], 'n-d-802225-3', False) {} {{(pid=94100) wrapper /usr/local/lib/python3.8/dist-packages/oslo_log/helpers.py:65}}
Aug 06 02:27:43.324668 n-d-802225-3 neutron-server[94100]: DEBUG neutron.api.rpc.handlers.l3_rpc [None req-e880342b-28f2-4634-90da-0ebf2409ca83 None None] The sync data for ids ['540e245d-7deb-48f7-9c56-24e3333350c4'] in n-d-802225-3 is: [{'id': '540e245d-7deb-48f7-9c56-24e3333350c4', 'name': 'tempest-AttachSCSIVolumeTestJSON-1291832121-router', 'tenant_id': 'dd051fb346e54c078fdca2d2f44c7794', 'admin_state_up': True, 'status': 'ACTIVE', 'external_gateway_info': {'network_id': '4e8de4ba-38b6-431f-93d5-d877573a74c0', 'external_fixed_ips': [{'subnet_id': '29c53938-df5d-4a8b-9810-af9015d2748f', 'ip_address': '172.25.2.133'}], 'enable_snat': True}, 'gw_port_id': 'ca9a6752-cbaf-4fb4-8ada-d7256d1b9b00', 'description': '', 'availability_zones': ['nova'], 'distributed': False, 'ha': False, 'ha_vr_id': 0, 'availability_zone_hints': [], 'routes': [], 'flavor_id': None, 'tags': [], 'created_at': '2021-08-06T02:27:32Z', 'updated_at': '2021-08-06T02:27:37Z', 'revision_number': 4, 'project_id': 'dd051fb346e54c078fdca2d2f44c7794', 'gw_port': {'id': 'ca9a6752-cbaf-4fb4-8ada-d7256d1b9b00', 'name': '', 'network_id': '4e8de4ba-38b6-431f-93d5-d877573a74c0', 'tenant_id': '', 'mac_address': 'fa:16:3e:06:be:4a', 'admin_state_up': True, 'status': 'ACTIVE', 'device_id': '540e245d-7deb-48f7-9c56-24e3333350c4', 'device_owner': 'network:router_gateway', 'standard_attr_id': 213, 'fixed_ips': [{'subnet_id': '29c53938-df5d-4a8b-9810-af9015d2748f', 'ip_address': '172.25.2.133', 'prefixlen': 24}], 'allowed_address_pairs': [], 'extra_dhcp_opts': [], 'security_groups': [], 'description': '', 'binding:vnic_type': 'normal', 'binding:profile': {}, 'binding:host_id': 'n-d-802225-3', 'binding:vif_type': 'ovs', 'binding:vif_details': {'connectivity': 'l2', 'port_filter': True, 'ovs_hybrid_plug': False, 'datapath_type': 'system', 'bridge_name': 'br-int'}, 'port_security_enabled': False, 'tags': [], 'created_at': '2021-08-06T02:27:33Z', 'updated_at': '2021-08-06T02:27:39Z', 'revision_number': 4, 'project_id': '', 'subnets': [{'id': '29c53938-df5d-4a8b-9810-af9015d2748f', 'cidr': '172.25.2.0/24', 'gateway_ip': '172.25.2.1', 'dns_nameservers': [], 'ipv6_ra_mode': None, 'subnetpool_id': None}], 'extra_subnets': [], 'address_scopes': {4: None, 6: None}, 'mtu': 1500}, 'enable_snat': True, 'gw_port_host': 'n-d-802225-3', '_interfaces': [{'id': '57786c6c-3f18-412e-9a4d-d089d6655419', 'name': '', 'network_id': 'acc26f0b-8e2f-445e-9dda-e71e3e6de789', 'tenant_id': 'dd051fb346e54c078fdca2d2f44c7794', 'mac_address': 'fa:16:3e:10:11:ce', 'admin_state_up': True, 'status': 'DOWN', 'device_id': '540e245d-7deb-48f7-9c56-24e3333350c4', 'device_owner': 'network:router_interface', 'standard_attr_id': 224, 'fixed_ips': [{'subnet_id': 'd9b18b58-90d2-4546-9b66-ea978e2bddba', 'ip_address': '172.20.0.1', 'prefixlen': 28}], 'allowed_address_pairs': [], 'extra_dhcp_opts': [], 'security_groups': [], 'description': '', 'binding:vnic_type': 'normal', 'binding:profile': {}, 'binding:host_id': 'n-d-802225-3', 'binding:vif_type': 'ovs', 'binding:vif_details': {'connectivity': 'l2', 'port_filter': True, 'ovs_hybrid_plug': False, 'datapath_type': 'system', 'bridge_name': 'br-int'}, 'port_security_enabled': False, 'tags': [], 'created_at': '2021-08-06T02:27:36Z', 'updated_at': '2021-08-06T02:27:42Z', 'revision_number': 4, 'project_id': 'dd051fb346e54c078fdca2d2f44c7794', 'subnets': [{'id': 'd9b18b58-90d2-4546-9b66-ea978e2bddba', 'cidr': '172.20.0.0/28', 'gateway_ip': '172.20.0.1', 'dns_nameservers': [], 'ipv6_ra_mode': None, 'subnetpool_id': None}], 'extra_subnets': [], 'address_scopes': {4: None, 6: None}, 'mtu': 1500}]}] {{(pid=94100) sync_routers /opt/stack/neutron/neutron/api/rpc/handlers/l3_rpc.py:137}}
Aug 06 02:27:43.350543 n-d-802225-3 neutron-server[94098]: DEBUG novaclient.v2.client [-] RESP: [200] Connection: close Content-Length: 179 Content-Type: application/json Date: Fri, 06 Aug 2021 02:27:43 GMT OpenStack-API-Version: compute 2.1 Server: Apache/2.4.41 (Ubuntu) Vary: OpenStack-API-Version,X-OpenStack-Nova-API-Version X-OpenStack-Nova-API-Version: 2.1 x-compute-request-id: req-87b66b32-0267-47be-b291-da2bee650aaa x-openstack-request-id: req-87b66b32-0267-47be-b291-da2bee650aaa {{(pid=94098) _http_log_response /usr/local/lib/python3.8/dist-packages/keystoneauth1/session.py:550}}
Aug 06 02:27:43.350931 n-d-802225-3 neutron-server[94098]: DEBUG novaclient.v2.client [-] RESP BODY: {"events": [{"name": "network-changed", "server_uuid": "c701742c-148d-4cea-8fa7-551eed838cf8", "tag": "83c92530-68b6-4a74-9a5d-1972d1b04a58", "status": "completed", "code": 200}]} {{(pid=94098) _http_log_response /usr/local/lib/python3.8/dist-packages/keystoneauth1/session.py:582}}
Aug 06 02:27:43.351694 n-d-802225-3 neutron-server[94098]: DEBUG novaclient.v2.client [-] POST call to compute for http://10.222.0.38/compute/v2.1/os-server-external-events used request id req-87b66b32-0267-47be-b291-da2bee650aaa {{(pid=94098) request /usr/local/lib/python3.8/dist-packages/keystoneauth1/session.py:954}}
Aug 06 02:27:43.353444 n-d-802225-3 neutron-server[94098]: INFO neutron.notifiers.nova [-] Nova event response: {'name': 'network-changed', 'server_uuid': 'c701742c-148d-4cea-8fa7-551eed838cf8', 'tag': '83c92530-68b6-4a74-9a5d-1972d1b04a58', 'status': 'completed', 'code': 200}
Aug 06 02:27:43.488419 n-d-802225-3 neutron-server[94098]: DEBUG neutron_lib.callbacks.manager [None req-733b53d6-3dbb-4f8b-8e71-13d353dae831 admin admin] Notify callbacks [] for security_group, precommit_create {{(pid=94098) _notify_loop /usr/local/lib/python3.8/dist-packages/neutron_lib/callbacks/manager.py:192}}
Aug 06 02:27:43.516725 n-d-802225-3 neutron-server[94098]: DEBUG neutron_lib.callbacks.manager [None req-733b53d6-3dbb-4f8b-8e71-13d353dae831 admin admin] Notify callbacks ['neutron.plugins.ml2.ovo_rpc._ObjectChangeHandler.handle_event-611282'] for security_group, after_create {{(pid=94098) _notify_loop /usr/local/lib/python3.8/dist-packages/neutron_lib/callbacks/manager.py:192}}
Aug 06 02:27:43.595754 n-d-802225-3 neutron-server[94100]: DEBUG neutron_lib.callbacks.manager [None req-fab14da3-3857-48d7-8093-099564c63e4b None None] Notify callbacks [] for port, precommit_create {{(pid=94100) _notify_loop /usr/local/lib/python3.8/dist-packages/neutron_lib/callbacks/manager.py:192}}
Aug 06 02:27:43.604676 n-d-802225-3 neutron-server[94100]: DEBUG neutron.db.provisioning_blocks [None req-fab14da3-3857-48d7-8093-099564c63e4b None None] Transition to ACTIVE for port object 718e40d2-f9e9-427f-b93f-71d3e670afa2 will not be triggered until provisioned by entity L2. {{(pid=94100) add_provisioning_component /opt/stack/neutron/neutron/db/provisioning_blocks.py:73}}
Aug 06 02:27:43.621119 n-d-802225-3 neutron-server[94100]: DEBUG neutron.db.provisioning_blocks [None req-fab14da3-3857-48d7-8093-099564c63e4b None None] Transition to ACTIVE for port object 718e40d2-f9e9-427f-b93f-71d3e670afa2 will not be triggered until provisioned by entity DHCP. {{(pid=94100) add_provisioning_component /opt/stack/neutron/neutron/db/provisioning_blocks.py:73}}
Aug 06 02:27:43.622608 n-d-802225-3 neutron-server[94099]: DEBUG neutron.pecan_wsgi.hooks.policy_enforcement [req-222d488b-b7aa-4ea3-b788-b4f17849af47 req-b3ec3de2-b814-4c38-b9e6-f498a4eb46e5 tempest-AggregatesAdminTestJSON-1411896182 tempest-AggregatesAdminTestJSON-1411896182-project] Attributes excluded by policy engine: ['standard_attr_id', 'binding:profile', 'binding:host_id', 'binding:vif_type', 'binding:vif_details'] {{(pid=94099) _exclude_attributes_by_policy /opt/stack/neutron/neutron/pecan_wsgi/hooks/policy_enforcement.py:255}}
Aug 06 02:27:43.628213 n-d-802225-3 neutron-server[94099]: INFO neutron.wsgi [req-222d488b-b7aa-4ea3-b788-b4f17849af47 req-b3ec3de2-b814-4c38-b9e6-f498a4eb46e5 tempest-AggregatesAdminTestJSON-1411896182 tempest-AggregatesAdminTestJSON-1411896182-project] 10.222.0.38 "GET /v2.0/ports?device_id=31bb5c10-c202-49e9-b34a-7b2a05c5c3aa HTTP/1.1" status: 200 len: 971 time: 0.0919039
Aug 06 02:27:43.628977 n-d-802225-3 neutron-server[94100]: DEBUG neutron_lib.callbacks.manager [None req-fab14da3-3857-48d7-8093-099564c63e4b None None] Notify callbacks ['neutron.plugins.ml2.plugin.SecurityGroupServerNotifierRpcMixin._notify_sg_on_port_change-1688123', 'neutron.plugins.ml2.ovo_rpc._ObjectChangeHandler.handle_event-455598', 'neutron.api.rpc.agentnotifiers.dhcp_rpc_agent_api.DhcpAgentNotifyAPI._native_event_send_dhcp_notification-568091', 'neutron.db.l3_dvrscheduler_db._notify_l3_agent_new_port-8746623653340'] for port, after_create {{(pid=94100) _notify_loop /usr/local/lib/python3.8/dist-packages/neutron_lib/callbacks/manager.py:192}}
Aug 06 02:27:43.675797 n-d-802225-3 neutron-server[94098]: DEBUG neutron.pecan_wsgi.hooks.policy_enforcement [req-00aef1b0-ae18-4930-aee4-5a746141718c req-682c859c-2f72-43f8-9643-e591022258bc tempest-ServersWithSpecificFlavorTestJSON-859330222 tempest-ServersWithSpecificFlavorTestJSON-859330222-project] Attributes excluded by policy engine: ['standard_attr_id', 'binding:profile', 'binding:host_id', 'binding:vif_type', 'binding:vif_details'] {{(pid=94098) _exclude_attributes_by_policy /opt/stack/neutron/neutron/pecan_wsgi/hooks/policy_enforcement.py:255}}
Aug 06 02:27:43.677405 n-d-802225-3 neutron-server[94098]: INFO neutron.wsgi [req-00aef1b0-ae18-4930-aee4-5a746141718c req-682c859c-2f72-43f8-9643-e591022258bc tempest-ServersWithSpecificFlavorTestJSON-859330222 tempest-ServersWithSpecificFlavorTestJSON-859330222-project] 10.222.0.38 "GET /v2.0/ports?device_id=c21b132d-4bdb-4ef8-8175-39fcd89656ed HTTP/1.1" status: 200 len: 966 time: 0.1216693
Aug 06 02:27:43.684798 n-d-802225-3 neutron-server[94098]: DEBUG neutron.pecan_wsgi.hooks.policy_enforcement [req-5d35ed0c-b004-4f08-ab23-22aa2b750842 req-5093cb70-12fe-4e90-8933-d930e4ec830c service neutron] Attributes excluded by policy engine: ['standard_attr_id'] {{(pid=94098) _exclude_attributes_by_policy /opt/stack/neutron/neutron/pecan_wsgi/hooks/policy_enforcement.py:255}}
Aug 06 02:27:43.686365 n-d-802225-3 neutron-server[94098]: INFO neutron.wsgi [req-5d35ed0c-b004-4f08-ab23-22aa2b750842 req-5093cb70-12fe-4e90-8933-d930e4ec830c service neutron] 10.222.0.10 "GET /v2.0/ports?tenant_id=caaa1a120a054b7eaa4a851315e7f2e7&device_id=c701742c-148d-4cea-8fa7-551eed838cf8 HTTP/1.1" status: 200 len: 1124 time: 0.3141952
Aug 06 02:27:43.686477 n-d-802225-3 neutron-server[94100]: DEBUG neutron.scheduler.dhcp_agent_scheduler [None req-fab14da3-3857-48d7-8093-099564c63e4b None None] Network 3c05986c-a6fa-4741-bb9e-a2d4fdc19392 is already hosted by enough agents. {{(pid=94100) _get_dhcp_agents_hosting_network /opt/stack/neutron/neutron/scheduler/dhcp_agent_scheduler.py:275}}
Aug 06 02:27:43.687108 n-d-802225-3 neutron-server[94098]: DEBUG neutron.wsgi [-] (94098) accepted ('10.222.0.38', 40646) {{(pid=94098) server /usr/local/lib/python3.8/dist-packages/eventlet/wsgi.py:982}}
Aug 06 02:27:43.691780 n-d-802225-3 neutron-server[94098]: INFO neutron.wsgi [None req-733b53d6-3dbb-4f8b-8e71-13d353dae831 admin admin] 10.222.0.38 "GET /v2.0/security-groups?tenant_id=2d770f29bdf54b27806032c266cf2a62&name=default HTTP/1.1" status: 200 len: 2979 time: 1.3991153
Aug 06 02:27:43.697662 n-d-802225-3 neutron-server[94098]: DEBUG neutron.api.v2.base [None req-b489c4ab-dd00-4b57-b8ca-bc2a45ce9fd3 tempest-ServersWithSpecificFlavorTestJSON-859330222 tempest-ServersWithSpecificFlavorTestJSON-859330222-project] Request body: {'floatingip': {'port_id': '2a3b8a82-86fc-4506-bd1c-496a4b364e1e'}} {{(pid=94098) prepare_request_body /opt/stack/neutron/neutron/api/v2/base.py:729}}
Aug 06 02:27:43.697834 n-d-802225-3 neutron-server[94100]: DEBUG neutron.scheduler.base_scheduler [None req-fab14da3-3857-48d7-8093-099564c63e4b None None] Resources bound (agent type, host, resource id): {{(pid=94100) schedule /opt/stack/neutron/neutron/scheduler/base_scheduler.py:57}}
Aug 06 02:27:43.699133 n-d-802225-3 neutron-server[94098]: DEBUG neutron.wsgi [-] (94098) accepted ('10.222.0.38', 40650) {{(pid=94098) server /usr/local/lib/python3.8/dist-packages/eventlet/wsgi.py:982}}
Aug 06 02:27:43.700480 n-d-802225-3 neutron-server[94100]: DEBUG neutron.db.l3_dvrscheduler_db [None req-fab14da3-3857-48d7-8093-099564c63e4b None None] Received port after_create {{(pid=94100) _notify_l3_agent_new_port /opt/stack/neutron/neutron/db/l3_dvrscheduler_db.py:535}}
Aug 06 02:27:43.733307 n-d-802225-3 neutron-server[94098]: DEBUG neutron.api.rpc.handlers.resources_rpc [None req-733b53d6-3dbb-4f8b-8e71-13d353dae831 admin admin] Pushing event updated for resources: {'SecurityGroup': ['ID=2d86e2cd-facc-482e-9742-f2136c78cdba,revision_number=1']} {{(pid=94098) push /opt/stack/neutron/neutron/api/rpc/handlers/resources_rpc.py:237}}
Aug 06 02:27:43.736403 n-d-802225-3 neutron-server[94099]: INFO neutron.wsgi [req-222d488b-b7aa-4ea3-b788-b4f17849af47 req-08b52771-a81a-498d-a1fd-5706ef364ea3 tempest-AggregatesAdminTestJSON-1411896182 tempest-AggregatesAdminTestJSON-1411896182-project] 10.222.0.38 "GET /v2.0/security-groups?id=0658b968-dcdd-4709-86b1-c01864418d02&fields=id&fields=name HTTP/1.1" status: 200 len: 286 time: 0.0992548
Aug 06 02:27:43.750337 n-d-802225-3 neutron-server[94100]: DEBUG neutron.api.rpc.handlers.resources_rpc [None req-fab14da3-3857-48d7-8093-099564c63e4b None None] Pushing event updated for resources: {'Port': ['ID=718e40d2-f9e9-427f-b93f-71d3e670afa2,revision_number=1']} {{(pid=94100) push /opt/stack/neutron/neutron/api/rpc/handlers/resources_rpc.py:237}}
Aug 06 02:27:43.814509 n-d-802225-3 neutron-server[94100]: DEBUG neutron.plugins.ml2.managers [None req-fab14da3-3857-48d7-8093-099564c63e4b None None] Attempting to bind port 718e40d2-f9e9-427f-b93f-71d3e670afa2 on host n-d-802225-3 for vnic_type normal with profile {{(pid=94100) bind_port /opt/stack/neutron/neutron/plugins/ml2/managers.py:790}}
Aug 06 02:27:43.824636 n-d-802225-3 neutron-server[94100]: DEBUG neutron.plugins.ml2.managers [None req-fab14da3-3857-48d7-8093-099564c63e4b None None] Attempting to bind port 718e40d2-f9e9-427f-b93f-71d3e670afa2 by drivers openvswitch,hyperv on host n-d-802225-3 at level 0 using segments [{'id': '2f6f1bb1-fdd8-47db-8462-40b6ef5e5276', 'network_type': 'vlan', 'physical_network': 'physnet1', 'segmentation_id': 179, 'network_id': '3c05986c-a6fa-4741-bb9e-a2d4fdc19392'}] {{(pid=94100) _bind_port_level /opt/stack/neutron/neutron/plugins/ml2/managers.py:815}}
Aug 06 02:27:43.825238 n-d-802225-3 neutron-server[94100]: DEBUG neutron.plugins.ml2.drivers.mech_agent [None req-fab14da3-3857-48d7-8093-099564c63e4b None None] Attempting to bind port 718e40d2-f9e9-427f-b93f-71d3e670afa2 on network 3c05986c-a6fa-4741-bb9e-a2d4fdc19392 {{(pid=94100) bind_port /opt/stack/neutron/neutron/plugins/ml2/drivers/mech_agent.py:85}}
Aug 06 02:27:43.832108 n-d-802225-3 neutron-server[94100]: DEBUG neutron.plugins.ml2.drivers.mech_agent [None req-fab14da3-3857-48d7-8093-099564c63e4b None None] Checking agent: {'id': 'c1c39189-44ab-40ad-92ab-e60b25f29010', 'agent_type': 'Open vSwitch agent', 'binary': 'neutron-openvswitch-agent', 'topic': 'N/A', 'host': 'n-d-802225-3', 'admin_state_up': True, 'created_at': datetime.datetime(2021, 8, 6, 2, 17, 12), 'started_at': datetime.datetime(2021, 8, 6, 2, 17, 42), 'heartbeat_timestamp': datetime.datetime(2021, 8, 6, 2, 27, 42), 'description': None, 'resources_synced': None, 'availability_zone': None, 'alive': True, 'configurations': {'arp_responder_enabled': False, 'baremetal_smartnic': False, 'bridge_mappings': {'physnet1': 'br-data'}, 'datapath_type': 'system', 'devices': 0, 'enable_distributed_routing': False, 'extensions': [], 'in_distributed_mode': False, 'integration_bridge': 'br-int', 'l2_population': False, 'log_agent_heartbeats': False, 'ovs_capabilities': {'datapath_types': ['netdev', 'system'], 'iface_types': ['erspan', 'geneve', 'gre', 'internal', 'ip6erspan', 'ip6gre', 'lisp', 'patch', 'stt', 'system', 'tap', 'vxlan']}, 'ovs_hybrid_plug': False, 'resource_provider_bandwidths': {}, 'resource_provider_hypervisors': {'br-data': 'n-d-802225-3'}, 'resource_provider_inventory_defaults': {'allocation_ratio': 1.0, 'min_unit': 1, 'step_size': 1, 'reserved': 0}, 'tunnel_types': [], 'tunneling_ip': None, 'vhostuser_socket_dir': '/var/run/openvswitch'}, 'resource_versions': {'AddressGroup': '1.2', 'ConntrackHelper': '1.0', 'Log': '1.0', 'Network': '1.1', 'Port': '1.7', 'PortForwarding': '1.2', 'QosPolicy': '1.9', 'SecurityGroup': '1.4', 'SecurityGroupRule': '1.2', 'SubPort': '1.0', 'Subnet': '1.1', 'Trunk': '1.1'}} {{(pid=94100) bind_port /opt/stack/neutron/neutron/plugins/ml2/drivers/mech_agent.py:104}}
Aug 06 02:27:43.832814 n-d-802225-3 neutron-server[94100]: DEBUG neutron.plugins.ml2.drivers.mech_agent [None req-fab14da3-3857-48d7-8093-099564c63e4b None None] Checking segment: {'id': '2f6f1bb1-fdd8-47db-8462-40b6ef5e5276', 'network_type': 'vlan', 'physical_network': 'physnet1', 'segmentation_id': 179, 'network_id': '3c05986c-a6fa-4741-bb9e-a2d4fdc19392'} for mappings: {'physnet1': 'br-data'} with network types: ['local', 'flat', 'vlan'] {{(pid=94100) check_segment_for_agent /opt/stack/neutron/neutron/plugins/ml2/drivers/mech_agent.py:352}}
Aug 06 02:27:43.833449 n-d-802225-3 neutron-server[94100]: DEBUG neutron_lib.callbacks.manager [None req-fab14da3-3857-48d7-8093-099564c63e4b None None] Notify callbacks [] for ovs_bridge_name, before_read {{(pid=94100) _notify_loop /usr/local/lib/python3.8/dist-packages/neutron_lib/callbacks/manager.py:192}}
Aug 06 02:27:43.833983 n-d-802225-3 neutron-server[94100]: DEBUG neutron.plugins.ml2.drivers.mech_agent [None req-fab14da3-3857-48d7-8093-099564c63e4b None None] Bound using segment: {'id': '2f6f1bb1-fdd8-47db-8462-40b6ef5e5276', 'network_type': 'vlan', 'physical_network': 'physnet1', 'segmentation_id': 179, 'network_id': '3c05986c-a6fa-4741-bb9e-a2d4fdc19392'} {{(pid=94100) bind_port /opt/stack/neutron/neutron/plugins/ml2/drivers/mech_agent.py:114}}
Aug 06 02:27:43.834926 n-d-802225-3 neutron-server[94100]: DEBUG neutron.plugins.ml2.managers [None req-fab14da3-3857-48d7-8093-099564c63e4b None None] Bound port: 718e40d2-f9e9-427f-b93f-71d3e670afa2, host: n-d-802225-3, vif_type: ovs, vif_details: {"connectivity": "l2", "port_filter": true, "ovs_hybrid_plug": false, "datapath_type": "system", "bridge_name": "br-int"}, binding_levels: [{'bound_driver': 'openvswitch', 'bound_segment': {'id': '2f6f1bb1-fdd8-47db-8462-40b6ef5e5276', 'network_type': 'vlan', 'physical_network': 'physnet1', 'segmentation_id': 179, 'network_id': '3c05986c-a6fa-4741-bb9e-a2d4fdc19392'}}] {{(pid=94100) _bind_port_level /opt/stack/neutron/neutron/plugins/ml2/managers.py:928}}
Aug 06 02:27:43.835317 n-d-802225-3 neutron-server[94100]: DEBUG neutron_lib.callbacks.manager [None req-fab14da3-3857-48d7-8093-099564c63e4b None None] Notify callbacks ['neutron.plugins.ml2.plugin.SecurityGroupDbMixin._ensure_default_security_group_handler-1688184'] for port, before_update {{(pid=94100) _notify_loop /usr/local/lib/python3.8/dist-packages/neutron_lib/callbacks/manager.py:192}}
Aug 06 02:27:43.952001 n-d-802225-3 neutron-server[94100]: DEBUG neutron.plugins.ml2.db [None req-fab14da3-3857-48d7-8093-099564c63e4b None None] For port 718e40d2-f9e9-427f-b93f-71d3e670afa2, host n-d-802225-3, cleared binding levels {{(pid=94100) clear_binding_levels /opt/stack/neutron/neutron/plugins/ml2/db.py:87}}
Aug 06 02:27:43.957114 n-d-802225-3 neutron-server[94100]: DEBUG neutron.plugins.ml2.db [None req-fab14da3-3857-48d7-8093-099564c63e4b None None] For port 718e40d2-f9e9-427f-b93f-71d3e670afa2, host n-d-802225-3, set binding levels [PortBindingLevel(driver='openvswitch',host='n-d-802225-3',level=0,port_id=718e40d2-f9e9-427f-b93f-71d3e670afa2,segment=NetworkSegment(2f6f1bb1-fdd8-47db-8462-40b6ef5e5276),segment_id=2f6f1bb1-fdd8-47db-8462-40b6ef5e5276)] {{(pid=94100) set_binding_levels /opt/stack/neutron/neutron/plugins/ml2/db.py:59}}
Aug 06 02:27:43.962391 n-d-802225-3 neutron-server[94100]: DEBUG neutron_lib.callbacks.manager [None req-fab14da3-3857-48d7-8093-099564c63e4b None None] Notify callbacks ['neutron.plugins.ml2.plugin.SecurityGroupServerNotifierRpcMixin._notify_sg_on_port_change-1688123', 'neutron.plugins.ml2.ovo_rpc._ObjectChangeHandler.handle_event-455598', 'neutron.api.rpc.agentnotifiers.dhcp_rpc_agent_api.DhcpAgentNotifyAPI._native_event_send_dhcp_notification-568091', 'neutron.db.l3_db.L3RpcNotifierMixin._notify_gateway_port_ip_changed-8746624042325', 'neutron.db.l3_dvrscheduler_db._notify_l3_agent_port_update-8746623653358', 'neutron.db.l3_hascheduler_db._notify_l3_agent_ha_port_update-8746623655428'] for port, after_update {{(pid=94100) _notify_loop /usr/local/lib/python3.8/dist-packages/neutron_lib/callbacks/manager.py:192}}
Aug 06 02:27:44.067772 n-d-802225-3 neutron-server[94100]: DEBUG neutron.api.rpc.handlers.resources_rpc [None req-fab14da3-3857-48d7-8093-099564c63e4b None None] Pushing event updated for resources: {'Port': ['ID=718e40d2-f9e9-427f-b93f-71d3e670afa2,revision_number=2']} {{(pid=94100) push /opt/stack/neutron/neutron/api/rpc/handlers/resources_rpc.py:237}}
Aug 06 02:27:44.151127 n-d-802225-3 neutron-server[94098]: DEBUG neutron_lib.callbacks.manager [None req-b489c4ab-dd00-4b57-b8ca-bc2a45ce9fd3 tempest-ServersWithSpecificFlavorTestJSON-859330222 tempest-ServersWithSpecificFlavorTestJSON-859330222-project] Notify callbacks [] for floatingip, before_update {{(pid=94098) _notify_loop /usr/local/lib/python3.8/dist-packages/neutron_lib/callbacks/manager.py:192}}
Aug 06 02:27:44.164227 n-d-802225-3 neutron-server[94098]: DEBUG neutron.pecan_wsgi.hooks.policy_enforcement [req-5d35ed0c-b004-4f08-ab23-22aa2b750842 req-758b10f9-2d5f-4b1b-8f24-a4cfdba505c6 service neutron] Attributes excluded by policy engine: ['standard_attr_id', 'vlan_transparent'] {{(pid=94098) _exclude_attributes_by_policy /opt/stack/neutron/neutron/pecan_wsgi/hooks/policy_enforcement.py:255}}
Aug 06 02:27:44.166184 n-d-802225-3 neutron-server[94098]: INFO neutron.wsgi [req-5d35ed0c-b004-4f08-ab23-22aa2b750842 req-758b10f9-2d5f-4b1b-8f24-a4cfdba505c6 service neutron] 10.222.0.10 "GET /v2.0/networks?id=92da88fd-ecbb-4617-8f11-933baa768f03 HTTP/1.1" status: 200 len: 908 time: 0.2734377
Aug 06 02:27:44.206523 n-d-802225-3 neutron-server[94099]: DEBUG neutron.pecan_wsgi.hooks.policy_enforcement [req-8205f4b1-6a39-4e6c-aafe-a7b124c2eb3c req-95ba250f-0caf-4869-8f5a-a3a6208708f3 tempest-TenantUsagesTestJSON-915036207 tempest-TenantUsagesTestJSON-915036207-project] Attributes excluded by policy engine: ['standard_attr_id', 'binding:profile', 'binding:host_id', 'binding:vif_type', 'binding:vif_details'] {{(pid=94099) _exclude_attributes_by_policy /opt/stack/neutron/neutron/pecan_wsgi/hooks/policy_enforcement.py:255}}
Aug 06 02:27:44.213764 n-d-802225-3 neutron-server[94099]: INFO neutron.wsgi [req-8205f4b1-6a39-4e6c-aafe-a7b124c2eb3c req-95ba250f-0caf-4869-8f5a-a3a6208708f3 tempest-TenantUsagesTestJSON-915036207 tempest-TenantUsagesTestJSON-915036207-project] 10.222.0.38 "GET /v2.0/ports?device_id=3dcc47de-6c4a-458d-b344-eac193fa9a4a HTTP/1.1" status: 200 len: 949 time: 0.3803298
Aug 06 02:27:44.247118 n-d-802225-3 neutron-server[94098]: DEBUG neutron_lib.callbacks.manager [None req-0146ceba-9847-4d7d-afb6-519628f2f417 admin admin] Notify callbacks [] for security_group, before_delete {{(pid=94098) _notify_loop /usr/local/lib/python3.8/dist-packages/neutron_lib/callbacks/manager.py:192}}
Aug 06 02:27:44.272441 n-d-802225-3 neutron-server[94099]: INFO neutron.wsgi [req-8205f4b1-6a39-4e6c-aafe-a7b124c2eb3c req-a3f1c043-ef97-4d92-824b-728acc7f7830 tempest-TenantUsagesTestJSON-915036207 tempest-TenantUsagesTestJSON-915036207-project] 10.222.0.38 "GET /v2.0/security-groups?id=75f33f92-431d-4a5e-a361-fdec2e9264fe&fields=id&fields=name HTTP/1.1" status: 200 len: 286 time: 0.0542061
Aug 06 02:27:44.438701 n-d-802225-3 neutron-server[94099]: DEBUG neutron.pecan_wsgi.hooks.policy_enforcement [req-1db65740-3da7-4d88-b908-34c5305f3ada req-e811c977-ffed-4f9b-b819-77745fda7d3b tempest-DeleteServersAdminTestJSON-527908937 tempest-DeleteServersAdminTestJSON-527908937-project] Attributes excluded by policy engine: ['standard_attr_id', 'binding:profile', 'binding:host_id', 'binding:vif_type', 'binding:vif_details'] {{(pid=94099) _exclude_attributes_by_policy /opt/stack/neutron/neutron/pecan_wsgi/hooks/policy_enforcement.py:255}}
Aug 06 02:27:44.441432 n-d-802225-3 neutron-server[94099]: INFO neutron.wsgi [req-1db65740-3da7-4d88-b908-34c5305f3ada req-e811c977-ffed-4f9b-b819-77745fda7d3b tempest-DeleteServersAdminTestJSON-527908937 tempest-DeleteServersAdminTestJSON-527908937-project] 10.222.0.38 "GET /v2.0/ports?device_id=abceeacb-c37f-4eb7-a9e7-b053c9971e26 HTTP/1.1" status: 200 len: 950 time: 0.0775394
Aug 06 02:27:44.469156 n-d-802225-3 neutron-server[94098]: INFO neutron.wsgi [req-5d35ed0c-b004-4f08-ab23-22aa2b750842 req-9d165c89-cfea-41f0-8444-756c1776d33a service neutron] 10.222.0.10 "GET /v2.0/floatingips?fixed_ip_address=172.20.0.6&port_id=83c92530-68b6-4a74-9a5d-1972d1b04a58 HTTP/1.1" status: 200 len: 217 time: 0.2372768
Aug 06 02:27:44.494071 n-d-802225-3 neutron-server[94098]: DEBUG neutron_lib.callbacks.manager [None req-0146ceba-9847-4d7d-afb6-519628f2f417 admin admin] Notify callbacks [] for security_group, precommit_delete {{(pid=94098) _notify_loop /usr/local/lib/python3.8/dist-packages/neutron_lib/callbacks/manager.py:192}}
Aug 06 02:27:44.505201 n-d-802225-3 neutron-server[94099]: INFO neutron.wsgi [req-1db65740-3da7-4d88-b908-34c5305f3ada req-1fdd607b-1d0b-492f-b228-5f1ace535375 tempest-DeleteServersAdminTestJSON-527908937 tempest-DeleteServersAdminTestJSON-527908937-project] 10.222.0.38 "GET /v2.0/security-groups?id=f68d9c97-5366-4338-898f-f961e8898565&fields=id&fields=name HTTP/1.1" status: 200 len: 286 time: 0.0484273
Aug 06 02:27:44.543684 n-d-802225-3 neutron-server[94098]: DEBUG neutron.pecan_wsgi.hooks.policy_enforcement [req-4d170f4e-873a-4d64-a73f-9dd1a3fbb12b req-42135d51-3b71-4af6-84e5-ce8ba7765c60 tempest-LiveMigrationTest-1258745863 tempest-LiveMigrationTest-1258745863-project] Attributes excluded by policy engine: ['standard_attr_id', 'binding:profile', 'binding:host_id', 'binding:vif_type', 'binding:vif_details'] {{(pid=94098) _exclude_attributes_by_policy /opt/stack/neutron/neutron/pecan_wsgi/hooks/policy_enforcement.py:255}}
Aug 06 02:27:44.546051 n-d-802225-3 neutron-server[94098]: INFO neutron.wsgi [req-4d170f4e-873a-4d64-a73f-9dd1a3fbb12b req-42135d51-3b71-4af6-84e5-ce8ba7765c60 tempest-LiveMigrationTest-1258745863 tempest-LiveMigrationTest-1258745863-project] 10.222.0.38 "GET /v2.0/ports?device_id=c701742c-148d-4cea-8fa7-551eed838cf8 HTTP/1.1" status: 200 len: 943 time: 0.6178663
Aug 06 02:27:44.584257 n-d-802225-3 neutron-server[94100]: DEBUG neutron_lib.callbacks.manager [None req-8e332bd4-e5d7-4b31-9d72-479824a147e7 None None] Notify callbacks ['neutron.services.segments.db._update_segment_host_mapping_for_agent-8746624153869', 'neutron.plugins.ml2.plugin.Ml2Plugin._retry_binding_revived_agents-1685852'] for agent, after_update {{(pid=94100) _notify_loop /usr/local/lib/python3.8/dist-packages/neutron_lib/callbacks/manager.py:192}}
Aug 06 02:27:44.659219 n-d-802225-3 neutron-server[94098]: DEBUG neutron.pecan_wsgi.hooks.policy_enforcement [req-5d35ed0c-b004-4f08-ab23-22aa2b750842 req-aeae82c7-f92a-42da-b6fc-647317a957ec service neutron] Attributes excluded by policy engine: ['standard_attr_id', 'shared'] {{(pid=94098) _exclude_attributes_by_policy /opt/stack/neutron/neutron/pecan_wsgi/hooks/policy_enforcement.py:255}}
Aug 06 02:27:44.661321 n-d-802225-3 neutron-server[94098]: INFO neutron.wsgi [req-5d35ed0c-b004-4f08-ab23-22aa2b750842 req-aeae82c7-f92a-42da-b6fc-647317a957ec service neutron] 10.222.0.10 "GET /v2.0/subnets?id=7ace2642-a58d-46e1-8d21-9ff0865004ea HTTP/1.1" status: 200 len: 847 time: 0.1004610
Aug 06 02:27:44.746668 n-d-802225-3 neutron-server[94098]: DEBUG neutron.pecan_wsgi.hooks.policy_enforcement [req-3080dcbb-40b5-4d49-8b15-3a55627164b9 req-c7d1d292-d3ff-484a-9ecf-1c4c6d93777f tempest-TenantUsagesTestJSON-915036207 tempest-TenantUsagesTestJSON-915036207-project] Attributes excluded by policy engine: ['standard_attr_id', 'binding:profile', 'binding:host_id', 'binding:vif_type', 'binding:vif_details'] {{(pid=94098) _exclude_attributes_by_policy /opt/stack/neutron/neutron/pecan_wsgi/hooks/policy_enforcement.py:255}}
Aug 06 02:27:44.748446 n-d-802225-3 neutron-server[94098]: INFO neutron.wsgi [req-3080dcbb-40b5-4d49-8b15-3a55627164b9 req-c7d1d292-d3ff-484a-9ecf-1c4c6d93777f tempest-TenantUsagesTestJSON-915036207 tempest-TenantUsagesTestJSON-915036207-project] 10.222.0.10 "GET /v2.0/ports?device_id=3dcc47de-6c4a-458d-b344-eac193fa9a4a HTTP/1.1" status: 200 len: 949 time: 0.8645864
Aug 06 02:27:44.757081 n-d-802225-3 neutron-server[94100]: DEBUG neutron.plugins.ml2.rpc [None req-9038a14d-7b24-4ea9-8a72-3b0c61b26c78 None None] Device 83c92530-68b6-4a74-9a5d-1972d1b04a58 details requested by agent hyperv_n-h1-802225-3 with host n-h1-802225-3 {{(pid=94100) get_device_details /opt/stack/neutron/neutron/plugins/ml2/rpc.py:102}}
Aug 06 02:27:44.834151 n-d-802225-3 neutron-server[94100]: DEBUG neutron.plugins.ml2.rpc [None req-11d13c17-4b16-4167-a7d7-d7b5b4de53ae None None] Device 57786c6c-3f18-412e-9a4d-d089d6655419 up at agent ovs-agent-n-d-802225-3 {{(pid=94100) update_device_up /opt/stack/neutron/neutron/plugins/ml2/rpc.py:296}}
Aug 06 02:27:44.852957 n-d-802225-3 neutron-server[94098]: INFO neutron.wsgi [req-5d35ed0c-b004-4f08-ab23-22aa2b750842 req-e31fa741-e07e-4075-bef2-6d876e2347ed service neutron] 10.222.0.10 "GET /v2.0/ports?network_id=92da88fd-ecbb-4617-8f11-933baa768f03&device_owner=network%3Adhcp HTTP/1.1" status: 200 len: 210 time: 0.1438761
Aug 06 02:27:45.133257 n-d-802225-3 neutron-server[94098]: DEBUG neutron.pecan_wsgi.hooks.policy_enforcement [req-4e836d0a-d613-47b3-a7a7-7d3ec0208ce8 req-da266050-2ee2-4d1d-b275-cbde23d6c9e6 tempest-AggregatesAdminTestJSON-1411896182 tempest-AggregatesAdminTestJSON-1411896182-project] Attributes excluded by policy engine: ['standard_attr_id', 'binding:profile', 'binding:host_id', 'binding:vif_type', 'binding:vif_details'] {{(pid=94098) _exclude_attributes_by_policy /opt/stack/neutron/neutron/pecan_wsgi/hooks/policy_enforcement.py:255}}
Aug 06 02:27:45.134850 n-d-802225-3 neutron-server[94098]: INFO neutron.wsgi [req-4e836d0a-d613-47b3-a7a7-7d3ec0208ce8 req-da266050-2ee2-4d1d-b275-cbde23d6c9e6 tempest-AggregatesAdminTestJSON-1411896182 tempest-AggregatesAdminTestJSON-1411896182-project] 10.222.0.39 "GET /v2.0/ports?device_id=31bb5c10-c202-49e9-b34a-7b2a05c5c3aa HTTP/1.1" status: 200 len: 971 time: 0.2027984
Aug 06 02:27:45.136267 n-d-802225-3 neutron-server[94098]: DEBUG neutron_lib.callbacks.manager [None req-c6b9692e-8288-4280-ae63-07c21076afd7 admin admin] Notify callbacks [] for router_gateway, before_create {{(pid=94098) _notify_loop /usr/local/lib/python3.8/dist-packages/neutron_lib/callbacks/manager.py:192}}
Aug 06 02:27:45.171970 n-d-802225-3 neutron-server[94098]: DEBUG neutron_lib.callbacks.manager [None req-c6b9692e-8288-4280-ae63-07c21076afd7 admin admin] Notify callbacks ['neutron.plugins.ml2.plugin.SecurityGroupDbMixin._ensure_default_security_group_handler-1688184'] for port, before_create {{(pid=94098) _notify_loop /usr/local/lib/python3.8/dist-packages/neutron_lib/callbacks/manager.py:192}}
Aug 06 02:27:45.187523 n-d-802225-3 neutron-server[94100]: DEBUG neutron.plugins.ml2.db [None req-9038a14d-7b24-4ea9-8a72-3b0c61b26c78 None None] For port 83c92530-68b6-4a74-9a5d-1972d1b04a58, host n-h2-802225-3, got binding levels [PortBindingLevel(driver='hyperv',host='n-h2-802225-3',level=0,port_id=83c92530-68b6-4a74-9a5d-1972d1b04a58,segment=NetworkSegment(a4643587-d508-428d-838a-984c10b13dbb),segment_id=a4643587-d508-428d-838a-984c10b13dbb)] {{(pid=94100) get_binding_level_objs /opt/stack/neutron/neutron/plugins/ml2/db.py:74}}
Aug 06 02:27:45.203542 n-d-802225-3 neutron-server[94100]: DEBUG neutron.plugins.ml2.rpc [None req-9038a14d-7b24-4ea9-8a72-3b0c61b26c78 None None] Device 83c92530-68b6-4a74-9a5d-1972d1b04a58 has no active binding in host n-h1-802225-3 {{(pid=94100) _get_device_details /opt/stack/neutron/neutron/plugins/ml2/rpc.py:158}}
Aug 06 02:27:45.222704 n-d-802225-3 neutron-server[94100]: DEBUG neutron.db.provisioning_blocks [None req-11d13c17-4b16-4167-a7d7-d7b5b4de53ae None None] Provisioning for port 57786c6c-3f18-412e-9a4d-d089d6655419 completed by entity L2. {{(pid=94100) provisioning_complete /opt/stack/neutron/neutron/db/provisioning_blocks.py:133}}
Aug 06 02:27:45.227369 n-d-802225-3 neutron-server[94100]: DEBUG neutron.db.provisioning_blocks [None req-11d13c17-4b16-4167-a7d7-d7b5b4de53ae None None] Provisioning complete for port 57786c6c-3f18-412e-9a4d-d089d6655419 triggered by entity L2. {{(pid=94100) provisioning_complete /opt/stack/neutron/neutron/db/provisioning_blocks.py:139}}
Aug 06 02:27:45.227865 n-d-802225-3 neutron-server[94100]: DEBUG neutron_lib.callbacks.manager [None req-11d13c17-4b16-4167-a7d7-d7b5b4de53ae None None] Notify callbacks ['neutron.plugins.ml2.plugin.Ml2Plugin._port_provisioned-1685935'] for port, provisioning_complete {{(pid=94100) _notify_loop /usr/local/lib/python3.8/dist-packages/neutron_lib/callbacks/manager.py:192}}
Aug 06 02:27:45.262880 n-d-802225-3 neutron-server[94099]: DEBUG neutron.pecan_wsgi.hooks.policy_enforcement [req-ccc55d0e-f038-44a3-860e-3ce54bd33dd9 req-c4c52b48-0c59-42f4-a1fa-b436cec9f311 tempest-AggregatesAdminTestJSON-1411896182 tempest-AggregatesAdminTestJSON-1411896182-project] Attributes excluded by policy engine: ['standard_attr_id', 'binding:profile', 'binding:host_id', 'binding:vif_type', 'binding:vif_details'] {{(pid=94099) _exclude_attributes_by_policy /opt/stack/neutron/neutron/pecan_wsgi/hooks/policy_enforcement.py:255}}
Aug 06 02:27:45.264440 n-d-802225-3 neutron-server[94099]: INFO neutron.wsgi [req-ccc55d0e-f038-44a3-860e-3ce54bd33dd9 req-c4c52b48-0c59-42f4-a1fa-b436cec9f311 tempest-AggregatesAdminTestJSON-1411896182 tempest-AggregatesAdminTestJSON-1411896182-project] 10.222.0.38 "GET /v2.0/ports?device_id=31bb5c10-c202-49e9-b34a-7b2a05c5c3aa HTTP/1.1" status: 200 len: 971 time: 0.0585093
Aug 06 02:27:45.308452 n-d-802225-3 neutron-server[94099]: INFO neutron.wsgi [req-ccc55d0e-f038-44a3-860e-3ce54bd33dd9 req-ab18f1fc-809e-4252-a6a2-ce0d5f7f2a63 tempest-AggregatesAdminTestJSON-1411896182 tempest-AggregatesAdminTestJSON-1411896182-project] 10.222.0.38 "GET /v2.0/security-groups?id=0658b968-dcdd-4709-86b1-c01864418d02&fields=id&fields=name HTTP/1.1" status: 200 len: 286 time: 0.0377955
Aug 06 02:27:45.337432 n-d-802225-3 neutron-server[94100]: DEBUG neutron_lib.callbacks.manager [None req-11d13c17-4b16-4167-a7d7-d7b5b4de53ae None None] Notify callbacks ['neutron.plugins.ml2.plugin.SecurityGroupDbMixin._ensure_default_security_group_handler-1688184'] for port, before_update {{(pid=94100) _notify_loop /usr/local/lib/python3.8/dist-packages/neutron_lib/callbacks/manager.py:192}}
Aug 06 02:27:45.346591 n-d-802225-3 neutron-server[94098]: INFO neutron.wsgi [req-4d170f4e-873a-4d64-a73f-9dd1a3fbb12b req-dfe5a803-4956-4ade-9e5a-659e590aa92c tempest-LiveMigrationTest-1258745863 tempest-LiveMigrationTest-1258745863-project] 10.222.0.38 "GET /v2.0/security-groups?id=081ad4a8-8fb4-4429-991c-347e067a168e&fields=id&fields=name HTTP/1.1" status: 200 len: 286 time: 0.7848604
Aug 06 02:27:45.370953 n-d-802225-3 neutron-server[94100]: DEBUG neutron.plugins.ml2.db [None req-11d13c17-4b16-4167-a7d7-d7b5b4de53ae None None] For port 57786c6c-3f18-412e-9a4d-d089d6655419, host n-d-802225-3, got binding levels [PortBindingLevel(driver='openvswitch',host='n-d-802225-3',level=0,port_id=57786c6c-3f18-412e-9a4d-d089d6655419,segment=NetworkSegment(6e40f189-f377-4123-a272-3f62c90ef36d),segment_id=6e40f189-f377-4123-a272-3f62c90ef36d)] {{(pid=94100) get_binding_level_objs /opt/stack/neutron/neutron/plugins/ml2/db.py:74}}
Aug 06 02:27:45.381068 n-d-802225-3 neutron-server[94100]: DEBUG neutron_lib.callbacks.manager [None req-11d13c17-4b16-4167-a7d7-d7b5b4de53ae None None] Notify callbacks ['neutron.plugins.ml2.plugin.SecurityGroupServerNotifierRpcMixin._notify_sg_on_port_change-1688123', 'neutron.plugins.ml2.ovo_rpc._ObjectChangeHandler.handle_event-455598', 'neutron.api.rpc.agentnotifiers.dhcp_rpc_agent_api.DhcpAgentNotifyAPI._native_event_send_dhcp_notification-568091', 'neutron.db.l3_db.L3RpcNotifierMixin._notify_gateway_port_ip_changed-8746624042325', 'neutron.db.l3_dvrscheduler_db._notify_l3_agent_port_update-8746623653358', 'neutron.db.l3_hascheduler_db._notify_l3_agent_ha_port_update-8746623655428'] for port, after_update {{(pid=94100) _notify_loop /usr/local/lib/python3.8/dist-packages/neutron_lib/callbacks/manager.py:192}}
Aug 06 02:27:45.381951 n-d-802225-3 neutron-server[94100]: DEBUG neutron.plugins.ml2.rpc [None req-11d13c17-4b16-4167-a7d7-d7b5b4de53ae None None] Device 718e40d2-f9e9-427f-b93f-71d3e670afa2 up at agent ovs-agent-n-d-802225-3 {{(pid=94100) update_device_up /opt/stack/neutron/neutron/plugins/ml2/rpc.py:296}}
Aug 06 02:27:45.400559 n-d-802225-3 neutron-server[94098]: DEBUG neutron_lib.callbacks.manager [None req-0146ceba-9847-4d7d-afb6-519628f2f417 admin admin] Notify callbacks ['neutron.plugins.ml2.ovo_rpc._ObjectChangeHandler.handle_event-611282'] for security_group, after_delete {{(pid=94098) _notify_loop /usr/local/lib/python3.8/dist-packages/neutron_lib/callbacks/manager.py:192}}
Aug 06 02:27:45.403114 n-d-802225-3 neutron-server[94098]: DEBUG neutron_lib.callbacks.manager [None req-0146ceba-9847-4d7d-afb6-519628f2f417 admin admin] Notify callbacks [] for security_group, before_response {{(pid=94098) _notify_loop /usr/local/lib/python3.8/dist-packages/neutron_lib/callbacks/manager.py:192}}
Aug 06 02:27:45.404532 n-d-802225-3 neutron-server[94098]: INFO neutron.wsgi [None req-0146ceba-9847-4d7d-afb6-519628f2f417 admin admin] 10.222.0.38 "DELETE /v2.0/security-groups/2d86e2cd-facc-482e-9742-f2136c78cdba HTTP/1.1" status: 204 len: 168 time: 1.6427290
Aug 06 02:27:45.422408 n-d-802225-3 neutron-server[94100]: DEBUG neutron.api.rpc.handlers.dhcp_rpc [None req-3bc64c2a-73af-49f6-b0a7-2bd2be370ec3 None None] Network 3c05986c-a6fa-4741-bb9e-a2d4fdc19392 requested from n-d-802225-3 {{(pid=94100) get_network_info /opt/stack/neutron/neutron/api/rpc/handlers/dhcp_rpc.py:218}}
Aug 06 02:27:45.533471 n-d-802225-3 neutron-server[94098]: DEBUG neutron.api.rpc.handlers.resources_rpc [None req-0146ceba-9847-4d7d-afb6-519628f2f417 admin admin] Pushing event deleted for resources: {'SecurityGroup': ['ID=2d86e2cd-facc-482e-9742-f2136c78cdba,revision_number=None']} {{(pid=94098) push /opt/stack/neutron/neutron/api/rpc/handlers/resources_rpc.py:237}}
Aug 06 02:27:45.545970 n-d-802225-3 neutron-server[94099]: DEBUG neutron.pecan_wsgi.hooks.policy_enforcement [req-4c34c1d4-8214-499d-941f-29224fb9209b req-72c58dc7-79fc-4b4a-98a3-39522c783e29 tempest-DeleteServersAdminTestJSON-527908937 tempest-DeleteServersAdminTestJSON-527908937-project] Attributes excluded by policy engine: ['standard_attr_id', 'binding:profile', 'binding:host_id', 'binding:vif_type', 'binding:vif_details'] {{(pid=94099) _exclude_attributes_by_policy /opt/stack/neutron/neutron/pecan_wsgi/hooks/policy_enforcement.py:255}}
Aug 06 02:27:45.557446 n-d-802225-3 neutron-server[94099]: INFO neutron.wsgi [req-4c34c1d4-8214-499d-941f-29224fb9209b req-72c58dc7-79fc-4b4a-98a3-39522c783e29 tempest-DeleteServersAdminTestJSON-527908937 tempest-DeleteServersAdminTestJSON-527908937-project] 10.222.0.38 "GET /v2.0/ports?device_id=abceeacb-c37f-4eb7-a9e7-b053c9971e26 HTTP/1.1" status: 200 len: 950 time: 0.1080577
Aug 06 02:27:45.586302 n-d-802225-3 neutron-server[94100]: DEBUG neutron.db.provisioning_blocks [None req-f603d992-d7b6-4d34-9ad9-2526bc88248b None None] Provisioning for port 718e40d2-f9e9-427f-b93f-71d3e670afa2 completed by entity DHCP. {{(pid=94100) provisioning_complete /opt/stack/neutron/neutron/db/provisioning_blocks.py:133}}
Aug 06 02:27:45.611655 n-d-802225-3 neutron-server[94100]: DEBUG neutron.api.rpc.handlers.resources_rpc [None req-11d13c17-4b16-4167-a7d7-d7b5b4de53ae None None] Pushing event updated for resources: {'Port': ['ID=57786c6c-3f18-412e-9a4d-d089d6655419,revision_number=5']} {{(pid=94100) push /opt/stack/neutron/neutron/api/rpc/handlers/resources_rpc.py:237}}
