Aug 06 02:50:30.239074 n-d-802225-3 devstack@placement-api.service[94580]: DEBUG placement.objects.research_context [req-9a9902ec-f3ff-43f2-bb61-e9e934d0259f req-0e24410b-8e3b-4525-bef2-47f88fda7ef9 service placement] found 2 providers with available 1 VCPU {{(pid=94580) get_provider_ids_matching /opt/stack/placement/placement/objects/research_context.py:549}}
Aug 06 02:50:30.239335 n-d-802225-3 devstack@placement-api.service[94580]: DEBUG placement.objects.research_context [req-9a9902ec-f3ff-43f2-bb61-e9e934d0259f req-0e24410b-8e3b-4525-bef2-47f88fda7ef9 service placement] found 2 providers after filtering by previous result {{(pid=94580) get_provider_ids_matching /opt/stack/placement/placement/objects/research_context.py:580}}
Aug 06 02:50:30.250064 n-d-802225-3 devstack@placement-api.service[94580]: DEBUG placement.objects.allocation_candidate [req-9a9902ec-f3ff-43f2-bb61-e9e934d0259f req-0e24410b-8e3b-4525-bef2-47f88fda7ef9 service placement] RequestGroup(use_same_provider=False, resources={DISK_GB:1, MEMORY_MB:1024, VCPU:1}, traits=[], aggregates=[]) (suffix '') returned 2 matches {{(pid=94580) _get_by_requests /opt/stack/placement/placement/objects/allocation_candidate.py:145}}
Aug 06 02:50:30.250290 n-d-802225-3 devstack@placement-api.service[94580]: DEBUG placement.objects.allocation_candidate [req-9a9902ec-f3ff-43f2-bb61-e9e934d0259f req-0e24410b-8e3b-4525-bef2-47f88fda7ef9 service placement] Merging candidates yields 2 allocation requests and 2 provider summaries {{(pid=94580) _merge_candidates /opt/stack/placement/placement/objects/allocation_candidate.py:783}}
Aug 06 02:50:30.251868 n-d-802225-3 devstack@placement-api.service[94580]: INFO placement.requestlog [req-9a9902ec-f3ff-43f2-bb61-e9e934d0259f req-0e24410b-8e3b-4525-bef2-47f88fda7ef9 service placement] 10.222.0.38 "GET /placement/allocation_candidates?limit=1000&resources=DISK_GB%3A1%2CMEMORY_MB%3A1024%2CVCPU%3A1&root_required=%21COMPUTE_STATUS_DISABLED" status: 200 len: 1309 microversion: 1.35
Aug 06 02:50:30.252597 n-d-802225-3 devstack@placement-api.service[94580]: [pid: 94580|app: 0|req: 444/885] 10.222.0.38 () {60 vars in 1507 bytes} [Fri Aug 6 02:50:30 2021] GET /placement/allocation_candidates?limit=1000&resources=DISK_GB%3A1%2CMEMORY_MB%3A1024%2CVCPU%3A1&root_required=%21COMPUTE_STATUS_DISABLED => generated 1309 bytes in 64 msecs (HTTP/1.1 200) 8 headers in 297 bytes (1 switches on core 0)
Aug 06 02:50:30.309731 n-d-802225-3 devstack@placement-api.service[94581]: DEBUG placement.requestlog [req-9a9902ec-f3ff-43f2-bb61-e9e934d0259f req-bc2c02ef-c9e2-4348-b1fc-78aa04724c36 None None] Starting request: 10.222.0.38 "GET /placement/allocations/ce96bec1-4d51-4faa-a044-4a5149655f52" {{(pid=94581) __call__ /opt/stack/placement/placement/requestlog.py:55}}
Aug 06 02:50:30.321286 n-d-802225-3 devstack@placement-api.service[94581]: INFO placement.requestlog [req-9a9902ec-f3ff-43f2-bb61-e9e934d0259f req-bc2c02ef-c9e2-4348-b1fc-78aa04724c36 service placement] 10.222.0.38 "GET /placement/allocations/ce96bec1-4d51-4faa-a044-4a5149655f52" status: 200 len: 19 microversion: 1.28
Aug 06 02:50:30.321840 n-d-802225-3 devstack@placement-api.service[94581]: [pid: 94581|app: 0|req: 442/886] 10.222.0.38 () {60 vars in 1381 bytes} [Fri Aug 6 02:50:30 2021] GET /placement/allocations/ce96bec1-4d51-4faa-a044-4a5149655f52 => generated 19 bytes in 12 msecs (HTTP/1.1 200) 8 headers in 295 bytes (1 switches on core 0)
Aug 06 02:50:30.329453 n-d-802225-3 devstack@placement-api.service[94580]: DEBUG placement.requestlog [req-9a9902ec-f3ff-43f2-bb61-e9e934d0259f req-82f5459f-d1ca-4d5d-8db5-8f90191d392c None None] Starting request: 10.222.0.38 "PUT /placement/allocations/ce96bec1-4d51-4faa-a044-4a5149655f52" {{(pid=94580) __call__ /opt/stack/placement/placement/requestlog.py:55}}
Aug 06 02:50:30.397753 n-d-802225-3 devstack@placement-api.service[94580]: DEBUG placement.handlers.allocation [req-9a9902ec-f3ff-43f2-bb61-e9e934d0259f req-82f5459f-d1ca-4d5d-8db5-8f90191d392c service placement] Successfully wrote allocations [, , ] {{(pid=94580) _create_allocations /opt/stack/placement/placement/handlers/allocation.py:435}}
Aug 06 02:50:30.398206 n-d-802225-3 devstack@placement-api.service[94580]: INFO placement.requestlog [req-9a9902ec-f3ff-43f2-bb61-e9e934d0259f req-82f5459f-d1ca-4d5d-8db5-8f90191d392c service placement] 10.222.0.38 "PUT /placement/allocations/ce96bec1-4d51-4faa-a044-4a5149655f52" status: 204 len: 0 microversion: 1.35
Aug 06 02:50:30.398565 n-d-802225-3 devstack@placement-api.service[94580]: [pid: 94580|app: 0|req: 445/887] 10.222.0.38 () {64 vars in 1434 bytes} [Fri Aug 6 02:50:30 2021] PUT /placement/allocations/ce96bec1-4d51-4faa-a044-4a5149655f52 => generated 0 bytes in 69 msecs (HTTP/1.1 204) 5 headers in 199 bytes (2 switches on core 0)
Aug 06 02:50:30.777445 n-d-802225-3 devstack@placement-api.service[94581]: DEBUG placement.requestlog [req-9a9902ec-f3ff-43f2-bb61-e9e934d0259f req-df39ec65-7269-4313-b018-72eb2039b37e None None] Starting request: 10.222.0.10 "GET /placement/allocations/ce96bec1-4d51-4faa-a044-4a5149655f52" {{(pid=94581) __call__ /opt/stack/placement/placement/requestlog.py:55}}
Aug 06 02:50:30.802740 n-d-802225-3 devstack@placement-api.service[94581]: INFO placement.requestlog [req-9a9902ec-f3ff-43f2-bb61-e9e934d0259f req-df39ec65-7269-4313-b018-72eb2039b37e service placement] 10.222.0.10 "GET /placement/allocations/ce96bec1-4d51-4faa-a044-4a5149655f52" status: 200 len: 260 microversion: 1.28
Aug 06 02:50:30.803010 n-d-802225-3 devstack@placement-api.service[94581]: [pid: 94581|app: 0|req: 443/888] 10.222.0.10 () {60 vars in 1378 bytes} [Fri Aug 6 02:50:30 2021] GET /placement/allocations/ce96bec1-4d51-4faa-a044-4a5149655f52 => generated 260 bytes in 26 msecs (HTTP/1.1 200) 8 headers in 296 bytes (1 switches on core 0)
Aug 06 02:50:33.585545 n-d-802225-3 devstack@placement-api.service[94580]: DEBUG placement.requestlog [req-125e156f-4b9e-4342-8e6a-26c24f2c54de req-ac95bcaf-6d53-4747-bde2-41e23da7ff79 None None] Starting request: 10.222.0.38 "GET /placement/allocation_candidates?limit=1000&resources=DISK_GB%3A1%2CMEMORY_MB%3A1024%2CVCPU%3A1&root_required=%21COMPUTE_STATUS_DISABLED" {{(pid=94580) __call__ /opt/stack/placement/placement/requestlog.py:55}}
Aug 06 02:50:33.618148 n-d-802225-3 devstack@placement-api.service[94580]: DEBUG placement.objects.research_context [req-125e156f-4b9e-4342-8e6a-26c24f2c54de req-ac95bcaf-6d53-4747-bde2-41e23da7ff79 service placement] getting providers with 1 DISK_GB {{(pid=94580) __init__ /opt/stack/placement/placement/objects/research_context.py:126}}
Aug 06 02:50:33.623682 n-d-802225-3 devstack@placement-api.service[94580]: DEBUG placement.objects.research_context [req-125e156f-4b9e-4342-8e6a-26c24f2c54de req-ac95bcaf-6d53-4747-bde2-41e23da7ff79 service placement] getting providers with 1024 MEMORY_MB {{(pid=94580) __init__ /opt/stack/placement/placement/objects/research_context.py:126}}
Aug 06 02:50:33.628942 n-d-802225-3 devstack@placement-api.service[94580]: DEBUG placement.objects.research_context [req-125e156f-4b9e-4342-8e6a-26c24f2c54de req-ac95bcaf-6d53-4747-bde2-41e23da7ff79 service placement] getting providers with 1 VCPU {{(pid=94580) __init__ /opt/stack/placement/placement/objects/research_context.py:126}}
Aug 06 02:50:33.636119 n-d-802225-3 devstack@placement-api.service[94580]: DEBUG placement.objects.research_context [req-125e156f-4b9e-4342-8e6a-26c24f2c54de req-ac95bcaf-6d53-4747-bde2-41e23da7ff79 service placement] found 2 providers with available 1 DISK_GB {{(pid=94580) get_provider_ids_matching /opt/stack/placement/placement/objects/research_context.py:549}}
Aug 06 02:50:33.636392 n-d-802225-3 devstack@placement-api.service[94580]: DEBUG placement.objects.research_context [req-125e156f-4b9e-4342-8e6a-26c24f2c54de req-ac95bcaf-6d53-4747-bde2-41e23da7ff79 service placement] found 2 providers with available 1024 MEMORY_MB {{(pid=94580) get_provider_ids_matching /opt/stack/placement/placement/objects/research_context.py:549}}
Aug 06 02:50:33.636660 n-d-802225-3 devstack@placement-api.service[94580]: DEBUG placement.objects.research_context [req-125e156f-4b9e-4342-8e6a-26c24f2c54de req-ac95bcaf-6d53-4747-bde2-41e23da7ff79 service placement] found 2 providers after filtering by previous result {{(pid=94580) get_provider_ids_matching /opt/stack/placement/placement/objects/research_context.py:580}}
Aug 06 02:50:33.637228 n-d-802225-3 devstack@placement-api.service[94580]: DEBUG placement.objects.research_context [req-125e156f-4b9e-4342-8e6a-26c24f2c54de req-ac95bcaf-6d53-4747-bde2-41e23da7ff79 service placement] found 2 providers with available 1 VCPU {{(pid=94580) get_provider_ids_matching /opt/stack/placement/placement/objects/research_context.py:549}}
Aug 06 02:50:33.637492 n-d-802225-3 devstack@placement-api.service[94580]: DEBUG placement.objects.research_context [req-125e156f-4b9e-4342-8e6a-26c24f2c54de req-ac95bcaf-6d53-4747-bde2-41e23da7ff79 service placement] found 2 providers after filtering by previous result {{(pid=94580) get_provider_ids_matching /opt/stack/placement/placement/objects/research_context.py:580}}
Aug 06 02:50:33.647921 n-d-802225-3 devstack@placement-api.service[94580]: DEBUG placement.objects.allocation_candidate [req-125e156f-4b9e-4342-8e6a-26c24f2c54de req-ac95bcaf-6d53-4747-bde2-41e23da7ff79 service placement] RequestGroup(use_same_provider=False, resources={DISK_GB:1, MEMORY_MB:1024, VCPU:1}, traits=[], aggregates=[]) (suffix '') returned 2 matches {{(pid=94580) _get_by_requests /opt/stack/placement/placement/objects/allocation_candidate.py:145}}
Aug 06 02:50:33.648282 n-d-802225-3 devstack@placement-api.service[94580]: DEBUG placement.objects.allocation_candidate [req-125e156f-4b9e-4342-8e6a-26c24f2c54de req-ac95bcaf-6d53-4747-bde2-41e23da7ff79 service placement] Merging candidates yields 2 allocation requests and 2 provider summaries {{(pid=94580) _merge_candidates /opt/stack/placement/placement/objects/allocation_candidate.py:783}}
Aug 06 02:50:33.649817 n-d-802225-3 devstack@placement-api.service[94580]: INFO placement.requestlog [req-125e156f-4b9e-4342-8e6a-26c24f2c54de req-ac95bcaf-6d53-4747-bde2-41e23da7ff79 service placement] 10.222.0.38 "GET /placement/allocation_candidates?limit=1000&resources=DISK_GB%3A1%2CMEMORY_MB%3A1024%2CVCPU%3A1&root_required=%21COMPUTE_STATUS_DISABLED" status: 200 len: 1309 microversion: 1.35
Aug 06 02:50:33.650057 n-d-802225-3 devstack@placement-api.service[94580]: [pid: 94580|app: 0|req: 446/889] 10.222.0.38 () {60 vars in 1507 bytes} [Fri Aug 6 02:50:33 2021] GET /placement/allocation_candidates?limit=1000&resources=DISK_GB%3A1%2CMEMORY_MB%3A1024%2CVCPU%3A1&root_required=%21COMPUTE_STATUS_DISABLED => generated 1309 bytes in 65 msecs (HTTP/1.1 200) 8 headers in 297 bytes (2 switches on core 0)
Aug 06 02:50:33.701249 n-d-802225-3 devstack@placement-api.service[94581]: DEBUG placement.requestlog [req-125e156f-4b9e-4342-8e6a-26c24f2c54de req-af03faaf-f89f-4632-aefe-e93b89aae42b None None] Starting request: 10.222.0.38 "GET /placement/allocations/5eb46fbf-aa68-4443-8ac7-e43925799fdf" {{(pid=94581) __call__ /opt/stack/placement/placement/requestlog.py:55}}
Aug 06 02:50:33.711632 n-d-802225-3 devstack@placement-api.service[94581]: INFO placement.requestlog [req-125e156f-4b9e-4342-8e6a-26c24f2c54de req-af03faaf-f89f-4632-aefe-e93b89aae42b service placement] 10.222.0.38 "GET /placement/allocations/5eb46fbf-aa68-4443-8ac7-e43925799fdf" status: 200 len: 19 microversion: 1.28
Aug 06 02:50:33.711843 n-d-802225-3 devstack@placement-api.service[94581]: [pid: 94581|app: 0|req: 444/890] 10.222.0.38 () {60 vars in 1381 bytes} [Fri Aug 6 02:50:33 2021] GET /placement/allocations/5eb46fbf-aa68-4443-8ac7-e43925799fdf => generated 19 bytes in 11 msecs (HTTP/1.1 200) 8 headers in 295 bytes (2 switches on core 0)
Aug 06 02:50:33.717328 n-d-802225-3 devstack@placement-api.service[94580]: DEBUG placement.requestlog [req-125e156f-4b9e-4342-8e6a-26c24f2c54de req-42f4c2f0-a98c-4f56-ad39-5cb441cdf61f None None] Starting request: 10.222.0.38 "PUT /placement/allocations/5eb46fbf-aa68-4443-8ac7-e43925799fdf" {{(pid=94580) __call__ /opt/stack/placement/placement/requestlog.py:55}}
Aug 06 02:50:33.789082 n-d-802225-3 devstack@placement-api.service[94580]: DEBUG placement.handlers.allocation [req-125e156f-4b9e-4342-8e6a-26c24f2c54de req-42f4c2f0-a98c-4f56-ad39-5cb441cdf61f service placement] Successfully wrote allocations [, , ] {{(pid=94580) _create_allocations /opt/stack/placement/placement/handlers/allocation.py:435}}
Aug 06 02:50:33.789578 n-d-802225-3 devstack@placement-api.service[94580]: INFO placement.requestlog [req-125e156f-4b9e-4342-8e6a-26c24f2c54de req-42f4c2f0-a98c-4f56-ad39-5cb441cdf61f service placement] 10.222.0.38 "PUT /placement/allocations/5eb46fbf-aa68-4443-8ac7-e43925799fdf" status: 204 len: 0 microversion: 1.35
Aug 06 02:50:33.789965 n-d-802225-3 devstack@placement-api.service[94580]: [pid: 94580|app: 0|req: 447/891] 10.222.0.38 () {64 vars in 1434 bytes} [Fri Aug 6 02:50:33 2021] PUT /placement/allocations/5eb46fbf-aa68-4443-8ac7-e43925799fdf => generated 0 bytes in 73 msecs (HTTP/1.1 204) 5 headers in 199 bytes (2 switches on core 0)
Aug 06 02:50:34.049291 n-d-802225-3 devstack@placement-api.service[94581]: DEBUG placement.requestlog [req-125e156f-4b9e-4342-8e6a-26c24f2c54de req-56124e6c-e033-4285-a971-7df95c74a9f1 None None] Starting request: 10.222.0.10 "GET /placement/allocations/5eb46fbf-aa68-4443-8ac7-e43925799fdf" {{(pid=94581) __call__ /opt/stack/placement/placement/requestlog.py:55}}
Aug 06 02:50:34.064054 n-d-802225-3 devstack@placement-api.service[94581]: INFO placement.requestlog [req-125e156f-4b9e-4342-8e6a-26c24f2c54de req-56124e6c-e033-4285-a971-7df95c74a9f1 service placement] 10.222.0.10 "GET /placement/allocations/5eb46fbf-aa68-4443-8ac7-e43925799fdf" status: 200 len: 260 microversion: 1.28
Aug 06 02:50:34.064406 n-d-802225-3 devstack@placement-api.service[94581]: [pid: 94581|app: 0|req: 445/892] 10.222.0.10 () {60 vars in 1378 bytes} [Fri Aug 6 02:50:34 2021] GET /placement/allocations/5eb46fbf-aa68-4443-8ac7-e43925799fdf => generated 260 bytes in 16 msecs (HTTP/1.1 200) 8 headers in 296 bytes (1 switches on core 0)
Aug 06 02:50:45.061599 n-d-802225-3 devstack@placement-api.service[94580]: DEBUG placement.requestlog [req-204db0d3-9e3b-4850-81e2-0af8de43eca7 req-5c1637a6-4ff8-4f37-9e22-dad5e3d5b0d1 None None] Starting request: 10.222.0.38 "GET /placement/allocation_candidates?limit=1000&resources=DISK_GB%3A1%2CMEMORY_MB%3A1024%2CVCPU%3A1&root_required=%21COMPUTE_STATUS_DISABLED" {{(pid=94580) __call__ /opt/stack/placement/placement/requestlog.py:55}}
Aug 06 02:50:45.080891 n-d-802225-3 devstack@placement-api.service[94581]: DEBUG placement.requestlog [req-8d5986ef-b7d1-429f-9276-66ed91835744 req-a05619cf-4352-400a-8b78-923f1c826cd0 None None] Starting request: 10.222.0.10 "GET /placement/resource_providers?in_tree=4f234108-50c1-47a6-8a01-14093b561897" {{(pid=94581) __call__ /opt/stack/placement/placement/requestlog.py:55}}
Aug 06 02:50:45.105202 n-d-802225-3 devstack@placement-api.service[94580]: DEBUG placement.objects.research_context [req-204db0d3-9e3b-4850-81e2-0af8de43eca7 req-5c1637a6-4ff8-4f37-9e22-dad5e3d5b0d1 service placement] getting providers with 1 DISK_GB {{(pid=94580) __init__ /opt/stack/placement/placement/objects/research_context.py:126}}
Aug 06 02:50:45.110826 n-d-802225-3 devstack@placement-api.service[94580]: DEBUG placement.objects.research_context [req-204db0d3-9e3b-4850-81e2-0af8de43eca7 req-5c1637a6-4ff8-4f37-9e22-dad5e3d5b0d1 service placement] getting providers with 1024 MEMORY_MB {{(pid=94580) __init__ /opt/stack/placement/placement/objects/research_context.py:126}}
Aug 06 02:50:45.117553 n-d-802225-3 devstack@placement-api.service[94580]: DEBUG placement.objects.research_context [req-204db0d3-9e3b-4850-81e2-0af8de43eca7 req-5c1637a6-4ff8-4f37-9e22-dad5e3d5b0d1 service placement] getting providers with 1 VCPU {{(pid=94580) __init__ /opt/stack/placement/placement/objects/research_context.py:126}}
Aug 06 02:50:45.123093 n-d-802225-3 devstack@placement-api.service[94580]: DEBUG placement.objects.research_context [req-204db0d3-9e3b-4850-81e2-0af8de43eca7 req-5c1637a6-4ff8-4f37-9e22-dad5e3d5b0d1 service placement] found 2 providers with available 1 DISK_GB {{(pid=94580) get_provider_ids_matching /opt/stack/placement/placement/objects/research_context.py:549}}
Aug 06 02:50:45.123416 n-d-802225-3 devstack@placement-api.service[94580]: DEBUG placement.objects.research_context [req-204db0d3-9e3b-4850-81e2-0af8de43eca7 req-5c1637a6-4ff8-4f37-9e22-dad5e3d5b0d1 service placement] found 2 providers with available 1024 MEMORY_MB {{(pid=94580) get_provider_ids_matching /opt/stack/placement/placement/objects/research_context.py:549}}
Aug 06 02:50:45.123608 n-d-802225-3 devstack@placement-api.service[94580]: DEBUG placement.objects.research_context [req-204db0d3-9e3b-4850-81e2-0af8de43eca7 req-5c1637a6-4ff8-4f37-9e22-dad5e3d5b0d1 service placement] found 2 providers after filtering by previous result {{(pid=94580) get_provider_ids_matching /opt/stack/placement/placement/objects/research_context.py:580}}
Aug 06 02:50:45.124057 n-d-802225-3 devstack@placement-api.service[94580]: DEBUG placement.objects.research_context [req-204db0d3-9e3b-4850-81e2-0af8de43eca7 req-5c1637a6-4ff8-4f37-9e22-dad5e3d5b0d1 service placement] found 2 providers with available 1 VCPU {{(pid=94580) get_provider_ids_matching /opt/stack/placement/placement/objects/research_context.py:549}}
Aug 06 02:50:45.124468 n-d-802225-3 devstack@placement-api.service[94580]: DEBUG placement.objects.research_context [req-204db0d3-9e3b-4850-81e2-0af8de43eca7 req-5c1637a6-4ff8-4f37-9e22-dad5e3d5b0d1 service placement] found 2 providers after filtering by previous result {{(pid=94580) get_provider_ids_matching /opt/stack/placement/placement/objects/research_context.py:580}}
Aug 06 02:50:45.136769 n-d-802225-3 devstack@placement-api.service[94580]: DEBUG placement.objects.allocation_candidate [req-204db0d3-9e3b-4850-81e2-0af8de43eca7 req-5c1637a6-4ff8-4f37-9e22-dad5e3d5b0d1 service placement] RequestGroup(use_same_provider=False, resources={DISK_GB:1, MEMORY_MB:1024, VCPU:1}, traits=[], aggregates=[]) (suffix '') returned 2 matches {{(pid=94580) _get_by_requests /opt/stack/placement/placement/objects/allocation_candidate.py:145}}
Aug 06 02:50:45.137281 n-d-802225-3 devstack@placement-api.service[94580]: DEBUG placement.objects.allocation_candidate [req-204db0d3-9e3b-4850-81e2-0af8de43eca7 req-5c1637a6-4ff8-4f37-9e22-dad5e3d5b0d1 service placement] Merging candidates yields 2 allocation requests and 2 provider summaries {{(pid=94580) _merge_candidates /opt/stack/placement/placement/objects/allocation_candidate.py:783}}
Aug 06 02:50:45.138856 n-d-802225-3 devstack@placement-api.service[94580]: INFO placement.requestlog [req-204db0d3-9e3b-4850-81e2-0af8de43eca7 req-5c1637a6-4ff8-4f37-9e22-dad5e3d5b0d1 service placement] 10.222.0.38 "GET /placement/allocation_candidates?limit=1000&resources=DISK_GB%3A1%2CMEMORY_MB%3A1024%2CVCPU%3A1&root_required=%21COMPUTE_STATUS_DISABLED" status: 200 len: 1309 microversion: 1.35
Aug 06 02:50:45.139416 n-d-802225-3 devstack@placement-api.service[94580]: [pid: 94580|app: 0|req: 448/893] 10.222.0.38 () {60 vars in 1507 bytes} [Fri Aug 6 02:50:45 2021] GET /placement/allocation_candidates?limit=1000&resources=DISK_GB%3A1%2CMEMORY_MB%3A1024%2CVCPU%3A1&root_required=%21COMPUTE_STATUS_DISABLED => generated 1309 bytes in 78 msecs (HTTP/1.1 200) 8 headers in 297 bytes (1 switches on core 0)
Aug 06 02:50:45.196704 n-d-802225-3 devstack@placement-api.service[94580]: DEBUG placement.requestlog [req-204db0d3-9e3b-4850-81e2-0af8de43eca7 req-debdfb65-2dea-4c75-ba78-7ba357e29988 None None] Starting request: 10.222.0.38 "GET /placement/allocations/92f35ffa-faaf-46cd-be2c-21f19beca33c" {{(pid=94580) __call__ /opt/stack/placement/placement/requestlog.py:55}}
Aug 06 02:50:45.207810 n-d-802225-3 devstack@placement-api.service[94580]: INFO placement.requestlog [req-204db0d3-9e3b-4850-81e2-0af8de43eca7 req-debdfb65-2dea-4c75-ba78-7ba357e29988 service placement] 10.222.0.38 "GET /placement/allocations/92f35ffa-faaf-46cd-be2c-21f19beca33c" status: 200 len: 19 microversion: 1.28
Aug 06 02:50:45.208350 n-d-802225-3 devstack@placement-api.service[94580]: [pid: 94580|app: 0|req: 449/894] 10.222.0.38 () {60 vars in 1381 bytes} [Fri Aug 6 02:50:45 2021] GET /placement/allocations/92f35ffa-faaf-46cd-be2c-21f19beca33c => generated 19 bytes in 12 msecs (HTTP/1.1 200) 8 headers in 295 bytes (2 switches on core 0)
Aug 06 02:50:45.216414 n-d-802225-3 devstack@placement-api.service[94580]: DEBUG placement.requestlog [req-204db0d3-9e3b-4850-81e2-0af8de43eca7 req-9cfc36a2-6395-472c-b5c7-db023603e7f8 None None] Starting request: 10.222.0.38 "PUT /placement/allocations/92f35ffa-faaf-46cd-be2c-21f19beca33c" {{(pid=94580) __call__ /opt/stack/placement/placement/requestlog.py:55}}
Aug 06 02:50:45.288057 n-d-802225-3 devstack@placement-api.service[94581]: INFO placement.requestlog [req-8d5986ef-b7d1-429f-9276-66ed91835744 req-a05619cf-4352-400a-8b78-923f1c826cd0 service placement] 10.222.0.10 "GET /placement/resource_providers?in_tree=4f234108-50c1-47a6-8a01-14093b561897" status: 200 len: 864 microversion: 1.14
Aug 06 02:50:45.288640 n-d-802225-3 devstack@placement-api.service[94581]: [pid: 94581|app: 0|req: 446/895] 10.222.0.10 () {60 vars in 1377 bytes} [Fri Aug 6 02:50:45 2021] GET /placement/resource_providers?in_tree=4f234108-50c1-47a6-8a01-14093b561897 => generated 864 bytes in 208 msecs (HTTP/1.1 200) 6 headers in 225 bytes (1 switches on core 0)
Aug 06 02:50:45.293136 n-d-802225-3 devstack@placement-api.service[94580]: DEBUG placement.handlers.allocation [req-204db0d3-9e3b-4850-81e2-0af8de43eca7 req-9cfc36a2-6395-472c-b5c7-db023603e7f8 service placement] Successfully wrote allocations [, , ] {{(pid=94580) _create_allocations /opt/stack/placement/placement/handlers/allocation.py:435}}
Aug 06 02:50:45.293681 n-d-802225-3 devstack@placement-api.service[94580]: INFO placement.requestlog [req-204db0d3-9e3b-4850-81e2-0af8de43eca7 req-9cfc36a2-6395-472c-b5c7-db023603e7f8 service placement] 10.222.0.38 "PUT /placement/allocations/92f35ffa-faaf-46cd-be2c-21f19beca33c" status: 204 len: 0 microversion: 1.35
Aug 06 02:50:45.293983 n-d-802225-3 devstack@placement-api.service[94580]: [pid: 94580|app: 0|req: 450/896] 10.222.0.38 () {64 vars in 1434 bytes} [Fri Aug 6 02:50:45 2021] PUT /placement/allocations/92f35ffa-faaf-46cd-be2c-21f19beca33c => generated 0 bytes in 78 msecs (HTTP/1.1 204) 5 headers in 199 bytes (1 switches on core 0)
Aug 06 02:50:45.297846 n-d-802225-3 devstack@placement-api.service[94581]: DEBUG placement.requestlog [req-8d5986ef-b7d1-429f-9276-66ed91835744 req-11475d86-6579-4a3b-a555-c0709bc6bdd1 None None] Starting request: 10.222.0.10 "GET /placement/resource_providers/4f234108-50c1-47a6-8a01-14093b561897/inventories" {{(pid=94581) __call__ /opt/stack/placement/placement/requestlog.py:55}}
Aug 06 02:50:45.319480 n-d-802225-3 devstack@placement-api.service[94581]: INFO placement.requestlog [req-8d5986ef-b7d1-429f-9276-66ed91835744 req-11475d86-6579-4a3b-a555-c0709bc6bdd1 service placement] 10.222.0.10 "GET /placement/resource_providers/4f234108-50c1-47a6-8a01-14093b561897/inventories" status: 200 len: 399 microversion: 1.0
Aug 06 02:50:45.319853 n-d-802225-3 devstack@placement-api.service[94581]: [pid: 94581|app: 0|req: 447/897] 10.222.0.10 () {58 vars in 1391 bytes} [Fri Aug 6 02:50:45 2021] GET /placement/resource_providers/4f234108-50c1-47a6-8a01-14093b561897/inventories => generated 399 bytes in 22 msecs (HTTP/1.1 200) 6 headers in 224 bytes (1 switches on core 0)
Aug 06 02:50:45.329877 n-d-802225-3 devstack@placement-api.service[94580]: DEBUG placement.requestlog [req-8d5986ef-b7d1-429f-9276-66ed91835744 req-82fa80a6-bcc8-4d48-b203-3d919a8485db None None] Starting request: 10.222.0.10 "GET /placement/resource_providers/4f234108-50c1-47a6-8a01-14093b561897/aggregates" {{(pid=94580) __call__ /opt/stack/placement/placement/requestlog.py:55}}
Aug 06 02:50:45.343491 n-d-802225-3 devstack@placement-api.service[94580]: INFO placement.requestlog [req-8d5986ef-b7d1-429f-9276-66ed91835744 req-82fa80a6-bcc8-4d48-b203-3d919a8485db service placement] 10.222.0.10 "GET /placement/resource_providers/4f234108-50c1-47a6-8a01-14093b561897/aggregates" status: 200 len: 55 microversion: 1.19
Aug 06 02:50:45.343723 n-d-802225-3 devstack@placement-api.service[94580]: [pid: 94580|app: 0|req: 451/898] 10.222.0.10 () {60 vars in 1432 bytes} [Fri Aug 6 02:50:45 2021] GET /placement/resource_providers/4f234108-50c1-47a6-8a01-14093b561897/aggregates => generated 55 bytes in 14 msecs (HTTP/1.1 200) 8 headers in 295 bytes (1 switches on core 0)
Aug 06 02:50:45.353118 n-d-802225-3 devstack@placement-api.service[94581]: DEBUG placement.requestlog [req-8d5986ef-b7d1-429f-9276-66ed91835744 req-2fd3d74f-ff79-4f3d-bd82-cb45a9a7c95c None None] Starting request: 10.222.0.10 "GET /placement/resource_providers/4f234108-50c1-47a6-8a01-14093b561897/traits" {{(pid=94581) __call__ /opt/stack/placement/placement/requestlog.py:55}}
Aug 06 02:50:45.384899 n-d-802225-3 devstack@placement-api.service[94581]: INFO placement.requestlog [req-8d5986ef-b7d1-429f-9276-66ed91835744 req-2fd3d74f-ff79-4f3d-bd82-cb45a9a7c95c service placement] 10.222.0.10 "GET /placement/resource_providers/4f234108-50c1-47a6-8a01-14093b561897/traits" status: 200 len: 213 microversion: 1.6
Aug 06 02:50:45.385424 n-d-802225-3 devstack@placement-api.service[94581]: [pid: 94581|app: 0|req: 448/899] 10.222.0.10 () {60 vars in 1419 bytes} [Fri Aug 6 02:50:45 2021] GET /placement/resource_providers/4f234108-50c1-47a6-8a01-14093b561897/traits => generated 213 bytes in 33 msecs (HTTP/1.1 200) 6 headers in 224 bytes (1 switches on core 0)
Aug 06 02:50:45.564167 n-d-802225-3 devstack@placement-api.service[94580]: DEBUG placement.requestlog [req-204db0d3-9e3b-4850-81e2-0af8de43eca7 req-988b2872-99e3-4d68-9e8d-9b1c25b0f719 None None] Starting request: 10.222.0.10 "GET /placement/allocations/92f35ffa-faaf-46cd-be2c-21f19beca33c" {{(pid=94580) __call__ /opt/stack/placement/placement/requestlog.py:55}}
Aug 06 02:50:45.578203 n-d-802225-3 devstack@placement-api.service[94580]: INFO placement.requestlog [req-204db0d3-9e3b-4850-81e2-0af8de43eca7 req-988b2872-99e3-4d68-9e8d-9b1c25b0f719 service placement] 10.222.0.10 "GET /placement/allocations/92f35ffa-faaf-46cd-be2c-21f19beca33c" status: 200 len: 260 microversion: 1.28
Aug 06 02:50:45.578630 n-d-802225-3 devstack@placement-api.service[94580]: [pid: 94580|app: 0|req: 452/900] 10.222.0.10 () {60 vars in 1378 bytes} [Fri Aug 6 02:50:45 2021] GET /placement/allocations/92f35ffa-faaf-46cd-be2c-21f19beca33c => generated 260 bytes in 15 msecs (HTTP/1.1 200) 8 headers in 296 bytes (1 switches on core 0)
Aug 06 02:50:45.615894 n-d-802225-3 devstack@placement-api.service[94581]: DEBUG placement.requestlog [req-8d5986ef-b7d1-429f-9276-66ed91835744 req-b9afd749-2b90-476b-8473-8f3916e29432 None None] Starting request: 10.222.0.10 "GET /placement/allocations/ce96bec1-4d51-4faa-a044-4a5149655f52" {{(pid=94581) __call__ /opt/stack/placement/placement/requestlog.py:55}}
Aug 06 02:50:45.640594 n-d-802225-3 devstack@placement-api.service[94581]: INFO placement.requestlog [req-8d5986ef-b7d1-429f-9276-66ed91835744 req-b9afd749-2b90-476b-8473-8f3916e29432 service placement] 10.222.0.10 "GET /placement/allocations/ce96bec1-4d51-4faa-a044-4a5149655f52" status: 200 len: 260 microversion: 1.28
Aug 06 02:50:45.641208 n-d-802225-3 devstack@placement-api.service[94581]: [pid: 94581|app: 0|req: 449/901] 10.222.0.10 () {60 vars in 1378 bytes} [Fri Aug 6 02:50:45 2021] GET /placement/allocations/ce96bec1-4d51-4faa-a044-4a5149655f52 => generated 260 bytes in 25 msecs (HTTP/1.1 200) 8 headers in 296 bytes (1 switches on core 0)
Aug 06 02:50:45.648841 n-d-802225-3 devstack@placement-api.service[94580]: DEBUG placement.requestlog [req-8d5986ef-b7d1-429f-9276-66ed91835744 req-4323dcdd-a2dd-44bd-a671-7a285ce87c76 None None] Starting request: 10.222.0.10 "PUT /placement/allocations/ce96bec1-4d51-4faa-a044-4a5149655f52" {{(pid=94580) __call__ /opt/stack/placement/placement/requestlog.py:55}}
Aug 06 02:50:45.692557 n-d-802225-3 devstack@placement-api.service[94580]: DEBUG placement.handlers.allocation [req-8d5986ef-b7d1-429f-9276-66ed91835744 req-4323dcdd-a2dd-44bd-a671-7a285ce87c76 service placement] Successfully wrote allocations [, , ] {{(pid=94580) _create_allocations /opt/stack/placement/placement/handlers/allocation.py:435}}
Aug 06 02:50:45.693064 n-d-802225-3 devstack@placement-api.service[94580]: INFO placement.requestlog [req-8d5986ef-b7d1-429f-9276-66ed91835744 req-4323dcdd-a2dd-44bd-a671-7a285ce87c76 service placement] 10.222.0.10 "PUT /placement/allocations/ce96bec1-4d51-4faa-a044-4a5149655f52" status: 204 len: 0 microversion: 1.28
Aug 06 02:50:45.693325 n-d-802225-3 devstack@placement-api.service[94580]: [pid: 94580|app: 0|req: 453/902] 10.222.0.10 () {64 vars in 1431 bytes} [Fri Aug 6 02:50:45 2021] PUT /placement/allocations/ce96bec1-4d51-4faa-a044-4a5149655f52 => generated 0 bytes in 45 msecs (HTTP/1.1 204) 5 headers in 199 bytes (1 switches on core 0)
Aug 06 02:50:53.401486 n-d-802225-3 devstack@placement-api.service[94581]: DEBUG placement.requestlog [req-870dc638-08cc-40ce-bee5-e1d54681759b req-868a3d2b-41a2-4914-94d6-673cbf087514 None None] Starting request: 10.222.0.38 "GET /placement/allocation_candidates?limit=1000&resources=DISK_GB%3A1%2CMEMORY_MB%3A1024%2CVCPU%3A1&root_required=%21COMPUTE_STATUS_DISABLED" {{(pid=94581) __call__ /opt/stack/placement/placement/requestlog.py:55}}
Aug 06 02:50:53.512309 n-d-802225-3 devstack@placement-api.service[94581]: DEBUG placement.objects.research_context [req-870dc638-08cc-40ce-bee5-e1d54681759b req-868a3d2b-41a2-4914-94d6-673cbf087514 service placement] getting providers with 1 DISK_GB {{(pid=94581) __init__ /opt/stack/placement/placement/objects/research_context.py:126}}
Aug 06 02:50:53.523627 n-d-802225-3 devstack@placement-api.service[94581]: DEBUG placement.objects.research_context [req-870dc638-08cc-40ce-bee5-e1d54681759b req-868a3d2b-41a2-4914-94d6-673cbf087514 service placement] getting providers with 1024 MEMORY_MB {{(pid=94581) __init__ /opt/stack/placement/placement/objects/research_context.py:126}}
Aug 06 02:50:53.530593 n-d-802225-3 devstack@placement-api.service[94581]: DEBUG placement.objects.research_context [req-870dc638-08cc-40ce-bee5-e1d54681759b req-868a3d2b-41a2-4914-94d6-673cbf087514 service placement] getting providers with 1 VCPU {{(pid=94581) __init__ /opt/stack/placement/placement/objects/research_context.py:126}}
Aug 06 02:50:53.539493 n-d-802225-3 devstack@placement-api.service[94581]: DEBUG placement.objects.research_context [req-870dc638-08cc-40ce-bee5-e1d54681759b req-868a3d2b-41a2-4914-94d6-673cbf087514 service placement] found 2 providers with available 1 DISK_GB {{(pid=94581) get_provider_ids_matching /opt/stack/placement/placement/objects/research_context.py:549}}
Aug 06 02:50:53.540011 n-d-802225-3 devstack@placement-api.service[94581]: DEBUG placement.objects.research_context [req-870dc638-08cc-40ce-bee5-e1d54681759b req-868a3d2b-41a2-4914-94d6-673cbf087514 service placement] found 2 providers with available 1024 MEMORY_MB {{(pid=94581) get_provider_ids_matching /opt/stack/placement/placement/objects/research_context.py:549}}
Aug 06 02:50:53.541731 n-d-802225-3 devstack@placement-api.service[94581]: DEBUG placement.objects.research_context [req-870dc638-08cc-40ce-bee5-e1d54681759b req-868a3d2b-41a2-4914-94d6-673cbf087514 service placement] found 2 providers after filtering by previous result {{(pid=94581) get_provider_ids_matching /opt/stack/placement/placement/objects/research_context.py:580}}
Aug 06 02:50:53.542216 n-d-802225-3 devstack@placement-api.service[94581]: DEBUG placement.objects.research_context [req-870dc638-08cc-40ce-bee5-e1d54681759b req-868a3d2b-41a2-4914-94d6-673cbf087514 service placement] found 2 providers with available 1 VCPU {{(pid=94581) get_provider_ids_matching /opt/stack/placement/placement/objects/research_context.py:549}}
Aug 06 02:50:53.543947 n-d-802225-3 devstack@placement-api.service[94581]: DEBUG placement.objects.research_context [req-870dc638-08cc-40ce-bee5-e1d54681759b req-868a3d2b-41a2-4914-94d6-673cbf087514 service placement] found 2 providers after filtering by previous result {{(pid=94581) get_provider_ids_matching /opt/stack/placement/placement/objects/research_context.py:580}}
Aug 06 02:50:53.576671 n-d-802225-3 devstack@placement-api.service[94581]: DEBUG placement.objects.allocation_candidate [req-870dc638-08cc-40ce-bee5-e1d54681759b req-868a3d2b-41a2-4914-94d6-673cbf087514 service placement] RequestGroup(use_same_provider=False, resources={DISK_GB:1, MEMORY_MB:1024, VCPU:1}, traits=[], aggregates=[]) (suffix '') returned 2 matches {{(pid=94581) _get_by_requests /opt/stack/placement/placement/objects/allocation_candidate.py:145}}
Aug 06 02:50:53.577163 n-d-802225-3 devstack@placement-api.service[94581]: DEBUG placement.objects.allocation_candidate [req-870dc638-08cc-40ce-bee5-e1d54681759b req-868a3d2b-41a2-4914-94d6-673cbf087514 service placement] Merging candidates yields 2 allocation requests and 2 provider summaries {{(pid=94581) _merge_candidates /opt/stack/placement/placement/objects/allocation_candidate.py:783}}
Aug 06 02:50:53.582865 n-d-802225-3 devstack@placement-api.service[94581]: INFO placement.requestlog [req-870dc638-08cc-40ce-bee5-e1d54681759b req-868a3d2b-41a2-4914-94d6-673cbf087514 service placement] 10.222.0.38 "GET /placement/allocation_candidates?limit=1000&resources=DISK_GB%3A1%2CMEMORY_MB%3A1024%2CVCPU%3A1&root_required=%21COMPUTE_STATUS_DISABLED" status: 200 len: 1309 microversion: 1.35
Aug 06 02:50:53.583137 n-d-802225-3 devstack@placement-api.service[94581]: [pid: 94581|app: 0|req: 450/903] 10.222.0.38 () {60 vars in 1507 bytes} [Fri Aug 6 02:50:53 2021] GET /placement/allocation_candidates?limit=1000&resources=DISK_GB%3A1%2CMEMORY_MB%3A1024%2CVCPU%3A1&root_required=%21COMPUTE_STATUS_DISABLED => generated 1309 bytes in 182 msecs (HTTP/1.1 200) 8 headers in 297 bytes (1 switches on core 0)
Aug 06 02:50:53.656111 n-d-802225-3 devstack@placement-api.service[94580]: DEBUG placement.requestlog [req-870dc638-08cc-40ce-bee5-e1d54681759b req-e38c9650-ed76-4126-b888-a81c782e8d56 None None] Starting request: 10.222.0.38 "GET /placement/allocations/28bd97c5-3b29-428a-84b4-0657017227f5" {{(pid=94580) __call__ /opt/stack/placement/placement/requestlog.py:55}}
Aug 06 02:50:53.678621 n-d-802225-3 devstack@placement-api.service[94580]: INFO placement.requestlog [req-870dc638-08cc-40ce-bee5-e1d54681759b req-e38c9650-ed76-4126-b888-a81c782e8d56 service placement] 10.222.0.38 "GET /placement/allocations/28bd97c5-3b29-428a-84b4-0657017227f5" status: 200 len: 19 microversion: 1.28
Aug 06 02:50:53.685526 n-d-802225-3 devstack@placement-api.service[94581]: DEBUG placement.requestlog [req-870dc638-08cc-40ce-bee5-e1d54681759b req-20342223-729d-4a75-aa95-b9616927e9a3 None None] Starting request: 10.222.0.38 "PUT /placement/allocations/28bd97c5-3b29-428a-84b4-0657017227f5" {{(pid=94581) __call__ /opt/stack/placement/placement/requestlog.py:55}}
Aug 06 02:50:53.695503 n-d-802225-3 devstack@placement-api.service[94580]: [pid: 94580|app: 0|req: 454/904] 10.222.0.38 () {60 vars in 1381 bytes} [Fri Aug 6 02:50:53 2021] GET /placement/allocations/28bd97c5-3b29-428a-84b4-0657017227f5 => generated 19 bytes in 39 msecs (HTTP/1.1 200) 8 headers in 295 bytes (1 switches on core 0)
Aug 06 02:50:53.820652 n-d-802225-3 devstack@placement-api.service[94581]: DEBUG placement.handlers.allocation [req-870dc638-08cc-40ce-bee5-e1d54681759b req-20342223-729d-4a75-aa95-b9616927e9a3 service placement] Successfully wrote allocations [, , ] {{(pid=94581) _create_allocations /opt/stack/placement/placement/handlers/allocation.py:435}}
Aug 06 02:50:53.821147 n-d-802225-3 devstack@placement-api.service[94581]: INFO placement.requestlog [req-870dc638-08cc-40ce-bee5-e1d54681759b req-20342223-729d-4a75-aa95-b9616927e9a3 service placement] 10.222.0.38 "PUT /placement/allocations/28bd97c5-3b29-428a-84b4-0657017227f5" status: 204 len: 0 microversion: 1.35
Aug 06 02:50:53.821962 n-d-802225-3 devstack@placement-api.service[94581]: [pid: 94581|app: 0|req: 451/905] 10.222.0.38 () {64 vars in 1434 bytes} [Fri Aug 6 02:50:53 2021] PUT /placement/allocations/28bd97c5-3b29-428a-84b4-0657017227f5 => generated 0 bytes in 137 msecs (HTTP/1.1 204) 5 headers in 199 bytes (2 switches on core 0)
Aug 06 02:50:54.470266 n-d-802225-3 devstack@placement-api.service[94580]: DEBUG placement.requestlog [req-870dc638-08cc-40ce-bee5-e1d54681759b req-b3037124-4365-416a-97c9-68f511e1a173 None None] Starting request: 10.222.0.39 "GET /placement/allocations/28bd97c5-3b29-428a-84b4-0657017227f5" {{(pid=94580) __call__ /opt/stack/placement/placement/requestlog.py:55}}
Aug 06 02:50:54.513420 n-d-802225-3 devstack@placement-api.service[94580]: INFO placement.requestlog [req-870dc638-08cc-40ce-bee5-e1d54681759b req-b3037124-4365-416a-97c9-68f511e1a173 service placement] 10.222.0.39 "GET /placement/allocations/28bd97c5-3b29-428a-84b4-0657017227f5" status: 200 len: 260 microversion: 1.28
Aug 06 02:50:54.514950 n-d-802225-3 devstack@placement-api.service[94580]: [pid: 94580|app: 0|req: 455/906] 10.222.0.39 () {60 vars in 1378 bytes} [Fri Aug 6 02:50:54 2021] GET /placement/allocations/28bd97c5-3b29-428a-84b4-0657017227f5 => generated 260 bytes in 44 msecs (HTTP/1.1 200) 8 headers in 296 bytes (1 switches on core 0)
Aug 06 02:51:00.713559 n-d-802225-3 devstack@placement-api.service[94581]: DEBUG placement.requestlog [req-626a1642-56f7-4b6c-8656-3230c15e1e6c req-88f14f50-2c23-4745-a5eb-88ce38c73c5a None None] Starting request: 10.222.0.10 "GET /placement/allocations/92f35ffa-faaf-46cd-be2c-21f19beca33c" {{(pid=94581) __call__ /opt/stack/placement/placement/requestlog.py:55}}
Aug 06 02:51:00.736693 n-d-802225-3 devstack@placement-api.service[94581]: INFO placement.requestlog [req-626a1642-56f7-4b6c-8656-3230c15e1e6c req-88f14f50-2c23-4745-a5eb-88ce38c73c5a service placement] 10.222.0.10 "GET /placement/allocations/92f35ffa-faaf-46cd-be2c-21f19beca33c" status: 200 len: 260 microversion: 1.28
Aug 06 02:51:00.737911 n-d-802225-3 devstack@placement-api.service[94581]: [pid: 94581|app: 0|req: 452/907] 10.222.0.10 () {60 vars in 1378 bytes} [Fri Aug 6 02:51:00 2021] GET /placement/allocations/92f35ffa-faaf-46cd-be2c-21f19beca33c => generated 260 bytes in 24 msecs (HTTP/1.1 200) 8 headers in 296 bytes (1 switches on core 0)
Aug 06 02:51:00.752174 n-d-802225-3 devstack@placement-api.service[94580]: DEBUG placement.requestlog [req-626a1642-56f7-4b6c-8656-3230c15e1e6c req-a2042015-5d1a-4502-8dee-99c4d064ff91 None None] Starting request: 10.222.0.10 "PUT /placement/allocations/92f35ffa-faaf-46cd-be2c-21f19beca33c" {{(pid=94580) __call__ /opt/stack/placement/placement/requestlog.py:55}}
Aug 06 02:51:00.881340 n-d-802225-3 devstack@placement-api.service[94580]: DEBUG placement.handlers.allocation [req-626a1642-56f7-4b6c-8656-3230c15e1e6c req-a2042015-5d1a-4502-8dee-99c4d064ff91 service placement] Successfully wrote allocations [, , ] {{(pid=94580) _create_allocations /opt/stack/placement/placement/handlers/allocation.py:435}}
Aug 06 02:51:00.881834 n-d-802225-3 devstack@placement-api.service[94580]: INFO placement.requestlog [req-626a1642-56f7-4b6c-8656-3230c15e1e6c req-a2042015-5d1a-4502-8dee-99c4d064ff91 service placement] 10.222.0.10 "PUT /placement/allocations/92f35ffa-faaf-46cd-be2c-21f19beca33c" status: 204 len: 0 microversion: 1.28
Aug 06 02:51:00.882082 n-d-802225-3 devstack@placement-api.service[94580]: [pid: 94580|app: 0|req: 456/908] 10.222.0.10 () {64 vars in 1431 bytes} [Fri Aug 6 02:51:00 2021] PUT /placement/allocations/92f35ffa-faaf-46cd-be2c-21f19beca33c => generated 0 bytes in 133 msecs (HTTP/1.1 204) 5 headers in 199 bytes (2 switches on core 0)
Aug 06 02:51:02.655343 n-d-802225-3 devstack@placement-api.service[94581]: DEBUG placement.requestlog [req-ca685ca8-423f-4aee-9a8f-1d538fe58061 req-6c969279-ebd2-4775-9342-5ee42218cb49 None None] Starting request: 10.222.0.10 "GET /placement/resource_providers/4f234108-50c1-47a6-8a01-14093b561897/allocations" {{(pid=94581) __call__ /opt/stack/placement/placement/requestlog.py:55}}
Aug 06 02:51:02.735086 n-d-802225-3 devstack@placement-api.service[94581]: INFO placement.requestlog [req-ca685ca8-423f-4aee-9a8f-1d538fe58061 req-6c969279-ebd2-4775-9342-5ee42218cb49 service placement] 10.222.0.10 "GET /placement/resource_providers/4f234108-50c1-47a6-8a01-14093b561897/allocations" status: 200 len: 256 microversion: 1.0
Aug 06 02:51:02.737780 n-d-802225-3 devstack@placement-api.service[94581]: [pid: 94581|app: 0|req: 453/909] 10.222.0.10 () {58 vars in 1391 bytes} [Fri Aug 6 02:51:02 2021] GET /placement/resource_providers/4f234108-50c1-47a6-8a01-14093b561897/allocations => generated 256 bytes in 84 msecs (HTTP/1.1 200) 6 headers in 224 bytes (1 switches on core 0)
Aug 06 02:51:03.054098 n-d-802225-3 devstack@placement-api.service[94580]: DEBUG placement.requestlog [req-654ffe5b-ccad-4788-9bb9-08efbf6dbc56 req-0a9993d9-bfce-4db8-99f2-3f8506a8ee0f None None] Starting request: 10.222.0.39 "GET /placement/resource_providers/4b5b4151-130f-4453-a2ec-26cfef11e58e/allocations" {{(pid=94580) __call__ /opt/stack/placement/placement/requestlog.py:55}}
Aug 06 02:51:03.094265 n-d-802225-3 devstack@placement-api.service[94580]: INFO placement.requestlog [req-654ffe5b-ccad-4788-9bb9-08efbf6dbc56 req-0a9993d9-bfce-4db8-99f2-3f8506a8ee0f service placement] 10.222.0.39 "GET /placement/resource_providers/4b5b4151-130f-4453-a2ec-26cfef11e58e/allocations" status: 200 len: 531 microversion: 1.0
Aug 06 02:51:03.095135 n-d-802225-3 devstack@placement-api.service[94580]: [pid: 94580|app: 0|req: 457/910] 10.222.0.39 () {58 vars in 1391 bytes} [Fri Aug 6 02:51:03 2021] GET /placement/resource_providers/4b5b4151-130f-4453-a2ec-26cfef11e58e/allocations => generated 531 bytes in 41 msecs (HTTP/1.1 200) 6 headers in 224 bytes (1 switches on core 0)
Aug 06 02:51:03.416544 n-d-802225-3 devstack@placement-api.service[94581]: DEBUG placement.requestlog [req-f0470f49-bea0-4480-b3bf-578a1e945979 req-afb12e2f-a682-4f6c-b0ae-58e2f340ea9d None None] Starting request: 10.222.0.39 "GET /placement/allocations/5269fc18-8b82-4f65-a07f-adc6c7d44ad4" {{(pid=94581) __call__ /opt/stack/placement/placement/requestlog.py:55}}
Aug 06 02:51:03.436445 n-d-802225-3 devstack@placement-api.service[94581]: INFO placement.requestlog [req-f0470f49-bea0-4480-b3bf-578a1e945979 req-afb12e2f-a682-4f6c-b0ae-58e2f340ea9d service placement] 10.222.0.39 "GET /placement/allocations/5269fc18-8b82-4f65-a07f-adc6c7d44ad4" status: 200 len: 246 microversion: 1.28
Aug 06 02:51:03.437307 n-d-802225-3 devstack@placement-api.service[94581]: [pid: 94581|app: 0|req: 454/911] 10.222.0.39 () {60 vars in 1378 bytes} [Fri Aug 6 02:51:03 2021] GET /placement/allocations/5269fc18-8b82-4f65-a07f-adc6c7d44ad4 => generated 246 bytes in 21 msecs (HTTP/1.1 200) 8 headers in 296 bytes (1 switches on core 0)
Aug 06 02:51:03.449962 n-d-802225-3 devstack@placement-api.service[94580]: DEBUG placement.requestlog [req-f0470f49-bea0-4480-b3bf-578a1e945979 req-6fb1730c-f561-49d0-873e-39794c039389 None None] Starting request: 10.222.0.39 "PUT /placement/allocations/5269fc18-8b82-4f65-a07f-adc6c7d44ad4" {{(pid=94580) __call__ /opt/stack/placement/placement/requestlog.py:55}}
Aug 06 02:51:03.582225 n-d-802225-3 devstack@placement-api.service[94580]: DEBUG placement.handlers.allocation [req-f0470f49-bea0-4480-b3bf-578a1e945979 req-6fb1730c-f561-49d0-873e-39794c039389 service placement] Successfully wrote allocations [, ] {{(pid=94580) _create_allocations /opt/stack/placement/placement/handlers/allocation.py:435}}
Aug 06 02:51:03.582726 n-d-802225-3 devstack@placement-api.service[94580]: INFO placement.requestlog [req-f0470f49-bea0-4480-b3bf-578a1e945979 req-6fb1730c-f561-49d0-873e-39794c039389 service placement] 10.222.0.39 "PUT /placement/allocations/5269fc18-8b82-4f65-a07f-adc6c7d44ad4" status: 204 len: 0 microversion: 1.28
Aug 06 02:51:03.583265 n-d-802225-3 devstack@placement-api.service[94580]: [pid: 94580|app: 0|req: 458/912] 10.222.0.39 () {64 vars in 1431 bytes} [Fri Aug 6 02:51:03 2021] PUT /placement/allocations/5269fc18-8b82-4f65-a07f-adc6c7d44ad4 => generated 0 bytes in 134 msecs (HTTP/1.1 204) 5 headers in 199 bytes (1 switches on core 0)
Aug 06 02:51:07.437226 n-d-802225-3 devstack@placement-api.service[94581]: DEBUG placement.requestlog [req-40bd01a5-8045-4033-b5db-41cb4f803602 req-6955536a-2bef-4c7c-915a-c5bbe92b5cfe None None] Starting request: 10.222.0.38 "GET /placement/allocation_candidates?limit=1000&resources=DISK_GB%3A1%2CMEMORY_MB%3A1024%2CVCPU%3A1&root_required=%21COMPUTE_STATUS_DISABLED" {{(pid=94581) __call__ /opt/stack/placement/placement/requestlog.py:55}}
Aug 06 02:51:07.490822 n-d-802225-3 devstack@placement-api.service[94581]: DEBUG placement.objects.research_context [req-40bd01a5-8045-4033-b5db-41cb4f803602 req-6955536a-2bef-4c7c-915a-c5bbe92b5cfe service placement] getting providers with 1 DISK_GB {{(pid=94581) __init__ /opt/stack/placement/placement/objects/research_context.py:126}}
Aug 06 02:51:07.510140 n-d-802225-3 devstack@placement-api.service[94581]: DEBUG placement.objects.research_context [req-40bd01a5-8045-4033-b5db-41cb4f803602 req-6955536a-2bef-4c7c-915a-c5bbe92b5cfe service placement] getting providers with 1024 MEMORY_MB {{(pid=94581) __init__ /opt/stack/placement/placement/objects/research_context.py:126}}
Aug 06 02:51:07.535707 n-d-802225-3 devstack@placement-api.service[94581]: DEBUG placement.objects.research_context [req-40bd01a5-8045-4033-b5db-41cb4f803602 req-6955536a-2bef-4c7c-915a-c5bbe92b5cfe service placement] getting providers with 1 VCPU {{(pid=94581) __init__ /opt/stack/placement/placement/objects/research_context.py:126}}
Aug 06 02:51:07.562611 n-d-802225-3 devstack@placement-api.service[94581]: DEBUG placement.objects.research_context [req-40bd01a5-8045-4033-b5db-41cb4f803602 req-6955536a-2bef-4c7c-915a-c5bbe92b5cfe service placement] found 2 providers with available 1 DISK_GB {{(pid=94581) get_provider_ids_matching /opt/stack/placement/placement/objects/research_context.py:549}}
Aug 06 02:51:07.563143 n-d-802225-3 devstack@placement-api.service[94581]: DEBUG placement.objects.research_context [req-40bd01a5-8045-4033-b5db-41cb4f803602 req-6955536a-2bef-4c7c-915a-c5bbe92b5cfe service placement] found 2 providers with available 1024 MEMORY_MB {{(pid=94581) get_provider_ids_matching /opt/stack/placement/placement/objects/research_context.py:549}}
Aug 06 02:51:07.563583 n-d-802225-3 devstack@placement-api.service[94581]: DEBUG placement.objects.research_context [req-40bd01a5-8045-4033-b5db-41cb4f803602 req-6955536a-2bef-4c7c-915a-c5bbe92b5cfe service placement] found 2 providers after filtering by previous result {{(pid=94581) get_provider_ids_matching /opt/stack/placement/placement/objects/research_context.py:580}}
Aug 06 02:51:07.564006 n-d-802225-3 devstack@placement-api.service[94581]: DEBUG placement.objects.research_context [req-40bd01a5-8045-4033-b5db-41cb4f803602 req-6955536a-2bef-4c7c-915a-c5bbe92b5cfe service placement] found 2 providers with available 1 VCPU {{(pid=94581) get_provider_ids_matching /opt/stack/placement/placement/objects/research_context.py:549}}
Aug 06 02:51:07.564442 n-d-802225-3 devstack@placement-api.service[94581]: DEBUG placement.objects.research_context [req-40bd01a5-8045-4033-b5db-41cb4f803602 req-6955536a-2bef-4c7c-915a-c5bbe92b5cfe service placement] found 2 providers after filtering by previous result {{(pid=94581) get_provider_ids_matching /opt/stack/placement/placement/objects/research_context.py:580}}
Aug 06 02:51:07.602478 n-d-802225-3 devstack@placement-api.service[94581]: DEBUG placement.objects.allocation_candidate [req-40bd01a5-8045-4033-b5db-41cb4f803602 req-6955536a-2bef-4c7c-915a-c5bbe92b5cfe service placement] RequestGroup(use_same_provider=False, resources={DISK_GB:1, MEMORY_MB:1024, VCPU:1}, traits=[], aggregates=[]) (suffix '') returned 2 matches {{(pid=94581) _get_by_requests /opt/stack/placement/placement/objects/allocation_candidate.py:145}}
Aug 06 02:51:07.603077 n-d-802225-3 devstack@placement-api.service[94581]: DEBUG placement.objects.allocation_candidate [req-40bd01a5-8045-4033-b5db-41cb4f803602 req-6955536a-2bef-4c7c-915a-c5bbe92b5cfe service placement] Merging candidates yields 2 allocation requests and 2 provider summaries {{(pid=94581) _merge_candidates /opt/stack/placement/placement/objects/allocation_candidate.py:783}}
Aug 06 02:51:07.604880 n-d-802225-3 devstack@placement-api.service[94581]: INFO placement.requestlog [req-40bd01a5-8045-4033-b5db-41cb4f803602 req-6955536a-2bef-4c7c-915a-c5bbe92b5cfe service placement] 10.222.0.38 "GET /placement/allocation_candidates?limit=1000&resources=DISK_GB%3A1%2CMEMORY_MB%3A1024%2CVCPU%3A1&root_required=%21COMPUTE_STATUS_DISABLED" status: 200 len: 1309 microversion: 1.35
Aug 06 02:51:07.605611 n-d-802225-3 devstack@placement-api.service[94581]: [pid: 94581|app: 0|req: 455/913] 10.222.0.38 () {60 vars in 1507 bytes} [Fri Aug 6 02:51:07 2021] GET /placement/allocation_candidates?limit=1000&resources=DISK_GB%3A1%2CMEMORY_MB%3A1024%2CVCPU%3A1&root_required=%21COMPUTE_STATUS_DISABLED => generated 1309 bytes in 168 msecs (HTTP/1.1 200) 8 headers in 297 bytes (1 switches on core 0)
Aug 06 02:51:07.733642 n-d-802225-3 devstack@placement-api.service[94580]: DEBUG placement.requestlog [req-40bd01a5-8045-4033-b5db-41cb4f803602 req-4c095347-5b7e-45c8-8448-4168e3bbfa7f None None] Starting request: 10.222.0.38 "GET /placement/allocations/ee69e31a-58d4-4386-9f12-1f9c59a1b1f5" {{(pid=94580) __call__ /opt/stack/placement/placement/requestlog.py:55}}
