Aug 04 20:01:15.238610 n-d-802060-6 devstack@placement-api.service[94633]: INFO placement.requestlog [req-a384a307-e325-4b5b-8040-332873b13b03 req-ab81ecbe-1064-421e-b0ee-b110018a4be1 service placement] 10.222.0.38 "GET /placement/allocation_candidates?limit=1000&resources=DISK_GB%3A1%2CMEMORY_MB%3A1024%2CVCPU%3A1&root_required=%21COMPUTE_STATUS_DISABLED" status: 200 len: 1309 microversion: 1.36
Aug 04 20:01:15.239534 n-d-802060-6 devstack@placement-api.service[94633]: [pid: 94633|app: 0|req: 115/230] 10.222.0.38 () {60 vars in 1507 bytes} [Wed Aug 4 20:01:15 2021] GET /placement/allocation_candidates?limit=1000&resources=DISK_GB%3A1%2CMEMORY_MB%3A1024%2CVCPU%3A1&root_required=%21COMPUTE_STATUS_DISABLED => generated 1309 bytes in 120 msecs (HTTP/1.1 200) 8 headers in 297 bytes (1 switches on core 0)
Aug 04 20:01:15.359674 n-d-802060-6 devstack@placement-api.service[94632]: DEBUG placement.requestlog [req-a384a307-e325-4b5b-8040-332873b13b03 req-edb4146e-338e-4a67-93a1-f06e5f51be85 None None] Starting request: 10.222.0.38 "GET /placement/allocations/65d23531-412f-4d2f-99fb-6fb8b7c8d619" {{(pid=94632) __call__ /opt/stack/placement/placement/requestlog.py:55}}
Aug 04 20:01:15.372169 n-d-802060-6 devstack@placement-api.service[94632]: INFO placement.requestlog [req-a384a307-e325-4b5b-8040-332873b13b03 req-edb4146e-338e-4a67-93a1-f06e5f51be85 service placement] 10.222.0.38 "GET /placement/allocations/65d23531-412f-4d2f-99fb-6fb8b7c8d619" status: 200 len: 19 microversion: 1.28
Aug 04 20:01:15.375741 n-d-802060-6 devstack@placement-api.service[94632]: [pid: 94632|app: 0|req: 116/231] 10.222.0.38 () {60 vars in 1381 bytes} [Wed Aug 4 20:01:15 2021] GET /placement/allocations/65d23531-412f-4d2f-99fb-6fb8b7c8d619 => generated 19 bytes in 16 msecs (HTTP/1.1 200) 8 headers in 295 bytes (1 switches on core 0)
Aug 04 20:01:15.380878 n-d-802060-6 devstack@placement-api.service[94633]: DEBUG placement.requestlog [req-a384a307-e325-4b5b-8040-332873b13b03 req-594bf27f-a9cf-497e-9af7-d33b814de49a None None] Starting request: 10.222.0.38 "PUT /placement/allocations/65d23531-412f-4d2f-99fb-6fb8b7c8d619" {{(pid=94633) __call__ /opt/stack/placement/placement/requestlog.py:55}}
Aug 04 20:01:15.529359 n-d-802060-6 devstack@placement-api.service[94633]: DEBUG placement.handlers.allocation [req-a384a307-e325-4b5b-8040-332873b13b03 req-594bf27f-a9cf-497e-9af7-d33b814de49a service placement] Successfully wrote allocations [, , ] {{(pid=94633) _create_allocations /opt/stack/placement/placement/handlers/allocation.py:435}}
Aug 04 20:01:15.529871 n-d-802060-6 devstack@placement-api.service[94633]: INFO placement.requestlog [req-a384a307-e325-4b5b-8040-332873b13b03 req-594bf27f-a9cf-497e-9af7-d33b814de49a service placement] 10.222.0.38 "PUT /placement/allocations/65d23531-412f-4d2f-99fb-6fb8b7c8d619" status: 204 len: 0 microversion: 1.36
Aug 04 20:01:15.530488 n-d-802060-6 devstack@placement-api.service[94633]: [pid: 94633|app: 0|req: 116/232] 10.222.0.38 () {64 vars in 1434 bytes} [Wed Aug 4 20:01:15 2021] PUT /placement/allocations/65d23531-412f-4d2f-99fb-6fb8b7c8d619 => generated 0 bytes in 150 msecs (HTTP/1.1 204) 5 headers in 199 bytes (1 switches on core 0)
Aug 04 20:01:15.953124 n-d-802060-6 devstack@placement-api.service[94632]: DEBUG placement.requestlog [req-a384a307-e325-4b5b-8040-332873b13b03 req-3e7f390b-a240-4c91-901f-3566cd072095 None None] Starting request: 10.222.0.41 "GET /placement/allocations/65d23531-412f-4d2f-99fb-6fb8b7c8d619" {{(pid=94632) __call__ /opt/stack/placement/placement/requestlog.py:55}}
Aug 04 20:01:15.974963 n-d-802060-6 devstack@placement-api.service[94632]: INFO placement.requestlog [req-a384a307-e325-4b5b-8040-332873b13b03 req-3e7f390b-a240-4c91-901f-3566cd072095 service placement] 10.222.0.41 "GET /placement/allocations/65d23531-412f-4d2f-99fb-6fb8b7c8d619" status: 200 len: 259 microversion: 1.28
Aug 04 20:01:15.975547 n-d-802060-6 devstack@placement-api.service[94632]: [pid: 94632|app: 0|req: 117/233] 10.222.0.41 () {60 vars in 1378 bytes} [Wed Aug 4 20:01:15 2021] GET /placement/allocations/65d23531-412f-4d2f-99fb-6fb8b7c8d619 => generated 259 bytes in 23 msecs (HTTP/1.1 200) 8 headers in 296 bytes (1 switches on core 0)
Aug 04 20:01:16.349112 n-d-802060-6 devstack@placement-api.service[94633]: DEBUG placement.requestlog [None req-c07f6ca0-a9f5-410e-809d-b4c1d5b2788e None None] Starting request: 10.222.0.38 "GET /placement/" {{(pid=94633) __call__ /opt/stack/placement/placement/requestlog.py:55}}
Aug 04 20:01:16.350098 n-d-802060-6 devstack@placement-api.service[94633]: INFO placement.requestlog [None req-c07f6ca0-a9f5-410e-809d-b4c1d5b2788e None None] 10.222.0.38 "GET /placement/" status: 200 len: 136 microversion: 1.0
Aug 04 20:01:16.350535 n-d-802060-6 devstack@placement-api.service[94633]: [pid: 94633|app: 0|req: 117/234] 10.222.0.38 () {54 vars in 916 bytes} [Wed Aug 4 20:01:16 2021] GET /placement => generated 136 bytes in 2 msecs (HTTP/1.1 200) 6 headers in 224 bytes (1 switches on core 0)
Aug 04 20:01:16.366020 n-d-802060-6 devstack@placement-api.service[94632]: DEBUG placement.requestlog [req-2f1a6e0a-815a-46f7-bac6-30a54548dd1a req-91f0e80b-da09-4c7e-90e4-159453992cba None None] Starting request: 10.222.0.38 "GET /placement/allocations/b52a21ac-14bf-4b05-9199-edc661d79f63" {{(pid=94632) __call__ /opt/stack/placement/placement/requestlog.py:55}}
Aug 04 20:01:16.469998 n-d-802060-6 devstack@placement-api.service[94632]: INFO placement.requestlog [req-2f1a6e0a-815a-46f7-bac6-30a54548dd1a req-91f0e80b-da09-4c7e-90e4-159453992cba service placement] 10.222.0.38 "GET /placement/allocations/b52a21ac-14bf-4b05-9199-edc661d79f63" status: 200 len: 259 microversion: 1.28
Aug 04 20:01:16.471208 n-d-802060-6 devstack@placement-api.service[94632]: [pid: 94632|app: 0|req: 118/235] 10.222.0.38 () {60 vars in 1381 bytes} [Wed Aug 4 20:01:16 2021] GET /placement/allocations/b52a21ac-14bf-4b05-9199-edc661d79f63 => generated 259 bytes in 106 msecs (HTTP/1.1 200) 8 headers in 296 bytes (1 switches on core 0)
Aug 04 20:01:16.476560 n-d-802060-6 devstack@placement-api.service[94633]: DEBUG placement.requestlog [req-2f1a6e0a-815a-46f7-bac6-30a54548dd1a req-40748f6f-ed53-4e2d-a787-e27ccf894feb None None] Starting request: 10.222.0.38 "GET /placement/allocations/b52a21ac-14bf-4b05-9199-edc661d79f63" {{(pid=94633) __call__ /opt/stack/placement/placement/requestlog.py:55}}
Aug 04 20:01:16.493890 n-d-802060-6 devstack@placement-api.service[94633]: INFO placement.requestlog [req-2f1a6e0a-815a-46f7-bac6-30a54548dd1a req-40748f6f-ed53-4e2d-a787-e27ccf894feb service placement] 10.222.0.38 "GET /placement/allocations/b52a21ac-14bf-4b05-9199-edc661d79f63" status: 200 len: 259 microversion: 1.28
Aug 04 20:01:16.494790 n-d-802060-6 devstack@placement-api.service[94633]: [pid: 94633|app: 0|req: 118/236] 10.222.0.38 () {60 vars in 1381 bytes} [Wed Aug 4 20:01:16 2021] GET /placement/allocations/b52a21ac-14bf-4b05-9199-edc661d79f63 => generated 259 bytes in 18 msecs (HTTP/1.1 200) 8 headers in 296 bytes (1 switches on core 0)
Aug 04 20:01:16.501656 n-d-802060-6 devstack@placement-api.service[94632]: DEBUG placement.requestlog [req-2f1a6e0a-815a-46f7-bac6-30a54548dd1a req-4b36d00e-5416-42f4-8a72-c4a8e4b0f824 None None] Starting request: 10.222.0.38 "GET /placement/allocations/4d6a79fd-d208-4397-8674-3b37c1d34095" {{(pid=94632) __call__ /opt/stack/placement/placement/requestlog.py:55}}
Aug 04 20:01:16.517082 n-d-802060-6 devstack@placement-api.service[94632]: INFO placement.requestlog [req-2f1a6e0a-815a-46f7-bac6-30a54548dd1a req-4b36d00e-5416-42f4-8a72-c4a8e4b0f824 service placement] 10.222.0.38 "GET /placement/allocations/4d6a79fd-d208-4397-8674-3b37c1d34095" status: 200 len: 19 microversion: 1.28
Aug 04 20:01:16.518240 n-d-802060-6 devstack@placement-api.service[94632]: [pid: 94632|app: 0|req: 119/237] 10.222.0.38 () {60 vars in 1381 bytes} [Wed Aug 4 20:01:16 2021] GET /placement/allocations/4d6a79fd-d208-4397-8674-3b37c1d34095 => generated 19 bytes in 17 msecs (HTTP/1.1 200) 8 headers in 295 bytes (1 switches on core 0)
Aug 04 20:01:16.523874 n-d-802060-6 devstack@placement-api.service[94633]: DEBUG placement.requestlog [req-2f1a6e0a-815a-46f7-bac6-30a54548dd1a req-eabafac1-8a11-4d92-aa99-530d8362bb17 None None] Starting request: 10.222.0.38 "POST /placement/allocations" {{(pid=94633) __call__ /opt/stack/placement/placement/requestlog.py:55}}
Aug 04 20:01:16.675077 n-d-802060-6 devstack@placement-api.service[94633]: DEBUG placement.handlers.allocation [req-2f1a6e0a-815a-46f7-bac6-30a54548dd1a req-eabafac1-8a11-4d92-aa99-530d8362bb17 service placement] Successfully wrote allocations [, , , , , ] {{(pid=94633) _create_allocations /opt/stack/placement/placement/handlers/allocation.py:524}}
Aug 04 20:01:16.676048 n-d-802060-6 devstack@placement-api.service[94633]: INFO placement.requestlog [req-2f1a6e0a-815a-46f7-bac6-30a54548dd1a req-eabafac1-8a11-4d92-aa99-530d8362bb17 service placement] 10.222.0.38 "POST /placement/allocations" status: 204 len: 0 microversion: 1.28
Aug 04 20:01:16.676879 n-d-802060-6 devstack@placement-api.service[94633]: [pid: 94633|app: 0|req: 119/238] 10.222.0.38 () {64 vars in 1324 bytes} [Wed Aug 4 20:01:16 2021] POST /placement/allocations => generated 0 bytes in 153 msecs (HTTP/1.1 204) 5 headers in 199 bytes (1 switches on core 0)
Aug 04 20:01:16.718699 n-d-802060-6 devstack@placement-api.service[94632]: DEBUG placement.requestlog [req-2f1a6e0a-815a-46f7-bac6-30a54548dd1a req-75d9f0bb-44ea-4c71-a548-1f3d4ece8aee None None] Starting request: 10.222.0.38 "GET /placement/allocations/b52a21ac-14bf-4b05-9199-edc661d79f63" {{(pid=94632) __call__ /opt/stack/placement/placement/requestlog.py:55}}
Aug 04 20:01:16.731577 n-d-802060-6 devstack@placement-api.service[94632]: INFO placement.requestlog [req-2f1a6e0a-815a-46f7-bac6-30a54548dd1a req-75d9f0bb-44ea-4c71-a548-1f3d4ece8aee service placement] 10.222.0.38 "GET /placement/allocations/b52a21ac-14bf-4b05-9199-edc661d79f63" status: 200 len: 19 microversion: 1.28
Aug 04 20:01:16.735362 n-d-802060-6 devstack@placement-api.service[94632]: [pid: 94632|app: 0|req: 120/239] 10.222.0.38 () {60 vars in 1381 bytes} [Wed Aug 4 20:01:16 2021] GET /placement/allocations/b52a21ac-14bf-4b05-9199-edc661d79f63 => generated 19 bytes in 17 msecs (HTTP/1.1 200) 8 headers in 295 bytes (1 switches on core 0)
Aug 04 20:01:16.739175 n-d-802060-6 devstack@placement-api.service[94633]: DEBUG placement.requestlog [req-2f1a6e0a-815a-46f7-bac6-30a54548dd1a req-2c1a898a-e5ef-43a9-ad2c-746d52586471 None None] Starting request: 10.222.0.38 "PUT /placement/allocations/b52a21ac-14bf-4b05-9199-edc661d79f63" {{(pid=94633) __call__ /opt/stack/placement/placement/requestlog.py:55}}
Aug 04 20:01:16.811625 n-d-802060-6 devstack@placement-api.service[94633]: DEBUG placement.handlers.allocation [req-2f1a6e0a-815a-46f7-bac6-30a54548dd1a req-2c1a898a-e5ef-43a9-ad2c-746d52586471 service placement] Successfully wrote allocations [, , ] {{(pid=94633) _create_allocations /opt/stack/placement/placement/handlers/allocation.py:435}}
Aug 04 20:01:16.812697 n-d-802060-6 devstack@placement-api.service[94633]: INFO placement.requestlog [req-2f1a6e0a-815a-46f7-bac6-30a54548dd1a req-2c1a898a-e5ef-43a9-ad2c-746d52586471 service placement] 10.222.0.38 "PUT /placement/allocations/b52a21ac-14bf-4b05-9199-edc661d79f63" status: 204 len: 0 microversion: 1.28
Aug 04 20:01:16.813751 n-d-802060-6 devstack@placement-api.service[94633]: [pid: 94633|app: 0|req: 120/240] 10.222.0.38 () {64 vars in 1434 bytes} [Wed Aug 4 20:01:16 2021] PUT /placement/allocations/b52a21ac-14bf-4b05-9199-edc661d79f63 => generated 0 bytes in 75 msecs (HTTP/1.1 204) 5 headers in 199 bytes (2 switches on core 0)
Aug 04 20:01:16.952680 n-d-802060-6 devstack@placement-api.service[94632]: DEBUG placement.requestlog [req-2f1a6e0a-815a-46f7-bac6-30a54548dd1a req-19ef0c6a-af4b-4de6-87a3-5e7a00b73fa0 None None] Starting request: 10.222.0.41 "GET /placement/allocations/b52a21ac-14bf-4b05-9199-edc661d79f63" {{(pid=94632) __call__ /opt/stack/placement/placement/requestlog.py:55}}
Aug 04 20:01:16.968634 n-d-802060-6 devstack@placement-api.service[94632]: INFO placement.requestlog [req-2f1a6e0a-815a-46f7-bac6-30a54548dd1a req-19ef0c6a-af4b-4de6-87a3-5e7a00b73fa0 service placement] 10.222.0.41 "GET /placement/allocations/b52a21ac-14bf-4b05-9199-edc661d79f63" status: 200 len: 259 microversion: 1.28
Aug 04 20:01:16.969287 n-d-802060-6 devstack@placement-api.service[94632]: [pid: 94632|app: 0|req: 121/241] 10.222.0.41 () {60 vars in 1378 bytes} [Wed Aug 4 20:01:16 2021] GET /placement/allocations/b52a21ac-14bf-4b05-9199-edc661d79f63 => generated 259 bytes in 17 msecs (HTTP/1.1 200) 8 headers in 296 bytes (1 switches on core 0)
Aug 04 20:01:18.337035 n-d-802060-6 devstack@placement-api.service[94633]: DEBUG placement.requestlog [req-8e5ee810-7438-4e8a-9206-88b196d815f9 req-3ab169cb-38ce-4360-8dde-f4cd025dfccb None None] Starting request: 10.222.0.38 "GET /placement/allocation_candidates?limit=1000&resources=DISK_GB%3A1%2CMEMORY_MB%3A1024%2CVCPU%3A1&root_required=%21COMPUTE_STATUS_DISABLED" {{(pid=94633) __call__ /opt/stack/placement/placement/requestlog.py:55}}
Aug 04 20:01:18.369413 n-d-802060-6 devstack@placement-api.service[94633]: DEBUG placement.objects.research_context [req-8e5ee810-7438-4e8a-9206-88b196d815f9 req-3ab169cb-38ce-4360-8dde-f4cd025dfccb service placement] getting providers with 1 DISK_GB {{(pid=94633) __init__ /opt/stack/placement/placement/objects/research_context.py:126}}
Aug 04 20:01:18.376912 n-d-802060-6 devstack@placement-api.service[94633]: DEBUG placement.objects.research_context [req-8e5ee810-7438-4e8a-9206-88b196d815f9 req-3ab169cb-38ce-4360-8dde-f4cd025dfccb service placement] getting providers with 1024 MEMORY_MB {{(pid=94633) __init__ /opt/stack/placement/placement/objects/research_context.py:126}}
Aug 04 20:01:18.382572 n-d-802060-6 devstack@placement-api.service[94633]: DEBUG placement.objects.research_context [req-8e5ee810-7438-4e8a-9206-88b196d815f9 req-3ab169cb-38ce-4360-8dde-f4cd025dfccb service placement] getting providers with 1 VCPU {{(pid=94633) __init__ /opt/stack/placement/placement/objects/research_context.py:126}}
Aug 04 20:01:18.389713 n-d-802060-6 devstack@placement-api.service[94633]: DEBUG placement.objects.research_context [req-8e5ee810-7438-4e8a-9206-88b196d815f9 req-3ab169cb-38ce-4360-8dde-f4cd025dfccb service placement] found 2 providers with available 1 DISK_GB {{(pid=94633) get_provider_ids_matching /opt/stack/placement/placement/objects/research_context.py:549}}
Aug 04 20:01:18.389893 n-d-802060-6 devstack@placement-api.service[94633]: DEBUG placement.objects.research_context [req-8e5ee810-7438-4e8a-9206-88b196d815f9 req-3ab169cb-38ce-4360-8dde-f4cd025dfccb service placement] found 2 providers with available 1024 MEMORY_MB {{(pid=94633) get_provider_ids_matching /opt/stack/placement/placement/objects/research_context.py:549}}
Aug 04 20:01:18.390174 n-d-802060-6 devstack@placement-api.service[94633]: DEBUG placement.objects.research_context [req-8e5ee810-7438-4e8a-9206-88b196d815f9 req-3ab169cb-38ce-4360-8dde-f4cd025dfccb service placement] found 2 providers after filtering by previous result {{(pid=94633) get_provider_ids_matching /opt/stack/placement/placement/objects/research_context.py:580}}
Aug 04 20:01:18.390425 n-d-802060-6 devstack@placement-api.service[94633]: DEBUG placement.objects.research_context [req-8e5ee810-7438-4e8a-9206-88b196d815f9 req-3ab169cb-38ce-4360-8dde-f4cd025dfccb service placement] found 2 providers with available 1 VCPU {{(pid=94633) get_provider_ids_matching /opt/stack/placement/placement/objects/research_context.py:549}}
Aug 04 20:01:18.390686 n-d-802060-6 devstack@placement-api.service[94633]: DEBUG placement.objects.research_context [req-8e5ee810-7438-4e8a-9206-88b196d815f9 req-3ab169cb-38ce-4360-8dde-f4cd025dfccb service placement] found 2 providers after filtering by previous result {{(pid=94633) get_provider_ids_matching /opt/stack/placement/placement/objects/research_context.py:580}}
Aug 04 20:01:18.402445 n-d-802060-6 devstack@placement-api.service[94633]: DEBUG placement.objects.allocation_candidate [req-8e5ee810-7438-4e8a-9206-88b196d815f9 req-3ab169cb-38ce-4360-8dde-f4cd025dfccb service placement] RequestGroup(use_same_provider=False, resources={DISK_GB:1, MEMORY_MB:1024, VCPU:1}, traits=[], aggregates=[]) (suffix '') returned 2 matches {{(pid=94633) _get_by_requests /opt/stack/placement/placement/objects/allocation_candidate.py:145}}
Aug 04 20:01:18.403553 n-d-802060-6 devstack@placement-api.service[94633]: DEBUG placement.objects.allocation_candidate [req-8e5ee810-7438-4e8a-9206-88b196d815f9 req-3ab169cb-38ce-4360-8dde-f4cd025dfccb service placement] Merging candidates yields 2 allocation requests and 2 provider summaries {{(pid=94633) _merge_candidates /opt/stack/placement/placement/objects/allocation_candidate.py:783}}
Aug 04 20:01:18.406271 n-d-802060-6 devstack@placement-api.service[94633]: INFO placement.requestlog [req-8e5ee810-7438-4e8a-9206-88b196d815f9 req-3ab169cb-38ce-4360-8dde-f4cd025dfccb service placement] 10.222.0.38 "GET /placement/allocation_candidates?limit=1000&resources=DISK_GB%3A1%2CMEMORY_MB%3A1024%2CVCPU%3A1&root_required=%21COMPUTE_STATUS_DISABLED" status: 200 len: 1309 microversion: 1.36
Aug 04 20:01:18.407229 n-d-802060-6 devstack@placement-api.service[94633]: [pid: 94633|app: 0|req: 121/242] 10.222.0.38 () {60 vars in 1507 bytes} [Wed Aug 4 20:01:18 2021] GET /placement/allocation_candidates?limit=1000&resources=DISK_GB%3A1%2CMEMORY_MB%3A1024%2CVCPU%3A1&root_required=%21COMPUTE_STATUS_DISABLED => generated 1309 bytes in 70 msecs (HTTP/1.1 200) 8 headers in 297 bytes (1 switches on core 0)
Aug 04 20:01:18.464480 n-d-802060-6 devstack@placement-api.service[94632]: DEBUG placement.requestlog [req-8e5ee810-7438-4e8a-9206-88b196d815f9 req-7eee9f2e-b0b3-4c30-97fd-e0263e3707ee None None] Starting request: 10.222.0.38 "GET /placement/allocations/0111d38c-16ac-4ee5-9624-84ddbdea0a19" {{(pid=94632) __call__ /opt/stack/placement/placement/requestlog.py:55}}
Aug 04 20:01:18.477127 n-d-802060-6 devstack@placement-api.service[94632]: INFO placement.requestlog [req-8e5ee810-7438-4e8a-9206-88b196d815f9 req-7eee9f2e-b0b3-4c30-97fd-e0263e3707ee service placement] 10.222.0.38 "GET /placement/allocations/0111d38c-16ac-4ee5-9624-84ddbdea0a19" status: 200 len: 19 microversion: 1.28
Aug 04 20:01:18.477364 n-d-802060-6 devstack@placement-api.service[94632]: [pid: 94632|app: 0|req: 122/243] 10.222.0.38 () {60 vars in 1381 bytes} [Wed Aug 4 20:01:18 2021] GET /placement/allocations/0111d38c-16ac-4ee5-9624-84ddbdea0a19 => generated 19 bytes in 13 msecs (HTTP/1.1 200) 8 headers in 295 bytes (2 switches on core 0)
Aug 04 20:01:18.484080 n-d-802060-6 devstack@placement-api.service[94633]: DEBUG placement.requestlog [req-8e5ee810-7438-4e8a-9206-88b196d815f9 req-943270f0-6d5c-4217-95d9-d1139c92b420 None None] Starting request: 10.222.0.38 "PUT /placement/allocations/0111d38c-16ac-4ee5-9624-84ddbdea0a19" {{(pid=94633) __call__ /opt/stack/placement/placement/requestlog.py:55}}
Aug 04 20:01:18.557390 n-d-802060-6 devstack@placement-api.service[94633]: DEBUG placement.handlers.allocation [req-8e5ee810-7438-4e8a-9206-88b196d815f9 req-943270f0-6d5c-4217-95d9-d1139c92b420 service placement] Successfully wrote allocations [, , ] {{(pid=94633) _create_allocations /opt/stack/placement/placement/handlers/allocation.py:435}}
Aug 04 20:01:18.559190 n-d-802060-6 devstack@placement-api.service[94633]: INFO placement.requestlog [req-8e5ee810-7438-4e8a-9206-88b196d815f9 req-943270f0-6d5c-4217-95d9-d1139c92b420 service placement] 10.222.0.38 "PUT /placement/allocations/0111d38c-16ac-4ee5-9624-84ddbdea0a19" status: 204 len: 0 microversion: 1.36
Aug 04 20:01:18.560151 n-d-802060-6 devstack@placement-api.service[94633]: [pid: 94633|app: 0|req: 122/244] 10.222.0.38 () {64 vars in 1434 bytes} [Wed Aug 4 20:01:18 2021] PUT /placement/allocations/0111d38c-16ac-4ee5-9624-84ddbdea0a19 => generated 0 bytes in 76 msecs (HTTP/1.1 204) 5 headers in 199 bytes (1 switches on core 0)
Aug 04 20:01:18.876379 n-d-802060-6 devstack@placement-api.service[94632]: DEBUG placement.requestlog [req-1ffdea9e-611b-4469-b585-5c6a3f0ec2af req-3a980c0e-18a7-47b3-abeb-bafa00603a5b None None] Starting request: 10.222.0.38 "GET /placement/allocation_candidates?limit=1000&resources=DISK_GB%3A1%2CMEMORY_MB%3A1024%2CVCPU%3A1&root_required=%21COMPUTE_STATUS_DISABLED" {{(pid=94632) __call__ /opt/stack/placement/placement/requestlog.py:55}}
Aug 04 20:01:18.943168 n-d-802060-6 devstack@placement-api.service[94632]: DEBUG placement.objects.research_context [req-1ffdea9e-611b-4469-b585-5c6a3f0ec2af req-3a980c0e-18a7-47b3-abeb-bafa00603a5b service placement] getting providers with 1 DISK_GB {{(pid=94632) __init__ /opt/stack/placement/placement/objects/research_context.py:126}}
Aug 04 20:01:18.949518 n-d-802060-6 devstack@placement-api.service[94632]: DEBUG placement.objects.research_context [req-1ffdea9e-611b-4469-b585-5c6a3f0ec2af req-3a980c0e-18a7-47b3-abeb-bafa00603a5b service placement] getting providers with 1024 MEMORY_MB {{(pid=94632) __init__ /opt/stack/placement/placement/objects/research_context.py:126}}
Aug 04 20:01:18.955922 n-d-802060-6 devstack@placement-api.service[94632]: DEBUG placement.objects.research_context [req-1ffdea9e-611b-4469-b585-5c6a3f0ec2af req-3a980c0e-18a7-47b3-abeb-bafa00603a5b service placement] getting providers with 1 VCPU {{(pid=94632) __init__ /opt/stack/placement/placement/objects/research_context.py:126}}
Aug 04 20:01:18.966393 n-d-802060-6 devstack@placement-api.service[94632]: DEBUG placement.objects.research_context [req-1ffdea9e-611b-4469-b585-5c6a3f0ec2af req-3a980c0e-18a7-47b3-abeb-bafa00603a5b service placement] found 2 providers with available 1 DISK_GB {{(pid=94632) get_provider_ids_matching /opt/stack/placement/placement/objects/research_context.py:549}}
Aug 04 20:01:18.966815 n-d-802060-6 devstack@placement-api.service[94632]: DEBUG placement.objects.research_context [req-1ffdea9e-611b-4469-b585-5c6a3f0ec2af req-3a980c0e-18a7-47b3-abeb-bafa00603a5b service placement] found 2 providers with available 1024 MEMORY_MB {{(pid=94632) get_provider_ids_matching /opt/stack/placement/placement/objects/research_context.py:549}}
Aug 04 20:01:18.967351 n-d-802060-6 devstack@placement-api.service[94632]: DEBUG placement.objects.research_context [req-1ffdea9e-611b-4469-b585-5c6a3f0ec2af req-3a980c0e-18a7-47b3-abeb-bafa00603a5b service placement] found 2 providers after filtering by previous result {{(pid=94632) get_provider_ids_matching /opt/stack/placement/placement/objects/research_context.py:580}}
Aug 04 20:01:18.967351 n-d-802060-6 devstack@placement-api.service[94632]: DEBUG placement.objects.research_context [req-1ffdea9e-611b-4469-b585-5c6a3f0ec2af req-3a980c0e-18a7-47b3-abeb-bafa00603a5b service placement] found 2 providers with available 1 VCPU {{(pid=94632) get_provider_ids_matching /opt/stack/placement/placement/objects/research_context.py:549}}
Aug 04 20:01:18.967694 n-d-802060-6 devstack@placement-api.service[94632]: DEBUG placement.objects.research_context [req-1ffdea9e-611b-4469-b585-5c6a3f0ec2af req-3a980c0e-18a7-47b3-abeb-bafa00603a5b service placement] found 2 providers after filtering by previous result {{(pid=94632) get_provider_ids_matching /opt/stack/placement/placement/objects/research_context.py:580}}
Aug 04 20:01:18.987685 n-d-802060-6 devstack@placement-api.service[94632]: DEBUG placement.objects.allocation_candidate [req-1ffdea9e-611b-4469-b585-5c6a3f0ec2af req-3a980c0e-18a7-47b3-abeb-bafa00603a5b service placement] RequestGroup(use_same_provider=False, resources={DISK_GB:1, MEMORY_MB:1024, VCPU:1}, traits=[], aggregates=[]) (suffix '') returned 2 matches {{(pid=94632) _get_by_requests /opt/stack/placement/placement/objects/allocation_candidate.py:145}}
Aug 04 20:01:18.988141 n-d-802060-6 devstack@placement-api.service[94632]: DEBUG placement.objects.allocation_candidate [req-1ffdea9e-611b-4469-b585-5c6a3f0ec2af req-3a980c0e-18a7-47b3-abeb-bafa00603a5b service placement] Merging candidates yields 2 allocation requests and 2 provider summaries {{(pid=94632) _merge_candidates /opt/stack/placement/placement/objects/allocation_candidate.py:783}}
Aug 04 20:01:18.990561 n-d-802060-6 devstack@placement-api.service[94632]: INFO placement.requestlog [req-1ffdea9e-611b-4469-b585-5c6a3f0ec2af req-3a980c0e-18a7-47b3-abeb-bafa00603a5b service placement] 10.222.0.38 "GET /placement/allocation_candidates?limit=1000&resources=DISK_GB%3A1%2CMEMORY_MB%3A1024%2CVCPU%3A1&root_required=%21COMPUTE_STATUS_DISABLED" status: 200 len: 1309 microversion: 1.36
Aug 04 20:01:18.991161 n-d-802060-6 devstack@placement-api.service[94632]: [pid: 94632|app: 0|req: 123/245] 10.222.0.38 () {60 vars in 1507 bytes} [Wed Aug 4 20:01:18 2021] GET /placement/allocation_candidates?limit=1000&resources=DISK_GB%3A1%2CMEMORY_MB%3A1024%2CVCPU%3A1&root_required=%21COMPUTE_STATUS_DISABLED => generated 1309 bytes in 115 msecs (HTTP/1.1 200) 8 headers in 297 bytes (1 switches on core 0)
Aug 04 20:01:19.061155 n-d-802060-6 devstack@placement-api.service[94633]: DEBUG placement.requestlog [req-8e5ee810-7438-4e8a-9206-88b196d815f9 req-9ae15c82-78bd-46d2-b478-9ad47846bc5c None None] Starting request: 10.222.0.41 "GET /placement/allocations/0111d38c-16ac-4ee5-9624-84ddbdea0a19" {{(pid=94633) __call__ /opt/stack/placement/placement/requestlog.py:55}}
Aug 04 20:01:19.078626 n-d-802060-6 devstack@placement-api.service[94632]: DEBUG placement.requestlog [req-1ffdea9e-611b-4469-b585-5c6a3f0ec2af req-fdd02b72-efb2-4d70-9488-a7be9a3f60f4 None None] Starting request: 10.222.0.38 "GET /placement/allocations/975c93a9-881b-4b1f-a904-e60df38acb8e" {{(pid=94632) __call__ /opt/stack/placement/placement/requestlog.py:55}}
Aug 04 20:01:19.087192 n-d-802060-6 devstack@placement-api.service[94633]: INFO placement.requestlog [req-8e5ee810-7438-4e8a-9206-88b196d815f9 req-9ae15c82-78bd-46d2-b478-9ad47846bc5c service placement] 10.222.0.41 "GET /placement/allocations/0111d38c-16ac-4ee5-9624-84ddbdea0a19" status: 200 len: 259 microversion: 1.28
Aug 04 20:01:19.087999 n-d-802060-6 devstack@placement-api.service[94633]: [pid: 94633|app: 0|req: 123/246] 10.222.0.41 () {60 vars in 1378 bytes} [Wed Aug 4 20:01:19 2021] GET /placement/allocations/0111d38c-16ac-4ee5-9624-84ddbdea0a19 => generated 259 bytes in 28 msecs (HTTP/1.1 200) 8 headers in 296 bytes (1 switches on core 0)
Aug 04 20:01:19.125689 n-d-802060-6 devstack@placement-api.service[94632]: INFO placement.requestlog [req-1ffdea9e-611b-4469-b585-5c6a3f0ec2af req-fdd02b72-efb2-4d70-9488-a7be9a3f60f4 service placement] 10.222.0.38 "GET /placement/allocations/975c93a9-881b-4b1f-a904-e60df38acb8e" status: 200 len: 19 microversion: 1.28
Aug 04 20:01:19.126187 n-d-802060-6 devstack@placement-api.service[94632]: [pid: 94632|app: 0|req: 124/247] 10.222.0.38 () {60 vars in 1381 bytes} [Wed Aug 4 20:01:19 2021] GET /placement/allocations/975c93a9-881b-4b1f-a904-e60df38acb8e => generated 19 bytes in 48 msecs (HTTP/1.1 200) 8 headers in 295 bytes (1 switches on core 0)
Aug 04 20:01:19.133473 n-d-802060-6 devstack@placement-api.service[94633]: DEBUG placement.requestlog [req-1ffdea9e-611b-4469-b585-5c6a3f0ec2af req-35502549-252f-4670-a331-c3de5ab4ce79 None None] Starting request: 10.222.0.38 "PUT /placement/allocations/975c93a9-881b-4b1f-a904-e60df38acb8e" {{(pid=94633) __call__ /opt/stack/placement/placement/requestlog.py:55}}
Aug 04 20:01:19.244353 n-d-802060-6 devstack@placement-api.service[94633]: DEBUG placement.handlers.allocation [req-1ffdea9e-611b-4469-b585-5c6a3f0ec2af req-35502549-252f-4670-a331-c3de5ab4ce79 service placement] Successfully wrote allocations [, , ] {{(pid=94633) _create_allocations /opt/stack/placement/placement/handlers/allocation.py:435}}
Aug 04 20:01:19.247055 n-d-802060-6 devstack@placement-api.service[94633]: INFO placement.requestlog [req-1ffdea9e-611b-4469-b585-5c6a3f0ec2af req-35502549-252f-4670-a331-c3de5ab4ce79 service placement] 10.222.0.38 "PUT /placement/allocations/975c93a9-881b-4b1f-a904-e60df38acb8e" status: 204 len: 0 microversion: 1.36
Aug 04 20:01:19.248548 n-d-802060-6 devstack@placement-api.service[94633]: [pid: 94633|app: 0|req: 124/248] 10.222.0.38 () {64 vars in 1434 bytes} [Wed Aug 4 20:01:19 2021] PUT /placement/allocations/975c93a9-881b-4b1f-a904-e60df38acb8e => generated 0 bytes in 115 msecs (HTTP/1.1 204) 5 headers in 199 bytes (2 switches on core 0)
Aug 04 20:01:19.661414 n-d-802060-6 devstack@placement-api.service[94632]: DEBUG placement.requestlog [req-1ffdea9e-611b-4469-b585-5c6a3f0ec2af req-8e1f4d4d-fbdd-48e7-a1cc-9dd16a70d7a4 None None] Starting request: 10.222.0.41 "GET /placement/allocations/975c93a9-881b-4b1f-a904-e60df38acb8e" {{(pid=94632) __call__ /opt/stack/placement/placement/requestlog.py:55}}
Aug 04 20:01:19.690992 n-d-802060-6 devstack@placement-api.service[94632]: INFO placement.requestlog [req-1ffdea9e-611b-4469-b585-5c6a3f0ec2af req-8e1f4d4d-fbdd-48e7-a1cc-9dd16a70d7a4 service placement] 10.222.0.41 "GET /placement/allocations/975c93a9-881b-4b1f-a904-e60df38acb8e" status: 200 len: 259 microversion: 1.28
Aug 04 20:01:19.691522 n-d-802060-6 devstack@placement-api.service[94632]: [pid: 94632|app: 0|req: 125/249] 10.222.0.41 () {60 vars in 1378 bytes} [Wed Aug 4 20:01:19 2021] GET /placement/allocations/975c93a9-881b-4b1f-a904-e60df38acb8e => generated 259 bytes in 30 msecs (HTTP/1.1 200) 8 headers in 296 bytes (1 switches on core 0)
Aug 04 20:01:21.019538 n-d-802060-6 devstack@placement-api.service[94633]: DEBUG placement.requestlog [req-e690b165-3e66-43f8-a427-52dc3e27b962 req-d8cc09d4-574e-4cc8-bccb-c947160ca67f None None] Starting request: 10.222.0.38 "GET /placement/allocation_candidates?limit=1000&resources=DISK_GB%3A2%2CMEMORY_MB%3A1024%2CVCPU%3A1&root_required=%21COMPUTE_STATUS_DISABLED" {{(pid=94633) __call__ /opt/stack/placement/placement/requestlog.py:55}}
Aug 04 20:01:21.078553 n-d-802060-6 devstack@placement-api.service[94633]: DEBUG placement.objects.research_context [req-e690b165-3e66-43f8-a427-52dc3e27b962 req-d8cc09d4-574e-4cc8-bccb-c947160ca67f service placement] getting providers with 2 DISK_GB {{(pid=94633) __init__ /opt/stack/placement/placement/objects/research_context.py:126}}
Aug 04 20:01:21.101497 n-d-802060-6 devstack@placement-api.service[94633]: DEBUG placement.objects.research_context [req-e690b165-3e66-43f8-a427-52dc3e27b962 req-d8cc09d4-574e-4cc8-bccb-c947160ca67f service placement] getting providers with 1024 MEMORY_MB {{(pid=94633) __init__ /opt/stack/placement/placement/objects/research_context.py:126}}
Aug 04 20:01:21.134334 n-d-802060-6 devstack@placement-api.service[94633]: DEBUG placement.objects.research_context [req-e690b165-3e66-43f8-a427-52dc3e27b962 req-d8cc09d4-574e-4cc8-bccb-c947160ca67f service placement] getting providers with 1 VCPU {{(pid=94633) __init__ /opt/stack/placement/placement/objects/research_context.py:126}}
Aug 04 20:01:21.179489 n-d-802060-6 devstack@placement-api.service[94633]: DEBUG placement.objects.research_context [req-e690b165-3e66-43f8-a427-52dc3e27b962 req-d8cc09d4-574e-4cc8-bccb-c947160ca67f service placement] found 2 providers with available 2 DISK_GB {{(pid=94633) get_provider_ids_matching /opt/stack/placement/placement/objects/research_context.py:549}}
Aug 04 20:01:21.180248 n-d-802060-6 devstack@placement-api.service[94633]: DEBUG placement.objects.research_context [req-e690b165-3e66-43f8-a427-52dc3e27b962 req-d8cc09d4-574e-4cc8-bccb-c947160ca67f service placement] found 2 providers with available 1024 MEMORY_MB {{(pid=94633) get_provider_ids_matching /opt/stack/placement/placement/objects/research_context.py:549}}
Aug 04 20:01:21.181336 n-d-802060-6 devstack@placement-api.service[94633]: DEBUG placement.objects.research_context [req-e690b165-3e66-43f8-a427-52dc3e27b962 req-d8cc09d4-574e-4cc8-bccb-c947160ca67f service placement] found 2 providers after filtering by previous result {{(pid=94633) get_provider_ids_matching /opt/stack/placement/placement/objects/research_context.py:580}}
Aug 04 20:01:21.182274 n-d-802060-6 devstack@placement-api.service[94633]: DEBUG placement.objects.research_context [req-e690b165-3e66-43f8-a427-52dc3e27b962 req-d8cc09d4-574e-4cc8-bccb-c947160ca67f service placement] found 2 providers with available 1 VCPU {{(pid=94633) get_provider_ids_matching /opt/stack/placement/placement/objects/research_context.py:549}}
Aug 04 20:01:21.182811 n-d-802060-6 devstack@placement-api.service[94633]: DEBUG placement.objects.research_context [req-e690b165-3e66-43f8-a427-52dc3e27b962 req-d8cc09d4-574e-4cc8-bccb-c947160ca67f service placement] found 2 providers after filtering by previous result {{(pid=94633) get_provider_ids_matching /opt/stack/placement/placement/objects/research_context.py:580}}
Aug 04 20:01:21.217302 n-d-802060-6 devstack@placement-api.service[94633]: DEBUG placement.objects.allocation_candidate [req-e690b165-3e66-43f8-a427-52dc3e27b962 req-d8cc09d4-574e-4cc8-bccb-c947160ca67f service placement] RequestGroup(use_same_provider=False, resources={DISK_GB:2, MEMORY_MB:1024, VCPU:1}, traits=[], aggregates=[]) (suffix '') returned 2 matches {{(pid=94633) _get_by_requests /opt/stack/placement/placement/objects/allocation_candidate.py:145}}
Aug 04 20:01:21.220302 n-d-802060-6 devstack@placement-api.service[94633]: DEBUG placement.objects.allocation_candidate [req-e690b165-3e66-43f8-a427-52dc3e27b962 req-d8cc09d4-574e-4cc8-bccb-c947160ca67f service placement] Merging candidates yields 2 allocation requests and 2 provider summaries {{(pid=94633) _merge_candidates /opt/stack/placement/placement/objects/allocation_candidate.py:783}}
Aug 04 20:01:21.225083 n-d-802060-6 devstack@placement-api.service[94633]: INFO placement.requestlog [req-e690b165-3e66-43f8-a427-52dc3e27b962 req-d8cc09d4-574e-4cc8-bccb-c947160ca67f service placement] 10.222.0.38 "GET /placement/allocation_candidates?limit=1000&resources=DISK_GB%3A2%2CMEMORY_MB%3A1024%2CVCPU%3A1&root_required=%21COMPUTE_STATUS_DISABLED" status: 200 len: 1309 microversion: 1.36
Aug 04 20:01:21.226329 n-d-802060-6 devstack@placement-api.service[94633]: [pid: 94633|app: 0|req: 125/250] 10.222.0.38 () {60 vars in 1507 bytes} [Wed Aug 4 20:01:21 2021] GET /placement/allocation_candidates?limit=1000&resources=DISK_GB%3A2%2CMEMORY_MB%3A1024%2CVCPU%3A1&root_required=%21COMPUTE_STATUS_DISABLED => generated 1309 bytes in 207 msecs (HTTP/1.1 200) 8 headers in 297 bytes (1 switches on core 0)
Aug 04 20:01:21.315821 n-d-802060-6 devstack@placement-api.service[94632]: DEBUG placement.requestlog [req-e690b165-3e66-43f8-a427-52dc3e27b962 req-8cfc785a-b1c6-403f-b932-e8e09cec4380 None None] Starting request: 10.222.0.38 "GET /placement/allocations/fe2fbb71-8289-4b00-844b-69453dce829b" {{(pid=94632) __call__ /opt/stack/placement/placement/requestlog.py:55}}
Aug 04 20:01:21.328832 n-d-802060-6 devstack@placement-api.service[94632]: INFO placement.requestlog [req-e690b165-3e66-43f8-a427-52dc3e27b962 req-8cfc785a-b1c6-403f-b932-e8e09cec4380 service placement] 10.222.0.38 "GET /placement/allocations/fe2fbb71-8289-4b00-844b-69453dce829b" status: 200 len: 19 microversion: 1.28
Aug 04 20:01:21.333714 n-d-802060-6 devstack@placement-api.service[94632]: [pid: 94632|app: 0|req: 126/251] 10.222.0.38 () {60 vars in 1381 bytes} [Wed Aug 4 20:01:21 2021] GET /placement/allocations/fe2fbb71-8289-4b00-844b-69453dce829b => generated 19 bytes in 18 msecs (HTTP/1.1 200) 8 headers in 295 bytes (1 switches on core 0)
Aug 04 20:01:21.339317 n-d-802060-6 devstack@placement-api.service[94633]: DEBUG placement.requestlog [req-e690b165-3e66-43f8-a427-52dc3e27b962 req-2816caf8-9fae-4420-9030-d3d86d664494 None None] Starting request: 10.222.0.38 "PUT /placement/allocations/fe2fbb71-8289-4b00-844b-69453dce829b" {{(pid=94633) __call__ /opt/stack/placement/placement/requestlog.py:55}}
Aug 04 20:01:21.446217 n-d-802060-6 devstack@placement-api.service[94633]: DEBUG placement.handlers.allocation [req-e690b165-3e66-43f8-a427-52dc3e27b962 req-2816caf8-9fae-4420-9030-d3d86d664494 service placement] Successfully wrote allocations [, , ] {{(pid=94633) _create_allocations /opt/stack/placement/placement/handlers/allocation.py:435}}
Aug 04 20:01:21.447730 n-d-802060-6 devstack@placement-api.service[94633]: INFO placement.requestlog [req-e690b165-3e66-43f8-a427-52dc3e27b962 req-2816caf8-9fae-4420-9030-d3d86d664494 service placement] 10.222.0.38 "PUT /placement/allocations/fe2fbb71-8289-4b00-844b-69453dce829b" status: 204 len: 0 microversion: 1.36
Aug 04 20:01:21.448537 n-d-802060-6 devstack@placement-api.service[94633]: [pid: 94633|app: 0|req: 126/252] 10.222.0.38 () {64 vars in 1434 bytes} [Wed Aug 4 20:01:21 2021] PUT /placement/allocations/fe2fbb71-8289-4b00-844b-69453dce829b => generated 0 bytes in 109 msecs (HTTP/1.1 204) 5 headers in 199 bytes (1 switches on core 0)
Aug 04 20:01:21.853746 n-d-802060-6 devstack@placement-api.service[94632]: DEBUG placement.requestlog [req-e690b165-3e66-43f8-a427-52dc3e27b962 req-62c54616-46a0-439f-89ea-f7751980b478 None None] Starting request: 10.222.0.62 "GET /placement/allocations/fe2fbb71-8289-4b00-844b-69453dce829b" {{(pid=94632) __call__ /opt/stack/placement/placement/requestlog.py:55}}
Aug 04 20:01:21.883030 n-d-802060-6 devstack@placement-api.service[94632]: INFO placement.requestlog [req-e690b165-3e66-43f8-a427-52dc3e27b962 req-62c54616-46a0-439f-89ea-f7751980b478 service placement] 10.222.0.62 "GET /placement/allocations/fe2fbb71-8289-4b00-844b-69453dce829b" status: 200 len: 259 microversion: 1.28
Aug 04 20:01:21.883906 n-d-802060-6 devstack@placement-api.service[94632]: [pid: 94632|app: 0|req: 127/253] 10.222.0.62 () {60 vars in 1378 bytes} [Wed Aug 4 20:01:21 2021] GET /placement/allocations/fe2fbb71-8289-4b00-844b-69453dce829b => generated 259 bytes in 30 msecs (HTTP/1.1 200) 8 headers in 296 bytes (1 switches on core 0)
Aug 04 20:01:26.785126 n-d-802060-6 devstack@placement-api.service[94633]: DEBUG placement.requestlog [req-b84368b8-e79a-4404-989b-b3875caa8787 req-45eb1775-3c4b-42fd-9fd1-6f5007183500 None None] Starting request: 10.222.0.62 "GET /placement/allocations/f71d7dbb-9550-4420-bb49-3dcd91fb3b93" {{(pid=94633) __call__ /opt/stack/placement/placement/requestlog.py:55}}
Aug 04 20:01:26.839164 n-d-802060-6 devstack@placement-api.service[94633]: INFO placement.requestlog [req-b84368b8-e79a-4404-989b-b3875caa8787 req-45eb1775-3c4b-42fd-9fd1-6f5007183500 service placement] 10.222.0.62 "GET /placement/allocations/f71d7dbb-9550-4420-bb49-3dcd91fb3b93" status: 200 len: 259 microversion: 1.28
Aug 04 20:01:26.842323 n-d-802060-6 devstack@placement-api.service[94633]: [pid: 94633|app: 0|req: 127/254] 10.222.0.62 () {60 vars in 1378 bytes} [Wed Aug 4 20:01:26 2021] GET /placement/allocations/f71d7dbb-9550-4420-bb49-3dcd91fb3b93 => generated 259 bytes in 56 msecs (HTTP/1.1 200) 8 headers in 296 bytes (1 switches on core 0)
Aug 04 20:01:26.851696 n-d-802060-6 devstack@placement-api.service[94632]: DEBUG placement.requestlog [req-b84368b8-e79a-4404-989b-b3875caa8787 req-448b220c-3c8e-46b5-90b8-94039b913984 None None] Starting request: 10.222.0.62 "PUT /placement/allocations/f71d7dbb-9550-4420-bb49-3dcd91fb3b93" {{(pid=94632) __call__ /opt/stack/placement/placement/requestlog.py:55}}
Aug 04 20:01:26.942960 n-d-802060-6 devstack@placement-api.service[94632]: DEBUG placement.handlers.allocation [req-b84368b8-e79a-4404-989b-b3875caa8787 req-448b220c-3c8e-46b5-90b8-94039b913984 service placement] Successfully wrote allocations [, , ] {{(pid=94632) _create_allocations /opt/stack/placement/placement/handlers/allocation.py:435}}
Aug 04 20:01:26.943930 n-d-802060-6 devstack@placement-api.service[94632]: INFO placement.requestlog [req-b84368b8-e79a-4404-989b-b3875caa8787 req-448b220c-3c8e-46b5-90b8-94039b913984 service placement] 10.222.0.62 "PUT /placement/allocations/f71d7dbb-9550-4420-bb49-3dcd91fb3b93" status: 204 len: 0 microversion: 1.28
Aug 04 20:01:26.944782 n-d-802060-6 devstack@placement-api.service[94632]: [pid: 94632|app: 0|req: 128/255] 10.222.0.62 () {64 vars in 1431 bytes} [Wed Aug 4 20:01:26 2021] PUT /placement/allocations/f71d7dbb-9550-4420-bb49-3dcd91fb3b93 => generated 0 bytes in 93 msecs (HTTP/1.1 204) 5 headers in 199 bytes (1 switches on core 0)
Aug 04 20:01:31.602895 n-d-802060-6 devstack@placement-api.service[94633]: DEBUG placement.requestlog [req-d4292101-2325-448c-8370-b5badecb4251 req-70a3311c-7a2c-4d1b-a06a-e2a3e24b2169 None None] Starting request: 10.222.0.38 "GET /placement/allocation_candidates?limit=1000&resources=DISK_GB%3A1%2CMEMORY_MB%3A1024%2CVCPU%3A1&root_required=%21COMPUTE_STATUS_DISABLED" {{(pid=94633) __call__ /opt/stack/placement/placement/requestlog.py:55}}
Aug 04 20:01:31.681976 n-d-802060-6 devstack@placement-api.service[94633]: DEBUG placement.objects.research_context [req-d4292101-2325-448c-8370-b5badecb4251 req-70a3311c-7a2c-4d1b-a06a-e2a3e24b2169 service placement] getting providers with 1 DISK_GB {{(pid=94633) __init__ /opt/stack/placement/placement/objects/research_context.py:126}}
Aug 04 20:01:31.697735 n-d-802060-6 devstack@placement-api.service[94633]: DEBUG placement.objects.research_context [req-d4292101-2325-448c-8370-b5badecb4251 req-70a3311c-7a2c-4d1b-a06a-e2a3e24b2169 service placement] getting providers with 1024 MEMORY_MB {{(pid=94633) __init__ /opt/stack/placement/placement/objects/research_context.py:126}}
Aug 04 20:01:31.706357 n-d-802060-6 devstack@placement-api.service[94633]: DEBUG placement.objects.research_context [req-d4292101-2325-448c-8370-b5badecb4251 req-70a3311c-7a2c-4d1b-a06a-e2a3e24b2169 service placement] getting providers with 1 VCPU {{(pid=94633) __init__ /opt/stack/placement/placement/objects/research_context.py:126}}
Aug 04 20:01:31.713237 n-d-802060-6 devstack@placement-api.service[94633]: DEBUG placement.objects.research_context [req-d4292101-2325-448c-8370-b5badecb4251 req-70a3311c-7a2c-4d1b-a06a-e2a3e24b2169 service placement] found 2 providers with available 1 DISK_GB {{(pid=94633) get_provider_ids_matching /opt/stack/placement/placement/objects/research_context.py:549}}
Aug 04 20:01:31.713875 n-d-802060-6 devstack@placement-api.service[94633]: DEBUG placement.objects.research_context [req-d4292101-2325-448c-8370-b5badecb4251 req-70a3311c-7a2c-4d1b-a06a-e2a3e24b2169 service placement] found 2 providers with available 1024 MEMORY_MB {{(pid=94633) get_provider_ids_matching /opt/stack/placement/placement/objects/research_context.py:549}}
Aug 04 20:01:31.714371 n-d-802060-6 devstack@placement-api.service[94633]: DEBUG placement.objects.research_context [req-d4292101-2325-448c-8370-b5badecb4251 req-70a3311c-7a2c-4d1b-a06a-e2a3e24b2169 service placement] found 2 providers after filtering by previous result {{(pid=94633) get_provider_ids_matching /opt/stack/placement/placement/objects/research_context.py:580}}
Aug 04 20:01:31.715024 n-d-802060-6 devstack@placement-api.service[94633]: DEBUG placement.objects.research_context [req-d4292101-2325-448c-8370-b5badecb4251 req-70a3311c-7a2c-4d1b-a06a-e2a3e24b2169 service placement] found 2 providers with available 1 VCPU {{(pid=94633) get_provider_ids_matching /opt/stack/placement/placement/objects/research_context.py:549}}
Aug 04 20:01:31.716373 n-d-802060-6 devstack@placement-api.service[94633]: DEBUG placement.objects.research_context [req-d4292101-2325-448c-8370-b5badecb4251 req-70a3311c-7a2c-4d1b-a06a-e2a3e24b2169 service placement] found 2 providers after filtering by previous result {{(pid=94633) get_provider_ids_matching /opt/stack/placement/placement/objects/research_context.py:580}}
Aug 04 20:01:31.733449 n-d-802060-6 devstack@placement-api.service[94633]: DEBUG placement.objects.allocation_candidate [req-d4292101-2325-448c-8370-b5badecb4251 req-70a3311c-7a2c-4d1b-a06a-e2a3e24b2169 service placement] RequestGroup(use_same_provider=False, resources={DISK_GB:1, MEMORY_MB:1024, VCPU:1}, traits=[], aggregates=[]) (suffix '') returned 2 matches {{(pid=94633) _get_by_requests /opt/stack/placement/placement/objects/allocation_candidate.py:145}}
Aug 04 20:01:31.737044 n-d-802060-6 devstack@placement-api.service[94633]: DEBUG placement.objects.allocation_candidate [req-d4292101-2325-448c-8370-b5badecb4251 req-70a3311c-7a2c-4d1b-a06a-e2a3e24b2169 service placement] Merging candidates yields 2 allocation requests and 2 provider summaries {{(pid=94633) _merge_candidates /opt/stack/placement/placement/objects/allocation_candidate.py:783}}
Aug 04 20:01:31.746685 n-d-802060-6 devstack@placement-api.service[94633]: INFO placement.requestlog [req-d4292101-2325-448c-8370-b5badecb4251 req-70a3311c-7a2c-4d1b-a06a-e2a3e24b2169 service placement] 10.222.0.38 "GET /placement/allocation_candidates?limit=1000&resources=DISK_GB%3A1%2CMEMORY_MB%3A1024%2CVCPU%3A1&root_required=%21COMPUTE_STATUS_DISABLED" status: 200 len: 1310 microversion: 1.36
Aug 04 20:01:31.753131 n-d-802060-6 devstack@placement-api.service[94633]: [pid: 94633|app: 0|req: 128/256] 10.222.0.38 () {60 vars in 1507 bytes} [Wed Aug 4 20:01:31 2021] GET /placement/allocation_candidates?limit=1000&resources=DISK_GB%3A1%2CMEMORY_MB%3A1024%2CVCPU%3A1&root_required=%21COMPUTE_STATUS_DISABLED => generated 1310 bytes in 150 msecs (HTTP/1.1 200) 8 headers in 297 bytes (1 switches on core 0)
Aug 04 20:01:31.832636 n-d-802060-6 devstack@placement-api.service[94632]: DEBUG placement.requestlog [req-d4292101-2325-448c-8370-b5badecb4251 req-c91bb1aa-60c2-47ca-b2ce-6964439488f7 None None] Starting request: 10.222.0.38 "GET /placement/allocations/b4ce18ed-2d76-4c57-8562-3b6d80ab6369" {{(pid=94632) __call__ /opt/stack/placement/placement/requestlog.py:55}}
Aug 04 20:01:31.848744 n-d-802060-6 devstack@placement-api.service[94632]: INFO placement.requestlog [req-d4292101-2325-448c-8370-b5badecb4251 req-c91bb1aa-60c2-47ca-b2ce-6964439488f7 service placement] 10.222.0.38 "GET /placement/allocations/b4ce18ed-2d76-4c57-8562-3b6d80ab6369" status: 200 len: 19 microversion: 1.28
Aug 04 20:01:31.850900 n-d-802060-6 devstack@placement-api.service[94632]: [pid: 94632|app: 0|req: 129/257] 10.222.0.38 () {60 vars in 1381 bytes} [Wed Aug 4 20:01:31 2021] GET /placement/allocations/b4ce18ed-2d76-4c57-8562-3b6d80ab6369 => generated 19 bytes in 19 msecs (HTTP/1.1 200) 8 headers in 295 bytes (1 switches on core 0)
Aug 04 20:01:31.857293 n-d-802060-6 devstack@placement-api.service[94633]: DEBUG placement.requestlog [req-d4292101-2325-448c-8370-b5badecb4251 req-6eddba13-542d-4a3f-8c96-0b5598e1f2dd None None] Starting request: 10.222.0.38 "PUT /placement/allocations/b4ce18ed-2d76-4c57-8562-3b6d80ab6369" {{(pid=94633) __call__ /opt/stack/placement/placement/requestlog.py:55}}
Aug 04 20:01:31.965603 n-d-802060-6 devstack@placement-api.service[94633]: DEBUG placement.handlers.allocation [req-d4292101-2325-448c-8370-b5badecb4251 req-6eddba13-542d-4a3f-8c96-0b5598e1f2dd service placement] Successfully wrote allocations [, , ] {{(pid=94633) _create_allocations /opt/stack/placement/placement/handlers/allocation.py:435}}
Aug 04 20:01:31.966964 n-d-802060-6 devstack@placement-api.service[94633]: INFO placement.requestlog [req-d4292101-2325-448c-8370-b5badecb4251 req-6eddba13-542d-4a3f-8c96-0b5598e1f2dd service placement] 10.222.0.38 "PUT /placement/allocations/b4ce18ed-2d76-4c57-8562-3b6d80ab6369" status: 204 len: 0 microversion: 1.36
Aug 04 20:01:31.967188 n-d-802060-6 devstack@placement-api.service[94633]: [pid: 94633|app: 0|req: 129/258] 10.222.0.38 () {64 vars in 1434 bytes} [Wed Aug 4 20:01:31 2021] PUT /placement/allocations/b4ce18ed-2d76-4c57-8562-3b6d80ab6369 => generated 0 bytes in 110 msecs (HTTP/1.1 204) 5 headers in 199 bytes (1 switches on core 0)
Aug 04 20:01:32.152521 n-d-802060-6 devstack@placement-api.service[94632]: DEBUG placement.requestlog [req-9df74e73-2dcc-4f6d-bf99-8a4646723f2f req-9183d2dd-1e00-401e-9f80-80880d499c78 None None] Starting request: 10.222.0.62 "GET /placement/resource_providers/2cdc7f9c-498d-4400-97cb-d09f95c1a8bc/allocations" {{(pid=94632) __call__ /opt/stack/placement/placement/requestlog.py:55}}
Aug 04 20:01:32.201712 n-d-802060-6 devstack@placement-api.service[94632]: INFO placement.requestlog [req-9df74e73-2dcc-4f6d-bf99-8a4646723f2f req-9183d2dd-1e00-401e-9f80-80880d499c78 service placement] 10.222.0.62 "GET /placement/resource_providers/2cdc7f9c-498d-4400-97cb-d09f95c1a8bc/allocations" status: 200 len: 961 microversion: 1.0
Aug 04 20:01:32.202453 n-d-802060-6 devstack@placement-api.service[94632]: [pid: 94632|app: 0|req: 130/259] 10.222.0.62 () {58 vars in 1391 bytes} [Wed Aug 4 20:01:32 2021] GET /placement/resource_providers/2cdc7f9c-498d-4400-97cb-d09f95c1a8bc/allocations => generated 961 bytes in 50 msecs (HTTP/1.1 200) 6 headers in 224 bytes (1 switches on core 0)
Aug 04 20:01:32.478824 n-d-802060-6 devstack@placement-api.service[94633]: DEBUG placement.requestlog [req-d4292101-2325-448c-8370-b5badecb4251 req-79f91b3e-91a2-4d7b-a15f-73ca3644fa7a None None] Starting request: 10.222.0.41 "GET /placement/allocations/b4ce18ed-2d76-4c57-8562-3b6d80ab6369" {{(pid=94633) __call__ /opt/stack/placement/placement/requestlog.py:55}}
Aug 04 20:01:32.509690 n-d-802060-6 devstack@placement-api.service[94633]: INFO placement.requestlog [req-d4292101-2325-448c-8370-b5badecb4251 req-79f91b3e-91a2-4d7b-a15f-73ca3644fa7a service placement] 10.222.0.41 "GET /placement/allocations/b4ce18ed-2d76-4c57-8562-3b6d80ab6369" status: 200 len: 259 microversion: 1.28
Aug 04 20:01:32.510620 n-d-802060-6 devstack@placement-api.service[94633]: [pid: 94633|app: 0|req: 130/260] 10.222.0.41 () {60 vars in 1378 bytes} [Wed Aug 4 20:01:32 2021] GET /placement/allocations/b4ce18ed-2d76-4c57-8562-3b6d80ab6369 => generated 259 bytes in 32 msecs (HTTP/1.1 200) 8 headers in 296 bytes (1 switches on core 0)
