Sep 01 14:55:21.401610 n-d-802060-16 devstack@n-api.service[121433]: [pid: 121433|app: 0|req: 207/401] 10.222.0.41 () {60 vars in 1194 bytes} [Wed Sep 1 14:55:21 2021] POST /compute/v2.1/os-aggregates/17/action => generated 121 bytes in 25 msecs (HTTP/1.1 403) 9 headers in 379 bytes (1 switches on core 0)
Sep 01 14:55:21.419828 n-d-802060-16 devstack@n-api.service[121432]: DEBUG nova.api.openstack.wsgi [None req-fc8e43ea-8672-47c5-bf7d-727e54d06db6 tempest-AggregatesAdminNegativeTestJSON-317713620 tempest-AggregatesAdminNegativeTestJSON-317713620-project-admin] Action: 'action', calling method: >, body: {"remove_host": {"host": "n-h1-802060-16"}} {{(pid=121432) _process_stack /opt/stack/nova/nova/api/openstack/wsgi.py:511}}
Sep 01 14:55:21.426699 n-d-802060-16 devstack@n-api.service[121432]: /usr/local/lib/python3.8/dist-packages/oslo_policy/policy.py:1064: UserWarning: Policy os_compute_api:os-aggregates:remove_host failed scope check. The token used to make the request was project scoped but the policy requires ['system'] scope. This behavior may change in the future where using the intended scope is required
Sep 01 14:55:21.426699 n-d-802060-16 devstack@n-api.service[121432]: warnings.warn(msg)
Sep 01 14:55:21.446243 n-d-802060-16 devstack@n-api.service[121433]: DEBUG nova.api.openstack.wsgi [None req-28ee8572-ef64-49c6-9079-47a65c7ee623 tempest-FloatingIPsAssociationNegativeTestJSON-1590621178 tempest-FloatingIPsAssociationNegativeTestJSON-1590621178-project] Calling method '>' {{(pid=121433) _process_stack /opt/stack/nova/nova/api/openstack/wsgi.py:513}}
Sep 01 14:55:21.446879 n-d-802060-16 devstack@n-api.service[121433]: DEBUG nova.compute.api [None req-28ee8572-ef64-49c6-9079-47a65c7ee623 tempest-FloatingIPsAssociationNegativeTestJSON-1590621178 tempest-FloatingIPsAssociationNegativeTestJSON-1590621178-project] [instance: 5d2a353d-cd18-4dee-99bd-b326e553b81a] Fetching instance by UUID {{(pid=121433) get /opt/stack/nova/nova/compute/api.py:2863}}
Sep 01 14:55:21.463026 n-d-802060-16 devstack@n-api.service[121432]: DEBUG oslo_concurrency.lockutils [None req-fc8e43ea-8672-47c5-bf7d-727e54d06db6 tempest-AggregatesAdminNegativeTestJSON-317713620 tempest-AggregatesAdminNegativeTestJSON-317713620-project-admin] Lock "02e79ce7-21c9-4079-bb70-af2a6b2f7bfb" acquired by "nova.context.set_target_cell..get_or_set_cached_cell_and_set_connections" :: waited 0.000s {{(pid=121432) inner /usr/local/lib/python3.8/dist-packages/oslo_concurrency/lockutils.py:355}}
Sep 01 14:55:21.463474 n-d-802060-16 devstack@n-api.service[121432]: DEBUG oslo_concurrency.lockutils [None req-fc8e43ea-8672-47c5-bf7d-727e54d06db6 tempest-AggregatesAdminNegativeTestJSON-317713620 tempest-AggregatesAdminNegativeTestJSON-317713620-project-admin] Lock "02e79ce7-21c9-4079-bb70-af2a6b2f7bfb" released by "nova.context.set_target_cell..get_or_set_cached_cell_and_set_connections" :: held 0.001s {{(pid=121432) inner /usr/local/lib/python3.8/dist-packages/oslo_concurrency/lockutils.py:367}}
Sep 01 14:55:21.471130 n-d-802060-16 devstack@n-api.service[121433]: DEBUG oslo_concurrency.lockutils [None req-28ee8572-ef64-49c6-9079-47a65c7ee623 tempest-FloatingIPsAssociationNegativeTestJSON-1590621178 tempest-FloatingIPsAssociationNegativeTestJSON-1590621178-project] Lock "02e79ce7-21c9-4079-bb70-af2a6b2f7bfb" acquired by "nova.context.set_target_cell..get_or_set_cached_cell_and_set_connections" :: waited 0.000s {{(pid=121433) inner /usr/local/lib/python3.8/dist-packages/oslo_concurrency/lockutils.py:355}}
Sep 01 14:55:21.473177 n-d-802060-16 devstack@n-api.service[121433]: DEBUG oslo_concurrency.lockutils [None req-28ee8572-ef64-49c6-9079-47a65c7ee623 tempest-FloatingIPsAssociationNegativeTestJSON-1590621178 tempest-FloatingIPsAssociationNegativeTestJSON-1590621178-project] Lock "02e79ce7-21c9-4079-bb70-af2a6b2f7bfb" released by "nova.context.set_target_cell..get_or_set_cached_cell_and_set_connections" :: held 0.001s {{(pid=121433) inner /usr/local/lib/python3.8/dist-packages/oslo_concurrency/lockutils.py:367}}
Sep 01 14:55:21.476221 n-d-802060-16 devstack@n-api.service[121433]: DEBUG oslo_concurrency.lockutils [None req-28ee8572-ef64-49c6-9079-47a65c7ee623 tempest-FloatingIPsAssociationNegativeTestJSON-1590621178 tempest-FloatingIPsAssociationNegativeTestJSON-1590621178-project] Lock "02e79ce7-21c9-4079-bb70-af2a6b2f7bfb" acquired by "nova.context.set_target_cell..get_or_set_cached_cell_and_set_connections" :: waited 0.000s {{(pid=121433) inner /usr/local/lib/python3.8/dist-packages/oslo_concurrency/lockutils.py:355}}
Sep 01 14:55:21.476694 n-d-802060-16 devstack@n-api.service[121433]: DEBUG oslo_concurrency.lockutils [None req-28ee8572-ef64-49c6-9079-47a65c7ee623 tempest-FloatingIPsAssociationNegativeTestJSON-1590621178 tempest-FloatingIPsAssociationNegativeTestJSON-1590621178-project] Lock "02e79ce7-21c9-4079-bb70-af2a6b2f7bfb" released by "nova.context.set_target_cell..get_or_set_cached_cell_and_set_connections" :: held 0.001s {{(pid=121433) inner /usr/local/lib/python3.8/dist-packages/oslo_concurrency/lockutils.py:367}}
Sep 01 14:55:21.661888 n-d-802060-16 devstack@n-api.service[121433]: DEBUG nova.policy [None req-28ee8572-ef64-49c6-9079-47a65c7ee623 tempest-FloatingIPsAssociationNegativeTestJSON-1590621178 tempest-FloatingIPsAssociationNegativeTestJSON-1590621178-project] Policy check for os_compute_api:os-extended-server-attributes failed with credentials {'is_admin': False, 'user_id': '716d0d817a974dbca7f98e73e9c62ed3', 'user_domain_id': 'default', 'system_scope': None, 'domain_id': None, 'project_id': '4c9fdc51ac8e4eefaf3e2f8da32e7e72', 'project_domain_id': 'default', 'roles': ['reader', 'member'], 'is_admin_project': True, 'service_user_id': None, 'service_user_domain_id': None, 'service_project_id': None, 'service_project_domain_id': None, 'service_roles': []} {{(pid=121433) authorize /opt/stack/nova/nova/policy.py:199}}
Sep 01 14:55:21.679834 n-d-802060-16 devstack@n-api.service[121432]: INFO nova.api.openstack.requestlog [None req-fc8e43ea-8672-47c5-bf7d-727e54d06db6 tempest-AggregatesAdminNegativeTestJSON-317713620 tempest-AggregatesAdminNegativeTestJSON-317713620-project-admin] 10.222.0.41 "POST /compute/v2.1/os-aggregates/17/action" status: 200 len: 227 microversion: 2.1 time: 0.274706
Sep 01 14:55:21.680068 n-d-802060-16 devstack@n-api.service[121433]: INFO nova.api.openstack.requestlog [None req-28ee8572-ef64-49c6-9079-47a65c7ee623 tempest-FloatingIPsAssociationNegativeTestJSON-1590621178 tempest-FloatingIPsAssociationNegativeTestJSON-1590621178-project] 10.222.0.41 "GET /compute/v2.1/servers/5d2a353d-cd18-4dee-99bd-b326e553b81a" status: 200 len: 1289 microversion: 2.1 time: 0.243599
Sep 01 14:55:21.684915 n-d-802060-16 devstack@n-api.service[121433]: [pid: 121433|app: 0|req: 208/402] 10.222.0.41 () {58 vars in 1236 bytes} [Wed Sep 1 14:55:21 2021] GET /compute/v2.1/servers/5d2a353d-cd18-4dee-99bd-b326e553b81a => generated 1289 bytes in 249 msecs (HTTP/1.1 200) 9 headers in 358 bytes (1 switches on core 0)
Sep 01 14:55:21.686930 n-d-802060-16 devstack@n-api.service[121432]: [pid: 121432|app: 0|req: 195/403] 10.222.0.41 () {60 vars in 1194 bytes} [Wed Sep 1 14:55:21 2021] POST /compute/v2.1/os-aggregates/17/action => generated 227 bytes in 282 msecs (HTTP/1.1 200) 9 headers in 357 bytes (2 switches on core 0)
Sep 01 14:55:21.690077 n-d-802060-16 devstack@n-api.service[121433]: DEBUG nova.api.openstack.wsgi [None req-15696edb-c16e-462f-a074-48aae39e784e tempest-LiveMigrationNegativeTest-764874192 tempest-LiveMigrationNegativeTest-764874192-project] Action: 'create', calling method: >, body: {"server": {"name": "tempest-LiveMigrationNegativeTest-server-1648035112", "imageRef": "46db66c4-1aec-422e-9b30-7fa51e37f350", "flavorRef": "452"}} {{(pid=121433) _process_stack /opt/stack/nova/nova/api/openstack/wsgi.py:511}}
Sep 01 14:55:21.692431 n-d-802060-16 devstack@n-api.service[121432]: DEBUG nova.api.openstack.wsgi [None req-cb00759b-f41e-4a7c-97bf-7a9d8742d79f tempest-ServersWithSpecificFlavorTestJSON-1217481563 tempest-ServersWithSpecificFlavorTestJSON-1217481563-project] Action: 'action', calling method: >, body: {"os-getConsoleOutput": {}} {{(pid=121432) _process_stack /opt/stack/nova/nova/api/openstack/wsgi.py:511}}
Sep 01 14:55:21.693393 n-d-802060-16 devstack@n-api.service[121432]: DEBUG nova.compute.api [None req-cb00759b-f41e-4a7c-97bf-7a9d8742d79f tempest-ServersWithSpecificFlavorTestJSON-1217481563 tempest-ServersWithSpecificFlavorTestJSON-1217481563-project] [instance: de3ce6e2-4c88-4549-8747-946482cdab06] Fetching instance by UUID {{(pid=121432) get /opt/stack/nova/nova/compute/api.py:2863}}
Sep 01 14:55:21.701001 n-d-802060-16 devstack@n-api.service[121432]: DEBUG oslo_concurrency.lockutils [None req-cb00759b-f41e-4a7c-97bf-7a9d8742d79f tempest-ServersWithSpecificFlavorTestJSON-1217481563 tempest-ServersWithSpecificFlavorTestJSON-1217481563-project] Lock "02e79ce7-21c9-4079-bb70-af2a6b2f7bfb" acquired by "nova.context.set_target_cell..get_or_set_cached_cell_and_set_connections" :: waited 0.000s {{(pid=121432) inner /usr/local/lib/python3.8/dist-packages/oslo_concurrency/lockutils.py:355}}
Sep 01 14:55:21.701548 n-d-802060-16 devstack@n-api.service[121432]: DEBUG oslo_concurrency.lockutils [None req-cb00759b-f41e-4a7c-97bf-7a9d8742d79f tempest-ServersWithSpecificFlavorTestJSON-1217481563 tempest-ServersWithSpecificFlavorTestJSON-1217481563-project] Lock "02e79ce7-21c9-4079-bb70-af2a6b2f7bfb" released by "nova.context.set_target_cell..get_or_set_cached_cell_and_set_connections" :: held 0.001s {{(pid=121432) inner /usr/local/lib/python3.8/dist-packages/oslo_concurrency/lockutils.py:367}}
Sep 01 14:55:21.702143 n-d-802060-16 devstack@n-api.service[121432]: DEBUG oslo_concurrency.lockutils [None req-cb00759b-f41e-4a7c-97bf-7a9d8742d79f tempest-ServersWithSpecificFlavorTestJSON-1217481563 tempest-ServersWithSpecificFlavorTestJSON-1217481563-project] Lock "02e79ce7-21c9-4079-bb70-af2a6b2f7bfb" acquired by "nova.context.set_target_cell..get_or_set_cached_cell_and_set_connections" :: waited 0.000s {{(pid=121432) inner /usr/local/lib/python3.8/dist-packages/oslo_concurrency/lockutils.py:355}}
Sep 01 14:55:21.702580 n-d-802060-16 devstack@n-api.service[121432]: DEBUG oslo_concurrency.lockutils [None req-cb00759b-f41e-4a7c-97bf-7a9d8742d79f tempest-ServersWithSpecificFlavorTestJSON-1217481563 tempest-ServersWithSpecificFlavorTestJSON-1217481563-project] Lock "02e79ce7-21c9-4079-bb70-af2a6b2f7bfb" released by "nova.context.set_target_cell..get_or_set_cached_cell_and_set_connections" :: held 0.000s {{(pid=121432) inner /usr/local/lib/python3.8/dist-packages/oslo_concurrency/lockutils.py:367}}
Sep 01 14:55:21.777002 n-d-802060-16 devstack@n-api.service[121432]: INFO nova.api.openstack.requestlog [None req-cb00759b-f41e-4a7c-97bf-7a9d8742d79f tempest-ServersWithSpecificFlavorTestJSON-1217481563 tempest-ServersWithSpecificFlavorTestJSON-1217481563-project] 10.222.0.41 "POST /compute/v2.1/servers/de3ce6e2-4c88-4549-8747-946482cdab06/action" status: 200 len: 16386 microversion: 2.1 time: 0.087751
Sep 01 14:55:21.780832 n-d-802060-16 devstack@n-api.service[121432]: [pid: 121432|app: 0|req: 196/404] 10.222.0.41 () {60 vars in 1278 bytes} [Wed Sep 1 14:55:21 2021] POST /compute/v2.1/servers/de3ce6e2-4c88-4549-8747-946482cdab06/action => generated 16386 bytes in 90 msecs (HTTP/1.1 200) 9 headers in 359 bytes (1 switches on core 0)
Sep 01 14:55:21.797533 n-d-802060-16 devstack@n-api.service[121432]: DEBUG nova.api.openstack.wsgi [None req-98513b80-d308-4909-840e-b6d19b64e523 tempest-AggregatesAdminNegativeTestJSON-317713620 tempest-AggregatesAdminNegativeTestJSON-317713620-project-admin] Calling method '>' {{(pid=121432) _process_stack /opt/stack/nova/nova/api/openstack/wsgi.py:513}}
Sep 01 14:55:21.805262 n-d-802060-16 devstack@n-api.service[121432]: /usr/local/lib/python3.8/dist-packages/oslo_policy/policy.py:1064: UserWarning: Policy os_compute_api:os-aggregates:delete failed scope check. The token used to make the request was project scoped but the policy requires ['system'] scope. This behavior may change in the future where using the intended scope is required
Sep 01 14:55:21.805262 n-d-802060-16 devstack@n-api.service[121432]: warnings.warn(msg)
Sep 01 14:55:21.805657 n-d-802060-16 devstack@n-api.service[121433]: DEBUG nova.network.neutron [None req-15696edb-c16e-462f-a074-48aae39e784e tempest-LiveMigrationNegativeTest-764874192 tempest-LiveMigrationNegativeTest-764874192-project] validate_networks() for None {{(pid=121433) validate_networks /opt/stack/nova/nova/network/neutron.py:2475}}
Sep 01 14:55:21.857580 n-d-802060-16 devstack@n-api.service[121432]: INFO nova.api.openstack.requestlog [None req-98513b80-d308-4909-840e-b6d19b64e523 tempest-AggregatesAdminNegativeTestJSON-317713620 tempest-AggregatesAdminNegativeTestJSON-317713620-project-admin] 10.222.0.41 "DELETE /compute/v2.1/os-aggregates/17" status: 200 len: 0 microversion: 2.1 time: 0.077723
Sep 01 14:55:21.858176 n-d-802060-16 devstack@n-api.service[121432]: [pid: 121432|app: 0|req: 197/405] 10.222.0.41 () {58 vars in 1155 bytes} [Wed Sep 1 14:55:21 2021] DELETE /compute/v2.1/os-aggregates/17 => generated 0 bytes in 80 msecs (HTTP/1.1 200) 9 headers in 355 bytes (1 switches on core 0)
Sep 01 14:55:21.872506 n-d-802060-16 devstack@n-api.service[121432]: DEBUG nova.api.openstack.wsgi [None req-0dffae60-08e8-430a-873e-1815db7ea132 tempest-AggregatesAdminNegativeTestJSON-317713620 tempest-AggregatesAdminNegativeTestJSON-317713620-project-admin] Action: 'create', calling method: >, body: {"aggregate": {"name": "tempest-test_aggregate-477700367"}} {{(pid=121432) _process_stack /opt/stack/nova/nova/api/openstack/wsgi.py:511}}
Sep 01 14:55:21.873973 n-d-802060-16 devstack@n-api.service[121432]: /usr/local/lib/python3.8/dist-packages/oslo_policy/policy.py:1064: UserWarning: Policy os_compute_api:os-aggregates:create failed scope check. The token used to make the request was project scoped but the policy requires ['system'] scope. This behavior may change in the future where using the intended scope is required
Sep 01 14:55:21.873973 n-d-802060-16 devstack@n-api.service[121432]: warnings.warn(msg)
Sep 01 14:55:21.875356 n-d-802060-16 devstack@n-api.service[121432]: DEBUG nova.objects.aggregate [None req-0dffae60-08e8-430a-873e-1815db7ea132 tempest-AggregatesAdminNegativeTestJSON-317713620 tempest-AggregatesAdminNegativeTestJSON-317713620-project-admin] Generated uuid dd23785e-52bb-4d4e-bb69-9ca025db8a86 for aggregate {{(pid=121432) create /opt/stack/nova/nova/objects/aggregate.py:298}}
Sep 01 14:55:21.910825 n-d-802060-16 devstack@n-api.service[121432]: INFO nova.api.openstack.requestlog [None req-0dffae60-08e8-430a-873e-1815db7ea132 tempest-AggregatesAdminNegativeTestJSON-317713620 tempest-AggregatesAdminNegativeTestJSON-317713620-project-admin] 10.222.0.41 "POST /compute/v2.1/os-aggregates" status: 200 len: 198 microversion: 2.1 time: 0.042106
Sep 01 14:55:21.916917 n-d-802060-16 devstack@n-api.service[121432]: [pid: 121432|app: 0|req: 198/406] 10.222.0.41 () {60 vars in 1164 bytes} [Wed Sep 1 14:55:21 2021] POST /compute/v2.1/os-aggregates => generated 198 bytes in 44 msecs (HTTP/1.1 200) 9 headers in 357 bytes (1 switches on core 0)
Sep 01 14:55:21.924007 n-d-802060-16 devstack@n-api.service[121432]: DEBUG nova.api.openstack.wsgi [None req-36e3a0b2-ba68-4451-81b1-32514e20ba77 tempest-AggregatesAdminNegativeTestJSON-317713620 tempest-AggregatesAdminNegativeTestJSON-317713620-project-admin] Action: 'action', calling method: >, body: {"remove_host": {"host": "nonexist_host"}} {{(pid=121432) _process_stack /opt/stack/nova/nova/api/openstack/wsgi.py:511}}
Sep 01 14:55:21.925805 n-d-802060-16 devstack@n-api.service[121432]: /usr/local/lib/python3.8/dist-packages/oslo_policy/policy.py:1064: UserWarning: Policy os_compute_api:os-aggregates:remove_host failed scope check. The token used to make the request was project scoped but the policy requires ['system'] scope. This behavior may change in the future where using the intended scope is required
Sep 01 14:55:21.925805 n-d-802060-16 devstack@n-api.service[121432]: warnings.warn(msg)
Sep 01 14:55:21.936021 n-d-802060-16 devstack@n-api.service[121432]: DEBUG oslo_concurrency.lockutils [None req-36e3a0b2-ba68-4451-81b1-32514e20ba77 tempest-AggregatesAdminNegativeTestJSON-317713620 tempest-AggregatesAdminNegativeTestJSON-317713620-project-admin] Lock "00000000-0000-0000-0000-000000000000" acquired by "nova.context.set_target_cell..get_or_set_cached_cell_and_set_connections" :: waited 0.000s {{(pid=121432) inner /usr/local/lib/python3.8/dist-packages/oslo_concurrency/lockutils.py:355}}
Sep 01 14:55:21.936858 n-d-802060-16 devstack@n-api.service[121432]: DEBUG oslo_concurrency.lockutils [None req-36e3a0b2-ba68-4451-81b1-32514e20ba77 tempest-AggregatesAdminNegativeTestJSON-317713620 tempest-AggregatesAdminNegativeTestJSON-317713620-project-admin] Lock "00000000-0000-0000-0000-000000000000" released by "nova.context.set_target_cell..get_or_set_cached_cell_and_set_connections" :: held 0.001s {{(pid=121432) inner /usr/local/lib/python3.8/dist-packages/oslo_concurrency/lockutils.py:367}}
Sep 01 14:55:21.942951 n-d-802060-16 devstack@n-api.service[121432]: DEBUG oslo_concurrency.lockutils [None req-36e3a0b2-ba68-4451-81b1-32514e20ba77 tempest-AggregatesAdminNegativeTestJSON-317713620 tempest-AggregatesAdminNegativeTestJSON-317713620-project-admin] Lock "02e79ce7-21c9-4079-bb70-af2a6b2f7bfb" acquired by "nova.context.set_target_cell..get_or_set_cached_cell_and_set_connections" :: waited 0.000s {{(pid=121432) inner /usr/local/lib/python3.8/dist-packages/oslo_concurrency/lockutils.py:355}}
Sep 01 14:55:21.943697 n-d-802060-16 devstack@n-api.service[121432]: DEBUG oslo_concurrency.lockutils [None req-36e3a0b2-ba68-4451-81b1-32514e20ba77 tempest-AggregatesAdminNegativeTestJSON-317713620 tempest-AggregatesAdminNegativeTestJSON-317713620-project-admin] Lock "02e79ce7-21c9-4079-bb70-af2a6b2f7bfb" released by "nova.context.set_target_cell..get_or_set_cached_cell_and_set_connections" :: held 0.001s {{(pid=121432) inner /usr/local/lib/python3.8/dist-packages/oslo_concurrency/lockutils.py:367}}
Sep 01 14:55:21.957043 n-d-802060-16 devstack@n-api.service[121432]: ERROR nova.api.openstack.compute.aggregates [None req-36e3a0b2-ba68-4451-81b1-32514e20ba77 tempest-AggregatesAdminNegativeTestJSON-317713620 tempest-AggregatesAdminNegativeTestJSON-317713620-project-admin] Failed to remove host nonexist_host from aggregate 18. Error: Compute host nonexist_host could not be found.: nova.exception.ComputeHostNotFound: Compute host nonexist_host could not be found.
Sep 01 14:55:21.957879 n-d-802060-16 devstack@n-api.service[121432]: INFO nova.api.openstack.wsgi [None req-36e3a0b2-ba68-4451-81b1-32514e20ba77 tempest-AggregatesAdminNegativeTestJSON-317713620 tempest-AggregatesAdminNegativeTestJSON-317713620-project-admin] HTTP exception thrown: Cannot remove host nonexist_host in aggregate 18
Sep 01 14:55:21.958778 n-d-802060-16 devstack@n-api.service[121432]: DEBUG nova.api.openstack.wsgi [None req-36e3a0b2-ba68-4451-81b1-32514e20ba77 tempest-AggregatesAdminNegativeTestJSON-317713620 tempest-AggregatesAdminNegativeTestJSON-317713620-project-admin] Returning 404 to user: Cannot remove host nonexist_host in aggregate 18 {{(pid=121432) __call__ /opt/stack/nova/nova/api/openstack/wsgi.py:927}}
Sep 01 14:55:21.959755 n-d-802060-16 devstack@n-api.service[121432]: INFO nova.api.openstack.requestlog [None req-36e3a0b2-ba68-4451-81b1-32514e20ba77 tempest-AggregatesAdminNegativeTestJSON-317713620 tempest-AggregatesAdminNegativeTestJSON-317713620-project-admin] 10.222.0.41 "POST /compute/v2.1/os-aggregates/18/action" status: 404 len: 94 microversion: 2.1 time: 0.041272
Sep 01 14:55:21.960721 n-d-802060-16 devstack@n-api.service[121432]: [pid: 121432|app: 0|req: 199/407] 10.222.0.41 () {60 vars in 1194 bytes} [Wed Sep 1 14:55:21 2021] POST /compute/v2.1/os-aggregates/18/action => generated 94 bytes in 43 msecs (HTTP/1.1 404) 9 headers in 378 bytes (1 switches on core 0)
Sep 01 14:55:21.969493 n-d-802060-16 devstack@n-api.service[121432]: DEBUG nova.api.openstack.wsgi [None req-2f0e5861-107a-4547-b333-10aeb674a26d tempest-AggregatesAdminNegativeTestJSON-317713620 tempest-AggregatesAdminNegativeTestJSON-317713620-project-admin] Calling method '>' {{(pid=121432) _process_stack /opt/stack/nova/nova/api/openstack/wsgi.py:513}}
Sep 01 14:55:21.970609 n-d-802060-16 devstack@n-api.service[121432]: /usr/local/lib/python3.8/dist-packages/oslo_policy/policy.py:1064: UserWarning: Policy os_compute_api:os-aggregates:delete failed scope check. The token used to make the request was project scoped but the policy requires ['system'] scope. This behavior may change in the future where using the intended scope is required
Sep 01 14:55:21.970609 n-d-802060-16 devstack@n-api.service[121432]: warnings.warn(msg)
Sep 01 14:55:22.004228 n-d-802060-16 devstack@n-api.service[121432]: INFO nova.api.openstack.requestlog [None req-2f0e5861-107a-4547-b333-10aeb674a26d tempest-AggregatesAdminNegativeTestJSON-317713620 tempest-AggregatesAdminNegativeTestJSON-317713620-project-admin] 10.222.0.41 "DELETE /compute/v2.1/os-aggregates/18" status: 200 len: 0 microversion: 2.1 time: 0.038839
Sep 01 14:55:22.008121 n-d-802060-16 devstack@n-api.service[121432]: [pid: 121432|app: 0|req: 200/408] 10.222.0.41 () {58 vars in 1155 bytes} [Wed Sep 1 14:55:21 2021] DELETE /compute/v2.1/os-aggregates/18 => generated 0 bytes in 43 msecs (HTTP/1.1 200) 9 headers in 355 bytes (1 switches on core 0)
Sep 01 14:55:22.239285 n-d-802060-16 devstack@n-api.service[121433]: DEBUG nova.virt.hardware [None req-15696edb-c16e-462f-a074-48aae39e784e tempest-LiveMigrationNegativeTest-764874192 tempest-LiveMigrationNegativeTest-764874192-project] Flavor limits 0:0:0 {{(pid=121433) get_cpu_topology_constraints /opt/stack/nova/nova/virt/hardware.py:343}}
Sep 01 14:55:22.239854 n-d-802060-16 devstack@n-api.service[121433]: DEBUG nova.virt.hardware [None req-15696edb-c16e-462f-a074-48aae39e784e tempest-LiveMigrationNegativeTest-764874192 tempest-LiveMigrationNegativeTest-764874192-project] Image limits 0:0:0 {{(pid=121433) get_cpu_topology_constraints /opt/stack/nova/nova/virt/hardware.py:347}}
Sep 01 14:55:22.241242 n-d-802060-16 devstack@n-api.service[121433]: DEBUG nova.virt.hardware [None req-15696edb-c16e-462f-a074-48aae39e784e tempest-LiveMigrationNegativeTest-764874192 tempest-LiveMigrationNegativeTest-764874192-project] Flavor pref 0:0:0 {{(pid=121433) get_cpu_topology_constraints /opt/stack/nova/nova/virt/hardware.py:383}}
Sep 01 14:55:22.241789 n-d-802060-16 devstack@n-api.service[121433]: DEBUG nova.virt.hardware [None req-15696edb-c16e-462f-a074-48aae39e784e tempest-LiveMigrationNegativeTest-764874192 tempest-LiveMigrationNegativeTest-764874192-project] Image pref 0:0:0 {{(pid=121433) get_cpu_topology_constraints /opt/stack/nova/nova/virt/hardware.py:387}}
Sep 01 14:55:22.242378 n-d-802060-16 devstack@n-api.service[121433]: DEBUG nova.virt.hardware [None req-15696edb-c16e-462f-a074-48aae39e784e tempest-LiveMigrationNegativeTest-764874192 tempest-LiveMigrationNegativeTest-764874192-project] Chose sockets=0, cores=0, threads=0; limits were sockets=65536, cores=65536, threads=65536 {{(pid=121433) get_cpu_topology_constraints /opt/stack/nova/nova/virt/hardware.py:425}}
Sep 01 14:55:22.253749 n-d-802060-16 devstack@n-api.service[121433]: DEBUG oslo_concurrency.lockutils [None req-15696edb-c16e-462f-a074-48aae39e784e tempest-LiveMigrationNegativeTest-764874192 tempest-LiveMigrationNegativeTest-764874192-project] Lock "00000000-0000-0000-0000-000000000000" acquired by "nova.context.set_target_cell..get_or_set_cached_cell_and_set_connections" :: waited 0.000s {{(pid=121433) inner /usr/local/lib/python3.8/dist-packages/oslo_concurrency/lockutils.py:355}}
Sep 01 14:55:22.254566 n-d-802060-16 devstack@n-api.service[121433]: DEBUG oslo_concurrency.lockutils [None req-15696edb-c16e-462f-a074-48aae39e784e tempest-LiveMigrationNegativeTest-764874192 tempest-LiveMigrationNegativeTest-764874192-project] Lock "00000000-0000-0000-0000-000000000000" released by "nova.context.set_target_cell..get_or_set_cached_cell_and_set_connections" :: held 0.001s {{(pid=121433) inner /usr/local/lib/python3.8/dist-packages/oslo_concurrency/lockutils.py:367}}
Sep 01 14:55:22.255627 n-d-802060-16 devstack@n-api.service[121433]: DEBUG oslo_concurrency.lockutils [None req-15696edb-c16e-462f-a074-48aae39e784e tempest-LiveMigrationNegativeTest-764874192 tempest-LiveMigrationNegativeTest-764874192-project] Lock "02e79ce7-21c9-4079-bb70-af2a6b2f7bfb" acquired by "nova.context.set_target_cell..get_or_set_cached_cell_and_set_connections" :: waited 0.000s {{(pid=121433) inner /usr/local/lib/python3.8/dist-packages/oslo_concurrency/lockutils.py:355}}
Sep 01 14:55:22.256536 n-d-802060-16 devstack@n-api.service[121433]: DEBUG oslo_concurrency.lockutils [None req-15696edb-c16e-462f-a074-48aae39e784e tempest-LiveMigrationNegativeTest-764874192 tempest-LiveMigrationNegativeTest-764874192-project] Lock "02e79ce7-21c9-4079-bb70-af2a6b2f7bfb" released by "nova.context.set_target_cell..get_or_set_cached_cell_and_set_connections" :: held 0.001s {{(pid=121433) inner /usr/local/lib/python3.8/dist-packages/oslo_concurrency/lockutils.py:367}}
Sep 01 14:55:22.296984 n-d-802060-16 devstack@n-api.service[121433]: DEBUG nova.quota [None req-15696edb-c16e-462f-a074-48aae39e784e tempest-LiveMigrationNegativeTest-764874192 tempest-LiveMigrationNegativeTest-764874192-project] Getting quotas for project 49c4ad5841f0483eb284066d1b19316c. Resources: {'instances', 'cores', 'ram'} {{(pid=121433) _get_quotas /opt/stack/nova/nova/quota.py:387}}
Sep 01 14:55:22.312377 n-d-802060-16 devstack@n-api.service[121433]: DEBUG nova.quota [None req-15696edb-c16e-462f-a074-48aae39e784e tempest-LiveMigrationNegativeTest-764874192 tempest-LiveMigrationNegativeTest-764874192-project] Getting quotas for user ea0e47c2992840bca2b56ea6caaa7a5c and project 49c4ad5841f0483eb284066d1b19316c. Resources: {'instances', 'cores', 'ram'} {{(pid=121433) _get_quotas /opt/stack/nova/nova/quota.py:377}}
Sep 01 14:55:22.344543 n-d-802060-16 devstack@n-api.service[121433]: DEBUG nova.compute.api [None req-15696edb-c16e-462f-a074-48aae39e784e tempest-LiveMigrationNegativeTest-764874192 tempest-LiveMigrationNegativeTest-764874192-project] Going to run 1 instances... {{(pid=121433) _provision_instances /opt/stack/nova/nova/compute/api.py:1350}}
Sep 01 14:55:22.354383 n-d-802060-16 devstack@n-api.service[121433]: DEBUG nova.compute.api [None req-15696edb-c16e-462f-a074-48aae39e784e tempest-LiveMigrationNegativeTest-764874192 tempest-LiveMigrationNegativeTest-764874192-project] [instance: 8c021bd9-aeeb-4473-ac29-4fb2eefecd5b] block_device_mapping [BlockDeviceMapping(attachment_id=,boot_index=0,connection_info=None,created_at=,delete_on_termination=True,deleted=,deleted_at=,destination_type='local',device_name=None,device_type='disk',disk_bus=None,guest_format=None,id=,image_id='46db66c4-1aec-422e-9b30-7fa51e37f350',instance=,instance_uuid=,no_device=False,snapshot_id=None,source_type='image',tag=None,updated_at=,uuid=,volume_id=None,volume_size=None,volume_type=None)] {{(pid=121433) _bdm_validate_set_size_and_instance /opt/stack/nova/nova/compute/api.py:1757}}
Sep 01 14:55:22.441597 n-d-802060-16 devstack@n-api.service[121433]: INFO nova.api.openstack.requestlog [None req-15696edb-c16e-462f-a074-48aae39e784e tempest-LiveMigrationNegativeTest-764874192 tempest-LiveMigrationNegativeTest-764874192-project] 10.222.0.41 "POST /compute/v2.1/servers" status: 202 len: 380 microversion: 2.1 time: 0.755284
Sep 01 14:55:22.442564 n-d-802060-16 devstack@n-api.service[121433]: [pid: 121433|app: 0|req: 209/409] 10.222.0.41 () {60 vars in 1147 bytes} [Wed Sep 1 14:55:21 2021] POST /compute/v2.1/servers => generated 380 bytes in 757 msecs (HTTP/1.1 202) 10 headers in 451 bytes (1 switches on core 0)
Sep 01 14:55:22.453213 n-d-802060-16 devstack@n-api.service[121432]: DEBUG nova.api.openstack.wsgi [None req-5c704c86-5164-4ff1-b699-79352e25074a tempest-LiveMigrationNegativeTest-764874192 tempest-LiveMigrationNegativeTest-764874192-project] Calling method '>' {{(pid=121432) _process_stack /opt/stack/nova/nova/api/openstack/wsgi.py:513}}
Sep 01 14:55:22.454577 n-d-802060-16 devstack@n-api.service[121432]: DEBUG nova.compute.api [None req-5c704c86-5164-4ff1-b699-79352e25074a tempest-LiveMigrationNegativeTest-764874192 tempest-LiveMigrationNegativeTest-764874192-project] [instance: 8c021bd9-aeeb-4473-ac29-4fb2eefecd5b] Fetching instance by UUID {{(pid=121432) get /opt/stack/nova/nova/compute/api.py:2863}}
Sep 01 14:55:22.656812 n-d-802060-16 devstack@n-api.service[121432]: DEBUG nova.policy [None req-5c704c86-5164-4ff1-b699-79352e25074a tempest-LiveMigrationNegativeTest-764874192 tempest-LiveMigrationNegativeTest-764874192-project] Policy check for os_compute_api:os-extended-server-attributes failed with credentials {'is_admin': False, 'user_id': 'ea0e47c2992840bca2b56ea6caaa7a5c', 'user_domain_id': 'default', 'system_scope': None, 'domain_id': None, 'project_id': '49c4ad5841f0483eb284066d1b19316c', 'project_domain_id': 'default', 'roles': ['reader', 'member'], 'is_admin_project': True, 'service_user_id': None, 'service_user_domain_id': None, 'service_project_id': None, 'service_project_domain_id': None, 'service_roles': []} {{(pid=121432) authorize /opt/stack/nova/nova/policy.py:199}}
Sep 01 14:55:22.672926 n-d-802060-16 devstack@n-api.service[121432]: INFO nova.api.openstack.requestlog [None req-5c704c86-5164-4ff1-b699-79352e25074a tempest-LiveMigrationNegativeTest-764874192 tempest-LiveMigrationNegativeTest-764874192-project] 10.222.0.41 "GET /compute/v2.1/servers/8c021bd9-aeeb-4473-ac29-4fb2eefecd5b" status: 200 len: 1219 microversion: 2.1 time: 0.223210
Sep 01 14:55:22.680055 n-d-802060-16 devstack@n-api.service[121432]: [pid: 121432|app: 0|req: 201/410] 10.222.0.41 () {58 vars in 1236 bytes} [Wed Sep 1 14:55:22 2021] GET /compute/v2.1/servers/8c021bd9-aeeb-4473-ac29-4fb2eefecd5b => generated 1219 bytes in 231 msecs (HTTP/1.1 200) 9 headers in 358 bytes (1 switches on core 0)
Sep 01 14:55:22.698076 n-d-802060-16 devstack@n-api.service[121433]: DEBUG nova.api.openstack.wsgi [None req-d2e576e8-ec23-427f-aecd-eac92608d0f0 tempest-FloatingIPsAssociationNegativeTestJSON-1590621178 tempest-FloatingIPsAssociationNegativeTestJSON-1590621178-project] Calling method '>' {{(pid=121433) _process_stack /opt/stack/nova/nova/api/openstack/wsgi.py:513}}
Sep 01 14:55:22.698698 n-d-802060-16 devstack@n-api.service[121433]: DEBUG nova.compute.api [None req-d2e576e8-ec23-427f-aecd-eac92608d0f0 tempest-FloatingIPsAssociationNegativeTestJSON-1590621178 tempest-FloatingIPsAssociationNegativeTestJSON-1590621178-project] [instance: 5d2a353d-cd18-4dee-99bd-b326e553b81a] Fetching instance by UUID {{(pid=121433) get /opt/stack/nova/nova/compute/api.py:2863}}
Sep 01 14:55:22.708101 n-d-802060-16 devstack@n-api.service[121433]: DEBUG oslo_concurrency.lockutils [None req-d2e576e8-ec23-427f-aecd-eac92608d0f0 tempest-FloatingIPsAssociationNegativeTestJSON-1590621178 tempest-FloatingIPsAssociationNegativeTestJSON-1590621178-project] Lock "02e79ce7-21c9-4079-bb70-af2a6b2f7bfb" acquired by "nova.context.set_target_cell..get_or_set_cached_cell_and_set_connections" :: waited 0.000s {{(pid=121433) inner /usr/local/lib/python3.8/dist-packages/oslo_concurrency/lockutils.py:355}}
Sep 01 14:55:22.708565 n-d-802060-16 devstack@n-api.service[121433]: DEBUG oslo_concurrency.lockutils [None req-d2e576e8-ec23-427f-aecd-eac92608d0f0 tempest-FloatingIPsAssociationNegativeTestJSON-1590621178 tempest-FloatingIPsAssociationNegativeTestJSON-1590621178-project] Lock "02e79ce7-21c9-4079-bb70-af2a6b2f7bfb" released by "nova.context.set_target_cell..get_or_set_cached_cell_and_set_connections" :: held 0.001s {{(pid=121433) inner /usr/local/lib/python3.8/dist-packages/oslo_concurrency/lockutils.py:367}}
Sep 01 14:55:22.717313 n-d-802060-16 devstack@n-api.service[121433]: DEBUG oslo_concurrency.lockutils [None req-d2e576e8-ec23-427f-aecd-eac92608d0f0 tempest-FloatingIPsAssociationNegativeTestJSON-1590621178 tempest-FloatingIPsAssociationNegativeTestJSON-1590621178-project] Lock "02e79ce7-21c9-4079-bb70-af2a6b2f7bfb" acquired by "nova.context.set_target_cell..get_or_set_cached_cell_and_set_connections" :: waited 0.000s {{(pid=121433) inner /usr/local/lib/python3.8/dist-packages/oslo_concurrency/lockutils.py:355}}
Sep 01 14:55:22.717790 n-d-802060-16 devstack@n-api.service[121433]: DEBUG oslo_concurrency.lockutils [None req-d2e576e8-ec23-427f-aecd-eac92608d0f0 tempest-FloatingIPsAssociationNegativeTestJSON-1590621178 tempest-FloatingIPsAssociationNegativeTestJSON-1590621178-project] Lock "02e79ce7-21c9-4079-bb70-af2a6b2f7bfb" released by "nova.context.set_target_cell..get_or_set_cached_cell_and_set_connections" :: held 0.008s {{(pid=121433) inner /usr/local/lib/python3.8/dist-packages/oslo_concurrency/lockutils.py:367}}
Sep 01 14:55:22.791801 n-d-802060-16 devstack@n-api.service[121432]: DEBUG nova.api.openstack.wsgi [None req-524d9622-cad3-4cfa-9624-5e3da3248cff tempest-ServersWithSpecificFlavorTestJSON-1217481563 tempest-ServersWithSpecificFlavorTestJSON-1217481563-project] Action: 'action', calling method: >, body: {"os-getConsoleOutput": {}} {{(pid=121432) _process_stack /opt/stack/nova/nova/api/openstack/wsgi.py:511}}
Sep 01 14:55:22.793038 n-d-802060-16 devstack@n-api.service[121432]: DEBUG nova.compute.api [None req-524d9622-cad3-4cfa-9624-5e3da3248cff tempest-ServersWithSpecificFlavorTestJSON-1217481563 tempest-ServersWithSpecificFlavorTestJSON-1217481563-project] [instance: de3ce6e2-4c88-4549-8747-946482cdab06] Fetching instance by UUID {{(pid=121432) get /opt/stack/nova/nova/compute/api.py:2863}}
Sep 01 14:55:22.803954 n-d-802060-16 devstack@n-api.service[121432]: DEBUG oslo_concurrency.lockutils [None req-524d9622-cad3-4cfa-9624-5e3da3248cff tempest-ServersWithSpecificFlavorTestJSON-1217481563 tempest-ServersWithSpecificFlavorTestJSON-1217481563-project] Lock "02e79ce7-21c9-4079-bb70-af2a6b2f7bfb" acquired by "nova.context.set_target_cell..get_or_set_cached_cell_and_set_connections" :: waited 0.000s {{(pid=121432) inner /usr/local/lib/python3.8/dist-packages/oslo_concurrency/lockutils.py:355}}
Sep 01 14:55:22.806026 n-d-802060-16 devstack@n-api.service[121432]: DEBUG oslo_concurrency.lockutils [None req-524d9622-cad3-4cfa-9624-5e3da3248cff tempest-ServersWithSpecificFlavorTestJSON-1217481563 tempest-ServersWithSpecificFlavorTestJSON-1217481563-project] Lock "02e79ce7-21c9-4079-bb70-af2a6b2f7bfb" released by "nova.context.set_target_cell..get_or_set_cached_cell_and_set_connections" :: held 0.001s {{(pid=121432) inner /usr/local/lib/python3.8/dist-packages/oslo_concurrency/lockutils.py:367}}
Sep 01 14:55:22.809013 n-d-802060-16 devstack@n-api.service[121432]: DEBUG oslo_concurrency.lockutils [None req-524d9622-cad3-4cfa-9624-5e3da3248cff tempest-ServersWithSpecificFlavorTestJSON-1217481563 tempest-ServersWithSpecificFlavorTestJSON-1217481563-project] Lock "02e79ce7-21c9-4079-bb70-af2a6b2f7bfb" acquired by "nova.context.set_target_cell..get_or_set_cached_cell_and_set_connections" :: waited 0.000s {{(pid=121432) inner /usr/local/lib/python3.8/dist-packages/oslo_concurrency/lockutils.py:355}}
Sep 01 14:55:22.809995 n-d-802060-16 devstack@n-api.service[121432]: DEBUG oslo_concurrency.lockutils [None req-524d9622-cad3-4cfa-9624-5e3da3248cff tempest-ServersWithSpecificFlavorTestJSON-1217481563 tempest-ServersWithSpecificFlavorTestJSON-1217481563-project] Lock "02e79ce7-21c9-4079-bb70-af2a6b2f7bfb" released by "nova.context.set_target_cell..get_or_set_cached_cell_and_set_connections" :: held 0.001s {{(pid=121432) inner /usr/local/lib/python3.8/dist-packages/oslo_concurrency/lockutils.py:367}}
Sep 01 14:55:22.946261 n-d-802060-16 devstack@n-api.service[121432]: INFO nova.api.openstack.requestlog [None req-524d9622-cad3-4cfa-9624-5e3da3248cff tempest-ServersWithSpecificFlavorTestJSON-1217481563 tempest-ServersWithSpecificFlavorTestJSON-1217481563-project] 10.222.0.41 "POST /compute/v2.1/servers/de3ce6e2-4c88-4549-8747-946482cdab06/action" status: 200 len: 16386 microversion: 2.1 time: 0.158838
Sep 01 14:55:22.950739 n-d-802060-16 devstack@n-api.service[121432]: [pid: 121432|app: 0|req: 202/411] 10.222.0.41 () {60 vars in 1278 bytes} [Wed Sep 1 14:55:22 2021] POST /compute/v2.1/servers/de3ce6e2-4c88-4549-8747-946482cdab06/action => generated 16386 bytes in 164 msecs (HTTP/1.1 200) 9 headers in 359 bytes (2 switches on core 0)
Sep 01 14:55:23.246819 n-d-802060-16 devstack@n-api.service[121433]: DEBUG nova.policy [None req-d2e576e8-ec23-427f-aecd-eac92608d0f0 tempest-FloatingIPsAssociationNegativeTestJSON-1590621178 tempest-FloatingIPsAssociationNegativeTestJSON-1590621178-project] Policy check for os_compute_api:os-extended-server-attributes failed with credentials {'is_admin': False, 'user_id': '716d0d817a974dbca7f98e73e9c62ed3', 'user_domain_id': 'default', 'system_scope': None, 'domain_id': None, 'project_id': '4c9fdc51ac8e4eefaf3e2f8da32e7e72', 'project_domain_id': 'default', 'roles': ['reader', 'member'], 'is_admin_project': True, 'service_user_id': None, 'service_user_domain_id': None, 'service_project_id': None, 'service_project_domain_id': None, 'service_roles': []} {{(pid=121433) authorize /opt/stack/nova/nova/policy.py:199}}
Sep 01 14:55:23.274151 n-d-802060-16 devstack@n-api.service[121433]: INFO nova.api.openstack.requestlog [None req-d2e576e8-ec23-427f-aecd-eac92608d0f0 tempest-FloatingIPsAssociationNegativeTestJSON-1590621178 tempest-FloatingIPsAssociationNegativeTestJSON-1590621178-project] 10.222.0.41 "GET /compute/v2.1/servers/5d2a353d-cd18-4dee-99bd-b326e553b81a" status: 200 len: 1331 microversion: 2.1 time: 0.577514
Sep 01 14:55:23.275821 n-d-802060-16 devstack@n-api.service[121433]: [pid: 121433|app: 0|req: 210/412] 10.222.0.41 () {58 vars in 1236 bytes} [Wed Sep 1 14:55:22 2021] GET /compute/v2.1/servers/5d2a353d-cd18-4dee-99bd-b326e553b81a => generated 1331 bytes in 582 msecs (HTTP/1.1 200) 9 headers in 358 bytes (1 switches on core 0)
Sep 01 14:55:23.694490 n-d-802060-16 devstack@n-api.service[121432]: DEBUG nova.api.openstack.wsgi [None req-ab1ed6f4-86fd-4614-8b6f-9d9ff70ddb29 tempest-LiveMigrationNegativeTest-764874192 tempest-LiveMigrationNegativeTest-764874192-project] Calling method '>' {{(pid=121432) _process_stack /opt/stack/nova/nova/api/openstack/wsgi.py:513}}
Sep 01 14:55:23.695831 n-d-802060-16 devstack@n-api.service[121432]: DEBUG nova.compute.api [None req-ab1ed6f4-86fd-4614-8b6f-9d9ff70ddb29 tempest-LiveMigrationNegativeTest-764874192 tempest-LiveMigrationNegativeTest-764874192-project] [instance: 8c021bd9-aeeb-4473-ac29-4fb2eefecd5b] Fetching instance by UUID {{(pid=121432) get /opt/stack/nova/nova/compute/api.py:2863}}
Sep 01 14:55:23.711770 n-d-802060-16 devstack@n-api.service[121432]: DEBUG oslo_concurrency.lockutils [None req-ab1ed6f4-86fd-4614-8b6f-9d9ff70ddb29 tempest-LiveMigrationNegativeTest-764874192 tempest-LiveMigrationNegativeTest-764874192-project] Lock "02e79ce7-21c9-4079-bb70-af2a6b2f7bfb" acquired by "nova.context.set_target_cell..get_or_set_cached_cell_and_set_connections" :: waited 0.000s {{(pid=121432) inner /usr/local/lib/python3.8/dist-packages/oslo_concurrency/lockutils.py:355}}
Sep 01 14:55:23.714779 n-d-802060-16 devstack@n-api.service[121432]: DEBUG oslo_concurrency.lockutils [None req-ab1ed6f4-86fd-4614-8b6f-9d9ff70ddb29 tempest-LiveMigrationNegativeTest-764874192 tempest-LiveMigrationNegativeTest-764874192-project] Lock "02e79ce7-21c9-4079-bb70-af2a6b2f7bfb" released by "nova.context.set_target_cell..get_or_set_cached_cell_and_set_connections" :: held 0.003s {{(pid=121432) inner /usr/local/lib/python3.8/dist-packages/oslo_concurrency/lockutils.py:367}}
Sep 01 14:55:23.716408 n-d-802060-16 devstack@n-api.service[121432]: DEBUG oslo_concurrency.lockutils [None req-ab1ed6f4-86fd-4614-8b6f-9d9ff70ddb29 tempest-LiveMigrationNegativeTest-764874192 tempest-LiveMigrationNegativeTest-764874192-project] Lock "02e79ce7-21c9-4079-bb70-af2a6b2f7bfb" acquired by "nova.context.set_target_cell..get_or_set_cached_cell_and_set_connections" :: waited 0.000s {{(pid=121432) inner /usr/local/lib/python3.8/dist-packages/oslo_concurrency/lockutils.py:355}}
Sep 01 14:55:23.719161 n-d-802060-16 devstack@n-api.service[121432]: DEBUG oslo_concurrency.lockutils [None req-ab1ed6f4-86fd-4614-8b6f-9d9ff70ddb29 tempest-LiveMigrationNegativeTest-764874192 tempest-LiveMigrationNegativeTest-764874192-project] Lock "02e79ce7-21c9-4079-bb70-af2a6b2f7bfb" released by "nova.context.set_target_cell..get_or_set_cached_cell_and_set_connections" :: held 0.002s {{(pid=121432) inner /usr/local/lib/python3.8/dist-packages/oslo_concurrency/lockutils.py:367}}
Sep 01 14:55:23.903750 n-d-802060-16 devstack@n-api.service[121432]: DEBUG nova.policy [None req-ab1ed6f4-86fd-4614-8b6f-9d9ff70ddb29 tempest-LiveMigrationNegativeTest-764874192 tempest-LiveMigrationNegativeTest-764874192-project] Policy check for os_compute_api:os-extended-server-attributes failed with credentials {'is_admin': False, 'user_id': 'ea0e47c2992840bca2b56ea6caaa7a5c', 'user_domain_id': 'default', 'system_scope': None, 'domain_id': None, 'project_id': '49c4ad5841f0483eb284066d1b19316c', 'project_domain_id': 'default', 'roles': ['reader', 'member'], 'is_admin_project': True, 'service_user_id': None, 'service_user_domain_id': None, 'service_project_id': None, 'service_project_domain_id': None, 'service_roles': []} {{(pid=121432) authorize /opt/stack/nova/nova/policy.py:199}}
Sep 01 14:55:23.915129 n-d-802060-16 devstack@n-api.service[121432]: INFO nova.api.openstack.requestlog [None req-ab1ed6f4-86fd-4614-8b6f-9d9ff70ddb29 tempest-LiveMigrationNegativeTest-764874192 tempest-LiveMigrationNegativeTest-764874192-project] 10.222.0.41 "GET /compute/v2.1/servers/8c021bd9-aeeb-4473-ac29-4fb2eefecd5b" status: 200 len: 1271 microversion: 2.1 time: 0.225447
Sep 01 14:55:23.915719 n-d-802060-16 devstack@n-api.service[121432]: [pid: 121432|app: 0|req: 203/413] 10.222.0.41 () {58 vars in 1236 bytes} [Wed Sep 1 14:55:23 2021] GET /compute/v2.1/servers/8c021bd9-aeeb-4473-ac29-4fb2eefecd5b => generated 1271 bytes in 228 msecs (HTTP/1.1 200) 9 headers in 358 bytes (1 switches on core 0)
Sep 01 14:55:23.958887 n-d-802060-16 devstack@n-api.service[121433]: DEBUG nova.api.openstack.wsgi [None req-bd0d8928-05a5-434e-aa72-79523fac18e7 tempest-ServersWithSpecificFlavorTestJSON-1217481563 tempest-ServersWithSpecificFlavorTestJSON-1217481563-project] Action: 'action', calling method: >, body: {"os-getConsoleOutput": {}} {{(pid=121433) _process_stack /opt/stack/nova/nova/api/openstack/wsgi.py:511}}
Sep 01 14:55:23.962284 n-d-802060-16 devstack@n-api.service[121433]: DEBUG nova.compute.api [None req-bd0d8928-05a5-434e-aa72-79523fac18e7 tempest-ServersWithSpecificFlavorTestJSON-1217481563 tempest-ServersWithSpecificFlavorTestJSON-1217481563-project] [instance: de3ce6e2-4c88-4549-8747-946482cdab06] Fetching instance by UUID {{(pid=121433) get /opt/stack/nova/nova/compute/api.py:2863}}
Sep 01 14:55:23.973573 n-d-802060-16 devstack@n-api.service[121433]: DEBUG oslo_concurrency.lockutils [None req-bd0d8928-05a5-434e-aa72-79523fac18e7 tempest-ServersWithSpecificFlavorTestJSON-1217481563 tempest-ServersWithSpecificFlavorTestJSON-1217481563-project] Lock "02e79ce7-21c9-4079-bb70-af2a6b2f7bfb" acquired by "nova.context.set_target_cell..get_or_set_cached_cell_and_set_connections" :: waited 0.000s {{(pid=121433) inner /usr/local/lib/python3.8/dist-packages/oslo_concurrency/lockutils.py:355}}
Sep 01 14:55:23.974318 n-d-802060-16 devstack@n-api.service[121433]: DEBUG oslo_concurrency.lockutils [None req-bd0d8928-05a5-434e-aa72-79523fac18e7 tempest-ServersWithSpecificFlavorTestJSON-1217481563 tempest-ServersWithSpecificFlavorTestJSON-1217481563-project] Lock "02e79ce7-21c9-4079-bb70-af2a6b2f7bfb" released by "nova.context.set_target_cell..get_or_set_cached_cell_and_set_connections" :: held 0.001s {{(pid=121433) inner /usr/local/lib/python3.8/dist-packages/oslo_concurrency/lockutils.py:367}}
Sep 01 14:55:23.977258 n-d-802060-16 devstack@n-api.service[121433]: DEBUG oslo_concurrency.lockutils [None req-bd0d8928-05a5-434e-aa72-79523fac18e7 tempest-ServersWithSpecificFlavorTestJSON-1217481563 tempest-ServersWithSpecificFlavorTestJSON-1217481563-project] Lock "02e79ce7-21c9-4079-bb70-af2a6b2f7bfb" acquired by "nova.context.set_target_cell..get_or_set_cached_cell_and_set_connections" :: waited 0.000s {{(pid=121433) inner /usr/local/lib/python3.8/dist-packages/oslo_concurrency/lockutils.py:355}}
Sep 01 14:55:23.978043 n-d-802060-16 devstack@n-api.service[121433]: DEBUG oslo_concurrency.lockutils [None req-bd0d8928-05a5-434e-aa72-79523fac18e7 tempest-ServersWithSpecificFlavorTestJSON-1217481563 tempest-ServersWithSpecificFlavorTestJSON-1217481563-project] Lock "02e79ce7-21c9-4079-bb70-af2a6b2f7bfb" released by "nova.context.set_target_cell..get_or_set_cached_cell_and_set_connections" :: held 0.002s {{(pid=121433) inner /usr/local/lib/python3.8/dist-packages/oslo_concurrency/lockutils.py:367}}
Sep 01 14:55:24.057204 n-d-802060-16 devstack@n-api.service[121433]: INFO nova.api.openstack.requestlog [None req-bd0d8928-05a5-434e-aa72-79523fac18e7 tempest-ServersWithSpecificFlavorTestJSON-1217481563 tempest-ServersWithSpecificFlavorTestJSON-1217481563-project] 10.222.0.41 "POST /compute/v2.1/servers/de3ce6e2-4c88-4549-8747-946482cdab06/action" status: 200 len: 16386 microversion: 2.1 time: 0.102115
Sep 01 14:55:24.058767 n-d-802060-16 devstack@n-api.service[121433]: [pid: 121433|app: 0|req: 211/414] 10.222.0.41 () {60 vars in 1278 bytes} [Wed Sep 1 14:55:23 2021] POST /compute/v2.1/servers/de3ce6e2-4c88-4549-8747-946482cdab06/action => generated 16386 bytes in 105 msecs (HTTP/1.1 200) 9 headers in 359 bytes (1 switches on core 0)
Sep 01 14:55:24.242227 n-d-802060-16 devstack@n-api.service[121432]: DEBUG nova.api.openstack.wsgi [req-46984312-f95b-4ee9-81a2-4507b75bf503 req-6efc5fe2-d6bc-46c5-bd1b-9068549e7fe3 service nova] Action: 'create', calling method: >, body: {"events": [{"name": "network-changed", "server_uuid": "5d2a353d-cd18-4dee-99bd-b326e553b81a", "tag": "d92e22e6-09cc-46fd-ac7d-590baa228ae4"}]} {{(pid=121432) _process_stack /opt/stack/nova/nova/api/openstack/wsgi.py:511}}
Sep 01 14:55:24.244377 n-d-802060-16 devstack@n-api.service[121432]: /usr/local/lib/python3.8/dist-packages/oslo_policy/policy.py:1064: UserWarning: Policy os_compute_api:os-server-external-events:create failed scope check. The token used to make the request was project scoped but the policy requires ['system'] scope. This behavior may change in the future where using the intended scope is required
Sep 01 14:55:24.244377 n-d-802060-16 devstack@n-api.service[121432]: warnings.warn(msg)
Sep 01 14:55:24.284760 n-d-802060-16 devstack@n-api.service[121432]: DEBUG oslo_concurrency.lockutils [req-46984312-f95b-4ee9-81a2-4507b75bf503 req-6efc5fe2-d6bc-46c5-bd1b-9068549e7fe3 service nova] Lock "02e79ce7-21c9-4079-bb70-af2a6b2f7bfb" acquired by "nova.context.set_target_cell..get_or_set_cached_cell_and_set_connections" :: waited 0.000s {{(pid=121432) inner /usr/local/lib/python3.8/dist-packages/oslo_concurrency/lockutils.py:355}}
Sep 01 14:55:24.285765 n-d-802060-16 devstack@n-api.service[121432]: DEBUG oslo_concurrency.lockutils [req-46984312-f95b-4ee9-81a2-4507b75bf503 req-6efc5fe2-d6bc-46c5-bd1b-9068549e7fe3 service nova] Lock "02e79ce7-21c9-4079-bb70-af2a6b2f7bfb" released by "nova.context.set_target_cell..get_or_set_cached_cell_and_set_connections" :: held 0.001s {{(pid=121432) inner /usr/local/lib/python3.8/dist-packages/oslo_concurrency/lockutils.py:367}}
Sep 01 14:55:24.298276 n-d-802060-16 devstack@n-api.service[121433]: DEBUG nova.api.openstack.wsgi [None req-3a87f578-7ede-4034-b92e-db034e106653 tempest-FloatingIPsAssociationNegativeTestJSON-1590621178 tempest-FloatingIPsAssociationNegativeTestJSON-1590621178-project] Calling method '>' {{(pid=121433) _process_stack /opt/stack/nova/nova/api/openstack/wsgi.py:513}}
Sep 01 14:55:24.301325 n-d-802060-16 devstack@n-api.service[121433]: DEBUG nova.compute.api [None req-3a87f578-7ede-4034-b92e-db034e106653 tempest-FloatingIPsAssociationNegativeTestJSON-1590621178 tempest-FloatingIPsAssociationNegativeTestJSON-1590621178-project] [instance: 5d2a353d-cd18-4dee-99bd-b326e553b81a] Fetching instance by UUID {{(pid=121433) get /opt/stack/nova/nova/compute/api.py:2863}}
Sep 01 14:55:24.305742 n-d-802060-16 devstack@n-api.service[121432]: INFO nova.api.openstack.compute.server_external_events [req-46984312-f95b-4ee9-81a2-4507b75bf503 req-6efc5fe2-d6bc-46c5-bd1b-9068549e7fe3 service nova] Creating event network-changed:d92e22e6-09cc-46fd-ac7d-590baa228ae4 for instance 5d2a353d-cd18-4dee-99bd-b326e553b81a on n-h1-802060-16
Sep 01 14:55:24.314656 n-d-802060-16 devstack@n-api.service[121432]: INFO nova.api.openstack.requestlog [req-46984312-f95b-4ee9-81a2-4507b75bf503 req-6efc5fe2-d6bc-46c5-bd1b-9068549e7fe3 service nova] 10.222.0.41 "POST /compute/v2.1/os-server-external-events" status: 200 len: 179 microversion: 2.1 time: 0.079738
Sep 01 14:55:24.316008 n-d-802060-16 devstack@n-api.service[121432]: [pid: 121432|app: 0|req: 204/415] 10.222.0.41 () {64 vars in 1318 bytes} [Wed Sep 1 14:55:24 2021] POST /compute/v2.1/os-server-external-events => generated 179 bytes in 83 msecs (HTTP/1.1 200) 9 headers in 357 bytes (2 switches on core 0)
