Jul 23 14:01:32.459862 n-d-802011-2 devstack@placement-api.service[94297]: DEBUG placement.objects.research_context [req-e3b6fcb4-b4bc-43c9-a10e-f3e8db5cf4e6 req-40de603e-8f94-4238-b383-194ece8da257 service placement] found 2 providers after filtering by previous result {{(pid=94297) get_provider_ids_matching /opt/stack/placement/placement/objects/research_context.py:580}}
Jul 23 14:01:32.473945 n-d-802011-2 devstack@placement-api.service[94297]: DEBUG placement.objects.allocation_candidate [req-e3b6fcb4-b4bc-43c9-a10e-f3e8db5cf4e6 req-40de603e-8f94-4238-b383-194ece8da257 service placement] RequestGroup(use_same_provider=False, resources={DISK_GB:1, MEMORY_MB:1024, VCPU:1}, traits=[], aggregates=[]) (suffix '') returned 2 matches {{(pid=94297) _get_by_requests /opt/stack/placement/placement/objects/allocation_candidate.py:145}}
Jul 23 14:01:32.474571 n-d-802011-2 devstack@placement-api.service[94297]: DEBUG placement.objects.allocation_candidate [req-e3b6fcb4-b4bc-43c9-a10e-f3e8db5cf4e6 req-40de603e-8f94-4238-b383-194ece8da257 service placement] Merging candidates yields 2 allocation requests and 2 provider summaries {{(pid=94297) _merge_candidates /opt/stack/placement/placement/objects/allocation_candidate.py:783}}
Jul 23 14:01:32.476385 n-d-802011-2 devstack@placement-api.service[94297]: INFO placement.requestlog [req-e3b6fcb4-b4bc-43c9-a10e-f3e8db5cf4e6 req-40de603e-8f94-4238-b383-194ece8da257 service placement] 10.222.0.46 "GET /placement/allocation_candidates?resources=DISK_GB%3A1%2CMEMORY_MB%3A1024%2CVCPU%3A1&root_required=%21COMPUTE_STATUS_DISABLED" status: 200 len: 1309 microversion: 1.35
Jul 23 14:01:32.476962 n-d-802011-2 devstack@placement-api.service[94297]: [pid: 94297|app: 0|req: 81/157] 10.222.0.46 () {60 vars in 1485 bytes} [Fri Jul 23 14:01:32 2021] GET /placement/allocation_candidates?resources=DISK_GB%3A1%2CMEMORY_MB%3A1024%2CVCPU%3A1&root_required=%21COMPUTE_STATUS_DISABLED => generated 1309 bytes in 85 msecs (HTTP/1.1 200) 8 headers in 297 bytes (1 switches on core 0)
Jul 23 14:01:32.574752 n-d-802011-2 devstack@placement-api.service[94298]: DEBUG placement.requestlog [req-e3b6fcb4-b4bc-43c9-a10e-f3e8db5cf4e6 req-446ba252-9ec1-442d-9e1f-26eb5792d129 None None] Starting request: 10.222.0.46 "GET /placement/allocations/ebaa664f-c114-4441-95a3-d5ea4b781696" {{(pid=94298) __call__ /opt/stack/placement/placement/requestlog.py:55}}
Jul 23 14:01:32.612955 n-d-802011-2 devstack@placement-api.service[94298]: INFO placement.requestlog [req-e3b6fcb4-b4bc-43c9-a10e-f3e8db5cf4e6 req-446ba252-9ec1-442d-9e1f-26eb5792d129 service placement] 10.222.0.46 "GET /placement/allocations/ebaa664f-c114-4441-95a3-d5ea4b781696" status: 200 len: 19 microversion: 1.28
Jul 23 14:01:32.614970 n-d-802011-2 devstack@placement-api.service[94298]: [pid: 94298|app: 0|req: 77/158] 10.222.0.46 () {60 vars in 1381 bytes} [Fri Jul 23 14:01:32 2021] GET /placement/allocations/ebaa664f-c114-4441-95a3-d5ea4b781696 => generated 19 bytes in 40 msecs (HTTP/1.1 200) 8 headers in 295 bytes (1 switches on core 0)
Jul 23 14:01:32.622145 n-d-802011-2 devstack@placement-api.service[94297]: DEBUG placement.requestlog [req-e3b6fcb4-b4bc-43c9-a10e-f3e8db5cf4e6 req-e6cac45a-228c-4858-a4d5-e8a1aadf37bd None None] Starting request: 10.222.0.46 "PUT /placement/allocations/ebaa664f-c114-4441-95a3-d5ea4b781696" {{(pid=94297) __call__ /opt/stack/placement/placement/requestlog.py:55}}
Jul 23 14:01:32.791597 n-d-802011-2 devstack@placement-api.service[94297]: DEBUG placement.handlers.allocation [req-e3b6fcb4-b4bc-43c9-a10e-f3e8db5cf4e6 req-e6cac45a-228c-4858-a4d5-e8a1aadf37bd service placement] Successfully wrote allocations [, , ] {{(pid=94297) _create_allocations /opt/stack/placement/placement/handlers/allocation.py:435}}
Jul 23 14:01:32.792819 n-d-802011-2 devstack@placement-api.service[94297]: INFO placement.requestlog [req-e3b6fcb4-b4bc-43c9-a10e-f3e8db5cf4e6 req-e6cac45a-228c-4858-a4d5-e8a1aadf37bd service placement] 10.222.0.46 "PUT /placement/allocations/ebaa664f-c114-4441-95a3-d5ea4b781696" status: 204 len: 0 microversion: 1.35
Jul 23 14:01:32.793484 n-d-802011-2 devstack@placement-api.service[94297]: [pid: 94297|app: 0|req: 82/159] 10.222.0.46 () {64 vars in 1434 bytes} [Fri Jul 23 14:01:32 2021] PUT /placement/allocations/ebaa664f-c114-4441-95a3-d5ea4b781696 => generated 0 bytes in 172 msecs (HTTP/1.1 204) 5 headers in 199 bytes (1 switches on core 0)
Jul 23 14:01:32.816393 n-d-802011-2 devstack@placement-api.service[94298]: DEBUG placement.requestlog [req-e3b6fcb4-b4bc-43c9-a10e-f3e8db5cf4e6 req-5db5f351-b23f-4f54-976e-b0d646b68af3 None None] Starting request: 10.222.0.46 "GET /placement/allocations/8b7208e3-caa0-4c2c-954a-240083cbc04e" {{(pid=94298) __call__ /opt/stack/placement/placement/requestlog.py:55}}
Jul 23 14:01:32.828970 n-d-802011-2 devstack@placement-api.service[94298]: INFO placement.requestlog [req-e3b6fcb4-b4bc-43c9-a10e-f3e8db5cf4e6 req-5db5f351-b23f-4f54-976e-b0d646b68af3 service placement] 10.222.0.46 "GET /placement/allocations/8b7208e3-caa0-4c2c-954a-240083cbc04e" status: 200 len: 19 microversion: 1.28
Jul 23 14:01:32.830636 n-d-802011-2 devstack@placement-api.service[94298]: [pid: 94298|app: 0|req: 78/160] 10.222.0.46 () {60 vars in 1381 bytes} [Fri Jul 23 14:01:32 2021] GET /placement/allocations/8b7208e3-caa0-4c2c-954a-240083cbc04e => generated 19 bytes in 14 msecs (HTTP/1.1 200) 8 headers in 295 bytes (2 switches on core 0)
Jul 23 14:01:32.836941 n-d-802011-2 devstack@placement-api.service[94297]: DEBUG placement.requestlog [req-e3b6fcb4-b4bc-43c9-a10e-f3e8db5cf4e6 req-52c78c5f-cc08-4e4e-99cd-d0d666db2116 None None] Starting request: 10.222.0.46 "PUT /placement/allocations/8b7208e3-caa0-4c2c-954a-240083cbc04e" {{(pid=94297) __call__ /opt/stack/placement/placement/requestlog.py:55}}
Jul 23 14:01:32.955928 n-d-802011-2 devstack@placement-api.service[94297]: DEBUG placement.handlers.allocation [req-e3b6fcb4-b4bc-43c9-a10e-f3e8db5cf4e6 req-52c78c5f-cc08-4e4e-99cd-d0d666db2116 service placement] Successfully wrote allocations [, , ] {{(pid=94297) _create_allocations /opt/stack/placement/placement/handlers/allocation.py:435}}
Jul 23 14:01:32.960206 n-d-802011-2 devstack@placement-api.service[94297]: INFO placement.requestlog [req-e3b6fcb4-b4bc-43c9-a10e-f3e8db5cf4e6 req-52c78c5f-cc08-4e4e-99cd-d0d666db2116 service placement] 10.222.0.46 "PUT /placement/allocations/8b7208e3-caa0-4c2c-954a-240083cbc04e" status: 204 len: 0 microversion: 1.35
Jul 23 14:01:32.960853 n-d-802011-2 devstack@placement-api.service[94297]: [pid: 94297|app: 0|req: 83/161] 10.222.0.46 () {64 vars in 1434 bytes} [Fri Jul 23 14:01:32 2021] PUT /placement/allocations/8b7208e3-caa0-4c2c-954a-240083cbc04e => generated 0 bytes in 124 msecs (HTTP/1.1 204) 5 headers in 199 bytes (2 switches on core 0)
Jul 23 14:01:33.555722 n-d-802011-2 devstack@placement-api.service[94298]: DEBUG placement.requestlog [req-e3b6fcb4-b4bc-43c9-a10e-f3e8db5cf4e6 req-ea3249d4-b869-4e07-8170-08fb3432ff55 None None] Starting request: 10.222.0.44 "GET /placement/allocations/ebaa664f-c114-4441-95a3-d5ea4b781696" {{(pid=94298) __call__ /opt/stack/placement/placement/requestlog.py:55}}
Jul 23 14:01:33.581102 n-d-802011-2 devstack@placement-api.service[94298]: INFO placement.requestlog [req-e3b6fcb4-b4bc-43c9-a10e-f3e8db5cf4e6 req-ea3249d4-b869-4e07-8170-08fb3432ff55 service placement] 10.222.0.44 "GET /placement/allocations/ebaa664f-c114-4441-95a3-d5ea4b781696" status: 200 len: 259 microversion: 1.28
Jul 23 14:01:33.584473 n-d-802011-2 devstack@placement-api.service[94298]: [pid: 94298|app: 0|req: 79/162] 10.222.0.44 () {60 vars in 1378 bytes} [Fri Jul 23 14:01:33 2021] GET /placement/allocations/ebaa664f-c114-4441-95a3-d5ea4b781696 => generated 259 bytes in 29 msecs (HTTP/1.1 200) 8 headers in 296 bytes (1 switches on core 0)
Jul 23 14:01:33.648225 n-d-802011-2 devstack@placement-api.service[94297]: DEBUG placement.requestlog [req-e3b6fcb4-b4bc-43c9-a10e-f3e8db5cf4e6 req-36969d9d-97be-4529-8e08-14184080ae84 None None] Starting request: 10.222.0.47 "GET /placement/allocations/8b7208e3-caa0-4c2c-954a-240083cbc04e" {{(pid=94297) __call__ /opt/stack/placement/placement/requestlog.py:55}}
Jul 23 14:01:33.680855 n-d-802011-2 devstack@placement-api.service[94297]: INFO placement.requestlog [req-e3b6fcb4-b4bc-43c9-a10e-f3e8db5cf4e6 req-36969d9d-97be-4529-8e08-14184080ae84 service placement] 10.222.0.47 "GET /placement/allocations/8b7208e3-caa0-4c2c-954a-240083cbc04e" status: 200 len: 259 microversion: 1.28
Jul 23 14:01:33.681760 n-d-802011-2 devstack@placement-api.service[94297]: [pid: 94297|app: 0|req: 84/163] 10.222.0.47 () {60 vars in 1378 bytes} [Fri Jul 23 14:01:33 2021] GET /placement/allocations/8b7208e3-caa0-4c2c-954a-240083cbc04e => generated 259 bytes in 34 msecs (HTTP/1.1 200) 8 headers in 296 bytes (1 switches on core 0)
Jul 23 14:01:36.287389 n-d-802011-2 devstack@placement-api.service[94298]: DEBUG placement.requestlog [req-ea331a6a-7904-48f9-aaf4-7222ffb10a08 req-1b2ef2da-3359-44af-bff8-aeb900a4fb99 None None] Starting request: 10.222.0.47 "GET /placement/allocations/289a7ba7-7af6-4cd1-bfdd-fd908464a1c8" {{(pid=94298) __call__ /opt/stack/placement/placement/requestlog.py:55}}
Jul 23 14:01:36.334392 n-d-802011-2 devstack@placement-api.service[94298]: INFO placement.requestlog [req-ea331a6a-7904-48f9-aaf4-7222ffb10a08 req-1b2ef2da-3359-44af-bff8-aeb900a4fb99 service placement] 10.222.0.47 "GET /placement/allocations/289a7ba7-7af6-4cd1-bfdd-fd908464a1c8" status: 200 len: 259 microversion: 1.28
Jul 23 14:01:36.334886 n-d-802011-2 devstack@placement-api.service[94298]: [pid: 94298|app: 0|req: 80/164] 10.222.0.47 () {60 vars in 1378 bytes} [Fri Jul 23 14:01:36 2021] GET /placement/allocations/289a7ba7-7af6-4cd1-bfdd-fd908464a1c8 => generated 259 bytes in 49 msecs (HTTP/1.1 200) 8 headers in 296 bytes (1 switches on core 0)
Jul 23 14:01:36.364405 n-d-802011-2 devstack@placement-api.service[94297]: DEBUG placement.requestlog [req-ea331a6a-7904-48f9-aaf4-7222ffb10a08 req-60828f19-4663-4098-bfae-663a00c707c5 None None] Starting request: 10.222.0.47 "PUT /placement/allocations/289a7ba7-7af6-4cd1-bfdd-fd908464a1c8" {{(pid=94297) __call__ /opt/stack/placement/placement/requestlog.py:55}}
Jul 23 14:01:36.468004 n-d-802011-2 devstack@placement-api.service[94297]: DEBUG placement.handlers.allocation [req-ea331a6a-7904-48f9-aaf4-7222ffb10a08 req-60828f19-4663-4098-bfae-663a00c707c5 service placement] Successfully wrote allocations [, , ] {{(pid=94297) _create_allocations /opt/stack/placement/placement/handlers/allocation.py:435}}
Jul 23 14:01:36.469253 n-d-802011-2 devstack@placement-api.service[94297]: INFO placement.requestlog [req-ea331a6a-7904-48f9-aaf4-7222ffb10a08 req-60828f19-4663-4098-bfae-663a00c707c5 service placement] 10.222.0.47 "PUT /placement/allocations/289a7ba7-7af6-4cd1-bfdd-fd908464a1c8" status: 204 len: 0 microversion: 1.28
Jul 23 14:01:36.469663 n-d-802011-2 devstack@placement-api.service[94297]: [pid: 94297|app: 0|req: 85/165] 10.222.0.47 () {64 vars in 1431 bytes} [Fri Jul 23 14:01:36 2021] PUT /placement/allocations/289a7ba7-7af6-4cd1-bfdd-fd908464a1c8 => generated 0 bytes in 106 msecs (HTTP/1.1 204) 5 headers in 199 bytes (1 switches on core 0)
Jul 23 14:01:36.918019 n-d-802011-2 devstack@placement-api.service[94298]: DEBUG placement.requestlog [req-8b2a0570-053c-4b46-8e27-f8189ab289da req-fa65ad3c-a4a6-4fa1-88ab-64db859c0d8f None None] Starting request: 10.222.0.46 "GET /placement/allocation_candidates?limit=1000&resources=DISK_GB%3A1%2CMEMORY_MB%3A1024%2CVCPU%3A1&root_required=%21COMPUTE_STATUS_DISABLED" {{(pid=94298) __call__ /opt/stack/placement/placement/requestlog.py:55}}
Jul 23 14:01:36.964652 n-d-802011-2 devstack@placement-api.service[94298]: DEBUG placement.objects.research_context [req-8b2a0570-053c-4b46-8e27-f8189ab289da req-fa65ad3c-a4a6-4fa1-88ab-64db859c0d8f service placement] getting providers with 1 DISK_GB {{(pid=94298) __init__ /opt/stack/placement/placement/objects/research_context.py:126}}
Jul 23 14:01:36.972701 n-d-802011-2 devstack@placement-api.service[94298]: DEBUG placement.objects.research_context [req-8b2a0570-053c-4b46-8e27-f8189ab289da req-fa65ad3c-a4a6-4fa1-88ab-64db859c0d8f service placement] getting providers with 1024 MEMORY_MB {{(pid=94298) __init__ /opt/stack/placement/placement/objects/research_context.py:126}}
Jul 23 14:01:36.991262 n-d-802011-2 devstack@placement-api.service[94298]: DEBUG placement.objects.research_context [req-8b2a0570-053c-4b46-8e27-f8189ab289da req-fa65ad3c-a4a6-4fa1-88ab-64db859c0d8f service placement] getting providers with 1 VCPU {{(pid=94298) __init__ /opt/stack/placement/placement/objects/research_context.py:126}}
Jul 23 14:01:37.002521 n-d-802011-2 devstack@placement-api.service[94298]: DEBUG placement.objects.research_context [req-8b2a0570-053c-4b46-8e27-f8189ab289da req-fa65ad3c-a4a6-4fa1-88ab-64db859c0d8f service placement] found 2 providers with available 1 DISK_GB {{(pid=94298) get_provider_ids_matching /opt/stack/placement/placement/objects/research_context.py:549}}
Jul 23 14:01:37.002994 n-d-802011-2 devstack@placement-api.service[94298]: DEBUG placement.objects.research_context [req-8b2a0570-053c-4b46-8e27-f8189ab289da req-fa65ad3c-a4a6-4fa1-88ab-64db859c0d8f service placement] found 2 providers with available 1024 MEMORY_MB {{(pid=94298) get_provider_ids_matching /opt/stack/placement/placement/objects/research_context.py:549}}
Jul 23 14:01:37.003553 n-d-802011-2 devstack@placement-api.service[94298]: DEBUG placement.objects.research_context [req-8b2a0570-053c-4b46-8e27-f8189ab289da req-fa65ad3c-a4a6-4fa1-88ab-64db859c0d8f service placement] found 2 providers after filtering by previous result {{(pid=94298) get_provider_ids_matching /opt/stack/placement/placement/objects/research_context.py:580}}
Jul 23 14:01:37.012925 n-d-802011-2 devstack@placement-api.service[94298]: DEBUG placement.objects.research_context [req-8b2a0570-053c-4b46-8e27-f8189ab289da req-fa65ad3c-a4a6-4fa1-88ab-64db859c0d8f service placement] found 2 providers with available 1 VCPU {{(pid=94298) get_provider_ids_matching /opt/stack/placement/placement/objects/research_context.py:549}}
Jul 23 14:01:37.014731 n-d-802011-2 devstack@placement-api.service[94298]: DEBUG placement.objects.research_context [req-8b2a0570-053c-4b46-8e27-f8189ab289da req-fa65ad3c-a4a6-4fa1-88ab-64db859c0d8f service placement] found 2 providers after filtering by previous result {{(pid=94298) get_provider_ids_matching /opt/stack/placement/placement/objects/research_context.py:580}}
Jul 23 14:01:37.146832 n-d-802011-2 devstack@placement-api.service[94298]: DEBUG placement.objects.allocation_candidate [req-8b2a0570-053c-4b46-8e27-f8189ab289da req-fa65ad3c-a4a6-4fa1-88ab-64db859c0d8f service placement] RequestGroup(use_same_provider=False, resources={DISK_GB:1, MEMORY_MB:1024, VCPU:1}, traits=[], aggregates=[]) (suffix '') returned 2 matches {{(pid=94298) _get_by_requests /opt/stack/placement/placement/objects/allocation_candidate.py:145}}
Jul 23 14:01:37.147515 n-d-802011-2 devstack@placement-api.service[94298]: DEBUG placement.objects.allocation_candidate [req-8b2a0570-053c-4b46-8e27-f8189ab289da req-fa65ad3c-a4a6-4fa1-88ab-64db859c0d8f service placement] Merging candidates yields 2 allocation requests and 2 provider summaries {{(pid=94298) _merge_candidates /opt/stack/placement/placement/objects/allocation_candidate.py:783}}
Jul 23 14:01:37.151494 n-d-802011-2 devstack@placement-api.service[94298]: INFO placement.requestlog [req-8b2a0570-053c-4b46-8e27-f8189ab289da req-fa65ad3c-a4a6-4fa1-88ab-64db859c0d8f service placement] 10.222.0.46 "GET /placement/allocation_candidates?limit=1000&resources=DISK_GB%3A1%2CMEMORY_MB%3A1024%2CVCPU%3A1&root_required=%21COMPUTE_STATUS_DISABLED" status: 200 len: 1309 microversion: 1.35
Jul 23 14:01:37.151912 n-d-802011-2 devstack@placement-api.service[94298]: [pid: 94298|app: 0|req: 81/166] 10.222.0.46 () {60 vars in 1507 bytes} [Fri Jul 23 14:01:36 2021] GET /placement/allocation_candidates?limit=1000&resources=DISK_GB%3A1%2CMEMORY_MB%3A1024%2CVCPU%3A1&root_required=%21COMPUTE_STATUS_DISABLED => generated 1309 bytes in 234 msecs (HTTP/1.1 200) 8 headers in 297 bytes (2 switches on core 0)
Jul 23 14:01:37.269029 n-d-802011-2 devstack@placement-api.service[94297]: DEBUG placement.requestlog [req-8b2a0570-053c-4b46-8e27-f8189ab289da req-6f1b26b9-93c9-4dc5-b339-2319f464aa2d None None] Starting request: 10.222.0.46 "GET /placement/allocations/22bf6555-000a-45d8-bd7e-ca3c43c005bb" {{(pid=94297) __call__ /opt/stack/placement/placement/requestlog.py:55}}
Jul 23 14:01:37.301902 n-d-802011-2 devstack@placement-api.service[94297]: INFO placement.requestlog [req-8b2a0570-053c-4b46-8e27-f8189ab289da req-6f1b26b9-93c9-4dc5-b339-2319f464aa2d service placement] 10.222.0.46 "GET /placement/allocations/22bf6555-000a-45d8-bd7e-ca3c43c005bb" status: 200 len: 19 microversion: 1.28
Jul 23 14:01:37.306823 n-d-802011-2 devstack@placement-api.service[94297]: [pid: 94297|app: 0|req: 86/167] 10.222.0.46 () {60 vars in 1381 bytes} [Fri Jul 23 14:01:37 2021] GET /placement/allocations/22bf6555-000a-45d8-bd7e-ca3c43c005bb => generated 19 bytes in 38 msecs (HTTP/1.1 200) 8 headers in 295 bytes (1 switches on core 0)
Jul 23 14:01:37.315838 n-d-802011-2 devstack@placement-api.service[94298]: DEBUG placement.requestlog [req-8b2a0570-053c-4b46-8e27-f8189ab289da req-71f204b5-e8d7-44e5-87d3-3e250d215dc9 None None] Starting request: 10.222.0.46 "PUT /placement/allocations/22bf6555-000a-45d8-bd7e-ca3c43c005bb" {{(pid=94298) __call__ /opt/stack/placement/placement/requestlog.py:55}}
Jul 23 14:01:37.574707 n-d-802011-2 devstack@placement-api.service[94298]: DEBUG placement.handlers.allocation [req-8b2a0570-053c-4b46-8e27-f8189ab289da req-71f204b5-e8d7-44e5-87d3-3e250d215dc9 service placement] Successfully wrote allocations [, , ] {{(pid=94298) _create_allocations /opt/stack/placement/placement/handlers/allocation.py:435}}
Jul 23 14:01:37.574707 n-d-802011-2 devstack@placement-api.service[94298]: INFO placement.requestlog [req-8b2a0570-053c-4b46-8e27-f8189ab289da req-71f204b5-e8d7-44e5-87d3-3e250d215dc9 service placement] 10.222.0.46 "PUT /placement/allocations/22bf6555-000a-45d8-bd7e-ca3c43c005bb" status: 204 len: 0 microversion: 1.35
Jul 23 14:01:37.574707 n-d-802011-2 devstack@placement-api.service[94298]: [pid: 94298|app: 0|req: 82/168] 10.222.0.46 () {64 vars in 1434 bytes} [Fri Jul 23 14:01:37 2021] PUT /placement/allocations/22bf6555-000a-45d8-bd7e-ca3c43c005bb => generated 0 bytes in 256 msecs (HTTP/1.1 204) 5 headers in 199 bytes (2 switches on core 0)
Jul 23 14:01:38.303531 n-d-802011-2 devstack@placement-api.service[94297]: DEBUG placement.requestlog [req-8b2a0570-053c-4b46-8e27-f8189ab289da req-8e00e6ff-5c51-4f54-8281-05f017b67fc0 None None] Starting request: 10.222.0.47 "GET /placement/allocations/22bf6555-000a-45d8-bd7e-ca3c43c005bb" {{(pid=94297) __call__ /opt/stack/placement/placement/requestlog.py:55}}
Jul 23 14:01:38.343518 n-d-802011-2 devstack@placement-api.service[94297]: INFO placement.requestlog [req-8b2a0570-053c-4b46-8e27-f8189ab289da req-8e00e6ff-5c51-4f54-8281-05f017b67fc0 service placement] 10.222.0.47 "GET /placement/allocations/22bf6555-000a-45d8-bd7e-ca3c43c005bb" status: 200 len: 259 microversion: 1.28
Jul 23 14:01:38.347616 n-d-802011-2 devstack@placement-api.service[94297]: [pid: 94297|app: 0|req: 87/169] 10.222.0.47 () {60 vars in 1378 bytes} [Fri Jul 23 14:01:38 2021] GET /placement/allocations/22bf6555-000a-45d8-bd7e-ca3c43c005bb => generated 259 bytes in 44 msecs (HTTP/1.1 200) 8 headers in 296 bytes (2 switches on core 0)
Jul 23 14:01:49.687240 n-d-802011-2 devstack@placement-api.service[94298]: DEBUG placement.requestlog [None req-70df7713-2e0a-411b-a434-029508405b7a None None] Starting request: 10.222.0.46 "GET /placement/" {{(pid=94298) __call__ /opt/stack/placement/placement/requestlog.py:55}}
Jul 23 14:01:49.690753 n-d-802011-2 devstack@placement-api.service[94298]: INFO placement.requestlog [None req-70df7713-2e0a-411b-a434-029508405b7a None None] 10.222.0.46 "GET /placement/" status: 200 len: 136 microversion: 1.0
Jul 23 14:01:49.691411 n-d-802011-2 devstack@placement-api.service[94298]: [pid: 94298|app: 0|req: 83/170] 10.222.0.46 () {54 vars in 916 bytes} [Fri Jul 23 14:01:49 2021] GET /placement => generated 136 bytes in 4 msecs (HTTP/1.1 200) 6 headers in 224 bytes (1 switches on core 0)
Jul 23 14:01:49.704170 n-d-802011-2 devstack@placement-api.service[94297]: DEBUG placement.requestlog [req-6cef1347-428c-46a3-bd7b-2d3b252ed48b req-dc8ade71-d3d2-4d5c-8dce-b146ea19da9f None None] Starting request: 10.222.0.46 "GET /placement/allocations/63cc9c84-c164-45de-b5c3-46eb2f1d7cc6" {{(pid=94297) __call__ /opt/stack/placement/placement/requestlog.py:55}}
Jul 23 14:01:49.945417 n-d-802011-2 devstack@placement-api.service[94297]: INFO placement.requestlog [req-6cef1347-428c-46a3-bd7b-2d3b252ed48b req-dc8ade71-d3d2-4d5c-8dce-b146ea19da9f service placement] 10.222.0.46 "GET /placement/allocations/63cc9c84-c164-45de-b5c3-46eb2f1d7cc6" status: 200 len: 259 microversion: 1.28
Jul 23 14:01:49.953735 n-d-802011-2 devstack@placement-api.service[94298]: DEBUG placement.requestlog [req-6cef1347-428c-46a3-bd7b-2d3b252ed48b req-03543989-5464-490b-94cb-19bced940d6c None None] Starting request: 10.222.0.46 "GET /placement/allocations/63cc9c84-c164-45de-b5c3-46eb2f1d7cc6" {{(pid=94298) __call__ /opt/stack/placement/placement/requestlog.py:55}}
Jul 23 14:01:49.964925 n-d-802011-2 devstack@placement-api.service[94297]: [pid: 94297|app: 0|req: 88/171] 10.222.0.46 () {60 vars in 1381 bytes} [Fri Jul 23 14:01:49 2021] GET /placement/allocations/63cc9c84-c164-45de-b5c3-46eb2f1d7cc6 => generated 259 bytes in 261 msecs (HTTP/1.1 200) 8 headers in 296 bytes (1 switches on core 0)
Jul 23 14:01:49.979107 n-d-802011-2 devstack@placement-api.service[94298]: INFO placement.requestlog [req-6cef1347-428c-46a3-bd7b-2d3b252ed48b req-03543989-5464-490b-94cb-19bced940d6c service placement] 10.222.0.46 "GET /placement/allocations/63cc9c84-c164-45de-b5c3-46eb2f1d7cc6" status: 200 len: 259 microversion: 1.28
Jul 23 14:01:49.979758 n-d-802011-2 devstack@placement-api.service[94298]: [pid: 94298|app: 0|req: 84/172] 10.222.0.46 () {60 vars in 1381 bytes} [Fri Jul 23 14:01:49 2021] GET /placement/allocations/63cc9c84-c164-45de-b5c3-46eb2f1d7cc6 => generated 259 bytes in 27 msecs (HTTP/1.1 200) 8 headers in 296 bytes (2 switches on core 0)
Jul 23 14:01:49.991031 n-d-802011-2 devstack@placement-api.service[94297]: DEBUG placement.requestlog [req-6cef1347-428c-46a3-bd7b-2d3b252ed48b req-466929cd-0d88-4a77-b533-c6a9318ce053 None None] Starting request: 10.222.0.46 "GET /placement/allocations/ecbab036-b00a-4d6f-aa2c-c1aa09135494" {{(pid=94297) __call__ /opt/stack/placement/placement/requestlog.py:55}}
Jul 23 14:01:50.034795 n-d-802011-2 devstack@placement-api.service[94297]: INFO placement.requestlog [req-6cef1347-428c-46a3-bd7b-2d3b252ed48b req-466929cd-0d88-4a77-b533-c6a9318ce053 service placement] 10.222.0.46 "GET /placement/allocations/ecbab036-b00a-4d6f-aa2c-c1aa09135494" status: 200 len: 19 microversion: 1.28
Jul 23 14:01:50.035380 n-d-802011-2 devstack@placement-api.service[94297]: [pid: 94297|app: 0|req: 89/173] 10.222.0.46 () {60 vars in 1381 bytes} [Fri Jul 23 14:01:49 2021] GET /placement/allocations/ecbab036-b00a-4d6f-aa2c-c1aa09135494 => generated 19 bytes in 45 msecs (HTTP/1.1 200) 8 headers in 295 bytes (2 switches on core 0)
Jul 23 14:01:50.045097 n-d-802011-2 devstack@placement-api.service[94298]: DEBUG placement.requestlog [req-6cef1347-428c-46a3-bd7b-2d3b252ed48b req-769928b3-63b8-465a-8625-8cb3cc752c2b None None] Starting request: 10.222.0.46 "POST /placement/allocations" {{(pid=94298) __call__ /opt/stack/placement/placement/requestlog.py:55}}
Jul 23 14:01:50.213533 n-d-802011-2 devstack@placement-api.service[94298]: DEBUG placement.handlers.allocation [req-6cef1347-428c-46a3-bd7b-2d3b252ed48b req-769928b3-63b8-465a-8625-8cb3cc752c2b service placement] Successfully wrote allocations [, , , , , ] {{(pid=94298) _create_allocations /opt/stack/placement/placement/handlers/allocation.py:524}}
Jul 23 14:01:50.214406 n-d-802011-2 devstack@placement-api.service[94298]: INFO placement.requestlog [req-6cef1347-428c-46a3-bd7b-2d3b252ed48b req-769928b3-63b8-465a-8625-8cb3cc752c2b service placement] 10.222.0.46 "POST /placement/allocations" status: 204 len: 0 microversion: 1.28
Jul 23 14:01:50.220359 n-d-802011-2 devstack@placement-api.service[94298]: [pid: 94298|app: 0|req: 85/174] 10.222.0.46 () {64 vars in 1324 bytes} [Fri Jul 23 14:01:50 2021] POST /placement/allocations => generated 0 bytes in 170 msecs (HTTP/1.1 204) 5 headers in 199 bytes (1 switches on core 0)
Jul 23 14:01:50.271410 n-d-802011-2 devstack@placement-api.service[94297]: DEBUG placement.requestlog [req-6cef1347-428c-46a3-bd7b-2d3b252ed48b req-9dda3aaa-83c2-45c5-9974-87b712e37df0 None None] Starting request: 10.222.0.46 "GET /placement/allocations/63cc9c84-c164-45de-b5c3-46eb2f1d7cc6" {{(pid=94297) __call__ /opt/stack/placement/placement/requestlog.py:55}}
Jul 23 14:01:50.286780 n-d-802011-2 devstack@placement-api.service[94297]: INFO placement.requestlog [req-6cef1347-428c-46a3-bd7b-2d3b252ed48b req-9dda3aaa-83c2-45c5-9974-87b712e37df0 service placement] 10.222.0.46 "GET /placement/allocations/63cc9c84-c164-45de-b5c3-46eb2f1d7cc6" status: 200 len: 19 microversion: 1.28
Jul 23 14:01:50.287334 n-d-802011-2 devstack@placement-api.service[94297]: [pid: 94297|app: 0|req: 90/175] 10.222.0.46 () {60 vars in 1381 bytes} [Fri Jul 23 14:01:50 2021] GET /placement/allocations/63cc9c84-c164-45de-b5c3-46eb2f1d7cc6 => generated 19 bytes in 16 msecs (HTTP/1.1 200) 8 headers in 295 bytes (1 switches on core 0)
Jul 23 14:01:50.295122 n-d-802011-2 devstack@placement-api.service[94298]: DEBUG placement.requestlog [req-6cef1347-428c-46a3-bd7b-2d3b252ed48b req-05efefb9-ccda-4467-be79-e04e662b58cf None None] Starting request: 10.222.0.46 "PUT /placement/allocations/63cc9c84-c164-45de-b5c3-46eb2f1d7cc6" {{(pid=94298) __call__ /opt/stack/placement/placement/requestlog.py:55}}
Jul 23 14:01:50.388644 n-d-802011-2 devstack@placement-api.service[94298]: DEBUG placement.handlers.allocation [req-6cef1347-428c-46a3-bd7b-2d3b252ed48b req-05efefb9-ccda-4467-be79-e04e662b58cf service placement] Successfully wrote allocations [, , ] {{(pid=94298) _create_allocations /opt/stack/placement/placement/handlers/allocation.py:435}}
Jul 23 14:01:50.389286 n-d-802011-2 devstack@placement-api.service[94298]: INFO placement.requestlog [req-6cef1347-428c-46a3-bd7b-2d3b252ed48b req-05efefb9-ccda-4467-be79-e04e662b58cf service placement] 10.222.0.46 "PUT /placement/allocations/63cc9c84-c164-45de-b5c3-46eb2f1d7cc6" status: 204 len: 0 microversion: 1.28
Jul 23 14:01:50.389888 n-d-802011-2 devstack@placement-api.service[94298]: [pid: 94298|app: 0|req: 86/176] 10.222.0.46 () {64 vars in 1434 bytes} [Fri Jul 23 14:01:50 2021] PUT /placement/allocations/63cc9c84-c164-45de-b5c3-46eb2f1d7cc6 => generated 0 bytes in 95 msecs (HTTP/1.1 204) 5 headers in 199 bytes (1 switches on core 0)
Jul 23 14:01:50.668011 n-d-802011-2 devstack@placement-api.service[94297]: DEBUG placement.requestlog [req-6cef1347-428c-46a3-bd7b-2d3b252ed48b req-51f6fecd-7dfb-4ed2-9879-c75a97ebbdb3 None None] Starting request: 10.222.0.47 "GET /placement/allocations/63cc9c84-c164-45de-b5c3-46eb2f1d7cc6" {{(pid=94297) __call__ /opt/stack/placement/placement/requestlog.py:55}}
Jul 23 14:01:50.696474 n-d-802011-2 devstack@placement-api.service[94297]: INFO placement.requestlog [req-6cef1347-428c-46a3-bd7b-2d3b252ed48b req-51f6fecd-7dfb-4ed2-9879-c75a97ebbdb3 service placement] 10.222.0.47 "GET /placement/allocations/63cc9c84-c164-45de-b5c3-46eb2f1d7cc6" status: 200 len: 259 microversion: 1.28
Jul 23 14:01:50.697229 n-d-802011-2 devstack@placement-api.service[94297]: [pid: 94297|app: 0|req: 91/177] 10.222.0.47 () {60 vars in 1378 bytes} [Fri Jul 23 14:01:50 2021] GET /placement/allocations/63cc9c84-c164-45de-b5c3-46eb2f1d7cc6 => generated 259 bytes in 30 msecs (HTTP/1.1 200) 8 headers in 296 bytes (1 switches on core 0)
Jul 23 14:02:07.942692 n-d-802011-2 devstack@placement-api.service[94298]: DEBUG placement.requestlog [req-1ea99cd6-d424-4766-a9b9-73607fac7d28 req-6cb03183-c2c1-410c-9930-83061f7f3b69 None None] Starting request: 10.222.0.46 "GET /placement/allocation_candidates?resources=DISK_GB%3A1%2CMEMORY_MB%3A1024%2CVCPU%3A1&root_required=%21COMPUTE_STATUS_DISABLED" {{(pid=94298) __call__ /opt/stack/placement/placement/requestlog.py:55}}
Jul 23 14:02:08.010332 n-d-802011-2 devstack@placement-api.service[94298]: DEBUG placement.objects.research_context [req-1ea99cd6-d424-4766-a9b9-73607fac7d28 req-6cb03183-c2c1-410c-9930-83061f7f3b69 service placement] getting providers with 1 DISK_GB {{(pid=94298) __init__ /opt/stack/placement/placement/objects/research_context.py:126}}
Jul 23 14:02:08.033730 n-d-802011-2 devstack@placement-api.service[94298]: DEBUG placement.objects.research_context [req-1ea99cd6-d424-4766-a9b9-73607fac7d28 req-6cb03183-c2c1-410c-9930-83061f7f3b69 service placement] getting providers with 1024 MEMORY_MB {{(pid=94298) __init__ /opt/stack/placement/placement/objects/research_context.py:126}}
Jul 23 14:02:08.057971 n-d-802011-2 devstack@placement-api.service[94298]: DEBUG placement.objects.research_context [req-1ea99cd6-d424-4766-a9b9-73607fac7d28 req-6cb03183-c2c1-410c-9930-83061f7f3b69 service placement] getting providers with 1 VCPU {{(pid=94298) __init__ /opt/stack/placement/placement/objects/research_context.py:126}}
Jul 23 14:02:08.079893 n-d-802011-2 devstack@placement-api.service[94298]: DEBUG placement.objects.research_context [req-1ea99cd6-d424-4766-a9b9-73607fac7d28 req-6cb03183-c2c1-410c-9930-83061f7f3b69 service placement] found 2 providers with available 1 DISK_GB {{(pid=94298) get_provider_ids_matching /opt/stack/placement/placement/objects/research_context.py:549}}
Jul 23 14:02:08.083196 n-d-802011-2 devstack@placement-api.service[94298]: DEBUG placement.objects.research_context [req-1ea99cd6-d424-4766-a9b9-73607fac7d28 req-6cb03183-c2c1-410c-9930-83061f7f3b69 service placement] found 2 providers with available 1024 MEMORY_MB {{(pid=94298) get_provider_ids_matching /opt/stack/placement/placement/objects/research_context.py:549}}
Jul 23 14:02:08.087480 n-d-802011-2 devstack@placement-api.service[94298]: DEBUG placement.objects.research_context [req-1ea99cd6-d424-4766-a9b9-73607fac7d28 req-6cb03183-c2c1-410c-9930-83061f7f3b69 service placement] found 2 providers after filtering by previous result {{(pid=94298) get_provider_ids_matching /opt/stack/placement/placement/objects/research_context.py:580}}
Jul 23 14:02:08.087988 n-d-802011-2 devstack@placement-api.service[94298]: DEBUG placement.objects.research_context [req-1ea99cd6-d424-4766-a9b9-73607fac7d28 req-6cb03183-c2c1-410c-9930-83061f7f3b69 service placement] found 2 providers with available 1 VCPU {{(pid=94298) get_provider_ids_matching /opt/stack/placement/placement/objects/research_context.py:549}}
Jul 23 14:02:08.088409 n-d-802011-2 devstack@placement-api.service[94298]: DEBUG placement.objects.research_context [req-1ea99cd6-d424-4766-a9b9-73607fac7d28 req-6cb03183-c2c1-410c-9930-83061f7f3b69 service placement] found 2 providers after filtering by previous result {{(pid=94298) get_provider_ids_matching /opt/stack/placement/placement/objects/research_context.py:580}}
Jul 23 14:02:08.126369 n-d-802011-2 devstack@placement-api.service[94298]: DEBUG placement.objects.allocation_candidate [req-1ea99cd6-d424-4766-a9b9-73607fac7d28 req-6cb03183-c2c1-410c-9930-83061f7f3b69 service placement] RequestGroup(use_same_provider=False, resources={DISK_GB:1, MEMORY_MB:1024, VCPU:1}, traits=[], aggregates=[]) (suffix '') returned 2 matches {{(pid=94298) _get_by_requests /opt/stack/placement/placement/objects/allocation_candidate.py:145}}
Jul 23 14:02:08.126955 n-d-802011-2 devstack@placement-api.service[94298]: DEBUG placement.objects.allocation_candidate [req-1ea99cd6-d424-4766-a9b9-73607fac7d28 req-6cb03183-c2c1-410c-9930-83061f7f3b69 service placement] Merging candidates yields 2 allocation requests and 2 provider summaries {{(pid=94298) _merge_candidates /opt/stack/placement/placement/objects/allocation_candidate.py:783}}
Jul 23 14:02:08.136799 n-d-802011-2 devstack@placement-api.service[94298]: INFO placement.requestlog [req-1ea99cd6-d424-4766-a9b9-73607fac7d28 req-6cb03183-c2c1-410c-9930-83061f7f3b69 service placement] 10.222.0.46 "GET /placement/allocation_candidates?resources=DISK_GB%3A1%2CMEMORY_MB%3A1024%2CVCPU%3A1&root_required=%21COMPUTE_STATUS_DISABLED" status: 200 len: 1309 microversion: 1.35
Jul 23 14:02:08.137571 n-d-802011-2 devstack@placement-api.service[94298]: [pid: 94298|app: 0|req: 87/178] 10.222.0.46 () {60 vars in 1485 bytes} [Fri Jul 23 14:02:07 2021] GET /placement/allocation_candidates?resources=DISK_GB%3A1%2CMEMORY_MB%3A1024%2CVCPU%3A1&root_required=%21COMPUTE_STATUS_DISABLED => generated 1309 bytes in 195 msecs (HTTP/1.1 200) 8 headers in 297 bytes (1 switches on core 0)
Jul 23 14:02:08.329860 n-d-802011-2 devstack@placement-api.service[94297]: DEBUG placement.requestlog [req-1ea99cd6-d424-4766-a9b9-73607fac7d28 req-3eef1bfd-c524-4a26-8343-75c0967a3d8e None None] Starting request: 10.222.0.46 "GET /placement/allocations/96bdc4bc-f16c-423b-bd2b-0b9baee00dfd" {{(pid=94297) __call__ /opt/stack/placement/placement/requestlog.py:55}}
Jul 23 14:02:08.344239 n-d-802011-2 devstack@placement-api.service[94297]: INFO placement.requestlog [req-1ea99cd6-d424-4766-a9b9-73607fac7d28 req-3eef1bfd-c524-4a26-8343-75c0967a3d8e service placement] 10.222.0.46 "GET /placement/allocations/96bdc4bc-f16c-423b-bd2b-0b9baee00dfd" status: 200 len: 19 microversion: 1.28
Jul 23 14:02:08.345321 n-d-802011-2 devstack@placement-api.service[94297]: [pid: 94297|app: 0|req: 92/179] 10.222.0.46 () {60 vars in 1381 bytes} [Fri Jul 23 14:02:08 2021] GET /placement/allocations/96bdc4bc-f16c-423b-bd2b-0b9baee00dfd => generated 19 bytes in 16 msecs (HTTP/1.1 200) 8 headers in 295 bytes (1 switches on core 0)
Jul 23 14:02:08.358582 n-d-802011-2 devstack@placement-api.service[94298]: DEBUG placement.requestlog [req-1ea99cd6-d424-4766-a9b9-73607fac7d28 req-3f769afe-3258-46a7-a504-8caff7087042 None None] Starting request: 10.222.0.46 "PUT /placement/allocations/96bdc4bc-f16c-423b-bd2b-0b9baee00dfd" {{(pid=94298) __call__ /opt/stack/placement/placement/requestlog.py:55}}
Jul 23 14:02:08.505881 n-d-802011-2 devstack@placement-api.service[94298]: DEBUG placement.handlers.allocation [req-1ea99cd6-d424-4766-a9b9-73607fac7d28 req-3f769afe-3258-46a7-a504-8caff7087042 service placement] Successfully wrote allocations [, , ] {{(pid=94298) _create_allocations /opt/stack/placement/placement/handlers/allocation.py:435}}
Jul 23 14:02:08.507425 n-d-802011-2 devstack@placement-api.service[94298]: INFO placement.requestlog [req-1ea99cd6-d424-4766-a9b9-73607fac7d28 req-3f769afe-3258-46a7-a504-8caff7087042 service placement] 10.222.0.46 "PUT /placement/allocations/96bdc4bc-f16c-423b-bd2b-0b9baee00dfd" status: 204 len: 0 microversion: 1.35
Jul 23 14:02:08.514743 n-d-802011-2 devstack@placement-api.service[94298]: [pid: 94298|app: 0|req: 88/180] 10.222.0.46 () {64 vars in 1434 bytes} [Fri Jul 23 14:02:08 2021] PUT /placement/allocations/96bdc4bc-f16c-423b-bd2b-0b9baee00dfd => generated 0 bytes in 150 msecs (HTTP/1.1 204) 5 headers in 199 bytes (1 switches on core 0)
Jul 23 14:02:09.139042 n-d-802011-2 devstack@placement-api.service[94297]: DEBUG placement.requestlog [req-1ea99cd6-d424-4766-a9b9-73607fac7d28 req-1a73b904-c589-4929-8c4c-b0a04c85a015 None None] Starting request: 10.222.0.44 "GET /placement/allocations/96bdc4bc-f16c-423b-bd2b-0b9baee00dfd" {{(pid=94297) __call__ /opt/stack/placement/placement/requestlog.py:55}}
Jul 23 14:02:09.164363 n-d-802011-2 devstack@placement-api.service[94297]: INFO placement.requestlog [req-1ea99cd6-d424-4766-a9b9-73607fac7d28 req-1a73b904-c589-4929-8c4c-b0a04c85a015 service placement] 10.222.0.44 "GET /placement/allocations/96bdc4bc-f16c-423b-bd2b-0b9baee00dfd" status: 200 len: 259 microversion: 1.28
Jul 23 14:02:09.165155 n-d-802011-2 devstack@placement-api.service[94297]: [pid: 94297|app: 0|req: 93/181] 10.222.0.44 () {60 vars in 1378 bytes} [Fri Jul 23 14:02:09 2021] GET /placement/allocations/96bdc4bc-f16c-423b-bd2b-0b9baee00dfd => generated 259 bytes in 26 msecs (HTTP/1.1 200) 8 headers in 296 bytes (1 switches on core 0)
Jul 23 14:02:10.138707 n-d-802011-2 devstack@placement-api.service[94298]: DEBUG placement.requestlog [req-6cef1347-428c-46a3-bd7b-2d3b252ed48b req-36dd48ed-a734-4410-a470-50e21c01b84d None None] Starting request: 10.222.0.44 "GET /placement/resource_providers/efc42742-a5c8-40cb-af1a-a2d02b90d014/allocations" {{(pid=94298) __call__ /opt/stack/placement/placement/requestlog.py:55}}
Jul 23 14:02:10.180028 n-d-802011-2 devstack@placement-api.service[94298]: INFO placement.requestlog [req-6cef1347-428c-46a3-bd7b-2d3b252ed48b req-36dd48ed-a734-4410-a470-50e21c01b84d service placement] 10.222.0.44 "GET /placement/resource_providers/efc42742-a5c8-40cb-af1a-a2d02b90d014/allocations" status: 200 len: 558 microversion: 1.0
Jul 23 14:02:10.180247 n-d-802011-2 devstack@placement-api.service[94298]: [pid: 94298|app: 0|req: 89/182] 10.222.0.44 () {58 vars in 1391 bytes} [Fri Jul 23 14:02:10 2021] GET /placement/resource_providers/efc42742-a5c8-40cb-af1a-a2d02b90d014/allocations => generated 558 bytes in 42 msecs (HTTP/1.1 200) 6 headers in 224 bytes (1 switches on core 0)
Jul 23 14:02:10.486881 n-d-802011-2 devstack@placement-api.service[94297]: DEBUG placement.requestlog [req-6cef1347-428c-46a3-bd7b-2d3b252ed48b req-cf387853-2453-4325-b5ea-22944f4319e8 None None] Starting request: 10.222.0.44 "GET /placement/allocations/ecbab036-b00a-4d6f-aa2c-c1aa09135494" {{(pid=94297) __call__ /opt/stack/placement/placement/requestlog.py:55}}
Jul 23 14:02:10.517448 n-d-802011-2 devstack@placement-api.service[94297]: INFO placement.requestlog [req-6cef1347-428c-46a3-bd7b-2d3b252ed48b req-cf387853-2453-4325-b5ea-22944f4319e8 service placement] 10.222.0.44 "GET /placement/allocations/ecbab036-b00a-4d6f-aa2c-c1aa09135494" status: 200 len: 259 microversion: 1.28
Jul 23 14:02:10.518576 n-d-802011-2 devstack@placement-api.service[94297]: [pid: 94297|app: 0|req: 94/183] 10.222.0.44 () {60 vars in 1378 bytes} [Fri Jul 23 14:02:10 2021] GET /placement/allocations/ecbab036-b00a-4d6f-aa2c-c1aa09135494 => generated 259 bytes in 31 msecs (HTTP/1.1 200) 8 headers in 296 bytes (1 switches on core 0)
Jul 23 14:02:10.524862 n-d-802011-2 devstack@placement-api.service[94298]: DEBUG placement.requestlog [req-6cef1347-428c-46a3-bd7b-2d3b252ed48b req-318fa970-551f-4eff-8882-3348926e576c None None] Starting request: 10.222.0.44 "PUT /placement/allocations/ecbab036-b00a-4d6f-aa2c-c1aa09135494" {{(pid=94298) __call__ /opt/stack/placement/placement/requestlog.py:55}}
Jul 23 14:02:10.655637 n-d-802011-2 devstack@placement-api.service[94298]: DEBUG placement.handlers.allocation [req-6cef1347-428c-46a3-bd7b-2d3b252ed48b req-318fa970-551f-4eff-8882-3348926e576c service placement] Successfully wrote allocations [, , ] {{(pid=94298) _create_allocations /opt/stack/placement/placement/handlers/allocation.py:435}}
Jul 23 14:02:10.657234 n-d-802011-2 devstack@placement-api.service[94298]: INFO placement.requestlog [req-6cef1347-428c-46a3-bd7b-2d3b252ed48b req-318fa970-551f-4eff-8882-3348926e576c service placement] 10.222.0.44 "PUT /placement/allocations/ecbab036-b00a-4d6f-aa2c-c1aa09135494" status: 204 len: 0 microversion: 1.28
Jul 23 14:02:10.658753 n-d-802011-2 devstack@placement-api.service[94298]: [pid: 94298|app: 0|req: 90/184] 10.222.0.44 () {64 vars in 1431 bytes} [Fri Jul 23 14:02:10 2021] PUT /placement/allocations/ecbab036-b00a-4d6f-aa2c-c1aa09135494 => generated 0 bytes in 134 msecs (HTTP/1.1 204) 5 headers in 199 bytes (1 switches on core 0)
Jul 23 14:02:15.953075 n-d-802011-2 devstack@placement-api.service[94297]: DEBUG placement.requestlog [req-e5ae7bac-e684-425e-8052-1dc4cdc85712 req-0c8ee009-45f3-4f78-a063-1e791dd83ace None None] Starting request: 10.222.0.46 "GET /placement/allocation_candidates?limit=1000&resources=DISK_GB%3A1%2CMEMORY_MB%3A1024%2CVCPU%3A1&root_required=%21COMPUTE_STATUS_DISABLED" {{(pid=94297) __call__ /opt/stack/placement/placement/requestlog.py:55}}
Jul 23 14:02:15.991133 n-d-802011-2 devstack@placement-api.service[94297]: DEBUG placement.objects.research_context [req-e5ae7bac-e684-425e-8052-1dc4cdc85712 req-0c8ee009-45f3-4f78-a063-1e791dd83ace service placement] getting providers with 1 DISK_GB {{(pid=94297) __init__ /opt/stack/placement/placement/objects/research_context.py:126}}
Jul 23 14:02:15.997283 n-d-802011-2 devstack@placement-api.service[94297]: DEBUG placement.objects.research_context [req-e5ae7bac-e684-425e-8052-1dc4cdc85712 req-0c8ee009-45f3-4f78-a063-1e791dd83ace service placement] getting providers with 1024 MEMORY_MB {{(pid=94297) __init__ /opt/stack/placement/placement/objects/research_context.py:126}}
Jul 23 14:02:16.006052 n-d-802011-2 devstack@placement-api.service[94297]: DEBUG placement.objects.research_context [req-e5ae7bac-e684-425e-8052-1dc4cdc85712 req-0c8ee009-45f3-4f78-a063-1e791dd83ace service placement] getting providers with 1 VCPU {{(pid=94297) __init__ /opt/stack/placement/placement/objects/research_context.py:126}}
Jul 23 14:02:16.012773 n-d-802011-2 devstack@placement-api.service[94297]: DEBUG placement.objects.research_context [req-e5ae7bac-e684-425e-8052-1dc4cdc85712 req-0c8ee009-45f3-4f78-a063-1e791dd83ace service placement] found 2 providers with available 1 DISK_GB {{(pid=94297) get_provider_ids_matching /opt/stack/placement/placement/objects/research_context.py:549}}
Jul 23 14:02:16.013060 n-d-802011-2 devstack@placement-api.service[94297]: DEBUG placement.objects.research_context [req-e5ae7bac-e684-425e-8052-1dc4cdc85712 req-0c8ee009-45f3-4f78-a063-1e791dd83ace service placement] found 2 providers with available 1024 MEMORY_MB {{(pid=94297) get_provider_ids_matching /opt/stack/placement/placement/objects/research_context.py:549}}
Jul 23 14:02:16.013437 n-d-802011-2 devstack@placement-api.service[94297]: DEBUG placement.objects.research_context [req-e5ae7bac-e684-425e-8052-1dc4cdc85712 req-0c8ee009-45f3-4f78-a063-1e791dd83ace service placement] found 2 providers after filtering by previous result {{(pid=94297) get_provider_ids_matching /opt/stack/placement/placement/objects/research_context.py:580}}
Jul 23 14:02:16.013749 n-d-802011-2 devstack@placement-api.service[94297]: DEBUG placement.objects.research_context [req-e5ae7bac-e684-425e-8052-1dc4cdc85712 req-0c8ee009-45f3-4f78-a063-1e791dd83ace service placement] found 2 providers with available 1 VCPU {{(pid=94297) get_provider_ids_matching /opt/stack/placement/placement/objects/research_context.py:549}}
Jul 23 14:02:16.014087 n-d-802011-2 devstack@placement-api.service[94297]: DEBUG placement.objects.research_context [req-e5ae7bac-e684-425e-8052-1dc4cdc85712 req-0c8ee009-45f3-4f78-a063-1e791dd83ace service placement] found 2 providers after filtering by previous result {{(pid=94297) get_provider_ids_matching /opt/stack/placement/placement/objects/research_context.py:580}}
Jul 23 14:02:16.028012 n-d-802011-2 devstack@placement-api.service[94297]: DEBUG placement.objects.allocation_candidate [req-e5ae7bac-e684-425e-8052-1dc4cdc85712 req-0c8ee009-45f3-4f78-a063-1e791dd83ace service placement] RequestGroup(use_same_provider=False, resources={DISK_GB:1, MEMORY_MB:1024, VCPU:1}, traits=[], aggregates=[]) (suffix '') returned 2 matches {{(pid=94297) _get_by_requests /opt/stack/placement/placement/objects/allocation_candidate.py:145}}
Jul 23 14:02:16.028462 n-d-802011-2 devstack@placement-api.service[94297]: DEBUG placement.objects.allocation_candidate [req-e5ae7bac-e684-425e-8052-1dc4cdc85712 req-0c8ee009-45f3-4f78-a063-1e791dd83ace service placement] Merging candidates yields 2 allocation requests and 2 provider summaries {{(pid=94297) _merge_candidates /opt/stack/placement/placement/objects/allocation_candidate.py:783}}
Jul 23 14:02:16.032139 n-d-802011-2 devstack@placement-api.service[94297]: INFO placement.requestlog [req-e5ae7bac-e684-425e-8052-1dc4cdc85712 req-0c8ee009-45f3-4f78-a063-1e791dd83ace service placement] 10.222.0.46 "GET /placement/allocation_candidates?limit=1000&resources=DISK_GB%3A1%2CMEMORY_MB%3A1024%2CVCPU%3A1&root_required=%21COMPUTE_STATUS_DISABLED" status: 200 len: 1309 microversion: 1.35
Jul 23 14:02:16.032872 n-d-802011-2 devstack@placement-api.service[94297]: [pid: 94297|app: 0|req: 95/185] 10.222.0.46 () {60 vars in 1507 bytes} [Fri Jul 23 14:02:15 2021] GET /placement/allocation_candidates?limit=1000&resources=DISK_GB%3A1%2CMEMORY_MB%3A1024%2CVCPU%3A1&root_required=%21COMPUTE_STATUS_DISABLED => generated 1309 bytes in 80 msecs (HTTP/1.1 200) 8 headers in 297 bytes (1 switches on core 0)
Jul 23 14:02:16.137243 n-d-802011-2 devstack@placement-api.service[94298]: DEBUG placement.requestlog [req-e5ae7bac-e684-425e-8052-1dc4cdc85712 req-db4d4da5-7e37-44a7-8101-ef2abbd4f193 None None] Starting request: 10.222.0.46 "GET /placement/allocations/d22ab86d-1f33-42ef-879f-ab593a0dbc25" {{(pid=94298) __call__ /opt/stack/placement/placement/requestlog.py:55}}
Jul 23 14:02:16.150826 n-d-802011-2 devstack@placement-api.service[94298]: INFO placement.requestlog [req-e5ae7bac-e684-425e-8052-1dc4cdc85712 req-db4d4da5-7e37-44a7-8101-ef2abbd4f193 service placement] 10.222.0.46 "GET /placement/allocations/d22ab86d-1f33-42ef-879f-ab593a0dbc25" status: 200 len: 19 microversion: 1.28
Jul 23 14:02:16.156387 n-d-802011-2 devstack@placement-api.service[94298]: [pid: 94298|app: 0|req: 91/186] 10.222.0.46 () {60 vars in 1381 bytes} [Fri Jul 23 14:02:16 2021] GET /placement/allocations/d22ab86d-1f33-42ef-879f-ab593a0dbc25 => generated 19 bytes in 19 msecs (HTTP/1.1 200) 8 headers in 295 bytes (1 switches on core 0)
Jul 23 14:02:16.156981 n-d-802011-2 devstack@placement-api.service[94297]: DEBUG placement.requestlog [req-e5ae7bac-e684-425e-8052-1dc4cdc85712 req-705cb579-23e1-4d83-906f-322cb2493a25 None None] Starting request: 10.222.0.46 "PUT /placement/allocations/d22ab86d-1f33-42ef-879f-ab593a0dbc25" {{(pid=94297) __call__ /opt/stack/placement/placement/requestlog.py:55}}
Jul 23 14:02:16.266226 n-d-802011-2 devstack@placement-api.service[94297]: DEBUG placement.handlers.allocation [req-e5ae7bac-e684-425e-8052-1dc4cdc85712 req-705cb579-23e1-4d83-906f-322cb2493a25 service placement] Successfully wrote allocations [, , ] {{(pid=94297) _create_allocations /opt/stack/placement/placement/handlers/allocation.py:435}}
Jul 23 14:02:16.267835 n-d-802011-2 devstack@placement-api.service[94297]: INFO placement.requestlog [req-e5ae7bac-e684-425e-8052-1dc4cdc85712 req-705cb579-23e1-4d83-906f-322cb2493a25 service placement] 10.222.0.46 "PUT /placement/allocations/d22ab86d-1f33-42ef-879f-ab593a0dbc25" status: 204 len: 0 microversion: 1.35
Jul 23 14:02:16.275188 n-d-802011-2 devstack@placement-api.service[94297]: [pid: 94297|app: 0|req: 96/187] 10.222.0.46 () {64 vars in 1434 bytes} [Fri Jul 23 14:02:16 2021] PUT /placement/allocations/d22ab86d-1f33-42ef-879f-ab593a0dbc25 => generated 0 bytes in 112 msecs (HTTP/1.1 204) 5 headers in 199 bytes (1 switches on core 0)
Jul 23 14:02:16.604553 n-d-802011-2 devstack@placement-api.service[94298]: DEBUG placement.requestlog [req-e5ae7bac-e684-425e-8052-1dc4cdc85712 req-482a9a93-c6c5-49fe-a091-fe858d7383a9 None None] Starting request: 10.222.0.44 "GET /placement/allocations/d22ab86d-1f33-42ef-879f-ab593a0dbc25" {{(pid=94298) __call__ /opt/stack/placement/placement/requestlog.py:55}}
Jul 23 14:02:16.625415 n-d-802011-2 devstack@placement-api.service[94298]: INFO placement.requestlog [req-e5ae7bac-e684-425e-8052-1dc4cdc85712 req-482a9a93-c6c5-49fe-a091-fe858d7383a9 service placement] 10.222.0.44 "GET /placement/allocations/d22ab86d-1f33-42ef-879f-ab593a0dbc25" status: 200 len: 259 microversion: 1.28
Jul 23 14:02:16.626418 n-d-802011-2 devstack@placement-api.service[94298]: [pid: 94298|app: 0|req: 92/188] 10.222.0.44 () {60 vars in 1378 bytes} [Fri Jul 23 14:02:16 2021] GET /placement/allocations/d22ab86d-1f33-42ef-879f-ab593a0dbc25 => generated 259 bytes in 23 msecs (HTTP/1.1 200) 8 headers in 296 bytes (1 switches on core 0)
Jul 23 14:02:18.413141 n-d-802011-2 devstack@placement-api.service[94297]: DEBUG placement.requestlog [req-b86c6a3c-0734-4ba2-a122-80702e29aaea req-81c14f13-6db3-40df-a050-80fa213872d8 None None] Starting request: 10.222.0.46 "GET /placement/allocation_candidates?limit=1000&resources=DISK_GB%3A1%2CMEMORY_MB%3A1024%2CVCPU%3A1&root_required=%21COMPUTE_STATUS_DISABLED" {{(pid=94297) __call__ /opt/stack/placement/placement/requestlog.py:55}}
Jul 23 14:02:18.481919 n-d-802011-2 devstack@placement-api.service[94297]: DEBUG placement.objects.research_context [req-b86c6a3c-0734-4ba2-a122-80702e29aaea req-81c14f13-6db3-40df-a050-80fa213872d8 service placement] getting providers with 1 DISK_GB {{(pid=94297) __init__ /opt/stack/placement/placement/objects/research_context.py:126}}
Jul 23 14:02:18.502969 n-d-802011-2 devstack@placement-api.service[94297]: DEBUG placement.objects.research_context [req-b86c6a3c-0734-4ba2-a122-80702e29aaea req-81c14f13-6db3-40df-a050-80fa213872d8 service placement] getting providers with 1024 MEMORY_MB {{(pid=94297) __init__ /opt/stack/placement/placement/objects/research_context.py:126}}
Jul 23 14:02:18.510237 n-d-802011-2 devstack@placement-api.service[94297]: DEBUG placement.objects.research_context [req-b86c6a3c-0734-4ba2-a122-80702e29aaea req-81c14f13-6db3-40df-a050-80fa213872d8 service placement] getting providers with 1 VCPU {{(pid=94297) __init__ /opt/stack/placement/placement/objects/research_context.py:126}}
