Jul 23 12:33:00.202116 n-d-802011-1 devstack@n-api.service[115425]: DEBUG oslo_concurrency.lockutils [None req-050480cd-0435-49e2-a299-33f1fb597dfe tempest-HostsAdminTestJSON-1662155887 tempest-HostsAdminTestJSON-1662155887-project-admin] Lock "b3218eb7-c2c8-460d-83c9-4ba6f6c8c3de" released by "nova.context.set_target_cell..get_or_set_cached_cell_and_set_connections" :: held 0.001s {{(pid=115425) inner /usr/local/lib/python3.8/dist-packages/oslo_concurrency/lockutils.py:367}}
Jul 23 12:33:00.226620 n-d-802011-1 devstack@n-api.service[115425]: INFO nova.api.openstack.requestlog [None req-050480cd-0435-49e2-a299-33f1fb597dfe tempest-HostsAdminTestJSON-1662155887 tempest-HostsAdminTestJSON-1662155887-project-admin] 10.222.0.26 "GET /compute/v2.1/os-hosts/n-h2-802011-1" status: 200 len: 598 microversion: 2.1 time: 0.052064
Jul 23 12:33:00.233978 n-d-802011-1 devstack@n-api.service[115425]: [pid: 115425|app: 0|req: 163/285] 10.222.0.26 () {58 vars in 1170 bytes} [Fri Jul 23 12:33:00 2021] GET /compute/v2.1/os-hosts/n-h2-802011-1 => generated 598 bytes in 53 msecs (HTTP/1.1 200) 9 headers in 357 bytes (1 switches on core 0)
Jul 23 12:33:00.233978 n-d-802011-1 devstack@n-api.service[115425]: DEBUG nova.api.openstack.wsgi [None req-7953c7d6-7925-42b5-897b-29983f0be782 tempest-AggregatesAdminTestJSON-567692591 tempest-AggregatesAdminTestJSON-567692591-project-admin] Action: 'action', calling method: >, body: {"set_metadata": {"metadata": {"key": "value"}}} {{(pid=115425) _process_stack /opt/stack/nova/nova/api/openstack/wsgi.py:511}}
Jul 23 12:33:00.233978 n-d-802011-1 devstack@n-api.service[115425]: /usr/local/lib/python3.8/dist-packages/oslo_policy/policy.py:1064: UserWarning: Policy os_compute_api:os-aggregates:set_metadata failed scope check. The token used to make the request was project scoped but the policy requires ['system'] scope. This behavior may change in the future where using the intended scope is required
Jul 23 12:33:00.233978 n-d-802011-1 devstack@n-api.service[115425]: warnings.warn(msg)
Jul 23 12:33:00.282804 n-d-802011-1 devstack@n-api.service[115425]: INFO nova.api.openstack.requestlog [None req-7953c7d6-7925-42b5-897b-29983f0be782 tempest-AggregatesAdminTestJSON-567692591 tempest-AggregatesAdminTestJSON-567692591-project-admin] 10.222.0.26 "POST /compute/v2.1/os-aggregates/15/action" status: 200 len: 265 microversion: 2.1 time: 0.054652
Jul 23 12:33:00.283422 n-d-802011-1 devstack@n-api.service[115425]: [pid: 115425|app: 0|req: 164/286] 10.222.0.26 () {60 vars in 1194 bytes} [Fri Jul 23 12:33:00 2021] POST /compute/v2.1/os-aggregates/15/action => generated 265 bytes in 56 msecs (HTTP/1.1 200) 9 headers in 357 bytes (1 switches on core 0)
Jul 23 12:33:00.290281 n-d-802011-1 devstack@n-api.service[115425]: DEBUG nova.api.openstack.wsgi [None req-2030bd66-7c4c-4b85-8d9c-22233bb8e4a7 tempest-QuotaClassesAdminTestJSON-1782712902 tempest-QuotaClassesAdminTestJSON-1782712902-project-admin] Calling method '.version_select at 0x7faeb9ad0310>' {{(pid=115425) _process_stack /opt/stack/nova/nova/api/openstack/wsgi.py:513}}
Jul 23 12:33:00.291176 n-d-802011-1 devstack@n-api.service[115425]: /usr/local/lib/python3.8/dist-packages/oslo_policy/policy.py:1064: UserWarning: Policy os_compute_api:os-quota-class-sets:show failed scope check. The token used to make the request was project scoped but the policy requires ['system'] scope. This behavior may change in the future where using the intended scope is required
Jul 23 12:33:00.291176 n-d-802011-1 devstack@n-api.service[115425]: warnings.warn(msg)
Jul 23 12:33:00.294899 n-d-802011-1 devstack@n-api.service[115426]: DEBUG nova.policy [None req-a6c523bb-1f5f-4de8-a260-01f07dee7de1 tempest-LiveAutoBlockMigrationV225Test-2112218453 tempest-LiveAutoBlockMigrationV225Test-2112218453-project] Policy check for os_compute_api:os-extended-server-attributes failed with credentials {'is_admin': False, 'user_id': '0b9bf85e57f742989db043c35cb23466', 'user_domain_id': 'default', 'system_scope': None, 'domain_id': None, 'project_id': '4849db2ba6e94f20ab974fa914cf1836', 'project_domain_id': 'default', 'roles': ['reader', 'member'], 'is_admin_project': True, 'service_user_id': None, 'service_user_domain_id': None, 'service_project_id': None, 'service_project_domain_id': None, 'service_roles': []} {{(pid=115426) authorize /opt/stack/nova/nova/policy.py:199}}
Jul 23 12:33:00.304514 n-d-802011-1 devstack@n-api.service[115425]: INFO nova.api.openstack.requestlog [None req-2030bd66-7c4c-4b85-8d9c-22233bb8e4a7 tempest-QuotaClassesAdminTestJSON-1782712902 tempest-QuotaClassesAdminTestJSON-1782712902-project-admin] 10.222.0.26 "GET /compute/v2.1/os-quota-class-sets/default" status: 200 len: 307 microversion: 2.1 time: 0.019600
Jul 23 12:33:00.305161 n-d-802011-1 devstack@n-api.service[115425]: [pid: 115425|app: 0|req: 165/287] 10.222.0.26 () {58 vars in 1185 bytes} [Fri Jul 23 12:33:00 2021] GET /compute/v2.1/os-quota-class-sets/default => generated 307 bytes in 21 msecs (HTTP/1.1 200) 9 headers in 357 bytes (1 switches on core 0)
Jul 23 12:33:00.311435 n-d-802011-1 devstack@n-api.service[115426]: DEBUG nova.policy [None req-a6c523bb-1f5f-4de8-a260-01f07dee7de1 tempest-LiveAutoBlockMigrationV225Test-2112218453 tempest-LiveAutoBlockMigrationV225Test-2112218453-project] Policy check for os_compute_api:servers:show:host_status failed with credentials {'is_admin': False, 'user_id': '0b9bf85e57f742989db043c35cb23466', 'user_domain_id': 'default', 'system_scope': None, 'domain_id': None, 'project_id': '4849db2ba6e94f20ab974fa914cf1836', 'project_domain_id': 'default', 'roles': ['reader', 'member'], 'is_admin_project': True, 'service_user_id': None, 'service_user_domain_id': None, 'service_project_id': None, 'service_project_domain_id': None, 'service_roles': []} {{(pid=115426) authorize /opt/stack/nova/nova/policy.py:199}}
Jul 23 12:33:00.317690 n-d-802011-1 devstack@n-api.service[115426]: DEBUG nova.policy [None req-a6c523bb-1f5f-4de8-a260-01f07dee7de1 tempest-LiveAutoBlockMigrationV225Test-2112218453 tempest-LiveAutoBlockMigrationV225Test-2112218453-project] Policy check for os_compute_api:servers:show:host_status:unknown-only failed with credentials {'is_admin': False, 'user_id': '0b9bf85e57f742989db043c35cb23466', 'user_domain_id': 'default', 'system_scope': None, 'domain_id': None, 'project_id': '4849db2ba6e94f20ab974fa914cf1836', 'project_domain_id': 'default', 'roles': ['reader', 'member'], 'is_admin_project': True, 'service_user_id': None, 'service_user_domain_id': None, 'service_project_id': None, 'service_project_domain_id': None, 'service_roles': []} {{(pid=115426) authorize /opt/stack/nova/nova/policy.py:199}}
Jul 23 12:33:00.317825 n-d-802011-1 devstack@n-api.service[115425]: DEBUG nova.api.openstack.wsgi [None req-f00faa96-8d60-47ab-bf26-8c7fa46367aa tempest-HostsAdminTestJSON-1662155887 tempest-HostsAdminTestJSON-1662155887-project-admin] Calling method '.version_select at 0x7faeb9ad01f0>' {{(pid=115425) _process_stack /opt/stack/nova/nova/api/openstack/wsgi.py:513}}
Jul 23 12:33:00.320889 n-d-802011-1 devstack@n-api.service[115425]: /usr/local/lib/python3.8/dist-packages/oslo_policy/policy.py:1064: UserWarning: Policy os_compute_api:os-hosts:show failed scope check. The token used to make the request was project scoped but the policy requires ['system'] scope. This behavior may change in the future where using the intended scope is required
Jul 23 12:33:00.320889 n-d-802011-1 devstack@n-api.service[115425]: warnings.warn(msg)
Jul 23 12:33:00.322399 n-d-802011-1 devstack@n-api.service[115426]: INFO nova.api.openstack.requestlog [None req-a6c523bb-1f5f-4de8-a260-01f07dee7de1 tempest-LiveAutoBlockMigrationV225Test-2112218453 tempest-LiveAutoBlockMigrationV225Test-2112218453-project] 10.222.0.26 "GET /compute/v2.1/servers/6088a7c8-3383-4d6c-adb6-16dd3b011de8" status: 200 len: 1322 microversion: 2.25 time: 0.338771
Jul 23 12:33:00.326289 n-d-802011-1 devstack@n-api.service[115426]: [pid: 115426|app: 0|req: 123/288] 10.222.0.26 () {60 vars in 1277 bytes} [Fri Jul 23 12:32:59 2021] GET /compute/v2.1/servers/6088a7c8-3383-4d6c-adb6-16dd3b011de8 => generated 1322 bytes in 343 msecs (HTTP/1.1 200) 9 headers in 360 bytes (1 switches on core 0)
Jul 23 12:33:00.334375 n-d-802011-1 devstack@n-api.service[115426]: DEBUG nova.api.openstack.wsgi [None req-2093a3cb-b2c7-4961-b616-daee49b8e50c tempest-AggregatesAdminTestJSON-567692591 tempest-AggregatesAdminTestJSON-567692591-project-admin] Calling method '>' {{(pid=115426) _process_stack /opt/stack/nova/nova/api/openstack/wsgi.py:513}}
Jul 23 12:33:00.335404 n-d-802011-1 devstack@n-api.service[115426]: /usr/local/lib/python3.8/dist-packages/oslo_policy/policy.py:1064: UserWarning: Policy os_compute_api:os-aggregates:show failed scope check. The token used to make the request was project scoped but the policy requires ['system'] scope. This behavior may change in the future where using the intended scope is required
Jul 23 12:33:00.335404 n-d-802011-1 devstack@n-api.service[115426]: warnings.warn(msg)
Jul 23 12:33:00.343405 n-d-802011-1 devstack@n-api.service[115425]: DEBUG oslo_concurrency.lockutils [None req-f00faa96-8d60-47ab-bf26-8c7fa46367aa tempest-HostsAdminTestJSON-1662155887 tempest-HostsAdminTestJSON-1662155887-project-admin] Lock "b3218eb7-c2c8-460d-83c9-4ba6f6c8c3de" acquired by "nova.context.set_target_cell..get_or_set_cached_cell_and_set_connections" :: waited 0.000s {{(pid=115425) inner /usr/local/lib/python3.8/dist-packages/oslo_concurrency/lockutils.py:355}}
Jul 23 12:33:00.346240 n-d-802011-1 devstack@n-api.service[115425]: DEBUG oslo_concurrency.lockutils [None req-f00faa96-8d60-47ab-bf26-8c7fa46367aa tempest-HostsAdminTestJSON-1662155887 tempest-HostsAdminTestJSON-1662155887-project-admin] Lock "b3218eb7-c2c8-460d-83c9-4ba6f6c8c3de" released by "nova.context.set_target_cell..get_or_set_cached_cell_and_set_connections" :: held 0.004s {{(pid=115425) inner /usr/local/lib/python3.8/dist-packages/oslo_concurrency/lockutils.py:367}}
Jul 23 12:33:00.355702 n-d-802011-1 devstack@n-api.service[115426]: INFO nova.api.openstack.requestlog [None req-2093a3cb-b2c7-4961-b616-daee49b8e50c tempest-AggregatesAdminTestJSON-567692591 tempest-AggregatesAdminTestJSON-567692591-project-admin] 10.222.0.26 "GET /compute/v2.1/os-aggregates/15" status: 200 len: 241 microversion: 2.1 time: 0.023336
Jul 23 12:33:00.361969 n-d-802011-1 devstack@n-api.service[115426]: [pid: 115426|app: 0|req: 124/289] 10.222.0.26 () {58 vars in 1152 bytes} [Fri Jul 23 12:33:00 2021] GET /compute/v2.1/os-aggregates/15 => generated 241 bytes in 35 msecs (HTTP/1.1 200) 9 headers in 357 bytes (1 switches on core 0)
Jul 23 12:33:00.370753 n-d-802011-1 devstack@n-api.service[115426]: DEBUG nova.api.openstack.wsgi [None req-b81eed43-57ff-4034-9587-d50a3bc2c4c0 tempest-QuotaClassesAdminTestJSON-1782712902 tempest-QuotaClassesAdminTestJSON-1782712902-project-admin] Action: 'update', calling method: .version_select at 0x7faeb9c36670>, body: {"quota_class_set": {"cores": 20, "fixed_ips": -1, "floating_ips": -1, "injected_file_content_bytes": 10240, "injected_file_path_bytes": 255, "injected_files": 5, "instances": 10, "key_pairs": 100, "metadata_items": 128, "ram": 51200, "security_group_rules": -1, "security_groups": -1}} {{(pid=115426) _process_stack /opt/stack/nova/nova/api/openstack/wsgi.py:511}}
Jul 23 12:33:00.379032 n-d-802011-1 devstack@n-api.service[115425]: DEBUG oslo_concurrency.lockutils [None req-f00faa96-8d60-47ab-bf26-8c7fa46367aa tempest-HostsAdminTestJSON-1662155887 tempest-HostsAdminTestJSON-1662155887-project-admin] Lock "b3218eb7-c2c8-460d-83c9-4ba6f6c8c3de" acquired by "nova.context.set_target_cell..get_or_set_cached_cell_and_set_connections" :: waited 0.000s {{(pid=115425) inner /usr/local/lib/python3.8/dist-packages/oslo_concurrency/lockutils.py:355}}
Jul 23 12:33:00.379562 n-d-802011-1 devstack@n-api.service[115425]: DEBUG oslo_concurrency.lockutils [None req-f00faa96-8d60-47ab-bf26-8c7fa46367aa tempest-HostsAdminTestJSON-1662155887 tempest-HostsAdminTestJSON-1662155887-project-admin] Lock "b3218eb7-c2c8-460d-83c9-4ba6f6c8c3de" released by "nova.context.set_target_cell..get_or_set_cached_cell_and_set_connections" :: held 0.001s {{(pid=115425) inner /usr/local/lib/python3.8/dist-packages/oslo_concurrency/lockutils.py:367}}
Jul 23 12:33:00.380012 n-d-802011-1 devstack@n-api.service[115426]: /usr/local/lib/python3.8/dist-packages/oslo_policy/policy.py:1064: UserWarning: Policy os_compute_api:os-quota-class-sets:update failed scope check. The token used to make the request was project scoped but the policy requires ['system'] scope. This behavior may change in the future where using the intended scope is required
Jul 23 12:33:00.380012 n-d-802011-1 devstack@n-api.service[115426]: warnings.warn(msg)
Jul 23 12:33:00.406317 n-d-802011-1 devstack@n-api.service[115425]: INFO nova.api.openstack.requestlog [None req-f00faa96-8d60-47ab-bf26-8c7fa46367aa tempest-HostsAdminTestJSON-1662155887 tempest-HostsAdminTestJSON-1662155887-project-admin] 10.222.0.26 "GET /compute/v2.1/os-hosts/n-h1-802011-1" status: 200 len: 598 microversion: 2.1 time: 0.099858
Jul 23 12:33:00.412376 n-d-802011-1 devstack@n-api.service[115425]: [pid: 115425|app: 0|req: 166/290] 10.222.0.26 () {58 vars in 1170 bytes} [Fri Jul 23 12:33:00 2021] GET /compute/v2.1/os-hosts/n-h1-802011-1 => generated 598 bytes in 101 msecs (HTTP/1.1 200) 9 headers in 357 bytes (1 switches on core 0)
Jul 23 12:33:00.414875 n-d-802011-1 devstack@n-api.service[115425]: DEBUG nova.api.openstack.wsgi [None req-a8035d1c-c90a-425c-b221-9b9a3f0ec3c5 tempest-AggregatesAdminTestJSON-567692591 tempest-AggregatesAdminTestJSON-567692591-project-admin] Calling method '>' {{(pid=115425) _process_stack /opt/stack/nova/nova/api/openstack/wsgi.py:513}}
Jul 23 12:33:00.415752 n-d-802011-1 devstack@n-api.service[115425]: /usr/local/lib/python3.8/dist-packages/oslo_policy/policy.py:1064: UserWarning: Policy os_compute_api:os-aggregates:delete failed scope check. The token used to make the request was project scoped but the policy requires ['system'] scope. This behavior may change in the future where using the intended scope is required
Jul 23 12:33:00.415752 n-d-802011-1 devstack@n-api.service[115425]: warnings.warn(msg)
Jul 23 12:33:00.445580 n-d-802011-1 devstack@n-api.service[115425]: INFO nova.api.openstack.requestlog [None req-a8035d1c-c90a-425c-b221-9b9a3f0ec3c5 tempest-AggregatesAdminTestJSON-567692591 tempest-AggregatesAdminTestJSON-567692591-project-admin] 10.222.0.26 "DELETE /compute/v2.1/os-aggregates/15" status: 200 len: 0 microversion: 2.1 time: 0.036214
Jul 23 12:33:00.450729 n-d-802011-1 devstack@n-api.service[115425]: [pid: 115425|app: 0|req: 167/291] 10.222.0.26 () {58 vars in 1155 bytes} [Fri Jul 23 12:33:00 2021] DELETE /compute/v2.1/os-aggregates/15 => generated 0 bytes in 39 msecs (HTTP/1.1 200) 9 headers in 355 bytes (1 switches on core 0)
Jul 23 12:33:00.453332 n-d-802011-1 devstack@n-api.service[115425]: DEBUG nova.api.openstack.wsgi [None req-420fc8c2-1406-4efc-be08-3d954cce2ae5 tempest-ServersAdminNegativeTestJSON-905195522 tempest-ServersAdminNegativeTestJSON-905195522-project] Calling method '>' {{(pid=115425) _process_stack /opt/stack/nova/nova/api/openstack/wsgi.py:513}}
Jul 23 12:33:00.454454 n-d-802011-1 devstack@n-api.service[115425]: DEBUG nova.compute.api [None req-420fc8c2-1406-4efc-be08-3d954cce2ae5 tempest-ServersAdminNegativeTestJSON-905195522 tempest-ServersAdminNegativeTestJSON-905195522-project] [instance: 9f28f155-056b-430b-bb2e-02de9ff10409] Fetching instance by UUID {{(pid=115425) get /opt/stack/nova/nova/compute/api.py:2793}}
Jul 23 12:33:00.471253 n-d-802011-1 devstack@n-api.service[115425]: DEBUG oslo_concurrency.lockutils [None req-420fc8c2-1406-4efc-be08-3d954cce2ae5 tempest-ServersAdminNegativeTestJSON-905195522 tempest-ServersAdminNegativeTestJSON-905195522-project] Lock "b3218eb7-c2c8-460d-83c9-4ba6f6c8c3de" acquired by "nova.context.set_target_cell..get_or_set_cached_cell_and_set_connections" :: waited 0.000s {{(pid=115425) inner /usr/local/lib/python3.8/dist-packages/oslo_concurrency/lockutils.py:355}}
Jul 23 12:33:00.473413 n-d-802011-1 devstack@n-api.service[115425]: DEBUG oslo_concurrency.lockutils [None req-420fc8c2-1406-4efc-be08-3d954cce2ae5 tempest-ServersAdminNegativeTestJSON-905195522 tempest-ServersAdminNegativeTestJSON-905195522-project] Lock "b3218eb7-c2c8-460d-83c9-4ba6f6c8c3de" released by "nova.context.set_target_cell..get_or_set_cached_cell_and_set_connections" :: held 0.003s {{(pid=115425) inner /usr/local/lib/python3.8/dist-packages/oslo_concurrency/lockutils.py:367}}
Jul 23 12:33:00.475078 n-d-802011-1 devstack@n-api.service[115425]: DEBUG oslo_concurrency.lockutils [None req-420fc8c2-1406-4efc-be08-3d954cce2ae5 tempest-ServersAdminNegativeTestJSON-905195522 tempest-ServersAdminNegativeTestJSON-905195522-project] Lock "b3218eb7-c2c8-460d-83c9-4ba6f6c8c3de" acquired by "nova.context.set_target_cell..get_or_set_cached_cell_and_set_connections" :: waited 0.000s {{(pid=115425) inner /usr/local/lib/python3.8/dist-packages/oslo_concurrency/lockutils.py:355}}
Jul 23 12:33:00.475521 n-d-802011-1 devstack@n-api.service[115425]: DEBUG oslo_concurrency.lockutils [None req-420fc8c2-1406-4efc-be08-3d954cce2ae5 tempest-ServersAdminNegativeTestJSON-905195522 tempest-ServersAdminNegativeTestJSON-905195522-project] Lock "b3218eb7-c2c8-460d-83c9-4ba6f6c8c3de" released by "nova.context.set_target_cell..get_or_set_cached_cell_and_set_connections" :: held 0.000s {{(pid=115425) inner /usr/local/lib/python3.8/dist-packages/oslo_concurrency/lockutils.py:367}}
Jul 23 12:33:00.569461 n-d-802011-1 devstack@n-api.service[115426]: INFO nova.api.openstack.requestlog [None req-b81eed43-57ff-4034-9587-d50a3bc2c4c0 tempest-QuotaClassesAdminTestJSON-1782712902 tempest-QuotaClassesAdminTestJSON-1782712902-project-admin] 10.222.0.26 "PUT /compute/v2.1/os-quota-class-sets/default" status: 200 len: 286 microversion: 2.1 time: 0.204257
Jul 23 12:33:00.571362 n-d-802011-1 devstack@n-api.service[115426]: [pid: 115426|app: 0|req: 125/292] 10.222.0.26 () {60 vars in 1206 bytes} [Fri Jul 23 12:33:00 2021] PUT /compute/v2.1/os-quota-class-sets/default => generated 286 bytes in 208 msecs (HTTP/1.1 200) 9 headers in 357 bytes (1 switches on core 0)
Jul 23 12:33:00.579414 n-d-802011-1 devstack@n-api.service[115426]: DEBUG nova.api.openstack.wsgi [None req-e4cfea69-02bc-4df3-916d-76405bc9cb7d tempest-AggregatesAdminTestJSON-567692591 tempest-AggregatesAdminTestJSON-567692591-project-admin] Action: 'create', calling method: >, body: {"aggregate": {"name": "tempest-test_aggregate-269638973", "availability_zone": "tempest-test_az-1744145650"}} {{(pid=115426) _process_stack /opt/stack/nova/nova/api/openstack/wsgi.py:511}}
Jul 23 12:33:00.599983 n-d-802011-1 devstack@n-api.service[115426]: /usr/local/lib/python3.8/dist-packages/oslo_policy/policy.py:1064: UserWarning: Policy os_compute_api:os-aggregates:create failed scope check. The token used to make the request was project scoped but the policy requires ['system'] scope. This behavior may change in the future where using the intended scope is required
Jul 23 12:33:00.599983 n-d-802011-1 devstack@n-api.service[115426]: warnings.warn(msg)
Jul 23 12:33:00.601614 n-d-802011-1 devstack@n-api.service[115426]: DEBUG nova.objects.aggregate [None req-e4cfea69-02bc-4df3-916d-76405bc9cb7d tempest-AggregatesAdminTestJSON-567692591 tempest-AggregatesAdminTestJSON-567692591-project-admin] Generated uuid d4b11832-517b-4808-a300-f397b783c9ba for aggregate {{(pid=115426) create /opt/stack/nova/nova/objects/aggregate.py:299}}
Jul 23 12:33:00.636063 n-d-802011-1 devstack@n-api.service[115426]: INFO nova.api.openstack.requestlog [None req-e4cfea69-02bc-4df3-916d-76405bc9cb7d tempest-AggregatesAdminTestJSON-567692591 tempest-AggregatesAdminTestJSON-567692591-project-admin] 10.222.0.26 "POST /compute/v2.1/os-aggregates" status: 200 len: 222 microversion: 2.1 time: 0.060572
Jul 23 12:33:00.636883 n-d-802011-1 devstack@n-api.service[115426]: [pid: 115426|app: 0|req: 126/293] 10.222.0.26 () {60 vars in 1165 bytes} [Fri Jul 23 12:33:00 2021] POST /compute/v2.1/os-aggregates => generated 222 bytes in 62 msecs (HTTP/1.1 200) 9 headers in 357 bytes (1 switches on core 0)
Jul 23 12:33:00.642879 n-d-802011-1 devstack@n-api.service[115426]: DEBUG nova.api.openstack.wsgi [None req-a8fe0173-55a5-414d-88de-eddec60d9243 tempest-ServerDiagnosticsNegativeTest-954358931 tempest-ServerDiagnosticsNegativeTest-954358931-project] Calling method '>' {{(pid=115426) _process_stack /opt/stack/nova/nova/api/openstack/wsgi.py:513}}
Jul 23 12:33:00.643899 n-d-802011-1 devstack@n-api.service[115426]: DEBUG nova.compute.api [None req-a8fe0173-55a5-414d-88de-eddec60d9243 tempest-ServerDiagnosticsNegativeTest-954358931 tempest-ServerDiagnosticsNegativeTest-954358931-project] [instance: 23e2e8ad-7f84-4d5c-b06a-8e467a3f620f] Fetching instance by UUID {{(pid=115426) get /opt/stack/nova/nova/compute/api.py:2793}}
Jul 23 12:33:00.652390 n-d-802011-1 devstack@n-api.service[115426]: DEBUG oslo_concurrency.lockutils [None req-a8fe0173-55a5-414d-88de-eddec60d9243 tempest-ServerDiagnosticsNegativeTest-954358931 tempest-ServerDiagnosticsNegativeTest-954358931-project] Lock "b3218eb7-c2c8-460d-83c9-4ba6f6c8c3de" acquired by "nova.context.set_target_cell..get_or_set_cached_cell_and_set_connections" :: waited 0.000s {{(pid=115426) inner /usr/local/lib/python3.8/dist-packages/oslo_concurrency/lockutils.py:355}}
Jul 23 12:33:00.653121 n-d-802011-1 devstack@n-api.service[115426]: DEBUG oslo_concurrency.lockutils [None req-a8fe0173-55a5-414d-88de-eddec60d9243 tempest-ServerDiagnosticsNegativeTest-954358931 tempest-ServerDiagnosticsNegativeTest-954358931-project] Lock "b3218eb7-c2c8-460d-83c9-4ba6f6c8c3de" released by "nova.context.set_target_cell..get_or_set_cached_cell_and_set_connections" :: held 0.001s {{(pid=115426) inner /usr/local/lib/python3.8/dist-packages/oslo_concurrency/lockutils.py:367}}
Jul 23 12:33:00.654356 n-d-802011-1 devstack@n-api.service[115426]: DEBUG oslo_concurrency.lockutils [None req-a8fe0173-55a5-414d-88de-eddec60d9243 tempest-ServerDiagnosticsNegativeTest-954358931 tempest-ServerDiagnosticsNegativeTest-954358931-project] Lock "b3218eb7-c2c8-460d-83c9-4ba6f6c8c3de" acquired by "nova.context.set_target_cell..get_or_set_cached_cell_and_set_connections" :: waited 0.000s {{(pid=115426) inner /usr/local/lib/python3.8/dist-packages/oslo_concurrency/lockutils.py:355}}
Jul 23 12:33:00.655257 n-d-802011-1 devstack@n-api.service[115426]: DEBUG oslo_concurrency.lockutils [None req-a8fe0173-55a5-414d-88de-eddec60d9243 tempest-ServerDiagnosticsNegativeTest-954358931 tempest-ServerDiagnosticsNegativeTest-954358931-project] Lock "b3218eb7-c2c8-460d-83c9-4ba6f6c8c3de" released by "nova.context.set_target_cell..get_or_set_cached_cell_and_set_connections" :: held 0.000s {{(pid=115426) inner /usr/local/lib/python3.8/dist-packages/oslo_concurrency/lockutils.py:367}}
Jul 23 12:33:00.768382 n-d-802011-1 devstack@n-api.service[115425]: DEBUG nova.policy [None req-420fc8c2-1406-4efc-be08-3d954cce2ae5 tempest-ServersAdminNegativeTestJSON-905195522 tempest-ServersAdminNegativeTestJSON-905195522-project] Policy check for os_compute_api:os-extended-server-attributes failed with credentials {'is_admin': False, 'user_id': 'bb4b22b9f3c34dfcb12c92d0cddc71ee', 'user_domain_id': 'default', 'system_scope': None, 'domain_id': None, 'project_id': '0c05a406ea0440c9a60ef19fb1024b6e', 'project_domain_id': 'default', 'roles': ['reader', 'member'], 'is_admin_project': True, 'service_user_id': None, 'service_user_domain_id': None, 'service_project_id': None, 'service_project_domain_id': None, 'service_roles': []} {{(pid=115425) authorize /opt/stack/nova/nova/policy.py:199}}
Jul 23 12:33:00.775881 n-d-802011-1 devstack@n-api.service[115425]: INFO nova.api.openstack.requestlog [None req-420fc8c2-1406-4efc-be08-3d954cce2ae5 tempest-ServersAdminNegativeTestJSON-905195522 tempest-ServersAdminNegativeTestJSON-905195522-project] 10.222.0.26 "GET /compute/v2.1/servers/9f28f155-056b-430b-bb2e-02de9ff10409" status: 200 len: 1320 microversion: 2.1 time: 0.328063
Jul 23 12:33:00.776608 n-d-802011-1 devstack@n-api.service[115425]: [pid: 115425|app: 0|req: 168/294] 10.222.0.26 () {58 vars in 1236 bytes} [Fri Jul 23 12:33:00 2021] GET /compute/v2.1/servers/9f28f155-056b-430b-bb2e-02de9ff10409 => generated 1320 bytes in 329 msecs (HTTP/1.1 200) 9 headers in 358 bytes (1 switches on core 0)
Jul 23 12:33:00.797568 n-d-802011-1 devstack@n-api.service[115425]: DEBUG nova.api.openstack.wsgi [None req-f2c9d08b-e49d-40f4-b83b-b79faf8c54c2 tempest-AggregatesAdminTestJSON-567692591 tempest-AggregatesAdminTestJSON-567692591-project-admin] Action: 'update', calling method: >, body: {"aggregate": {"name": "tempest-test_aggregate-269638973_new", "availability_zone": "tempest-test_az-1744145650_new"}} {{(pid=115425) _process_stack /opt/stack/nova/nova/api/openstack/wsgi.py:511}}
Jul 23 12:33:00.883596 n-d-802011-1 devstack@n-api.service[115425]: /usr/local/lib/python3.8/dist-packages/oslo_policy/policy.py:1064: UserWarning: Policy os_compute_api:os-aggregates:update failed scope check. The token used to make the request was project scoped but the policy requires ['system'] scope. This behavior may change in the future where using the intended scope is required
Jul 23 12:33:00.883596 n-d-802011-1 devstack@n-api.service[115425]: warnings.warn(msg)
Jul 23 12:33:00.907658 n-d-802011-1 devstack@n-api.service[115426]: DEBUG nova.policy [None req-a8fe0173-55a5-414d-88de-eddec60d9243 tempest-ServerDiagnosticsNegativeTest-954358931 tempest-ServerDiagnosticsNegativeTest-954358931-project] Policy check for os_compute_api:os-extended-server-attributes failed with credentials {'is_admin': False, 'user_id': '38ea82a390484d1897109831a9ec81ca', 'user_domain_id': 'default', 'system_scope': None, 'domain_id': None, 'project_id': '8c80a90bf4804df281661cd972935102', 'project_domain_id': 'default', 'roles': ['reader', 'member'], 'is_admin_project': True, 'service_user_id': None, 'service_user_domain_id': None, 'service_project_id': None, 'service_project_domain_id': None, 'service_roles': []} {{(pid=115426) authorize /opt/stack/nova/nova/policy.py:199}}
Jul 23 12:33:00.917128 n-d-802011-1 devstack@n-api.service[115426]: INFO nova.api.openstack.requestlog [None req-a8fe0173-55a5-414d-88de-eddec60d9243 tempest-ServerDiagnosticsNegativeTest-954358931 tempest-ServerDiagnosticsNegativeTest-954358931-project] 10.222.0.26 "GET /compute/v2.1/servers/23e2e8ad-7f84-4d5c-b06a-8e467a3f620f" status: 200 len: 1323 microversion: 2.1 time: 0.279294
Jul 23 12:33:00.921537 n-d-802011-1 devstack@n-api.service[115426]: [pid: 115426|app: 0|req: 127/295] 10.222.0.26 () {58 vars in 1236 bytes} [Fri Jul 23 12:33:00 2021] GET /compute/v2.1/servers/23e2e8ad-7f84-4d5c-b06a-8e467a3f620f => generated 1323 bytes in 284 msecs (HTTP/1.1 200) 9 headers in 358 bytes (1 switches on core 0)
Jul 23 12:33:00.929391 n-d-802011-1 devstack@n-api.service[115425]: DEBUG oslo_concurrency.lockutils [None req-f2c9d08b-e49d-40f4-b83b-b79faf8c54c2 tempest-AggregatesAdminTestJSON-567692591 tempest-AggregatesAdminTestJSON-567692591-project-admin] Lock "b3218eb7-c2c8-460d-83c9-4ba6f6c8c3de" acquired by "nova.context.set_target_cell..get_or_set_cached_cell_and_set_connections" :: waited 0.000s {{(pid=115425) inner /usr/local/lib/python3.8/dist-packages/oslo_concurrency/lockutils.py:355}}
Jul 23 12:33:00.930369 n-d-802011-1 devstack@n-api.service[115425]: DEBUG oslo_concurrency.lockutils [None req-f2c9d08b-e49d-40f4-b83b-b79faf8c54c2 tempest-AggregatesAdminTestJSON-567692591 tempest-AggregatesAdminTestJSON-567692591-project-admin] Lock "b3218eb7-c2c8-460d-83c9-4ba6f6c8c3de" released by "nova.context.set_target_cell..get_or_set_cached_cell_and_set_connections" :: held 0.001s {{(pid=115425) inner /usr/local/lib/python3.8/dist-packages/oslo_concurrency/lockutils.py:367}}
Jul 23 12:33:00.969852 n-d-802011-1 devstack@n-api.service[115425]: INFO nova.api.openstack.requestlog [None req-f2c9d08b-e49d-40f4-b83b-b79faf8c54c2 tempest-AggregatesAdminTestJSON-567692591 tempest-AggregatesAdminTestJSON-567692591-project-admin] 10.222.0.26 "PUT /compute/v2.1/os-aggregates/16" status: 200 len: 336 microversion: 2.1 time: 0.186706
Jul 23 12:33:00.971874 n-d-802011-1 devstack@n-api.service[115425]: [pid: 115425|app: 0|req: 169/296] 10.222.0.26 () {60 vars in 1173 bytes} [Fri Jul 23 12:33:00 2021] PUT /compute/v2.1/os-aggregates/16 => generated 336 bytes in 195 msecs (HTTP/1.1 200) 9 headers in 357 bytes (1 switches on core 0)
Jul 23 12:33:00.986276 n-d-802011-1 devstack@n-api.service[115426]: DEBUG nova.api.openstack.wsgi [None req-9c4fa5a4-f0b8-4e7d-b8e9-13f00e3caf21 tempest-AggregatesAdminTestJSON-567692591 tempest-AggregatesAdminTestJSON-567692591-project-admin] Calling method '>' {{(pid=115426) _process_stack /opt/stack/nova/nova/api/openstack/wsgi.py:513}}
Jul 23 12:33:00.987037 n-d-802011-1 devstack@n-api.service[115426]: /usr/local/lib/python3.8/dist-packages/oslo_policy/policy.py:1064: UserWarning: Policy os_compute_api:os-aggregates:index failed scope check. The token used to make the request was project scoped but the policy requires ['system'] scope. This behavior may change in the future where using the intended scope is required
Jul 23 12:33:00.987037 n-d-802011-1 devstack@n-api.service[115426]: warnings.warn(msg)
Jul 23 12:33:00.996133 n-d-802011-1 devstack@n-api.service[115426]: INFO nova.api.openstack.requestlog [None req-9c4fa5a4-f0b8-4e7d-b8e9-13f00e3caf21 tempest-AggregatesAdminTestJSON-567692591 tempest-AggregatesAdminTestJSON-567692591-project-admin] 10.222.0.26 "GET /compute/v2.1/os-aggregates" status: 200 len: 339 microversion: 2.1 time: 0.014420
Jul 23 12:33:01.003582 n-d-802011-1 devstack@n-api.service[115426]: [pid: 115426|app: 0|req: 128/297] 10.222.0.26 () {58 vars in 1143 bytes} [Fri Jul 23 12:33:00 2021] GET /compute/v2.1/os-aggregates => generated 339 bytes in 24 msecs (HTTP/1.1 200) 9 headers in 357 bytes (1 switches on core 0)
Jul 23 12:33:01.009048 n-d-802011-1 devstack@n-api.service[115425]: DEBUG nova.api.openstack.wsgi [None req-6551ce70-2be4-4164-8ae1-954ce773dad9 tempest-AggregatesAdminTestJSON-567692591 tempest-AggregatesAdminTestJSON-567692591-project-admin] Calling method '>' {{(pid=115425) _process_stack /opt/stack/nova/nova/api/openstack/wsgi.py:513}}
Jul 23 12:33:01.010328 n-d-802011-1 devstack@n-api.service[115425]: /usr/local/lib/python3.8/dist-packages/oslo_policy/policy.py:1064: UserWarning: Policy os_compute_api:os-aggregates:delete failed scope check. The token used to make the request was project scoped but the policy requires ['system'] scope. This behavior may change in the future where using the intended scope is required
Jul 23 12:33:01.010328 n-d-802011-1 devstack@n-api.service[115425]: warnings.warn(msg)
Jul 23 12:33:01.040756 n-d-802011-1 devstack@n-api.service[115425]: INFO nova.api.openstack.requestlog [None req-6551ce70-2be4-4164-8ae1-954ce773dad9 tempest-AggregatesAdminTestJSON-567692591 tempest-AggregatesAdminTestJSON-567692591-project-admin] 10.222.0.26 "DELETE /compute/v2.1/os-aggregates/16" status: 200 len: 0 microversion: 2.1 time: 0.036475
Jul 23 12:33:01.041627 n-d-802011-1 devstack@n-api.service[115425]: [pid: 115425|app: 0|req: 170/298] 10.222.0.26 () {58 vars in 1155 bytes} [Fri Jul 23 12:33:01 2021] DELETE /compute/v2.1/os-aggregates/16 => generated 0 bytes in 38 msecs (HTTP/1.1 200) 9 headers in 355 bytes (1 switches on core 0)
Jul 23 12:33:01.050992 n-d-802011-1 devstack@n-api.service[115426]: DEBUG nova.api.openstack.wsgi [None req-79a26a3f-93f8-4d7e-a6f5-7a5e903d144b tempest-AggregatesAdminTestJSON-567692591 tempest-AggregatesAdminTestJSON-567692591-project-admin] Action: 'create', calling method: >, body: {"aggregate": {"name": "tempest-test_aggregate-1966946277"}} {{(pid=115426) _process_stack /opt/stack/nova/nova/api/openstack/wsgi.py:511}}
Jul 23 12:33:01.052465 n-d-802011-1 devstack@n-api.service[115426]: /usr/local/lib/python3.8/dist-packages/oslo_policy/policy.py:1064: UserWarning: Policy os_compute_api:os-aggregates:create failed scope check. The token used to make the request was project scoped but the policy requires ['system'] scope. This behavior may change in the future where using the intended scope is required
Jul 23 12:33:01.052465 n-d-802011-1 devstack@n-api.service[115426]: warnings.warn(msg)
Jul 23 12:33:01.053697 n-d-802011-1 devstack@n-api.service[115426]: DEBUG nova.objects.aggregate [None req-79a26a3f-93f8-4d7e-a6f5-7a5e903d144b tempest-AggregatesAdminTestJSON-567692591 tempest-AggregatesAdminTestJSON-567692591-project-admin] Generated uuid 61c78e1a-2f02-4eec-9657-20e3b5c130ca for aggregate {{(pid=115426) create /opt/stack/nova/nova/objects/aggregate.py:299}}
Jul 23 12:33:01.082851 n-d-802011-1 devstack@n-api.service[115426]: INFO nova.api.openstack.requestlog [None req-79a26a3f-93f8-4d7e-a6f5-7a5e903d144b tempest-AggregatesAdminTestJSON-567692591 tempest-AggregatesAdminTestJSON-567692591-project-admin] 10.222.0.26 "POST /compute/v2.1/os-aggregates" status: 200 len: 199 microversion: 2.1 time: 0.034795
Jul 23 12:33:01.083368 n-d-802011-1 devstack@n-api.service[115426]: [pid: 115426|app: 0|req: 129/299] 10.222.0.26 () {60 vars in 1164 bytes} [Fri Jul 23 12:33:01 2021] POST /compute/v2.1/os-aggregates => generated 199 bytes in 37 msecs (HTTP/1.1 200) 9 headers in 357 bytes (1 switches on core 0)
Jul 23 12:33:01.093009 n-d-802011-1 devstack@n-api.service[115425]: DEBUG nova.api.openstack.wsgi [None req-30bd5ab5-ca3e-4ac0-b039-9e58a6b21834 tempest-AggregatesAdminTestJSON-567692591 tempest-AggregatesAdminTestJSON-567692591-project-admin] Calling method '>' {{(pid=115425) _process_stack /opt/stack/nova/nova/api/openstack/wsgi.py:513}}
Jul 23 12:33:01.093643 n-d-802011-1 devstack@n-api.service[115425]: /usr/local/lib/python3.8/dist-packages/oslo_policy/policy.py:1064: UserWarning: Policy os_compute_api:os-aggregates:index failed scope check. The token used to make the request was project scoped but the policy requires ['system'] scope. This behavior may change in the future where using the intended scope is required
Jul 23 12:33:01.093643 n-d-802011-1 devstack@n-api.service[115425]: warnings.warn(msg)
Jul 23 12:33:01.110398 n-d-802011-1 devstack@n-api.service[115425]: INFO nova.api.openstack.requestlog [None req-30bd5ab5-ca3e-4ac0-b039-9e58a6b21834 tempest-AggregatesAdminTestJSON-567692591 tempest-AggregatesAdminTestJSON-567692591-project-admin] 10.222.0.26 "GET /compute/v2.1/os-aggregates" status: 200 len: 231 microversion: 2.1 time: 0.021220
Jul 23 12:33:01.112626 n-d-802011-1 devstack@n-api.service[115425]: [pid: 115425|app: 0|req: 171/300] 10.222.0.26 () {58 vars in 1143 bytes} [Fri Jul 23 12:33:01 2021] GET /compute/v2.1/os-aggregates => generated 231 bytes in 24 msecs (HTTP/1.1 200) 9 headers in 357 bytes (1 switches on core 0)
Jul 23 12:33:01.122749 n-d-802011-1 devstack@n-api.service[115426]: DEBUG nova.api.openstack.wsgi [None req-004e6ff8-b9ea-44d4-93c6-77ba49401fca tempest-AggregatesAdminTestJSON-567692591 tempest-AggregatesAdminTestJSON-567692591-project-admin] Calling method '>' {{(pid=115426) _process_stack /opt/stack/nova/nova/api/openstack/wsgi.py:513}}
Jul 23 12:33:01.123615 n-d-802011-1 devstack@n-api.service[115426]: /usr/local/lib/python3.8/dist-packages/oslo_policy/policy.py:1064: UserWarning: Policy os_compute_api:os-aggregates:delete failed scope check. The token used to make the request was project scoped but the policy requires ['system'] scope. This behavior may change in the future where using the intended scope is required
Jul 23 12:33:01.123615 n-d-802011-1 devstack@n-api.service[115426]: warnings.warn(msg)
Jul 23 12:33:01.166851 n-d-802011-1 devstack@n-api.service[115426]: INFO nova.api.openstack.requestlog [None req-004e6ff8-b9ea-44d4-93c6-77ba49401fca tempest-AggregatesAdminTestJSON-567692591 tempest-AggregatesAdminTestJSON-567692591-project-admin] 10.222.0.26 "DELETE /compute/v2.1/os-aggregates/17" status: 200 len: 0 microversion: 2.1 time: 0.049006
Jul 23 12:33:01.167634 n-d-802011-1 devstack@n-api.service[115426]: [pid: 115426|app: 0|req: 130/301] 10.222.0.26 () {58 vars in 1155 bytes} [Fri Jul 23 12:33:01 2021] DELETE /compute/v2.1/os-aggregates/17 => generated 0 bytes in 50 msecs (HTTP/1.1 200) 9 headers in 355 bytes (1 switches on core 0)
Jul 23 12:33:01.177136 n-d-802011-1 devstack@n-api.service[115425]: DEBUG nova.api.openstack.wsgi [None req-0b46f515-3313-4948-a32d-07ada56112f9 tempest-AggregatesAdminTestJSON-869178630 tempest-AggregatesAdminTestJSON-869178630-project] Calling method '>' {{(pid=115425) _process_stack /opt/stack/nova/nova/api/openstack/wsgi.py:513}}
Jul 23 12:33:01.177741 n-d-802011-1 devstack@n-api.service[115425]: DEBUG nova.compute.api [None req-0b46f515-3313-4948-a32d-07ada56112f9 tempest-AggregatesAdminTestJSON-869178630 tempest-AggregatesAdminTestJSON-869178630-project] [instance: f52c3110-b7bf-4a3a-84b0-9355ca801e42] Fetching instance by UUID {{(pid=115425) get /opt/stack/nova/nova/compute/api.py:2793}}
Jul 23 12:33:01.186941 n-d-802011-1 devstack@n-api.service[115425]: DEBUG oslo_concurrency.lockutils [None req-0b46f515-3313-4948-a32d-07ada56112f9 tempest-AggregatesAdminTestJSON-869178630 tempest-AggregatesAdminTestJSON-869178630-project] Lock "b3218eb7-c2c8-460d-83c9-4ba6f6c8c3de" acquired by "nova.context.set_target_cell..get_or_set_cached_cell_and_set_connections" :: waited 0.000s {{(pid=115425) inner /usr/local/lib/python3.8/dist-packages/oslo_concurrency/lockutils.py:355}}
Jul 23 12:33:01.187957 n-d-802011-1 devstack@n-api.service[115425]: DEBUG oslo_concurrency.lockutils [None req-0b46f515-3313-4948-a32d-07ada56112f9 tempest-AggregatesAdminTestJSON-869178630 tempest-AggregatesAdminTestJSON-869178630-project] Lock "b3218eb7-c2c8-460d-83c9-4ba6f6c8c3de" released by "nova.context.set_target_cell..get_or_set_cached_cell_and_set_connections" :: held 0.002s {{(pid=115425) inner /usr/local/lib/python3.8/dist-packages/oslo_concurrency/lockutils.py:367}}
Jul 23 12:33:01.189640 n-d-802011-1 devstack@n-api.service[115425]: DEBUG oslo_concurrency.lockutils [None req-0b46f515-3313-4948-a32d-07ada56112f9 tempest-AggregatesAdminTestJSON-869178630 tempest-AggregatesAdminTestJSON-869178630-project] Lock "b3218eb7-c2c8-460d-83c9-4ba6f6c8c3de" acquired by "nova.context.set_target_cell..get_or_set_cached_cell_and_set_connections" :: waited 0.000s {{(pid=115425) inner /usr/local/lib/python3.8/dist-packages/oslo_concurrency/lockutils.py:355}}
Jul 23 12:33:01.192070 n-d-802011-1 devstack@n-api.service[115425]: DEBUG oslo_concurrency.lockutils [None req-0b46f515-3313-4948-a32d-07ada56112f9 tempest-AggregatesAdminTestJSON-869178630 tempest-AggregatesAdminTestJSON-869178630-project] Lock "b3218eb7-c2c8-460d-83c9-4ba6f6c8c3de" released by "nova.context.set_target_cell..get_or_set_cached_cell_and_set_connections" :: held 0.000s {{(pid=115425) inner /usr/local/lib/python3.8/dist-packages/oslo_concurrency/lockutils.py:367}}
Jul 23 12:33:01.231050 n-d-802011-1 devstack@n-api.service[115425]: DEBUG nova.compute.api [None req-0b46f515-3313-4948-a32d-07ada56112f9 tempest-AggregatesAdminTestJSON-869178630 tempest-AggregatesAdminTestJSON-869178630-project] [instance: f52c3110-b7bf-4a3a-84b0-9355ca801e42] Going to try to terminate instance {{(pid=115425) delete /opt/stack/nova/nova/compute/api.py:2542}}
Jul 23 12:33:01.345305 n-d-802011-1 devstack@n-api.service[115426]: DEBUG nova.api.openstack.wsgi [None req-8bf32ffe-e871-47e8-b204-1a8e42e09de6 tempest-LiveAutoBlockMigrationV225Test-2112218453 tempest-LiveAutoBlockMigrationV225Test-2112218453-project] Calling method '>' {{(pid=115426) _process_stack /opt/stack/nova/nova/api/openstack/wsgi.py:513}}
Jul 23 12:33:01.346103 n-d-802011-1 devstack@n-api.service[115426]: DEBUG nova.compute.api [None req-8bf32ffe-e871-47e8-b204-1a8e42e09de6 tempest-LiveAutoBlockMigrationV225Test-2112218453 tempest-LiveAutoBlockMigrationV225Test-2112218453-project] [instance: 6088a7c8-3383-4d6c-adb6-16dd3b011de8] Fetching instance by UUID {{(pid=115426) get /opt/stack/nova/nova/compute/api.py:2793}}
Jul 23 12:33:01.360065 n-d-802011-1 devstack@n-api.service[115426]: DEBUG oslo_concurrency.lockutils [None req-8bf32ffe-e871-47e8-b204-1a8e42e09de6 tempest-LiveAutoBlockMigrationV225Test-2112218453 tempest-LiveAutoBlockMigrationV225Test-2112218453-project] Lock "b3218eb7-c2c8-460d-83c9-4ba6f6c8c3de" acquired by "nova.context.set_target_cell..get_or_set_cached_cell_and_set_connections" :: waited 0.000s {{(pid=115426) inner /usr/local/lib/python3.8/dist-packages/oslo_concurrency/lockutils.py:355}}
Jul 23 12:33:01.360728 n-d-802011-1 devstack@n-api.service[115426]: DEBUG oslo_concurrency.lockutils [None req-8bf32ffe-e871-47e8-b204-1a8e42e09de6 tempest-LiveAutoBlockMigrationV225Test-2112218453 tempest-LiveAutoBlockMigrationV225Test-2112218453-project] Lock "b3218eb7-c2c8-460d-83c9-4ba6f6c8c3de" released by "nova.context.set_target_cell..get_or_set_cached_cell_and_set_connections" :: held 0.004s {{(pid=115426) inner /usr/local/lib/python3.8/dist-packages/oslo_concurrency/lockutils.py:367}}
Jul 23 12:33:01.364726 n-d-802011-1 devstack@n-api.service[115426]: DEBUG oslo_concurrency.lockutils [None req-8bf32ffe-e871-47e8-b204-1a8e42e09de6 tempest-LiveAutoBlockMigrationV225Test-2112218453 tempest-LiveAutoBlockMigrationV225Test-2112218453-project] Lock "b3218eb7-c2c8-460d-83c9-4ba6f6c8c3de" acquired by "nova.context.set_target_cell..get_or_set_cached_cell_and_set_connections" :: waited 0.000s {{(pid=115426) inner /usr/local/lib/python3.8/dist-packages/oslo_concurrency/lockutils.py:355}}
Jul 23 12:33:01.366008 n-d-802011-1 devstack@n-api.service[115426]: DEBUG oslo_concurrency.lockutils [None req-8bf32ffe-e871-47e8-b204-1a8e42e09de6 tempest-LiveAutoBlockMigrationV225Test-2112218453 tempest-LiveAutoBlockMigrationV225Test-2112218453-project] Lock "b3218eb7-c2c8-460d-83c9-4ba6f6c8c3de" released by "nova.context.set_target_cell..get_or_set_cached_cell_and_set_connections" :: held 0.001s {{(pid=115426) inner /usr/local/lib/python3.8/dist-packages/oslo_concurrency/lockutils.py:367}}
Jul 23 12:33:01.468113 n-d-802011-1 devstack@n-api.service[115425]: INFO nova.api.openstack.requestlog [None req-0b46f515-3313-4948-a32d-07ada56112f9 tempest-AggregatesAdminTestJSON-869178630 tempest-AggregatesAdminTestJSON-869178630-project] 10.222.0.26 "DELETE /compute/v2.1/servers/f52c3110-b7bf-4a3a-84b0-9355ca801e42" status: 204 len: 0 microversion: 2.1 time: 0.295409
Jul 23 12:33:01.472670 n-d-802011-1 devstack@n-api.service[115425]: [pid: 115425|app: 0|req: 172/302] 10.222.0.26 () {58 vars in 1239 bytes} [Fri Jul 23 12:33:01 2021] DELETE /compute/v2.1/servers/f52c3110-b7bf-4a3a-84b0-9355ca801e42 => generated 0 bytes in 298 msecs (HTTP/1.1 204) 9 headers in 363 bytes (1 switches on core 0)
Jul 23 12:33:01.485012 n-d-802011-1 devstack@n-api.service[115425]: DEBUG nova.api.openstack.wsgi [None req-d6078f3a-2251-44c0-a5ee-cc5490492e83 tempest-AggregatesAdminTestJSON-869178630 tempest-AggregatesAdminTestJSON-869178630-project] Calling method '>' {{(pid=115425) _process_stack /opt/stack/nova/nova/api/openstack/wsgi.py:513}}
Jul 23 12:33:01.485012 n-d-802011-1 devstack@n-api.service[115425]: DEBUG nova.compute.api [None req-d6078f3a-2251-44c0-a5ee-cc5490492e83 tempest-AggregatesAdminTestJSON-869178630 tempest-AggregatesAdminTestJSON-869178630-project] [instance: f52c3110-b7bf-4a3a-84b0-9355ca801e42] Fetching instance by UUID {{(pid=115425) get /opt/stack/nova/nova/compute/api.py:2793}}
Jul 23 12:33:01.504546 n-d-802011-1 devstack@n-api.service[115425]: DEBUG oslo_concurrency.lockutils [None req-d6078f3a-2251-44c0-a5ee-cc5490492e83 tempest-AggregatesAdminTestJSON-869178630 tempest-AggregatesAdminTestJSON-869178630-project] Lock "b3218eb7-c2c8-460d-83c9-4ba6f6c8c3de" acquired by "nova.context.set_target_cell..get_or_set_cached_cell_and_set_connections" :: waited 0.000s {{(pid=115425) inner /usr/local/lib/python3.8/dist-packages/oslo_concurrency/lockutils.py:355}}
Jul 23 12:33:01.505128 n-d-802011-1 devstack@n-api.service[115425]: DEBUG oslo_concurrency.lockutils [None req-d6078f3a-2251-44c0-a5ee-cc5490492e83 tempest-AggregatesAdminTestJSON-869178630 tempest-AggregatesAdminTestJSON-869178630-project] Lock "b3218eb7-c2c8-460d-83c9-4ba6f6c8c3de" released by "nova.context.set_target_cell..get_or_set_cached_cell_and_set_connections" :: held 0.002s {{(pid=115425) inner /usr/local/lib/python3.8/dist-packages/oslo_concurrency/lockutils.py:367}}
Jul 23 12:33:01.508305 n-d-802011-1 devstack@n-api.service[115425]: DEBUG oslo_concurrency.lockutils [None req-d6078f3a-2251-44c0-a5ee-cc5490492e83 tempest-AggregatesAdminTestJSON-869178630 tempest-AggregatesAdminTestJSON-869178630-project] Lock "b3218eb7-c2c8-460d-83c9-4ba6f6c8c3de" acquired by "nova.context.set_target_cell..get_or_set_cached_cell_and_set_connections" :: waited 0.000s {{(pid=115425) inner /usr/local/lib/python3.8/dist-packages/oslo_concurrency/lockutils.py:355}}
Jul 23 12:33:01.508819 n-d-802011-1 devstack@n-api.service[115425]: DEBUG oslo_concurrency.lockutils [None req-d6078f3a-2251-44c0-a5ee-cc5490492e83 tempest-AggregatesAdminTestJSON-869178630 tempest-AggregatesAdminTestJSON-869178630-project] Lock "b3218eb7-c2c8-460d-83c9-4ba6f6c8c3de" released by "nova.context.set_target_cell..get_or_set_cached_cell_and_set_connections" :: held 0.001s {{(pid=115425) inner /usr/local/lib/python3.8/dist-packages/oslo_concurrency/lockutils.py:367}}
Jul 23 12:33:01.814991 n-d-802011-1 devstack@n-api.service[115426]: DEBUG nova.policy [None req-8bf32ffe-e871-47e8-b204-1a8e42e09de6 tempest-LiveAutoBlockMigrationV225Test-2112218453 tempest-LiveAutoBlockMigrationV225Test-2112218453-project] Policy check for os_compute_api:os-extended-server-attributes failed with credentials {'is_admin': False, 'user_id': '0b9bf85e57f742989db043c35cb23466', 'user_domain_id': 'default', 'system_scope': None, 'domain_id': None, 'project_id': '4849db2ba6e94f20ab974fa914cf1836', 'project_domain_id': 'default', 'roles': ['reader', 'member'], 'is_admin_project': True, 'service_user_id': None, 'service_user_domain_id': None, 'service_project_id': None, 'service_project_domain_id': None, 'service_roles': []} {{(pid=115426) authorize /opt/stack/nova/nova/policy.py:199}}
Jul 23 12:33:01.827987 n-d-802011-1 devstack@n-api.service[115426]: DEBUG nova.policy [None req-8bf32ffe-e871-47e8-b204-1a8e42e09de6 tempest-LiveAutoBlockMigrationV225Test-2112218453 tempest-LiveAutoBlockMigrationV225Test-2112218453-project] Policy check for os_compute_api:servers:show:host_status failed with credentials {'is_admin': False, 'user_id': '0b9bf85e57f742989db043c35cb23466', 'user_domain_id': 'default', 'system_scope': None, 'domain_id': None, 'project_id': '4849db2ba6e94f20ab974fa914cf1836', 'project_domain_id': 'default', 'roles': ['reader', 'member'], 'is_admin_project': True, 'service_user_id': None, 'service_user_domain_id': None, 'service_project_id': None, 'service_project_domain_id': None, 'service_roles': []} {{(pid=115426) authorize /opt/stack/nova/nova/policy.py:199}}
Jul 23 12:33:01.832905 n-d-802011-1 devstack@n-api.service[115426]: DEBUG nova.policy [None req-8bf32ffe-e871-47e8-b204-1a8e42e09de6 tempest-LiveAutoBlockMigrationV225Test-2112218453 tempest-LiveAutoBlockMigrationV225Test-2112218453-project] Policy check for os_compute_api:servers:show:host_status:unknown-only failed with credentials {'is_admin': False, 'user_id': '0b9bf85e57f742989db043c35cb23466', 'user_domain_id': 'default', 'system_scope': None, 'domain_id': None, 'project_id': '4849db2ba6e94f20ab974fa914cf1836', 'project_domain_id': 'default', 'roles': ['reader', 'member'], 'is_admin_project': True, 'service_user_id': None, 'service_user_domain_id': None, 'service_project_id': None, 'service_project_domain_id': None, 'service_roles': []} {{(pid=115426) authorize /opt/stack/nova/nova/policy.py:199}}
Jul 23 12:33:01.838191 n-d-802011-1 devstack@n-api.service[115426]: INFO nova.api.openstack.requestlog [None req-8bf32ffe-e871-47e8-b204-1a8e42e09de6 tempest-LiveAutoBlockMigrationV225Test-2112218453 tempest-LiveAutoBlockMigrationV225Test-2112218453-project] 10.222.0.26 "GET /compute/v2.1/servers/6088a7c8-3383-4d6c-adb6-16dd3b011de8" status: 200 len: 1362 microversion: 2.25 time: 0.495811
Jul 23 12:33:01.839829 n-d-802011-1 devstack@n-api.service[115426]: [pid: 115426|app: 0|req: 131/303] 10.222.0.26 () {60 vars in 1277 bytes} [Fri Jul 23 12:33:01 2021] GET /compute/v2.1/servers/6088a7c8-3383-4d6c-adb6-16dd3b011de8 => generated 1362 bytes in 499 msecs (HTTP/1.1 200) 9 headers in 360 bytes (2 switches on core 0)
Jul 23 12:33:01.854445 n-d-802011-1 devstack@n-api.service[115426]: DEBUG nova.api.openstack.wsgi [None req-1bc97f04-92a2-417d-93b0-f2da9a0a66df tempest-ServersAdminNegativeTestJSON-905195522 tempest-ServersAdminNegativeTestJSON-905195522-project] Calling method '>' {{(pid=115426) _process_stack /opt/stack/nova/nova/api/openstack/wsgi.py:513}}
Jul 23 12:33:01.855331 n-d-802011-1 devstack@n-api.service[115426]: DEBUG nova.compute.api [None req-1bc97f04-92a2-417d-93b0-f2da9a0a66df tempest-ServersAdminNegativeTestJSON-905195522 tempest-ServersAdminNegativeTestJSON-905195522-project] [instance: 9f28f155-056b-430b-bb2e-02de9ff10409] Fetching instance by UUID {{(pid=115426) get /opt/stack/nova/nova/compute/api.py:2793}}
Jul 23 12:33:01.865731 n-d-802011-1 devstack@n-api.service[115426]: DEBUG oslo_concurrency.lockutils [None req-1bc97f04-92a2-417d-93b0-f2da9a0a66df tempest-ServersAdminNegativeTestJSON-905195522 tempest-ServersAdminNegativeTestJSON-905195522-project] Lock "b3218eb7-c2c8-460d-83c9-4ba6f6c8c3de" acquired by "nova.context.set_target_cell..get_or_set_cached_cell_and_set_connections" :: waited 0.000s {{(pid=115426) inner /usr/local/lib/python3.8/dist-packages/oslo_concurrency/lockutils.py:355}}
