Aug 21 13:17:30.130041 n-d-801815-3 neutron-server[94847]: INFO neutron.wsgi [req-2049ac43-b282-4297-96ca-38032c07f685 req-4bdeedeb-0d1c-4a17-8598-a9d3188ba318 tempest-DeleteServersAdminTestJSON-1663687975 tempest-DeleteServersAdminTestJSON-1663687975-project] 10.222.0.37 "GET /v2.0/ports?device_id=3cfd245a-7e9e-4c40-8720-4024cc0a3d20 HTTP/1.1" status: 200 len: 210 time: 0.0347221
Aug 21 13:17:30.538539 n-d-801815-3 neutron-server[94846]: INFO neutron.wsgi [req-3aa17520-d03a-4db4-a8b1-5d9b9a102b25 req-2f3d1b90-82ef-435f-9e17-fa53448f0794 tempest-AggregatesAdminTestJSON-258936558 tempest-AggregatesAdminTestJSON-258936558-project] 10.222.0.37 "GET /v2.0/ports?device_id=883cc9f9-434d-4378-91ea-5169f55c66bb HTTP/1.1" status: 200 len: 210 time: 0.0372977
Aug 21 13:17:30.682383 n-d-801815-3 neutron-server[94847]: DEBUG neutron.wsgi [-] (94847) accepted ('10.222.0.25', 50609) {{(pid=94847) server /usr/local/lib/python3.8/dist-packages/eventlet/wsgi.py:982}}
Aug 21 13:17:30.720671 n-d-801815-3 neutron-server[94847]: INFO neutron.wsgi [req-499ce633-0c57-45ad-ad70-896e3501cb95 req-19e93e99-4d7e-4cbd-9c1c-13a53abf69e0 tempest-DeleteServersAdminTestJSON-1663687975 tempest-DeleteServersAdminTestJSON-1663687975-project] 10.222.0.25 "GET /v2.0/networks?tenant_id=d3450689b10844d68c4e575de86318e6&shared=False HTTP/1.1" status: 200 len: 213 time: 0.0368545
Aug 21 13:17:30.864727 n-d-801815-3 neutron-server[94847]: DEBUG neutron.pecan_wsgi.hooks.policy_enforcement [req-499ce633-0c57-45ad-ad70-896e3501cb95 req-29c64b14-36ce-42e2-a1b5-fd124818f0ed tempest-DeleteServersAdminTestJSON-1663687975 tempest-DeleteServersAdminTestJSON-1663687975-project] Attributes excluded by policy engine: ['standard_attr_id', 'vlan_transparent', 'provider:network_type', 'provider:physical_network', 'provider:segmentation_id'] {{(pid=94847) _exclude_attributes_by_policy /opt/stack/neutron/neutron/pecan_wsgi/hooks/policy_enforcement.py:255}}
Aug 21 13:17:30.866219 n-d-801815-3 neutron-server[94847]: INFO neutron.wsgi [req-499ce633-0c57-45ad-ad70-896e3501cb95 req-29c64b14-36ce-42e2-a1b5-fd124818f0ed tempest-DeleteServersAdminTestJSON-1663687975 tempest-DeleteServersAdminTestJSON-1663687975-project] 10.222.0.25 "GET /v2.0/networks?shared=True HTTP/1.1" status: 200 len: 769 time: 0.1392393
Aug 21 13:17:30.935173 n-d-801815-3 neutron-server[94847]: DEBUG neutron.wsgi [-] (94847) accepted ('10.222.0.37', 55874) {{(pid=94847) server /usr/local/lib/python3.8/dist-packages/eventlet/wsgi.py:982}}
Aug 21 13:17:30.970904 n-d-801815-3 neutron-server[94847]: DEBUG neutron.api.v2.base [req-499ce633-0c57-45ad-ad70-896e3501cb95 req-dd2d2ca1-872b-49fc-b294-49d5e9e037dc tempest-DeleteServersAdminTestJSON-1663687975 tempest-DeleteServersAdminTestJSON-1663687975-project] Request body: {'port': {'device_id': '3cfd245a-7e9e-4c40-8720-4024cc0a3d20', 'network_id': '518ead9e-2a5e-4d5c-840e-286f78e90e98', 'admin_state_up': True, 'tenant_id': 'd3450689b10844d68c4e575de86318e6'}} {{(pid=94847) prepare_request_body /opt/stack/neutron/neutron/api/v2/base.py:730}}
Aug 21 13:17:31.155521 n-d-801815-3 neutron-server[94846]: DEBUG neutron.wsgi [-] (94846) accepted ('10.222.0.25', 50612) {{(pid=94846) server /usr/local/lib/python3.8/dist-packages/eventlet/wsgi.py:982}}
Aug 21 13:17:31.211755 n-d-801815-3 neutron-server[94846]: INFO neutron.wsgi [req-6d4a50e7-59cc-4207-a2ca-57af017eb8e3 req-a033442a-2c8a-4bdb-8929-a281f4e03434 tempest-AggregatesAdminTestJSON-258936558 tempest-AggregatesAdminTestJSON-258936558-project] 10.222.0.25 "GET /v2.0/networks?tenant_id=0e6c1ce2ec074b0b9bc2b294beb10a28&shared=False HTTP/1.1" status: 200 len: 213 time: 0.0550175
Aug 21 13:17:31.259115 n-d-801815-3 neutron-server[94847]: DEBUG neutron.pecan_wsgi.hooks.quota_enforcement [req-499ce633-0c57-45ad-ad70-896e3501cb95 req-dd2d2ca1-872b-49fc-b294-49d5e9e037dc tempest-DeleteServersAdminTestJSON-1663687975 tempest-DeleteServersAdminTestJSON-1663687975-project] Made reservation on behalf of d3450689b10844d68c4e575de86318e6 for: {'port': 1} {{(pid=94847) before /opt/stack/neutron/neutron/pecan_wsgi/hooks/quota_enforcement.py:53}}
Aug 21 13:17:31.263343 n-d-801815-3 neutron-server[94847]: DEBUG neutron_lib.callbacks.manager [req-499ce633-0c57-45ad-ad70-896e3501cb95 req-dd2d2ca1-872b-49fc-b294-49d5e9e037dc tempest-DeleteServersAdminTestJSON-1663687975 tempest-DeleteServersAdminTestJSON-1663687975-project] Notify callbacks ['neutron.plugins.ml2.plugin.SecurityGroupDbMixin._ensure_default_security_group_handler-3790933'] for port, before_create {{(pid=94847) _notify_loop /usr/local/lib/python3.8/dist-packages/neutron_lib/callbacks/manager.py:192}}
Aug 21 13:17:31.275506 n-d-801815-3 neutron-server[94847]: DEBUG neutron_lib.callbacks.manager [req-499ce633-0c57-45ad-ad70-896e3501cb95 req-dd2d2ca1-872b-49fc-b294-49d5e9e037dc tempest-DeleteServersAdminTestJSON-1663687975 tempest-DeleteServersAdminTestJSON-1663687975-project] Notify callbacks [] for security_group, before_create {{(pid=94847) _notify_loop /usr/local/lib/python3.8/dist-packages/neutron_lib/callbacks/manager.py:192}}
Aug 21 13:17:31.355580 n-d-801815-3 neutron-server[94847]: DEBUG neutron_lib.callbacks.manager [None req-840b3221-672e-4a31-97a6-b0e9fe4689ba admin admin] Notify callbacks [] for security_group, before_create {{(pid=94847) _notify_loop /usr/local/lib/python3.8/dist-packages/neutron_lib/callbacks/manager.py:192}}
Aug 21 13:17:31.394143 n-d-801815-3 neutron-server[94846]: DEBUG neutron.pecan_wsgi.hooks.policy_enforcement [req-6d4a50e7-59cc-4207-a2ca-57af017eb8e3 req-9310b544-6b85-42a7-b079-a217a40f3d35 tempest-AggregatesAdminTestJSON-258936558 tempest-AggregatesAdminTestJSON-258936558-project] Attributes excluded by policy engine: ['standard_attr_id', 'vlan_transparent', 'provider:network_type', 'provider:physical_network', 'provider:segmentation_id'] {{(pid=94846) _exclude_attributes_by_policy /opt/stack/neutron/neutron/pecan_wsgi/hooks/policy_enforcement.py:255}}
Aug 21 13:17:31.396076 n-d-801815-3 neutron-server[94846]: INFO neutron.wsgi [req-6d4a50e7-59cc-4207-a2ca-57af017eb8e3 req-9310b544-6b85-42a7-b079-a217a40f3d35 tempest-AggregatesAdminTestJSON-258936558 tempest-AggregatesAdminTestJSON-258936558-project] 10.222.0.25 "GET /v2.0/networks?shared=True HTTP/1.1" status: 200 len: 769 time: 0.1764977
Aug 21 13:17:31.410320 n-d-801815-3 neutron-server[94846]: DEBUG neutron.api.v2.base [req-6d4a50e7-59cc-4207-a2ca-57af017eb8e3 req-ac325da1-d6ba-4a0d-b843-eb665eb2a669 tempest-AggregatesAdminTestJSON-258936558 tempest-AggregatesAdminTestJSON-258936558-project] Request body: {'port': {'device_id': '883cc9f9-434d-4378-91ea-5169f55c66bb', 'network_id': '518ead9e-2a5e-4d5c-840e-286f78e90e98', 'admin_state_up': True, 'tenant_id': '0e6c1ce2ec074b0b9bc2b294beb10a28'}} {{(pid=94846) prepare_request_body /opt/stack/neutron/neutron/api/v2/base.py:730}}
Aug 21 13:17:31.436102 n-d-801815-3 neutron-server[94847]: DEBUG neutron_lib.callbacks.manager [req-499ce633-0c57-45ad-ad70-896e3501cb95 req-dd2d2ca1-872b-49fc-b294-49d5e9e037dc tempest-DeleteServersAdminTestJSON-1663687975 tempest-DeleteServersAdminTestJSON-1663687975-project] Notify callbacks [] for security_group, precommit_create {{(pid=94847) _notify_loop /usr/local/lib/python3.8/dist-packages/neutron_lib/callbacks/manager.py:192}}
Aug 21 13:17:31.446962 n-d-801815-3 neutron-server[94847]: DEBUG neutron_lib.callbacks.manager [req-499ce633-0c57-45ad-ad70-896e3501cb95 req-dd2d2ca1-872b-49fc-b294-49d5e9e037dc tempest-DeleteServersAdminTestJSON-1663687975 tempest-DeleteServersAdminTestJSON-1663687975-project] Notify callbacks ['neutron.plugins.ml2.ovo_rpc._ObjectChangeHandler.handle_event-689987'] for security_group, after_create {{(pid=94847) _notify_loop /usr/local/lib/python3.8/dist-packages/neutron_lib/callbacks/manager.py:192}}
Aug 21 13:17:31.778202 n-d-801815-3 neutron-server[94847]: DEBUG neutron.api.rpc.handlers.resources_rpc [None req-dd2d2ca1-872b-49fc-b294-49d5e9e037dc tempest-DeleteServersAdminTestJSON-1663687975 tempest-DeleteServersAdminTestJSON-1663687975-project] Pushing event updated for resources: {'SecurityGroup': ['ID=cda90c44-1bd2-4cf2-81c4-fce93b96321d,revision_number=1']} {{(pid=94847) push /opt/stack/neutron/neutron/api/rpc/handlers/resources_rpc.py:237}}
Aug 21 13:17:31.808980 n-d-801815-3 neutron-server[94847]: INFO neutron.wsgi [req-6e55a028-eaf0-47c1-a923-955cf348c1ff req-f250dceb-6214-4be0-a640-a237b2c87afd tempest-DeleteServersAdminTestJSON-1663687975 tempest-DeleteServersAdminTestJSON-1663687975-project] 10.222.0.37 "GET /v2.0/ports?device_id=3cfd245a-7e9e-4c40-8720-4024cc0a3d20 HTTP/1.1" status: 200 len: 210 time: 0.1935215
Aug 21 13:17:31.886643 n-d-801815-3 neutron-server[94846]: INFO neutron.wsgi [req-cd20d97c-ba82-4c50-8ebb-733b0c54eaed req-21ded63d-4497-44ba-94d6-3a9c9b0ffe9a tempest-AggregatesAdminTestJSON-258936558 tempest-AggregatesAdminTestJSON-258936558-project] 10.222.0.37 "GET /v2.0/ports?device_id=883cc9f9-434d-4378-91ea-5169f55c66bb HTTP/1.1" status: 200 len: 210 time: 0.0336263
Aug 21 13:17:31.937342 n-d-801815-3 neutron-server[94847]: DEBUG neutron.db.db_base_plugin_common [req-499ce633-0c57-45ad-ad70-896e3501cb95 req-dd2d2ca1-872b-49fc-b294-49d5e9e037dc tempest-DeleteServersAdminTestJSON-1663687975 tempest-DeleteServersAdminTestJSON-1663687975-project] Allocated IP 192.168.233.116 (518ead9e-2a5e-4d5c-840e-286f78e90e98/6b27dfd7-4ac4-49d4-80f2-4cf9ad95cee2/9c4d2cb8-fb64-4b81-9c56-73b4cfb777be) {{(pid=94847) _store_ip_allocation /opt/stack/neutron/neutron/db/db_base_plugin_common.py:131}}
Aug 21 13:17:31.995768 n-d-801815-3 neutron-server[94847]: DEBUG neutron_lib.callbacks.manager [None req-840b3221-672e-4a31-97a6-b0e9fe4689ba admin admin] Notify callbacks [] for security_group, precommit_create {{(pid=94847) _notify_loop /usr/local/lib/python3.8/dist-packages/neutron_lib/callbacks/manager.py:192}}
Aug 21 13:17:32.034216 n-d-801815-3 neutron-server[94846]: DEBUG neutron.pecan_wsgi.hooks.quota_enforcement [req-6d4a50e7-59cc-4207-a2ca-57af017eb8e3 req-ac325da1-d6ba-4a0d-b843-eb665eb2a669 tempest-AggregatesAdminTestJSON-258936558 tempest-AggregatesAdminTestJSON-258936558-project] Made reservation on behalf of 0e6c1ce2ec074b0b9bc2b294beb10a28 for: {'port': 1} {{(pid=94846) before /opt/stack/neutron/neutron/pecan_wsgi/hooks/quota_enforcement.py:53}}
Aug 21 13:17:32.045265 n-d-801815-3 neutron-server[94847]: DEBUG neutron_lib.callbacks.manager [None req-840b3221-672e-4a31-97a6-b0e9fe4689ba admin admin] Notify callbacks ['neutron.plugins.ml2.ovo_rpc._ObjectChangeHandler.handle_event-689987'] for security_group, after_create {{(pid=94847) _notify_loop /usr/local/lib/python3.8/dist-packages/neutron_lib/callbacks/manager.py:192}}
Aug 21 13:17:32.046070 n-d-801815-3 neutron-server[94846]: DEBUG neutron_lib.callbacks.manager [req-6d4a50e7-59cc-4207-a2ca-57af017eb8e3 req-ac325da1-d6ba-4a0d-b843-eb665eb2a669 tempest-AggregatesAdminTestJSON-258936558 tempest-AggregatesAdminTestJSON-258936558-project] Notify callbacks ['neutron.plugins.ml2.plugin.SecurityGroupDbMixin._ensure_default_security_group_handler-3790933'] for port, before_create {{(pid=94846) _notify_loop /usr/local/lib/python3.8/dist-packages/neutron_lib/callbacks/manager.py:192}}
Aug 21 13:17:32.073694 n-d-801815-3 neutron-server[94846]: DEBUG neutron_lib.callbacks.manager [req-6d4a50e7-59cc-4207-a2ca-57af017eb8e3 req-ac325da1-d6ba-4a0d-b843-eb665eb2a669 tempest-AggregatesAdminTestJSON-258936558 tempest-AggregatesAdminTestJSON-258936558-project] Notify callbacks [] for security_group, before_create {{(pid=94846) _notify_loop /usr/local/lib/python3.8/dist-packages/neutron_lib/callbacks/manager.py:192}}
Aug 21 13:17:32.100746 n-d-801815-3 neutron-server[94847]: INFO neutron.wsgi [None req-840b3221-672e-4a31-97a6-b0e9fe4689ba admin admin] 10.222.0.37 "GET /v2.0/security-groups?tenant_id=77da101ce5d840e0b50c3205440950b9&name=default HTTP/1.1" status: 200 len: 2975 time: 1.1621425
Aug 21 13:17:32.102573 n-d-801815-3 neutron-server[94846]: DEBUG neutron.wsgi [-] (94846) accepted ('10.222.0.37', 55946) {{(pid=94846) server /usr/local/lib/python3.8/dist-packages/eventlet/wsgi.py:982}}
Aug 21 13:17:32.105026 n-d-801815-3 neutron-server[94847]: DEBUG neutron.api.rpc.handlers.resources_rpc [None req-840b3221-672e-4a31-97a6-b0e9fe4689ba admin admin] Pushing event updated for resources: {'SecurityGroup': ['ID=293015e3-ca9f-401d-a399-ca64d697025c,revision_number=1']} {{(pid=94847) push /opt/stack/neutron/neutron/api/rpc/handlers/resources_rpc.py:237}}
Aug 21 13:17:32.269385 n-d-801815-3 neutron-server[94846]: DEBUG neutron_lib.callbacks.manager [None req-890569fd-4eb8-49d1-87e0-fe488eb58b83 admin admin] Notify callbacks [] for security_group, before_delete {{(pid=94846) _notify_loop /usr/local/lib/python3.8/dist-packages/neutron_lib/callbacks/manager.py:192}}
Aug 21 13:17:32.376300 n-d-801815-3 neutron-server[94847]: DEBUG neutron_lib.callbacks.manager [req-499ce633-0c57-45ad-ad70-896e3501cb95 req-dd2d2ca1-872b-49fc-b294-49d5e9e037dc tempest-DeleteServersAdminTestJSON-1663687975 tempest-DeleteServersAdminTestJSON-1663687975-project] Notify callbacks [] for port, precommit_create {{(pid=94847) _notify_loop /usr/local/lib/python3.8/dist-packages/neutron_lib/callbacks/manager.py:192}}
Aug 21 13:17:32.379412 n-d-801815-3 neutron-server[94846]: DEBUG neutron_lib.callbacks.manager [None req-890569fd-4eb8-49d1-87e0-fe488eb58b83 admin admin] Notify callbacks [] for security_group, precommit_delete {{(pid=94846) _notify_loop /usr/local/lib/python3.8/dist-packages/neutron_lib/callbacks/manager.py:192}}
Aug 21 13:17:32.417577 n-d-801815-3 neutron-server[94847]: DEBUG neutron.db.provisioning_blocks [req-499ce633-0c57-45ad-ad70-896e3501cb95 req-dd2d2ca1-872b-49fc-b294-49d5e9e037dc tempest-DeleteServersAdminTestJSON-1663687975 tempest-DeleteServersAdminTestJSON-1663687975-project] Transition to ACTIVE for port object 9c4d2cb8-fb64-4b81-9c56-73b4cfb777be will not be triggered until provisioned by entity DHCP. {{(pid=94847) add_provisioning_component /opt/stack/neutron/neutron/db/provisioning_blocks.py:73}}
Aug 21 13:17:32.446845 n-d-801815-3 neutron-server[94847]: DEBUG neutron.wsgi [-] (94847) accepted ('10.222.0.37', 55960) {{(pid=94847) server /usr/local/lib/python3.8/dist-packages/eventlet/wsgi.py:982}}
Aug 21 13:17:32.509665 n-d-801815-3 neutron-server[94847]: DEBUG neutron_lib.callbacks.manager [req-499ce633-0c57-45ad-ad70-896e3501cb95 req-dd2d2ca1-872b-49fc-b294-49d5e9e037dc tempest-DeleteServersAdminTestJSON-1663687975 tempest-DeleteServersAdminTestJSON-1663687975-project] Notify callbacks ['neutron.plugins.ml2.plugin.SecurityGroupServerNotifierRpcMixin._notify_sg_on_port_change-3675280', 'neutron.plugins.ml2.ovo_rpc._ObjectChangeHandler.handle_event-103419', 'neutron.api.rpc.agentnotifiers.dhcp_rpc_agent_api.DhcpAgentNotifyAPI._native_event_send_dhcp_notification-3642109', 'neutron.db.l3_dvrscheduler_db._notify_l3_agent_new_port-8758219989477'] for port, after_create {{(pid=94847) _notify_loop /usr/local/lib/python3.8/dist-packages/neutron_lib/callbacks/manager.py:192}}
Aug 21 13:17:32.594755 n-d-801815-3 neutron-server[94846]: DEBUG neutron_lib.callbacks.manager [req-6d4a50e7-59cc-4207-a2ca-57af017eb8e3 req-ac325da1-d6ba-4a0d-b843-eb665eb2a669 tempest-AggregatesAdminTestJSON-258936558 tempest-AggregatesAdminTestJSON-258936558-project] Notify callbacks [] for security_group, precommit_create {{(pid=94846) _notify_loop /usr/local/lib/python3.8/dist-packages/neutron_lib/callbacks/manager.py:192}}
Aug 21 13:17:32.605125 n-d-801815-3 neutron-server[94846]: DEBUG neutron_lib.callbacks.manager [req-6d4a50e7-59cc-4207-a2ca-57af017eb8e3 req-ac325da1-d6ba-4a0d-b843-eb665eb2a669 tempest-AggregatesAdminTestJSON-258936558 tempest-AggregatesAdminTestJSON-258936558-project] Notify callbacks ['neutron.plugins.ml2.ovo_rpc._ObjectChangeHandler.handle_event-689987'] for security_group, after_create {{(pid=94846) _notify_loop /usr/local/lib/python3.8/dist-packages/neutron_lib/callbacks/manager.py:192}}
Aug 21 13:17:32.842855 n-d-801815-3 neutron-server[94847]: DEBUG neutron.scheduler.dhcp_agent_scheduler [req-499ce633-0c57-45ad-ad70-896e3501cb95 req-dd2d2ca1-872b-49fc-b294-49d5e9e037dc tempest-DeleteServersAdminTestJSON-1663687975 tempest-DeleteServersAdminTestJSON-1663687975-project] Network 518ead9e-2a5e-4d5c-840e-286f78e90e98 is already hosted by enough agents. {{(pid=94847) _get_dhcp_agents_hosting_network /opt/stack/neutron/neutron/scheduler/dhcp_agent_scheduler.py:275}}
Aug 21 13:17:32.884060 n-d-801815-3 neutron-server[94847]: DEBUG neutron.scheduler.base_scheduler [req-499ce633-0c57-45ad-ad70-896e3501cb95 req-dd2d2ca1-872b-49fc-b294-49d5e9e037dc tempest-DeleteServersAdminTestJSON-1663687975 tempest-DeleteServersAdminTestJSON-1663687975-project] Resources bound (agent type, host, resource id): {{(pid=94847) schedule /opt/stack/neutron/neutron/scheduler/base_scheduler.py:57}}
Aug 21 13:17:32.892623 n-d-801815-3 neutron-server[94847]: DEBUG neutron.db.l3_dvrscheduler_db [req-499ce633-0c57-45ad-ad70-896e3501cb95 req-dd2d2ca1-872b-49fc-b294-49d5e9e037dc tempest-DeleteServersAdminTestJSON-1663687975 tempest-DeleteServersAdminTestJSON-1663687975-project] Received port after_create {{(pid=94847) _notify_l3_agent_new_port /opt/stack/neutron/neutron/db/l3_dvrscheduler_db.py:535}}
Aug 21 13:17:32.905478 n-d-801815-3 neutron-server[94846]: DEBUG neutron.api.rpc.handlers.resources_rpc [None req-ac325da1-d6ba-4a0d-b843-eb665eb2a669 tempest-AggregatesAdminTestJSON-258936558 tempest-AggregatesAdminTestJSON-258936558-project] Pushing event updated for resources: {'SecurityGroup': ['ID=ed0e553e-c78e-4b80-b4a8-9abc37a599d8,revision_number=1']} {{(pid=94846) push /opt/stack/neutron/neutron/api/rpc/handlers/resources_rpc.py:237}}
Aug 21 13:17:32.918054 n-d-801815-3 neutron-server[94847]: DEBUG neutron.pecan_wsgi.hooks.policy_enforcement [req-499ce633-0c57-45ad-ad70-896e3501cb95 req-dd2d2ca1-872b-49fc-b294-49d5e9e037dc tempest-DeleteServersAdminTestJSON-1663687975 tempest-DeleteServersAdminTestJSON-1663687975-project] Attributes excluded by policy engine: ['standard_attr_id', 'binding:profile', 'binding:host_id', 'binding:vif_type', 'binding:vif_details', 'network'] {{(pid=94847) _exclude_attributes_by_policy /opt/stack/neutron/neutron/pecan_wsgi/hooks/policy_enforcement.py:255}}
Aug 21 13:17:32.918775 n-d-801815-3 neutron-server[94847]: DEBUG neutron_lib.callbacks.manager [req-499ce633-0c57-45ad-ad70-896e3501cb95 req-dd2d2ca1-872b-49fc-b294-49d5e9e037dc tempest-DeleteServersAdminTestJSON-1663687975 tempest-DeleteServersAdminTestJSON-1663687975-project] Notify callbacks ['neutron.notifiers.nova.Notifier._send_nova_notification-4089327', 'neutron.api.rpc.agentnotifiers.dhcp_rpc_agent_api.DhcpAgentNotifyAPI._send_dhcp_notification-3642083'] for port, before_response {{(pid=94847) _notify_loop /usr/local/lib/python3.8/dist-packages/neutron_lib/callbacks/manager.py:192}}
Aug 21 13:17:32.929611 n-d-801815-3 neutron-server[94847]: DEBUG neutron_lib.callbacks.manager [None req-5ff01b3f-8da9-4261-9420-1ccd0c36b420 admin admin] Notify callbacks [] for security_group, before_create {{(pid=94847) _notify_loop /usr/local/lib/python3.8/dist-packages/neutron_lib/callbacks/manager.py:192}}
Aug 21 13:17:32.931441 n-d-801815-3 neutron-server[94847]: DEBUG neutron.api.rpc.handlers.resources_rpc [None req-dd2d2ca1-872b-49fc-b294-49d5e9e037dc tempest-DeleteServersAdminTestJSON-1663687975 tempest-DeleteServersAdminTestJSON-1663687975-project] Pushing event updated for resources: {'Port': ['ID=9c4d2cb8-fb64-4b81-9c56-73b4cfb777be,revision_number=1']} {{(pid=94847) push /opt/stack/neutron/neutron/api/rpc/handlers/resources_rpc.py:237}}
Aug 21 13:17:32.962330 n-d-801815-3 neutron-server[94846]: DEBUG neutron_lib.callbacks.manager [None req-890569fd-4eb8-49d1-87e0-fe488eb58b83 admin admin] Notify callbacks ['neutron.plugins.ml2.ovo_rpc._ObjectChangeHandler.handle_event-689987'] for security_group, after_delete {{(pid=94846) _notify_loop /usr/local/lib/python3.8/dist-packages/neutron_lib/callbacks/manager.py:192}}
Aug 21 13:17:32.969978 n-d-801815-3 neutron-server[94846]: DEBUG neutron_lib.callbacks.manager [None req-890569fd-4eb8-49d1-87e0-fe488eb58b83 admin admin] Notify callbacks [] for security_group, before_response {{(pid=94846) _notify_loop /usr/local/lib/python3.8/dist-packages/neutron_lib/callbacks/manager.py:192}}
Aug 21 13:17:32.973213 n-d-801815-3 neutron-server[94846]: INFO neutron.wsgi [None req-890569fd-4eb8-49d1-87e0-fe488eb58b83 admin admin] 10.222.0.37 "DELETE /v2.0/security-groups/293015e3-ca9f-401d-a399-ca64d697025c HTTP/1.1" status: 204 len: 168 time: 0.8658326
Aug 21 13:17:33.026495 n-d-801815-3 neutron-server[94847]: DEBUG neutron.wsgi [-] (94847) accepted ('10.222.0.37', 55992) {{(pid=94847) server /usr/local/lib/python3.8/dist-packages/eventlet/wsgi.py:982}}
Aug 21 13:17:33.039648 n-d-801815-3 neutron-server[94846]: DEBUG neutron.api.rpc.handlers.resources_rpc [None req-890569fd-4eb8-49d1-87e0-fe488eb58b83 admin admin] Pushing event deleted for resources: {'SecurityGroup': ['ID=293015e3-ca9f-401d-a399-ca64d697025c,revision_number=None']} {{(pid=94846) push /opt/stack/neutron/neutron/api/rpc/handlers/resources_rpc.py:237}}
Aug 21 13:17:33.131326 n-d-801815-3 neutron-server[94847]: INFO neutron.wsgi [req-499ce633-0c57-45ad-ad70-896e3501cb95 req-dd2d2ca1-872b-49fc-b294-49d5e9e037dc tempest-DeleteServersAdminTestJSON-1663687975 tempest-DeleteServersAdminTestJSON-1663687975-project] 10.222.0.25 "POST /v2.0/ports HTTP/1.1" status: 201 len: 938 time: 2.1643403
Aug 21 13:17:33.275387 n-d-801815-3 neutron-server[94848]: DEBUG neutron.db.provisioning_blocks [None req-aea6d08e-7214-4ccb-a142-2853a0c8a967 None None] Provisioning for port 9c4d2cb8-fb64-4b81-9c56-73b4cfb777be completed by entity DHCP. {{(pid=94848) provisioning_complete /opt/stack/neutron/neutron/db/provisioning_blocks.py:133}}
Aug 21 13:17:33.292094 n-d-801815-3 neutron-server[94848]: DEBUG neutron.db.provisioning_blocks [None req-aea6d08e-7214-4ccb-a142-2853a0c8a967 None None] Provisioning complete for port 9c4d2cb8-fb64-4b81-9c56-73b4cfb777be triggered by entity DHCP. {{(pid=94848) provisioning_complete /opt/stack/neutron/neutron/db/provisioning_blocks.py:139}}
Aug 21 13:17:33.292514 n-d-801815-3 neutron-server[94848]: DEBUG neutron_lib.callbacks.manager [None req-aea6d08e-7214-4ccb-a142-2853a0c8a967 None None] Notify callbacks ['neutron.plugins.ml2.plugin.Ml2Plugin._port_provisioned-3827402'] for port, provisioning_complete {{(pid=94848) _notify_loop /usr/local/lib/python3.8/dist-packages/neutron_lib/callbacks/manager.py:192}}
Aug 21 13:17:33.332526 n-d-801815-3 neutron-server[94847]: DEBUG neutron_lib.callbacks.manager [None req-5ff01b3f-8da9-4261-9420-1ccd0c36b420 admin admin] Notify callbacks [] for security_group, precommit_create {{(pid=94847) _notify_loop /usr/local/lib/python3.8/dist-packages/neutron_lib/callbacks/manager.py:192}}
Aug 21 13:17:33.351883 n-d-801815-3 neutron-server[94847]: DEBUG neutron.wsgi [req-499ce633-0c57-45ad-ad70-896e3501cb95 req-1352eedd-4413-49b5-b0e2-2e4e6b448dec tempest-DeleteServersAdminTestJSON-1663687975 tempest-DeleteServersAdminTestJSON-1663687975-project] http://10.222.0.37:9696/v2.0/extensions returned with HTTP 200 {{(pid=94847) __call__ /opt/stack/neutron/neutron/wsgi.py:729}}
Aug 21 13:17:33.353562 n-d-801815-3 neutron-server[94847]: INFO neutron.wsgi [req-499ce633-0c57-45ad-ad70-896e3501cb95 req-1352eedd-4413-49b5-b0e2-2e4e6b448dec tempest-DeleteServersAdminTestJSON-1663687975 tempest-DeleteServersAdminTestJSON-1663687975-project] 10.222.0.25 "GET /v2.0/extensions HTTP/1.1" status: 200 len: 13640 time: 0.0167584
Aug 21 13:17:33.379269 n-d-801815-3 neutron-server[94847]: DEBUG neutron_lib.callbacks.manager [None req-5ff01b3f-8da9-4261-9420-1ccd0c36b420 admin admin] Notify callbacks ['neutron.plugins.ml2.ovo_rpc._ObjectChangeHandler.handle_event-689987'] for security_group, after_create {{(pid=94847) _notify_loop /usr/local/lib/python3.8/dist-packages/neutron_lib/callbacks/manager.py:192}}
Aug 21 13:17:33.430712 n-d-801815-3 neutron-server[94848]: DEBUG neutron.plugins.ml2.plugin [None req-aea6d08e-7214-4ccb-a142-2853a0c8a967 None None] Port 9c4d2cb8-fb64-4b81-9c56-73b4cfb777be cannot update to ACTIVE because it is not bound. {{(pid=94848) _port_provisioned /opt/stack/neutron/neutron/plugins/ml2/plugin.py:337}}
Aug 21 13:17:33.477086 n-d-801815-3 neutron-server[94847]: DEBUG neutron.api.rpc.handlers.resources_rpc [None req-5ff01b3f-8da9-4261-9420-1ccd0c36b420 admin admin] Pushing event updated for resources: {'SecurityGroup': ['ID=7df6098c-72b8-4e73-afa3-b8bf082023ee,revision_number=1']} {{(pid=94847) push /opt/stack/neutron/neutron/api/rpc/handlers/resources_rpc.py:237}}
Aug 21 13:17:33.479041 n-d-801815-3 neutron-server[94846]: INFO neutron.wsgi [req-71d342b8-57ac-4f3b-b649-c381635b276b req-2e49d903-b2f2-4a45-9bd1-59c3b9971bae tempest-AggregatesAdminTestJSON-258936558 tempest-AggregatesAdminTestJSON-258936558-project] 10.222.0.37 "GET /v2.0/ports?device_id=883cc9f9-434d-4378-91ea-5169f55c66bb HTTP/1.1" status: 200 len: 210 time: 0.1165574
Aug 21 13:17:33.480601 n-d-801815-3 neutron-server[94846]: DEBUG neutron.db.db_base_plugin_common [req-6d4a50e7-59cc-4207-a2ca-57af017eb8e3 req-ac325da1-d6ba-4a0d-b843-eb665eb2a669 tempest-AggregatesAdminTestJSON-258936558 tempest-AggregatesAdminTestJSON-258936558-project] Allocated IP 192.168.233.139 (518ead9e-2a5e-4d5c-840e-286f78e90e98/6b27dfd7-4ac4-49d4-80f2-4cf9ad95cee2/5da72e28-a943-4700-9ab5-6796cb503e43) {{(pid=94846) _store_ip_allocation /opt/stack/neutron/neutron/db/db_base_plugin_common.py:131}}
Aug 21 13:17:33.490514 n-d-801815-3 neutron-server[94847]: DEBUG neutron.pecan_wsgi.hooks.policy_enforcement [req-b9c9e88d-086d-4928-96a3-2ed19798407b req-8ac45cca-b85c-4bfb-8d52-a3cacd0a3e1c tempest-DeleteServersAdminTestJSON-1663687975 tempest-DeleteServersAdminTestJSON-1663687975-project] Attributes excluded by policy engine: ['standard_attr_id', 'binding:profile', 'binding:host_id', 'binding:vif_type', 'binding:vif_details'] {{(pid=94847) _exclude_attributes_by_policy /opt/stack/neutron/neutron/pecan_wsgi/hooks/policy_enforcement.py:255}}
Aug 21 13:17:33.498157 n-d-801815-3 neutron-server[94847]: INFO neutron.wsgi [req-b9c9e88d-086d-4928-96a3-2ed19798407b req-8ac45cca-b85c-4bfb-8d52-a3cacd0a3e1c tempest-DeleteServersAdminTestJSON-1663687975 tempest-DeleteServersAdminTestJSON-1663687975-project] 10.222.0.37 "GET /v2.0/ports?device_id=3cfd245a-7e9e-4c40-8720-4024cc0a3d20 HTTP/1.1" status: 200 len: 936 time: 0.4498875
Aug 21 13:17:33.508814 n-d-801815-3 neutron-server[94848]: DEBUG neutron_lib.callbacks.manager [None req-218612e5-6b18-40c3-a286-9a79ad134dce None None] Notify callbacks ['neutron.services.segments.db._update_segment_host_mapping_for_agent-8758220553238', 'neutron.plugins.ml2.plugin.Ml2Plugin._retry_binding_revived_agents-3827259'] for agent, after_update {{(pid=94848) _notify_loop /usr/local/lib/python3.8/dist-packages/neutron_lib/callbacks/manager.py:192}}
Aug 21 13:17:33.531914 n-d-801815-3 neutron-server[94847]: DEBUG neutron_lib.callbacks.manager [None req-91916035-9a27-482e-ad3d-2bdbe9cf8853 admin admin] Notify callbacks [] for security_group, before_create {{(pid=94847) _notify_loop /usr/local/lib/python3.8/dist-packages/neutron_lib/callbacks/manager.py:192}}
Aug 21 13:17:33.601795 n-d-801815-3 neutron-server[94847]: INFO neutron.wsgi [None req-5ff01b3f-8da9-4261-9420-1ccd0c36b420 admin admin] 10.222.0.37 "GET /v2.0/security-groups?tenant_id=e2d19a91ba954b1c8262d8cbf8b94030&name=default HTTP/1.1" status: 200 len: 2975 time: 1.1532245
Aug 21 13:17:33.604802 n-d-801815-3 neutron-server[94846]: DEBUG neutron.wsgi [-] (94846) accepted ('10.222.0.37', 56004) {{(pid=94846) server /usr/local/lib/python3.8/dist-packages/eventlet/wsgi.py:982}}
Aug 21 13:17:33.622010 n-d-801815-3 neutron-server[94847]: INFO neutron.wsgi [req-b9c9e88d-086d-4928-96a3-2ed19798407b req-ea653d5b-89e1-4d42-9402-3046b6ef0581 tempest-DeleteServersAdminTestJSON-1663687975 tempest-DeleteServersAdminTestJSON-1663687975-project] 10.222.0.37 "GET /v2.0/security-groups?id=cda90c44-1bd2-4cf2-81c4-fce93b96321d&fields=id&fields=name HTTP/1.1" status: 200 len: 286 time: 0.1213932
Aug 21 13:17:33.649589 n-d-801815-3 neutron-server[94848]: DEBUG neutron_lib.callbacks.manager [None req-799b71dc-6d74-45b4-8f4e-c03e20a4615d None None] Notify callbacks ['neutron.services.segments.db._update_segment_host_mapping_for_agent-8758220553238', 'neutron.plugins.ml2.plugin.Ml2Plugin._retry_binding_revived_agents-3827259'] for agent, after_update {{(pid=94848) _notify_loop /usr/local/lib/python3.8/dist-packages/neutron_lib/callbacks/manager.py:192}}
Aug 21 13:17:33.774009 n-d-801815-3 neutron-server[94847]: DEBUG neutron_lib.callbacks.manager [None req-91916035-9a27-482e-ad3d-2bdbe9cf8853 admin admin] Notify callbacks [] for security_group, precommit_create {{(pid=94847) _notify_loop /usr/local/lib/python3.8/dist-packages/neutron_lib/callbacks/manager.py:192}}
Aug 21 13:17:33.775778 n-d-801815-3 neutron-server[94847]: DEBUG neutron.wsgi [-] (94847) accepted ('10.222.0.37', 56010) {{(pid=94847) server /usr/local/lib/python3.8/dist-packages/eventlet/wsgi.py:982}}
Aug 21 13:17:33.790027 n-d-801815-3 neutron-server[94847]: DEBUG neutron_lib.callbacks.manager [None req-91916035-9a27-482e-ad3d-2bdbe9cf8853 admin admin] Notify callbacks ['neutron.plugins.ml2.ovo_rpc._ObjectChangeHandler.handle_event-689987'] for security_group, after_create {{(pid=94847) _notify_loop /usr/local/lib/python3.8/dist-packages/neutron_lib/callbacks/manager.py:192}}
Aug 21 13:17:33.859311 n-d-801815-3 neutron-server[94847]: INFO neutron.wsgi [None req-91916035-9a27-482e-ad3d-2bdbe9cf8853 admin admin] 10.222.0.37 "GET /v2.0/security-groups?tenant_id=57339fdf66e042f29cf793d22ba93875&name=default HTTP/1.1" status: 200 len: 2978 time: 0.8284047
Aug 21 13:17:33.865698 n-d-801815-3 neutron-server[94847]: DEBUG neutron.wsgi [-] (94847) accepted ('10.222.0.37', 56012) {{(pid=94847) server /usr/local/lib/python3.8/dist-packages/eventlet/wsgi.py:982}}
Aug 21 13:17:33.866429 n-d-801815-3 neutron-server[94847]: DEBUG neutron.api.rpc.handlers.resources_rpc [None req-91916035-9a27-482e-ad3d-2bdbe9cf8853 admin admin] Pushing event updated for resources: {'SecurityGroup': ['ID=50b51534-1f45-41da-b0ab-1482f35ea8fc,revision_number=1']} {{(pid=94847) push /opt/stack/neutron/neutron/api/rpc/handlers/resources_rpc.py:237}}
Aug 21 13:17:33.933670 n-d-801815-3 neutron-server[94849]: DEBUG neutron.db.agents_db [None req-bed0b7d3-fcbe-4170-84a4-4594e0e035d8 None None] Agent healthcheck: found 7 active agents {{(pid=94849) agent_health_check /opt/stack/neutron/neutron/db/agents_db.py:317}}
Aug 21 13:17:33.934618 n-d-801815-3 neutron-server[94847]: DEBUG neutron_lib.callbacks.manager [None req-e9da8bbb-aa8f-429c-84c7-1632795d10d1 admin admin] Notify callbacks [] for security_group, before_create {{(pid=94847) _notify_loop /usr/local/lib/python3.8/dist-packages/neutron_lib/callbacks/manager.py:192}}
Aug 21 13:17:33.945933 n-d-801815-3 neutron-server[94846]: DEBUG neutron_lib.callbacks.manager [None req-b7935ee9-a49e-45ad-be8e-6ff43c59936e admin admin] Notify callbacks [] for security_group, before_delete {{(pid=94846) _notify_loop /usr/local/lib/python3.8/dist-packages/neutron_lib/callbacks/manager.py:192}}
Aug 21 13:17:33.952675 n-d-801815-3 neutron-server[94847]: DEBUG neutron_lib.callbacks.manager [None req-fc90d9c2-c25a-4dff-97d7-518fbbecfd79 admin admin] Notify callbacks [] for security_group, before_delete {{(pid=94847) _notify_loop /usr/local/lib/python3.8/dist-packages/neutron_lib/callbacks/manager.py:192}}
Aug 21 13:17:33.980079 n-d-801815-3 neutron-server[94847]: DEBUG neutron.wsgi [-] (94847) accepted ('10.222.0.37', 56014) {{(pid=94847) server /usr/local/lib/python3.8/dist-packages/eventlet/wsgi.py:982}}
Aug 21 13:17:34.002078 n-d-801815-3 neutron-server[94847]: DEBUG neutron_lib.callbacks.manager [None req-fc90d9c2-c25a-4dff-97d7-518fbbecfd79 admin admin] Notify callbacks [] for security_group, precommit_delete {{(pid=94847) _notify_loop /usr/local/lib/python3.8/dist-packages/neutron_lib/callbacks/manager.py:192}}
Aug 21 13:17:34.057412 n-d-801815-3 neutron-server[94846]: DEBUG neutron_lib.callbacks.manager [None req-b7935ee9-a49e-45ad-be8e-6ff43c59936e admin admin] Notify callbacks [] for security_group, precommit_delete {{(pid=94846) _notify_loop /usr/local/lib/python3.8/dist-packages/neutron_lib/callbacks/manager.py:192}}
Aug 21 13:17:34.126524 n-d-801815-3 neutron-server[94847]: DEBUG neutron_lib.callbacks.manager [None req-fc90d9c2-c25a-4dff-97d7-518fbbecfd79 admin admin] Notify callbacks ['neutron.plugins.ml2.ovo_rpc._ObjectChangeHandler.handle_event-689987'] for security_group, after_delete {{(pid=94847) _notify_loop /usr/local/lib/python3.8/dist-packages/neutron_lib/callbacks/manager.py:192}}
Aug 21 13:17:34.133910 n-d-801815-3 neutron-server[94847]: DEBUG neutron_lib.callbacks.manager [None req-fc90d9c2-c25a-4dff-97d7-518fbbecfd79 admin admin] Notify callbacks [] for security_group, before_response {{(pid=94847) _notify_loop /usr/local/lib/python3.8/dist-packages/neutron_lib/callbacks/manager.py:192}}
Aug 21 13:17:34.140766 n-d-801815-3 neutron-server[94847]: INFO neutron.wsgi [None req-fc90d9c2-c25a-4dff-97d7-518fbbecfd79 admin admin] 10.222.0.37 "DELETE /v2.0/security-groups/50b51534-1f45-41da-b0ab-1482f35ea8fc HTTP/1.1" status: 204 len: 168 time: 0.2695656
Aug 21 13:17:34.186752 n-d-801815-3 neutron-server[94846]: DEBUG neutron_lib.callbacks.manager [req-6d4a50e7-59cc-4207-a2ca-57af017eb8e3 req-ac325da1-d6ba-4a0d-b843-eb665eb2a669 tempest-AggregatesAdminTestJSON-258936558 tempest-AggregatesAdminTestJSON-258936558-project] Notify callbacks [] for port, precommit_create {{(pid=94846) _notify_loop /usr/local/lib/python3.8/dist-packages/neutron_lib/callbacks/manager.py:192}}
Aug 21 13:17:34.197033 n-d-801815-3 neutron-server[94847]: DEBUG neutron.api.rpc.handlers.resources_rpc [None req-fc90d9c2-c25a-4dff-97d7-518fbbecfd79 admin admin] Pushing event deleted for resources: {'SecurityGroup': ['ID=50b51534-1f45-41da-b0ab-1482f35ea8fc,revision_number=None']} {{(pid=94847) push /opt/stack/neutron/neutron/api/rpc/handlers/resources_rpc.py:237}}
Aug 21 13:17:34.231014 n-d-801815-3 neutron-server[94846]: DEBUG neutron_lib.callbacks.manager [None req-b7935ee9-a49e-45ad-be8e-6ff43c59936e admin admin] Notify callbacks ['neutron.plugins.ml2.ovo_rpc._ObjectChangeHandler.handle_event-689987'] for security_group, after_delete {{(pid=94846) _notify_loop /usr/local/lib/python3.8/dist-packages/neutron_lib/callbacks/manager.py:192}}
Aug 21 13:17:34.237908 n-d-801815-3 neutron-server[94846]: DEBUG neutron_lib.callbacks.manager [None req-b7935ee9-a49e-45ad-be8e-6ff43c59936e admin admin] Notify callbacks [] for security_group, before_response {{(pid=94846) _notify_loop /usr/local/lib/python3.8/dist-packages/neutron_lib/callbacks/manager.py:192}}
Aug 21 13:17:34.241412 n-d-801815-3 neutron-server[94846]: INFO neutron.wsgi [None req-b7935ee9-a49e-45ad-be8e-6ff43c59936e admin admin] 10.222.0.37 "DELETE /v2.0/security-groups/7df6098c-72b8-4e73-afa3-b8bf082023ee HTTP/1.1" status: 204 len: 168 time: 0.6322312
Aug 21 13:17:34.250295 n-d-801815-3 neutron-server[94846]: DEBUG neutron.db.provisioning_blocks [req-6d4a50e7-59cc-4207-a2ca-57af017eb8e3 req-ac325da1-d6ba-4a0d-b843-eb665eb2a669 tempest-AggregatesAdminTestJSON-258936558 tempest-AggregatesAdminTestJSON-258936558-project] Transition to ACTIVE for port object 5da72e28-a943-4700-9ab5-6796cb503e43 will not be triggered until provisioned by entity DHCP. {{(pid=94846) add_provisioning_component /opt/stack/neutron/neutron/db/provisioning_blocks.py:73}}
Aug 21 13:17:34.256077 n-d-801815-3 neutron-server[94847]: DEBUG neutron_lib.callbacks.manager [None req-fd654802-e18d-49ab-9cea-907645f42651 admin admin] Notify callbacks [] for security_group, before_create {{(pid=94847) _notify_loop /usr/local/lib/python3.8/dist-packages/neutron_lib/callbacks/manager.py:192}}
Aug 21 13:17:34.271783 n-d-801815-3 neutron-server[94846]: DEBUG neutron.api.rpc.handlers.resources_rpc [None req-b7935ee9-a49e-45ad-be8e-6ff43c59936e admin admin] Pushing event deleted for resources: {'SecurityGroup': ['ID=7df6098c-72b8-4e73-afa3-b8bf082023ee,revision_number=None']} {{(pid=94846) push /opt/stack/neutron/neutron/api/rpc/handlers/resources_rpc.py:237}}
Aug 21 13:17:34.324891 n-d-801815-3 neutron-server[94847]: DEBUG neutron_lib.callbacks.manager [None req-e9da8bbb-aa8f-429c-84c7-1632795d10d1 admin admin] Notify callbacks [] for security_group, precommit_create {{(pid=94847) _notify_loop /usr/local/lib/python3.8/dist-packages/neutron_lib/callbacks/manager.py:192}}
Aug 21 13:17:34.339187 n-d-801815-3 neutron-server[94847]: DEBUG neutron_lib.callbacks.manager [None req-e9da8bbb-aa8f-429c-84c7-1632795d10d1 admin admin] Notify callbacks ['neutron.plugins.ml2.ovo_rpc._ObjectChangeHandler.handle_event-689987'] for security_group, after_create {{(pid=94847) _notify_loop /usr/local/lib/python3.8/dist-packages/neutron_lib/callbacks/manager.py:192}}
Aug 21 13:17:34.444216 n-d-801815-3 neutron-server[94846]: DEBUG neutron_lib.callbacks.manager [req-6d4a50e7-59cc-4207-a2ca-57af017eb8e3 req-ac325da1-d6ba-4a0d-b843-eb665eb2a669 tempest-AggregatesAdminTestJSON-258936558 tempest-AggregatesAdminTestJSON-258936558-project] Notify callbacks ['neutron.plugins.ml2.plugin.SecurityGroupServerNotifierRpcMixin._notify_sg_on_port_change-3675280', 'neutron.plugins.ml2.ovo_rpc._ObjectChangeHandler.handle_event-103419', 'neutron.api.rpc.agentnotifiers.dhcp_rpc_agent_api.DhcpAgentNotifyAPI._native_event_send_dhcp_notification-3642109', 'neutron.db.l3_dvrscheduler_db._notify_l3_agent_new_port-8758219989477'] for port, after_create {{(pid=94846) _notify_loop /usr/local/lib/python3.8/dist-packages/neutron_lib/callbacks/manager.py:192}}
Aug 21 13:17:34.451830 n-d-801815-3 neutron-server[94847]: INFO neutron.wsgi [None req-e9da8bbb-aa8f-429c-84c7-1632795d10d1 admin admin] 10.222.0.37 "GET /v2.0/security-groups?tenant_id=93ac86f93dcd4ef592c0ca85595f2c2c&name=default HTTP/1.1" status: 200 len: 2979 time: 0.6721685
Aug 21 13:17:34.454432 n-d-801815-3 neutron-server[94846]: DEBUG neutron.wsgi [-] (94846) accepted ('10.222.0.37', 56026) {{(pid=94846) server /usr/local/lib/python3.8/dist-packages/eventlet/wsgi.py:982}}
Aug 21 13:17:34.468043 n-d-801815-3 neutron-server[94847]: DEBUG neutron.api.rpc.handlers.resources_rpc [None req-e9da8bbb-aa8f-429c-84c7-1632795d10d1 admin admin] Pushing event updated for resources: {'SecurityGroup': ['ID=29919e7d-95a5-443a-8cff-d8cac77c6271,revision_number=1']} {{(pid=94847) push /opt/stack/neutron/neutron/api/rpc/handlers/resources_rpc.py:237}}
Aug 21 13:17:34.609106 n-d-801815-3 neutron-server[94847]: DEBUG neutron_lib.callbacks.manager [None req-fd654802-e18d-49ab-9cea-907645f42651 admin admin] Notify callbacks [] for security_group, precommit_create {{(pid=94847) _notify_loop /usr/local/lib/python3.8/dist-packages/neutron_lib/callbacks/manager.py:192}}
Aug 21 13:17:34.620305 n-d-801815-3 neutron-server[94847]: DEBUG neutron_lib.callbacks.manager [None req-fd654802-e18d-49ab-9cea-907645f42651 admin admin] Notify callbacks ['neutron.plugins.ml2.ovo_rpc._ObjectChangeHandler.handle_event-689987'] for security_group, after_create {{(pid=94847) _notify_loop /usr/local/lib/python3.8/dist-packages/neutron_lib/callbacks/manager.py:192}}
Aug 21 13:17:34.648670 n-d-801815-3 neutron-server[94847]: DEBUG neutron.wsgi [-] (94847) accepted ('10.222.0.37', 56034) {{(pid=94847) server /usr/local/lib/python3.8/dist-packages/eventlet/wsgi.py:982}}
Aug 21 13:17:34.737605 n-d-801815-3 neutron-server[94847]: DEBUG neutron.api.rpc.handlers.resources_rpc [None req-fd654802-e18d-49ab-9cea-907645f42651 admin admin] Pushing event updated for resources: {'SecurityGroup': ['ID=417b301c-e6cc-429f-aa4a-ce0145123699,revision_number=1']} {{(pid=94847) push /opt/stack/neutron/neutron/api/rpc/handlers/resources_rpc.py:237}}
Aug 21 13:17:34.750201 n-d-801815-3 neutron-server[94847]: INFO neutron.wsgi [None req-fd654802-e18d-49ab-9cea-907645f42651 admin admin] 10.222.0.37 "GET /v2.0/security-groups?tenant_id=b14de1ca412a4a14933e365a00b5f453&name=default HTTP/1.1" status: 200 len: 2979 time: 0.7666469
Aug 21 13:17:34.775445 n-d-801815-3 neutron-server[94847]: DEBUG neutron.wsgi [-] (94847) accepted ('10.222.0.37', 56040) {{(pid=94847) server /usr/local/lib/python3.8/dist-packages/eventlet/wsgi.py:982}}
Aug 21 13:17:34.801598 n-d-801815-3 neutron-server[94846]: DEBUG neutron.scheduler.dhcp_agent_scheduler [req-6d4a50e7-59cc-4207-a2ca-57af017eb8e3 req-ac325da1-d6ba-4a0d-b843-eb665eb2a669 tempest-AggregatesAdminTestJSON-258936558 tempest-AggregatesAdminTestJSON-258936558-project] Network 518ead9e-2a5e-4d5c-840e-286f78e90e98 is already hosted by enough agents. {{(pid=94846) _get_dhcp_agents_hosting_network /opt/stack/neutron/neutron/scheduler/dhcp_agent_scheduler.py:275}}
Aug 21 13:17:34.825567 n-d-801815-3 neutron-server[94846]: DEBUG neutron.scheduler.base_scheduler [req-6d4a50e7-59cc-4207-a2ca-57af017eb8e3 req-ac325da1-d6ba-4a0d-b843-eb665eb2a669 tempest-AggregatesAdminTestJSON-258936558 tempest-AggregatesAdminTestJSON-258936558-project] Resources bound (agent type, host, resource id): {{(pid=94846) schedule /opt/stack/neutron/neutron/scheduler/base_scheduler.py:57}}
Aug 21 13:17:34.838096 n-d-801815-3 neutron-server[94846]: DEBUG neutron.db.l3_dvrscheduler_db [req-6d4a50e7-59cc-4207-a2ca-57af017eb8e3 req-ac325da1-d6ba-4a0d-b843-eb665eb2a669 tempest-AggregatesAdminTestJSON-258936558 tempest-AggregatesAdminTestJSON-258936558-project] Received port after_create {{(pid=94846) _notify_l3_agent_new_port /opt/stack/neutron/neutron/db/l3_dvrscheduler_db.py:535}}
Aug 21 13:17:34.865776 n-d-801815-3 neutron-server[94846]: DEBUG neutron.pecan_wsgi.hooks.policy_enforcement [req-6d4a50e7-59cc-4207-a2ca-57af017eb8e3 req-ac325da1-d6ba-4a0d-b843-eb665eb2a669 tempest-AggregatesAdminTestJSON-258936558 tempest-AggregatesAdminTestJSON-258936558-project] Attributes excluded by policy engine: ['standard_attr_id', 'binding:profile', 'binding:host_id', 'binding:vif_type', 'binding:vif_details', 'network'] {{(pid=94846) _exclude_attributes_by_policy /opt/stack/neutron/neutron/pecan_wsgi/hooks/policy_enforcement.py:255}}
Aug 21 13:17:34.869837 n-d-801815-3 neutron-server[94846]: DEBUG neutron_lib.callbacks.manager [req-6d4a50e7-59cc-4207-a2ca-57af017eb8e3 req-ac325da1-d6ba-4a0d-b843-eb665eb2a669 tempest-AggregatesAdminTestJSON-258936558 tempest-AggregatesAdminTestJSON-258936558-project] Notify callbacks ['neutron.notifiers.nova.Notifier._send_nova_notification-4089327', 'neutron.api.rpc.agentnotifiers.dhcp_rpc_agent_api.DhcpAgentNotifyAPI._send_dhcp_notification-3642083'] for port, before_response {{(pid=94846) _notify_loop /usr/local/lib/python3.8/dist-packages/neutron_lib/callbacks/manager.py:192}}
Aug 21 13:17:34.903866 n-d-801815-3 neutron-server[94847]: DEBUG neutron.pecan_wsgi.hooks.policy_enforcement [req-eefac4d7-a16d-4c5b-be0c-cc5e35e9839d req-415865db-46ae-4b06-acd9-b1388b05c5d7 tempest-AggregatesAdminTestJSON-258936558 tempest-AggregatesAdminTestJSON-258936558-project] Attributes excluded by policy engine: ['standard_attr_id', 'binding:profile', 'binding:host_id', 'binding:vif_type', 'binding:vif_details'] {{(pid=94847) _exclude_attributes_by_policy /opt/stack/neutron/neutron/pecan_wsgi/hooks/policy_enforcement.py:255}}
Aug 21 13:17:34.905788 n-d-801815-3 neutron-server[94847]: INFO neutron.wsgi [req-eefac4d7-a16d-4c5b-be0c-cc5e35e9839d req-415865db-46ae-4b06-acd9-b1388b05c5d7 tempest-AggregatesAdminTestJSON-258936558 tempest-AggregatesAdminTestJSON-258936558-project] 10.222.0.37 "GET /v2.0/ports?device_id=883cc9f9-434d-4378-91ea-5169f55c66bb HTTP/1.1" status: 200 len: 936 time: 0.2356870
Aug 21 13:17:34.924208 n-d-801815-3 neutron-server[94846]: INFO neutron.wsgi [req-6d4a50e7-59cc-4207-a2ca-57af017eb8e3 req-ac325da1-d6ba-4a0d-b843-eb665eb2a669 tempest-AggregatesAdminTestJSON-258936558 tempest-AggregatesAdminTestJSON-258936558-project] 10.222.0.25 "POST /v2.0/ports HTTP/1.1" status: 201 len: 938 time: 3.5191095
Aug 21 13:17:34.976160 n-d-801815-3 neutron-server[94847]: DEBUG neutron_lib.callbacks.manager [None req-13e2710b-87ee-4363-acc8-2f52fa94dcaf admin admin] Notify callbacks [] for security_group, before_delete {{(pid=94847) _notify_loop /usr/local/lib/python3.8/dist-packages/neutron_lib/callbacks/manager.py:192}}
Aug 21 13:17:34.986882 n-d-801815-3 neutron-server[94846]: DEBUG neutron.api.rpc.handlers.resources_rpc [None req-ac325da1-d6ba-4a0d-b843-eb665eb2a669 tempest-AggregatesAdminTestJSON-258936558 tempest-AggregatesAdminTestJSON-258936558-project] Pushing event updated for resources: {'Port': ['ID=5da72e28-a943-4700-9ab5-6796cb503e43,revision_number=1']} {{(pid=94846) push /opt/stack/neutron/neutron/api/rpc/handlers/resources_rpc.py:237}}
Aug 21 13:17:35.008108 n-d-801815-3 neutron-server[94846]: DEBUG neutron_lib.callbacks.manager [None req-8f4ee2b4-644b-4c65-ad9b-a1959dce47e9 admin admin] Notify callbacks [] for security_group, before_delete {{(pid=94846) _notify_loop /usr/local/lib/python3.8/dist-packages/neutron_lib/callbacks/manager.py:192}}
Aug 21 13:17:35.032414 n-d-801815-3 neutron-server[94847]: INFO neutron.wsgi [req-eefac4d7-a16d-4c5b-be0c-cc5e35e9839d req-7028f6e4-af85-4697-a90c-876b44b4226f tempest-AggregatesAdminTestJSON-258936558 tempest-AggregatesAdminTestJSON-258936558-project] 10.222.0.37 "GET /v2.0/security-groups?id=ed0e553e-c78e-4b80-b4a8-9abc37a599d8&fields=id&fields=name HTTP/1.1" status: 200 len: 286 time: 0.1191926
Aug 21 13:17:35.033655 n-d-801815-3 neutron-server[94846]: DEBUG neutron.pecan_wsgi.hooks.policy_enforcement [req-008c89ca-8780-4a10-b14b-82c9d5af2e27 req-827dd9fe-f80e-4e4e-8e3c-84ae63ce20c2 tempest-DeleteServersAdminTestJSON-1663687975 tempest-DeleteServersAdminTestJSON-1663687975-project] Attributes excluded by policy engine: ['standard_attr_id', 'binding:profile', 'binding:host_id', 'binding:vif_type', 'binding:vif_details'] {{(pid=94846) _exclude_attributes_by_policy /opt/stack/neutron/neutron/pecan_wsgi/hooks/policy_enforcement.py:255}}
Aug 21 13:17:35.043636 n-d-801815-3 neutron-server[94846]: INFO neutron.wsgi [req-008c89ca-8780-4a10-b14b-82c9d5af2e27 req-827dd9fe-f80e-4e4e-8e3c-84ae63ce20c2 tempest-DeleteServersAdminTestJSON-1663687975 tempest-DeleteServersAdminTestJSON-1663687975-project] 10.222.0.37 "GET /v2.0/ports?device_id=3cfd245a-7e9e-4c40-8720-4024cc0a3d20 HTTP/1.1" status: 200 len: 936 time: 0.2190959
Aug 21 13:17:35.062043 n-d-801815-3 neutron-server[94847]: DEBUG neutron_lib.callbacks.manager [None req-13e2710b-87ee-4363-acc8-2f52fa94dcaf admin admin] Notify callbacks [] for security_group, precommit_delete {{(pid=94847) _notify_loop /usr/local/lib/python3.8/dist-packages/neutron_lib/callbacks/manager.py:192}}
Aug 21 13:17:35.120944 n-d-801815-3 neutron-server[94847]: DEBUG neutron.wsgi [-] (94847) accepted ('10.222.0.37', 56042) {{(pid=94847) server /usr/local/lib/python3.8/dist-packages/eventlet/wsgi.py:982}}
Aug 21 13:17:35.140362 n-d-801815-3 neutron-server[94846]: DEBUG neutron_lib.callbacks.manager [None req-8f4ee2b4-644b-4c65-ad9b-a1959dce47e9 admin admin] Notify callbacks [] for security_group, precommit_delete {{(pid=94846) _notify_loop /usr/local/lib/python3.8/dist-packages/neutron_lib/callbacks/manager.py:192}}
Aug 21 13:17:35.153167 n-d-801815-3 neutron-server[94846]: INFO neutron.wsgi [req-008c89ca-8780-4a10-b14b-82c9d5af2e27 req-debf2dd3-ea6e-4d28-b69c-5d5df8fdb419 tempest-DeleteServersAdminTestJSON-1663687975 tempest-DeleteServersAdminTestJSON-1663687975-project] 10.222.0.37 "GET /v2.0/security-groups?id=cda90c44-1bd2-4cf2-81c4-fce93b96321d&fields=id&fields=name HTTP/1.1" status: 200 len: 286 time: 0.0986252
Aug 21 13:17:35.187633 n-d-801815-3 neutron-server[94847]: DEBUG neutron_lib.callbacks.manager [None req-22aea71c-266a-4fef-9c85-42fc0ec460ed admin admin] Notify callbacks [] for security_group, before_create {{(pid=94847) _notify_loop /usr/local/lib/python3.8/dist-packages/neutron_lib/callbacks/manager.py:192}}
Aug 21 13:17:35.192680 n-d-801815-3 neutron-server[94847]: DEBUG neutron_lib.callbacks.manager [None req-7af0ced5-9fdc-4cf6-ba52-38500c618673 admin admin] Notify callbacks [] for security_group, before_create {{(pid=94847) _notify_loop /usr/local/lib/python3.8/dist-packages/neutron_lib/callbacks/manager.py:192}}
Aug 21 13:17:35.257878 n-d-801815-3 neutron-server[94847]: DEBUG neutron_lib.db.api [None req-7af0ced5-9fdc-4cf6-ba52-38500c618673 admin admin] Retry wrapper got retriable exception: (pymysql.err.OperationalError) (1213, 'Deadlock found when trying to get lock; try restarting transaction')
Aug 21 13:17:35.257878 n-d-801815-3 neutron-server[94847]: [SQL: INSERT INTO reservations (project_id, id, expiration) VALUES (%(project_id)s, %(id)s, %(expiration)s)]
Aug 21 13:17:35.257878 n-d-801815-3 neutron-server[94847]: [parameters: {'project_id': '6f680c848cdd4fcf863c27cf59d3878c', 'id': 'd422c5d9-303a-4cde-a0aa-2b2c0ccb43a4', 'expiration': datetime.datetime(2021, 8, 21, 13, 19, 35, 250116)}]
Aug 21 13:17:35.257878 n-d-801815-3 neutron-server[94847]: (Background on this error at: https://sqlalche.me/e/14/e3q8) {{(pid=94847) wrapped /usr/local/lib/python3.8/dist-packages/neutron_lib/db/api.py:183}}
Aug 21 13:17:35.258329 n-d-801815-3 neutron-server[94847]: DEBUG oslo_db.api [None req-7af0ced5-9fdc-4cf6-ba52-38500c618673 admin admin] Performing DB retry for function neutron.db.securitygroups_db.SecurityGroupDbMixin.create_security_group {{(pid=94847) wrapper /usr/local/lib/python3.8/dist-packages/oslo_db/api.py:155}}
Aug 21 13:17:35.265008 n-d-801815-3 neutron-server[94847]: DEBUG neutron_lib.callbacks.manager [None req-13e2710b-87ee-4363-acc8-2f52fa94dcaf admin admin] Notify callbacks ['neutron.plugins.ml2.ovo_rpc._ObjectChangeHandler.handle_event-689987'] for security_group, after_delete {{(pid=94847) _notify_loop /usr/local/lib/python3.8/dist-packages/neutron_lib/callbacks/manager.py:192}}
