Aug 16 20:05:00.126886 n-d-801815-2 devstack@placement-api.service[107302]: DEBUG placement.objects.allocation_candidate [req-d5500156-0546-465c-b367-b177d55f3976 req-60d5b556-b408-4730-a584-9ffdaa7c1789 service placement] Merging candidates yields 2 allocation requests and 2 provider summaries {{(pid=107302) _merge_candidates /opt/stack/placement/placement/objects/allocation_candidate.py:783}}
Aug 16 20:05:00.131529 n-d-801815-2 devstack@placement-api.service[107302]: INFO placement.requestlog [req-d5500156-0546-465c-b367-b177d55f3976 req-60d5b556-b408-4730-a584-9ffdaa7c1789 service placement] 10.222.0.18 "GET /placement/allocation_candidates?limit=1000&resources=DISK_GB%3A1%2CMEMORY_MB%3A1024%2CVCPU%3A1&root_required=%21COMPUTE_STATUS_DISABLED" status: 200 len: 1309 microversion: 1.35
Aug 16 20:05:00.145504 n-d-801815-2 devstack@placement-api.service[107302]: [pid: 107302|app: 0|req: 113/228] 10.222.0.18 () {60 vars in 1507 bytes} [Mon Aug 16 20:04:59 2021] GET /placement/allocation_candidates?limit=1000&resources=DISK_GB%3A1%2CMEMORY_MB%3A1024%2CVCPU%3A1&root_required=%21COMPUTE_STATUS_DISABLED => generated 1309 bytes in 152 msecs (HTTP/1.1 200) 8 headers in 297 bytes (1 switches on core 0)
Aug 16 20:05:00.258132 n-d-801815-2 devstack@placement-api.service[107301]: DEBUG placement.requestlog [req-d5500156-0546-465c-b367-b177d55f3976 req-4047a815-a329-4a95-ad93-cc5a819cbce5 None None] Starting request: 10.222.0.18 "GET /placement/allocations/e80e67cf-12a2-48fe-80f9-3117a10e06b4" {{(pid=107301) __call__ /opt/stack/placement/placement/requestlog.py:55}}
Aug 16 20:05:00.270503 n-d-801815-2 devstack@placement-api.service[107301]: INFO placement.requestlog [req-d5500156-0546-465c-b367-b177d55f3976 req-4047a815-a329-4a95-ad93-cc5a819cbce5 service placement] 10.222.0.18 "GET /placement/allocations/e80e67cf-12a2-48fe-80f9-3117a10e06b4" status: 200 len: 19 microversion: 1.28
Aug 16 20:05:00.271096 n-d-801815-2 devstack@placement-api.service[107301]: [pid: 107301|app: 0|req: 116/229] 10.222.0.18 () {60 vars in 1381 bytes} [Mon Aug 16 20:05:00 2021] GET /placement/allocations/e80e67cf-12a2-48fe-80f9-3117a10e06b4 => generated 19 bytes in 13 msecs (HTTP/1.1 200) 8 headers in 295 bytes (1 switches on core 0)
Aug 16 20:05:00.278465 n-d-801815-2 devstack@placement-api.service[107302]: DEBUG placement.requestlog [req-d5500156-0546-465c-b367-b177d55f3976 req-c1dfd851-2204-45ae-baa1-88a830d9044c None None] Starting request: 10.222.0.18 "PUT /placement/allocations/e80e67cf-12a2-48fe-80f9-3117a10e06b4" {{(pid=107302) __call__ /opt/stack/placement/placement/requestlog.py:55}}
Aug 16 20:05:00.515585 n-d-801815-2 devstack@placement-api.service[107301]: DEBUG placement.requestlog [req-cb17afa0-2ba0-4a57-9d88-86597132bfeb req-4a959604-4c5f-4082-b344-18b63d74ec5b None None] Starting request: 10.222.0.58 "GET /placement/allocations/f3f664cf-f4ed-4d6f-8082-3c453c968d2e" {{(pid=107301) __call__ /opt/stack/placement/placement/requestlog.py:55}}
Aug 16 20:05:00.553010 n-d-801815-2 devstack@placement-api.service[107301]: INFO placement.requestlog [req-cb17afa0-2ba0-4a57-9d88-86597132bfeb req-4a959604-4c5f-4082-b344-18b63d74ec5b service placement] 10.222.0.58 "GET /placement/allocations/f3f664cf-f4ed-4d6f-8082-3c453c968d2e" status: 200 len: 258 microversion: 1.28
Aug 16 20:05:00.554440 n-d-801815-2 devstack@placement-api.service[107301]: [pid: 107301|app: 0|req: 117/230] 10.222.0.58 () {60 vars in 1378 bytes} [Mon Aug 16 20:05:00 2021] GET /placement/allocations/f3f664cf-f4ed-4d6f-8082-3c453c968d2e => generated 258 bytes in 39 msecs (HTTP/1.1 200) 8 headers in 296 bytes (2 switches on core 0)
Aug 16 20:05:00.971767 n-d-801815-2 devstack@placement-api.service[107302]: DEBUG placement.handlers.allocation [req-d5500156-0546-465c-b367-b177d55f3976 req-c1dfd851-2204-45ae-baa1-88a830d9044c service placement] Successfully wrote allocations [, , ] {{(pid=107302) _create_allocations /opt/stack/placement/placement/handlers/allocation.py:435}}
Aug 16 20:05:00.972308 n-d-801815-2 devstack@placement-api.service[107302]: INFO placement.requestlog [req-d5500156-0546-465c-b367-b177d55f3976 req-c1dfd851-2204-45ae-baa1-88a830d9044c service placement] 10.222.0.18 "PUT /placement/allocations/e80e67cf-12a2-48fe-80f9-3117a10e06b4" status: 204 len: 0 microversion: 1.35
Aug 16 20:05:00.972558 n-d-801815-2 devstack@placement-api.service[107302]: [pid: 107302|app: 0|req: 114/231] 10.222.0.18 () {64 vars in 1434 bytes} [Mon Aug 16 20:05:00 2021] PUT /placement/allocations/e80e67cf-12a2-48fe-80f9-3117a10e06b4 => generated 0 bytes in 695 msecs (HTTP/1.1 204) 5 headers in 199 bytes (2 switches on core 0)
Aug 16 20:05:02.234257 n-d-801815-2 devstack@placement-api.service[107301]: DEBUG placement.requestlog [req-d5500156-0546-465c-b367-b177d55f3976 req-d86011b7-112f-4395-b220-ef4c66bc6e38 None None] Starting request: 10.222.0.42 "GET /placement/allocations/e80e67cf-12a2-48fe-80f9-3117a10e06b4" {{(pid=107301) __call__ /opt/stack/placement/placement/requestlog.py:55}}
Aug 16 20:05:02.253710 n-d-801815-2 devstack@placement-api.service[107301]: INFO placement.requestlog [req-d5500156-0546-465c-b367-b177d55f3976 req-d86011b7-112f-4395-b220-ef4c66bc6e38 service placement] 10.222.0.42 "GET /placement/allocations/e80e67cf-12a2-48fe-80f9-3117a10e06b4" status: 200 len: 259 microversion: 1.28
Aug 16 20:05:02.256339 n-d-801815-2 devstack@placement-api.service[107301]: [pid: 107301|app: 0|req: 118/232] 10.222.0.42 () {60 vars in 1378 bytes} [Mon Aug 16 20:05:02 2021] GET /placement/allocations/e80e67cf-12a2-48fe-80f9-3117a10e06b4 => generated 259 bytes in 21 msecs (HTTP/1.1 200) 8 headers in 296 bytes (2 switches on core 0)
Aug 16 20:05:03.042249 n-d-801815-2 devstack@placement-api.service[107302]: DEBUG placement.requestlog [req-ed820d65-0c70-44d4-9754-52c46d1fb09d req-cd205135-b0d5-45b3-a54e-199b4141f904 None None] Starting request: 10.222.0.58 "GET /placement/resource_providers/ef8df4b8-f511-4bbb-9f55-92afed34799c/allocations" {{(pid=107302) __call__ /opt/stack/placement/placement/requestlog.py:55}}
Aug 16 20:05:03.075158 n-d-801815-2 devstack@placement-api.service[107302]: INFO placement.requestlog [req-ed820d65-0c70-44d4-9754-52c46d1fb09d req-cd205135-b0d5-45b3-a54e-199b4141f904 service placement] 10.222.0.58 "GET /placement/resource_providers/ef8df4b8-f511-4bbb-9f55-92afed34799c/allocations" status: 200 len: 658 microversion: 1.0
Aug 16 20:05:03.075908 n-d-801815-2 devstack@placement-api.service[107302]: [pid: 107302|app: 0|req: 115/233] 10.222.0.58 () {58 vars in 1391 bytes} [Mon Aug 16 20:05:03 2021] GET /placement/resource_providers/ef8df4b8-f511-4bbb-9f55-92afed34799c/allocations => generated 658 bytes in 34 msecs (HTTP/1.1 200) 6 headers in 224 bytes (1 switches on core 0)
Aug 16 20:05:06.447822 n-d-801815-2 devstack@placement-api.service[107301]: DEBUG placement.requestlog [req-21de761c-f23a-44eb-98bd-bd1adf932c73 req-8db372c0-629e-4cbf-a600-82e036bbdf3e None None] Starting request: 10.222.0.42 "GET /placement/resource_providers/1b2f26fc-0d82-4b76-b9a2-269ed2e6439e/allocations" {{(pid=107301) __call__ /opt/stack/placement/placement/requestlog.py:55}}
Aug 16 20:05:06.484504 n-d-801815-2 devstack@placement-api.service[107301]: INFO placement.requestlog [req-21de761c-f23a-44eb-98bd-bd1adf932c73 req-8db372c0-629e-4cbf-a600-82e036bbdf3e service placement] 10.222.0.42 "GET /placement/resource_providers/1b2f26fc-0d82-4b76-b9a2-269ed2e6439e/allocations" status: 200 len: 760 microversion: 1.0
Aug 16 20:05:06.490634 n-d-801815-2 devstack@placement-api.service[107301]: [pid: 107301|app: 0|req: 119/234] 10.222.0.42 () {58 vars in 1391 bytes} [Mon Aug 16 20:05:06 2021] GET /placement/resource_providers/1b2f26fc-0d82-4b76-b9a2-269ed2e6439e/allocations => generated 760 bytes in 37 msecs (HTTP/1.1 200) 6 headers in 224 bytes (1 switches on core 0)
Aug 16 20:05:18.883020 n-d-801815-2 devstack@placement-api.service[107302]: DEBUG placement.requestlog [req-19dcb807-c48e-4bca-bb89-5f787329f712 req-6f61f75d-eb92-4161-97b8-6c6da9c0cb49 None None] Starting request: 10.222.0.58 "GET /placement/allocations/7a252293-a608-45f0-bdb3-ab33e55f961f" {{(pid=107302) __call__ /opt/stack/placement/placement/requestlog.py:55}}
Aug 16 20:05:18.902226 n-d-801815-2 devstack@placement-api.service[107302]: INFO placement.requestlog [req-19dcb807-c48e-4bca-bb89-5f787329f712 req-6f61f75d-eb92-4161-97b8-6c6da9c0cb49 service placement] 10.222.0.58 "GET /placement/allocations/7a252293-a608-45f0-bdb3-ab33e55f961f" status: 200 len: 259 microversion: 1.28
Aug 16 20:05:18.903064 n-d-801815-2 devstack@placement-api.service[107302]: [pid: 107302|app: 0|req: 116/235] 10.222.0.58 () {60 vars in 1378 bytes} [Mon Aug 16 20:05:18 2021] GET /placement/allocations/7a252293-a608-45f0-bdb3-ab33e55f961f => generated 259 bytes in 20 msecs (HTTP/1.1 200) 8 headers in 296 bytes (1 switches on core 0)
Aug 16 20:05:18.912474 n-d-801815-2 devstack@placement-api.service[107301]: DEBUG placement.requestlog [req-19dcb807-c48e-4bca-bb89-5f787329f712 req-20a95c4e-3a2d-423f-afa7-765d0d5e015c None None] Starting request: 10.222.0.58 "PUT /placement/allocations/7a252293-a608-45f0-bdb3-ab33e55f961f" {{(pid=107301) __call__ /opt/stack/placement/placement/requestlog.py:55}}
Aug 16 20:05:19.057199 n-d-801815-2 devstack@placement-api.service[107301]: DEBUG placement.handlers.allocation [req-19dcb807-c48e-4bca-bb89-5f787329f712 req-20a95c4e-3a2d-423f-afa7-765d0d5e015c service placement] Successfully wrote allocations [, , ] {{(pid=107301) _create_allocations /opt/stack/placement/placement/handlers/allocation.py:435}}
Aug 16 20:05:19.057723 n-d-801815-2 devstack@placement-api.service[107301]: INFO placement.requestlog [req-19dcb807-c48e-4bca-bb89-5f787329f712 req-20a95c4e-3a2d-423f-afa7-765d0d5e015c service placement] 10.222.0.58 "PUT /placement/allocations/7a252293-a608-45f0-bdb3-ab33e55f961f" status: 204 len: 0 microversion: 1.28
Aug 16 20:05:19.057955 n-d-801815-2 devstack@placement-api.service[107301]: [pid: 107301|app: 0|req: 120/236] 10.222.0.58 () {64 vars in 1431 bytes} [Mon Aug 16 20:05:18 2021] PUT /placement/allocations/7a252293-a608-45f0-bdb3-ab33e55f961f => generated 0 bytes in 146 msecs (HTTP/1.1 204) 5 headers in 199 bytes (1 switches on core 0)
Aug 16 20:05:20.734551 n-d-801815-2 devstack@placement-api.service[107302]: DEBUG placement.requestlog [req-4afd43da-d076-47e5-9498-59673689a691 req-2f5a10d7-e428-4dc8-b6c9-6ac511375d14 None None] Starting request: 10.222.0.18 "GET /placement/allocation_candidates?limit=1000&resources=DISK_GB%3A1%2CMEMORY_MB%3A1024%2CVCPU%3A1&root_required=%21COMPUTE_STATUS_DISABLED" {{(pid=107302) __call__ /opt/stack/placement/placement/requestlog.py:55}}
Aug 16 20:05:20.774612 n-d-801815-2 devstack@placement-api.service[107302]: DEBUG placement.objects.research_context [req-4afd43da-d076-47e5-9498-59673689a691 req-2f5a10d7-e428-4dc8-b6c9-6ac511375d14 service placement] getting providers with 1 DISK_GB {{(pid=107302) __init__ /opt/stack/placement/placement/objects/research_context.py:126}}
Aug 16 20:05:20.787264 n-d-801815-2 devstack@placement-api.service[107302]: DEBUG placement.objects.research_context [req-4afd43da-d076-47e5-9498-59673689a691 req-2f5a10d7-e428-4dc8-b6c9-6ac511375d14 service placement] getting providers with 1024 MEMORY_MB {{(pid=107302) __init__ /opt/stack/placement/placement/objects/research_context.py:126}}
Aug 16 20:05:20.795191 n-d-801815-2 devstack@placement-api.service[107302]: DEBUG placement.objects.research_context [req-4afd43da-d076-47e5-9498-59673689a691 req-2f5a10d7-e428-4dc8-b6c9-6ac511375d14 service placement] getting providers with 1 VCPU {{(pid=107302) __init__ /opt/stack/placement/placement/objects/research_context.py:126}}
Aug 16 20:05:20.811381 n-d-801815-2 devstack@placement-api.service[107302]: DEBUG placement.objects.research_context [req-4afd43da-d076-47e5-9498-59673689a691 req-2f5a10d7-e428-4dc8-b6c9-6ac511375d14 service placement] found 2 providers with available 1 DISK_GB {{(pid=107302) get_provider_ids_matching /opt/stack/placement/placement/objects/research_context.py:549}}
Aug 16 20:05:20.811936 n-d-801815-2 devstack@placement-api.service[107302]: DEBUG placement.objects.research_context [req-4afd43da-d076-47e5-9498-59673689a691 req-2f5a10d7-e428-4dc8-b6c9-6ac511375d14 service placement] found 2 providers with available 1024 MEMORY_MB {{(pid=107302) get_provider_ids_matching /opt/stack/placement/placement/objects/research_context.py:549}}
Aug 16 20:05:20.812515 n-d-801815-2 devstack@placement-api.service[107302]: DEBUG placement.objects.research_context [req-4afd43da-d076-47e5-9498-59673689a691 req-2f5a10d7-e428-4dc8-b6c9-6ac511375d14 service placement] found 2 providers after filtering by previous result {{(pid=107302) get_provider_ids_matching /opt/stack/placement/placement/objects/research_context.py:580}}
Aug 16 20:05:20.812775 n-d-801815-2 devstack@placement-api.service[107302]: DEBUG placement.objects.research_context [req-4afd43da-d076-47e5-9498-59673689a691 req-2f5a10d7-e428-4dc8-b6c9-6ac511375d14 service placement] found 2 providers with available 1 VCPU {{(pid=107302) get_provider_ids_matching /opt/stack/placement/placement/objects/research_context.py:549}}
Aug 16 20:05:20.813037 n-d-801815-2 devstack@placement-api.service[107302]: DEBUG placement.objects.research_context [req-4afd43da-d076-47e5-9498-59673689a691 req-2f5a10d7-e428-4dc8-b6c9-6ac511375d14 service placement] found 2 providers after filtering by previous result {{(pid=107302) get_provider_ids_matching /opt/stack/placement/placement/objects/research_context.py:580}}
Aug 16 20:05:20.830349 n-d-801815-2 devstack@placement-api.service[107302]: DEBUG placement.objects.allocation_candidate [req-4afd43da-d076-47e5-9498-59673689a691 req-2f5a10d7-e428-4dc8-b6c9-6ac511375d14 service placement] RequestGroup(use_same_provider=False, resources={DISK_GB:1, MEMORY_MB:1024, VCPU:1}, traits=[], aggregates=[]) (suffix '') returned 2 matches {{(pid=107302) _get_by_requests /opt/stack/placement/placement/objects/allocation_candidate.py:145}}
Aug 16 20:05:20.830643 n-d-801815-2 devstack@placement-api.service[107302]: DEBUG placement.objects.allocation_candidate [req-4afd43da-d076-47e5-9498-59673689a691 req-2f5a10d7-e428-4dc8-b6c9-6ac511375d14 service placement] Merging candidates yields 2 allocation requests and 2 provider summaries {{(pid=107302) _merge_candidates /opt/stack/placement/placement/objects/allocation_candidate.py:783}}
Aug 16 20:05:20.832652 n-d-801815-2 devstack@placement-api.service[107302]: INFO placement.requestlog [req-4afd43da-d076-47e5-9498-59673689a691 req-2f5a10d7-e428-4dc8-b6c9-6ac511375d14 service placement] 10.222.0.18 "GET /placement/allocation_candidates?limit=1000&resources=DISK_GB%3A1%2CMEMORY_MB%3A1024%2CVCPU%3A1&root_required=%21COMPUTE_STATUS_DISABLED" status: 200 len: 1309 microversion: 1.35
Aug 16 20:05:20.833464 n-d-801815-2 devstack@placement-api.service[107302]: [pid: 107302|app: 0|req: 117/237] 10.222.0.18 () {60 vars in 1507 bytes} [Mon Aug 16 20:05:20 2021] GET /placement/allocation_candidates?limit=1000&resources=DISK_GB%3A1%2CMEMORY_MB%3A1024%2CVCPU%3A1&root_required=%21COMPUTE_STATUS_DISABLED => generated 1309 bytes in 99 msecs (HTTP/1.1 200) 8 headers in 297 bytes (1 switches on core 0)
Aug 16 20:05:20.968409 n-d-801815-2 devstack@placement-api.service[107301]: DEBUG placement.requestlog [req-4afd43da-d076-47e5-9498-59673689a691 req-dd6bf17d-663e-4165-9917-0b3697a39792 None None] Starting request: 10.222.0.18 "GET /placement/allocations/f598cad9-16e8-49d4-bfce-d5abfbd34213" {{(pid=107301) __call__ /opt/stack/placement/placement/requestlog.py:55}}
Aug 16 20:05:20.987096 n-d-801815-2 devstack@placement-api.service[107301]: INFO placement.requestlog [req-4afd43da-d076-47e5-9498-59673689a691 req-dd6bf17d-663e-4165-9917-0b3697a39792 service placement] 10.222.0.18 "GET /placement/allocations/f598cad9-16e8-49d4-bfce-d5abfbd34213" status: 200 len: 19 microversion: 1.28
Aug 16 20:05:20.990593 n-d-801815-2 devstack@placement-api.service[107301]: [pid: 107301|app: 0|req: 121/238] 10.222.0.18 () {60 vars in 1381 bytes} [Mon Aug 16 20:05:20 2021] GET /placement/allocations/f598cad9-16e8-49d4-bfce-d5abfbd34213 => generated 19 bytes in 22 msecs (HTTP/1.1 200) 8 headers in 295 bytes (1 switches on core 0)
Aug 16 20:05:20.999378 n-d-801815-2 devstack@placement-api.service[107302]: DEBUG placement.requestlog [req-4afd43da-d076-47e5-9498-59673689a691 req-1ba31031-97df-4fc9-ac07-41727a93b0ce None None] Starting request: 10.222.0.18 "PUT /placement/allocations/f598cad9-16e8-49d4-bfce-d5abfbd34213" {{(pid=107302) __call__ /opt/stack/placement/placement/requestlog.py:55}}
Aug 16 20:05:21.445902 n-d-801815-2 devstack@placement-api.service[107302]: DEBUG placement.handlers.allocation [req-4afd43da-d076-47e5-9498-59673689a691 req-1ba31031-97df-4fc9-ac07-41727a93b0ce service placement] Successfully wrote allocations [, , ] {{(pid=107302) _create_allocations /opt/stack/placement/placement/handlers/allocation.py:435}}
Aug 16 20:05:21.446385 n-d-801815-2 devstack@placement-api.service[107302]: INFO placement.requestlog [req-4afd43da-d076-47e5-9498-59673689a691 req-1ba31031-97df-4fc9-ac07-41727a93b0ce service placement] 10.222.0.18 "PUT /placement/allocations/f598cad9-16e8-49d4-bfce-d5abfbd34213" status: 204 len: 0 microversion: 1.35
Aug 16 20:05:21.446900 n-d-801815-2 devstack@placement-api.service[107302]: [pid: 107302|app: 0|req: 118/239] 10.222.0.18 () {64 vars in 1434 bytes} [Mon Aug 16 20:05:20 2021] PUT /placement/allocations/f598cad9-16e8-49d4-bfce-d5abfbd34213 => generated 0 bytes in 448 msecs (HTTP/1.1 204) 5 headers in 199 bytes (1 switches on core 0)
Aug 16 20:05:22.893630 n-d-801815-2 devstack@placement-api.service[107301]: DEBUG placement.requestlog [req-4afd43da-d076-47e5-9498-59673689a691 req-fcbbf2c7-686f-4c76-a7e5-900b5c39c78e None None] Starting request: 10.222.0.58 "GET /placement/allocations/f598cad9-16e8-49d4-bfce-d5abfbd34213" {{(pid=107301) __call__ /opt/stack/placement/placement/requestlog.py:55}}
Aug 16 20:05:22.932249 n-d-801815-2 devstack@placement-api.service[107301]: INFO placement.requestlog [req-4afd43da-d076-47e5-9498-59673689a691 req-fcbbf2c7-686f-4c76-a7e5-900b5c39c78e service placement] 10.222.0.58 "GET /placement/allocations/f598cad9-16e8-49d4-bfce-d5abfbd34213" status: 200 len: 259 microversion: 1.28
Aug 16 20:05:22.932735 n-d-801815-2 devstack@placement-api.service[107301]: [pid: 107301|app: 0|req: 122/240] 10.222.0.58 () {60 vars in 1378 bytes} [Mon Aug 16 20:05:22 2021] GET /placement/allocations/f598cad9-16e8-49d4-bfce-d5abfbd34213 => generated 259 bytes in 41 msecs (HTTP/1.1 200) 8 headers in 296 bytes (1 switches on core 0)
Aug 16 20:05:23.469189 n-d-801815-2 devstack@placement-api.service[107302]: DEBUG placement.requestlog [None req-c22c856e-f5d3-4150-89f8-78043fa4d12c None None] Starting request: 10.222.0.18 "GET /placement/" {{(pid=107302) __call__ /opt/stack/placement/placement/requestlog.py:55}}
Aug 16 20:05:23.470220 n-d-801815-2 devstack@placement-api.service[107302]: INFO placement.requestlog [None req-c22c856e-f5d3-4150-89f8-78043fa4d12c None None] 10.222.0.18 "GET /placement/" status: 200 len: 136 microversion: 1.0
Aug 16 20:05:23.470661 n-d-801815-2 devstack@placement-api.service[107302]: [pid: 107302|app: 0|req: 119/241] 10.222.0.18 () {54 vars in 916 bytes} [Mon Aug 16 20:05:23 2021] GET /placement => generated 136 bytes in 2 msecs (HTTP/1.1 200) 6 headers in 224 bytes (2 switches on core 0)
Aug 16 20:05:23.486094 n-d-801815-2 devstack@placement-api.service[107301]: DEBUG placement.requestlog [req-e296bfe6-4676-4b22-81a3-21a2e1aaaca3 req-56a222ba-26a2-4f16-8e18-0b29c50b13ee None None] Starting request: 10.222.0.18 "GET /placement/allocations/128d177f-ce6c-4559-91bd-a8f1c89a7916" {{(pid=107301) __call__ /opt/stack/placement/placement/requestlog.py:55}}
Aug 16 20:05:23.597279 n-d-801815-2 devstack@placement-api.service[107301]: INFO placement.requestlog [req-e296bfe6-4676-4b22-81a3-21a2e1aaaca3 req-56a222ba-26a2-4f16-8e18-0b29c50b13ee service placement] 10.222.0.18 "GET /placement/allocations/128d177f-ce6c-4559-91bd-a8f1c89a7916" status: 200 len: 259 microversion: 1.28
Aug 16 20:05:23.603604 n-d-801815-2 devstack@placement-api.service[107302]: DEBUG placement.requestlog [req-e296bfe6-4676-4b22-81a3-21a2e1aaaca3 req-fa5aee66-eca2-44b2-bdb0-2d910c26c995 None None] Starting request: 10.222.0.18 "GET /placement/allocations/128d177f-ce6c-4559-91bd-a8f1c89a7916" {{(pid=107302) __call__ /opt/stack/placement/placement/requestlog.py:55}}
Aug 16 20:05:23.613225 n-d-801815-2 devstack@placement-api.service[107301]: [pid: 107301|app: 0|req: 123/242] 10.222.0.18 () {60 vars in 1381 bytes} [Mon Aug 16 20:05:23 2021] GET /placement/allocations/128d177f-ce6c-4559-91bd-a8f1c89a7916 => generated 259 bytes in 127 msecs (HTTP/1.1 200) 8 headers in 296 bytes (1 switches on core 0)
Aug 16 20:05:23.628787 n-d-801815-2 devstack@placement-api.service[107302]: INFO placement.requestlog [req-e296bfe6-4676-4b22-81a3-21a2e1aaaca3 req-fa5aee66-eca2-44b2-bdb0-2d910c26c995 service placement] 10.222.0.18 "GET /placement/allocations/128d177f-ce6c-4559-91bd-a8f1c89a7916" status: 200 len: 259 microversion: 1.28
Aug 16 20:05:23.629284 n-d-801815-2 devstack@placement-api.service[107302]: [pid: 107302|app: 0|req: 120/243] 10.222.0.18 () {60 vars in 1381 bytes} [Mon Aug 16 20:05:23 2021] GET /placement/allocations/128d177f-ce6c-4559-91bd-a8f1c89a7916 => generated 259 bytes in 26 msecs (HTTP/1.1 200) 8 headers in 296 bytes (1 switches on core 0)
Aug 16 20:05:23.635905 n-d-801815-2 devstack@placement-api.service[107301]: DEBUG placement.requestlog [req-e296bfe6-4676-4b22-81a3-21a2e1aaaca3 req-e4ce6daa-87cf-45f6-afd0-bf187a417f57 None None] Starting request: 10.222.0.18 "GET /placement/allocations/29565671-21aa-4458-a14b-dda7c58dbbca" {{(pid=107301) __call__ /opt/stack/placement/placement/requestlog.py:55}}
Aug 16 20:05:23.661463 n-d-801815-2 devstack@placement-api.service[107301]: INFO placement.requestlog [req-e296bfe6-4676-4b22-81a3-21a2e1aaaca3 req-e4ce6daa-87cf-45f6-afd0-bf187a417f57 service placement] 10.222.0.18 "GET /placement/allocations/29565671-21aa-4458-a14b-dda7c58dbbca" status: 200 len: 19 microversion: 1.28
Aug 16 20:05:23.662385 n-d-801815-2 devstack@placement-api.service[107301]: [pid: 107301|app: 0|req: 124/244] 10.222.0.18 () {60 vars in 1381 bytes} [Mon Aug 16 20:05:23 2021] GET /placement/allocations/29565671-21aa-4458-a14b-dda7c58dbbca => generated 19 bytes in 27 msecs (HTTP/1.1 200) 8 headers in 295 bytes (1 switches on core 0)
Aug 16 20:05:23.672616 n-d-801815-2 devstack@placement-api.service[107302]: DEBUG placement.requestlog [req-e296bfe6-4676-4b22-81a3-21a2e1aaaca3 req-a7b9f59d-3a0b-4c74-a4dd-2e68a53fb57d None None] Starting request: 10.222.0.18 "POST /placement/allocations" {{(pid=107302) __call__ /opt/stack/placement/placement/requestlog.py:55}}
Aug 16 20:05:23.995016 n-d-801815-2 devstack@placement-api.service[107302]: DEBUG placement.handlers.allocation [req-e296bfe6-4676-4b22-81a3-21a2e1aaaca3 req-a7b9f59d-3a0b-4c74-a4dd-2e68a53fb57d service placement] Successfully wrote allocations [, , , , , ] {{(pid=107302) _create_allocations /opt/stack/placement/placement/handlers/allocation.py:524}}
Aug 16 20:05:23.995689 n-d-801815-2 devstack@placement-api.service[107302]: INFO placement.requestlog [req-e296bfe6-4676-4b22-81a3-21a2e1aaaca3 req-a7b9f59d-3a0b-4c74-a4dd-2e68a53fb57d service placement] 10.222.0.18 "POST /placement/allocations" status: 204 len: 0 microversion: 1.28
Aug 16 20:05:23.996014 n-d-801815-2 devstack@placement-api.service[107302]: [pid: 107302|app: 0|req: 121/245] 10.222.0.18 () {64 vars in 1324 bytes} [Mon Aug 16 20:05:23 2021] POST /placement/allocations => generated 0 bytes in 324 msecs (HTTP/1.1 204) 5 headers in 199 bytes (1 switches on core 0)
Aug 16 20:05:24.032138 n-d-801815-2 devstack@placement-api.service[107301]: DEBUG placement.requestlog [req-e296bfe6-4676-4b22-81a3-21a2e1aaaca3 req-5026b846-9d62-4d30-bdc4-4a9f6fb585e5 None None] Starting request: 10.222.0.18 "GET /placement/allocations/128d177f-ce6c-4559-91bd-a8f1c89a7916" {{(pid=107301) __call__ /opt/stack/placement/placement/requestlog.py:55}}
Aug 16 20:05:24.045732 n-d-801815-2 devstack@placement-api.service[107301]: INFO placement.requestlog [req-e296bfe6-4676-4b22-81a3-21a2e1aaaca3 req-5026b846-9d62-4d30-bdc4-4a9f6fb585e5 service placement] 10.222.0.18 "GET /placement/allocations/128d177f-ce6c-4559-91bd-a8f1c89a7916" status: 200 len: 19 microversion: 1.28
Aug 16 20:05:24.046580 n-d-801815-2 devstack@placement-api.service[107301]: [pid: 107301|app: 0|req: 125/246] 10.222.0.18 () {60 vars in 1381 bytes} [Mon Aug 16 20:05:24 2021] GET /placement/allocations/128d177f-ce6c-4559-91bd-a8f1c89a7916 => generated 19 bytes in 15 msecs (HTTP/1.1 200) 8 headers in 295 bytes (1 switches on core 0)
Aug 16 20:05:24.054269 n-d-801815-2 devstack@placement-api.service[107302]: DEBUG placement.requestlog [req-e296bfe6-4676-4b22-81a3-21a2e1aaaca3 req-95a34253-bddd-411d-ae1a-6999bd4c77ab None None] Starting request: 10.222.0.18 "PUT /placement/allocations/128d177f-ce6c-4559-91bd-a8f1c89a7916" {{(pid=107302) __call__ /opt/stack/placement/placement/requestlog.py:55}}
Aug 16 20:05:24.099143 n-d-801815-2 devstack@placement-api.service[107301]: DEBUG placement.requestlog [req-cb17afa0-2ba0-4a57-9d88-86597132bfeb req-ba77627f-3245-494c-b6fd-088c483e3d4e None None] Starting request: 10.222.0.58 "GET /placement/allocations/f3f664cf-f4ed-4d6f-8082-3c453c968d2e" {{(pid=107301) __call__ /opt/stack/placement/placement/requestlog.py:55}}
Aug 16 20:05:24.118828 n-d-801815-2 devstack@placement-api.service[107301]: INFO placement.requestlog [req-cb17afa0-2ba0-4a57-9d88-86597132bfeb req-ba77627f-3245-494c-b6fd-088c483e3d4e service placement] 10.222.0.58 "GET /placement/allocations/f3f664cf-f4ed-4d6f-8082-3c453c968d2e" status: 200 len: 258 microversion: 1.28
Aug 16 20:05:24.119967 n-d-801815-2 devstack@placement-api.service[107301]: [pid: 107301|app: 0|req: 126/247] 10.222.0.58 () {60 vars in 1378 bytes} [Mon Aug 16 20:05:24 2021] GET /placement/allocations/f3f664cf-f4ed-4d6f-8082-3c453c968d2e => generated 258 bytes in 21 msecs (HTTP/1.1 200) 8 headers in 296 bytes (1 switches on core 0)
Aug 16 20:05:24.319779 n-d-801815-2 devstack@placement-api.service[107302]: DEBUG placement.handlers.allocation [req-e296bfe6-4676-4b22-81a3-21a2e1aaaca3 req-95a34253-bddd-411d-ae1a-6999bd4c77ab service placement] Successfully wrote allocations [, , ] {{(pid=107302) _create_allocations /opt/stack/placement/placement/handlers/allocation.py:435}}
Aug 16 20:05:24.321084 n-d-801815-2 devstack@placement-api.service[107302]: INFO placement.requestlog [req-e296bfe6-4676-4b22-81a3-21a2e1aaaca3 req-95a34253-bddd-411d-ae1a-6999bd4c77ab service placement] 10.222.0.18 "PUT /placement/allocations/128d177f-ce6c-4559-91bd-a8f1c89a7916" status: 204 len: 0 microversion: 1.28
Aug 16 20:05:24.322121 n-d-801815-2 devstack@placement-api.service[107302]: [pid: 107302|app: 0|req: 122/248] 10.222.0.18 () {64 vars in 1434 bytes} [Mon Aug 16 20:05:24 2021] PUT /placement/allocations/128d177f-ce6c-4559-91bd-a8f1c89a7916 => generated 0 bytes in 268 msecs (HTTP/1.1 204) 5 headers in 199 bytes (1 switches on core 0)
Aug 16 20:05:24.625007 n-d-801815-2 devstack@placement-api.service[107301]: DEBUG placement.requestlog [req-e296bfe6-4676-4b22-81a3-21a2e1aaaca3 req-f37d75cb-0671-4564-93d4-3f559a0c4815 None None] Starting request: 10.222.0.42 "GET /placement/allocations/128d177f-ce6c-4559-91bd-a8f1c89a7916" {{(pid=107301) __call__ /opt/stack/placement/placement/requestlog.py:55}}
Aug 16 20:05:24.645604 n-d-801815-2 devstack@placement-api.service[107301]: INFO placement.requestlog [req-e296bfe6-4676-4b22-81a3-21a2e1aaaca3 req-f37d75cb-0671-4564-93d4-3f559a0c4815 service placement] 10.222.0.42 "GET /placement/allocations/128d177f-ce6c-4559-91bd-a8f1c89a7916" status: 200 len: 259 microversion: 1.28
Aug 16 20:05:24.646441 n-d-801815-2 devstack@placement-api.service[107301]: [pid: 107301|app: 0|req: 127/249] 10.222.0.42 () {60 vars in 1378 bytes} [Mon Aug 16 20:05:24 2021] GET /placement/allocations/128d177f-ce6c-4559-91bd-a8f1c89a7916 => generated 259 bytes in 23 msecs (HTTP/1.1 200) 8 headers in 296 bytes (2 switches on core 0)
Aug 16 20:05:31.426755 n-d-801815-2 devstack@placement-api.service[107302]: DEBUG placement.requestlog [req-72e4b112-2cb9-437b-99b8-81c8843ffe3c req-3b5ffd74-3ad5-4279-bb9d-528ba33a18c8 None None] Starting request: 10.222.0.42 "GET /placement/allocations/c09b48e5-550c-4ec1-83de-5fec75c98298" {{(pid=107302) __call__ /opt/stack/placement/placement/requestlog.py:55}}
Aug 16 20:05:31.452811 n-d-801815-2 devstack@placement-api.service[107302]: INFO placement.requestlog [req-72e4b112-2cb9-437b-99b8-81c8843ffe3c req-3b5ffd74-3ad5-4279-bb9d-528ba33a18c8 service placement] 10.222.0.42 "GET /placement/allocations/c09b48e5-550c-4ec1-83de-5fec75c98298" status: 200 len: 259 microversion: 1.28
Aug 16 20:05:31.453788 n-d-801815-2 devstack@placement-api.service[107302]: [pid: 107302|app: 0|req: 123/250] 10.222.0.42 () {60 vars in 1378 bytes} [Mon Aug 16 20:05:31 2021] GET /placement/allocations/c09b48e5-550c-4ec1-83de-5fec75c98298 => generated 259 bytes in 28 msecs (HTTP/1.1 200) 8 headers in 296 bytes (1 switches on core 0)
Aug 16 20:05:31.464720 n-d-801815-2 devstack@placement-api.service[107301]: DEBUG placement.requestlog [req-72e4b112-2cb9-437b-99b8-81c8843ffe3c req-7c5f10bc-1f88-4fdd-9318-b60a68806ca3 None None] Starting request: 10.222.0.42 "PUT /placement/allocations/c09b48e5-550c-4ec1-83de-5fec75c98298" {{(pid=107301) __call__ /opt/stack/placement/placement/requestlog.py:55}}
Aug 16 20:05:31.599445 n-d-801815-2 devstack@placement-api.service[107301]: DEBUG placement.handlers.allocation [req-72e4b112-2cb9-437b-99b8-81c8843ffe3c req-7c5f10bc-1f88-4fdd-9318-b60a68806ca3 service placement] Successfully wrote allocations [, , ] {{(pid=107301) _create_allocations /opt/stack/placement/placement/handlers/allocation.py:435}}
Aug 16 20:05:31.600038 n-d-801815-2 devstack@placement-api.service[107301]: INFO placement.requestlog [req-72e4b112-2cb9-437b-99b8-81c8843ffe3c req-7c5f10bc-1f88-4fdd-9318-b60a68806ca3 service placement] 10.222.0.42 "PUT /placement/allocations/c09b48e5-550c-4ec1-83de-5fec75c98298" status: 204 len: 0 microversion: 1.28
Aug 16 20:05:31.600779 n-d-801815-2 devstack@placement-api.service[107301]: [pid: 107301|app: 0|req: 128/251] 10.222.0.42 () {64 vars in 1431 bytes} [Mon Aug 16 20:05:31 2021] PUT /placement/allocations/c09b48e5-550c-4ec1-83de-5fec75c98298 => generated 0 bytes in 136 msecs (HTTP/1.1 204) 5 headers in 199 bytes (1 switches on core 0)
Aug 16 20:05:35.872811 n-d-801815-2 devstack@placement-api.service[107302]: DEBUG placement.requestlog [None req-d8b75c58-0eaf-4cf6-9350-afa0377f162f None None] Starting request: 10.222.0.18 "GET /placement/" {{(pid=107302) __call__ /opt/stack/placement/placement/requestlog.py:55}}
Aug 16 20:05:35.874721 n-d-801815-2 devstack@placement-api.service[107302]: INFO placement.requestlog [None req-d8b75c58-0eaf-4cf6-9350-afa0377f162f None None] 10.222.0.18 "GET /placement/" status: 200 len: 136 microversion: 1.0
Aug 16 20:05:35.875453 n-d-801815-2 devstack@placement-api.service[107302]: [pid: 107302|app: 0|req: 124/252] 10.222.0.18 () {54 vars in 916 bytes} [Mon Aug 16 20:05:35 2021] GET /placement => generated 136 bytes in 3 msecs (HTTP/1.1 200) 6 headers in 224 bytes (1 switches on core 0)
Aug 16 20:05:35.887944 n-d-801815-2 devstack@placement-api.service[107301]: DEBUG placement.requestlog [req-35e4e04f-996b-416f-98b8-e5a9f9cd17dd req-c078449c-39e2-4279-8122-edc1a7ca8069 None None] Starting request: 10.222.0.18 "GET /placement/allocations/e665d015-2fc0-4941-a996-ac0cc0865f68" {{(pid=107301) __call__ /opt/stack/placement/placement/requestlog.py:55}}
Aug 16 20:05:35.969017 n-d-801815-2 devstack@placement-api.service[107301]: INFO placement.requestlog [req-35e4e04f-996b-416f-98b8-e5a9f9cd17dd req-c078449c-39e2-4279-8122-edc1a7ca8069 service placement] 10.222.0.18 "GET /placement/allocations/e665d015-2fc0-4941-a996-ac0cc0865f68" status: 200 len: 259 microversion: 1.28
Aug 16 20:05:35.969519 n-d-801815-2 devstack@placement-api.service[107301]: [pid: 107301|app: 0|req: 129/253] 10.222.0.18 () {60 vars in 1381 bytes} [Mon Aug 16 20:05:35 2021] GET /placement/allocations/e665d015-2fc0-4941-a996-ac0cc0865f68 => generated 259 bytes in 84 msecs (HTTP/1.1 200) 8 headers in 296 bytes (1 switches on core 0)
Aug 16 20:05:35.975941 n-d-801815-2 devstack@placement-api.service[107302]: DEBUG placement.requestlog [req-35e4e04f-996b-416f-98b8-e5a9f9cd17dd req-78685485-e5f7-43f2-8c19-9030953728b4 None None] Starting request: 10.222.0.18 "GET /placement/allocations/e665d015-2fc0-4941-a996-ac0cc0865f68" {{(pid=107302) __call__ /opt/stack/placement/placement/requestlog.py:55}}
Aug 16 20:05:35.994112 n-d-801815-2 devstack@placement-api.service[107302]: INFO placement.requestlog [req-35e4e04f-996b-416f-98b8-e5a9f9cd17dd req-78685485-e5f7-43f2-8c19-9030953728b4 service placement] 10.222.0.18 "GET /placement/allocations/e665d015-2fc0-4941-a996-ac0cc0865f68" status: 200 len: 259 microversion: 1.28
Aug 16 20:05:36.001456 n-d-801815-2 devstack@placement-api.service[107302]: [pid: 107302|app: 0|req: 125/254] 10.222.0.18 () {60 vars in 1381 bytes} [Mon Aug 16 20:05:35 2021] GET /placement/allocations/e665d015-2fc0-4941-a996-ac0cc0865f68 => generated 259 bytes in 19 msecs (HTTP/1.1 200) 8 headers in 296 bytes (1 switches on core 0)
Aug 16 20:05:36.006092 n-d-801815-2 devstack@placement-api.service[107301]: DEBUG placement.requestlog [req-35e4e04f-996b-416f-98b8-e5a9f9cd17dd req-b8864da2-c289-4008-bda0-0cc64d79bf0f None None] Starting request: 10.222.0.18 "GET /placement/allocations/31fa1806-0b9f-45cc-bd2f-822efcfd46d5" {{(pid=107301) __call__ /opt/stack/placement/placement/requestlog.py:55}}
Aug 16 20:05:36.016513 n-d-801815-2 devstack@placement-api.service[107301]: INFO placement.requestlog [req-35e4e04f-996b-416f-98b8-e5a9f9cd17dd req-b8864da2-c289-4008-bda0-0cc64d79bf0f service placement] 10.222.0.18 "GET /placement/allocations/31fa1806-0b9f-45cc-bd2f-822efcfd46d5" status: 200 len: 19 microversion: 1.28
Aug 16 20:05:36.016729 n-d-801815-2 devstack@placement-api.service[107301]: [pid: 107301|app: 0|req: 130/255] 10.222.0.18 () {60 vars in 1381 bytes} [Mon Aug 16 20:05:36 2021] GET /placement/allocations/31fa1806-0b9f-45cc-bd2f-822efcfd46d5 => generated 19 bytes in 11 msecs (HTTP/1.1 200) 8 headers in 295 bytes (1 switches on core 0)
Aug 16 20:05:36.023422 n-d-801815-2 devstack@placement-api.service[107302]: DEBUG placement.requestlog [req-35e4e04f-996b-416f-98b8-e5a9f9cd17dd req-1cfb229d-b1bd-4e75-a8c5-623146f3f497 None None] Starting request: 10.222.0.18 "POST /placement/allocations" {{(pid=107302) __call__ /opt/stack/placement/placement/requestlog.py:55}}
Aug 16 20:05:36.380024 n-d-801815-2 devstack@placement-api.service[107302]: DEBUG placement.handlers.allocation [req-35e4e04f-996b-416f-98b8-e5a9f9cd17dd req-1cfb229d-b1bd-4e75-a8c5-623146f3f497 service placement] Successfully wrote allocations [, , , , , ] {{(pid=107302) _create_allocations /opt/stack/placement/placement/handlers/allocation.py:524}}
Aug 16 20:05:36.380715 n-d-801815-2 devstack@placement-api.service[107302]: INFO placement.requestlog [req-35e4e04f-996b-416f-98b8-e5a9f9cd17dd req-1cfb229d-b1bd-4e75-a8c5-623146f3f497 service placement] 10.222.0.18 "POST /placement/allocations" status: 204 len: 0 microversion: 1.28
Aug 16 20:05:36.395476 n-d-801815-2 devstack@placement-api.service[107302]: [pid: 107302|app: 0|req: 126/256] 10.222.0.18 () {64 vars in 1324 bytes} [Mon Aug 16 20:05:36 2021] POST /placement/allocations => generated 0 bytes in 358 msecs (HTTP/1.1 204) 5 headers in 199 bytes (2 switches on core 0)
Aug 16 20:05:36.428881 n-d-801815-2 devstack@placement-api.service[107301]: DEBUG placement.requestlog [req-35e4e04f-996b-416f-98b8-e5a9f9cd17dd req-a39595e2-9564-4a43-9cbf-39d27e65904e None None] Starting request: 10.222.0.18 "GET /placement/allocations/e665d015-2fc0-4941-a996-ac0cc0865f68" {{(pid=107301) __call__ /opt/stack/placement/placement/requestlog.py:55}}
Aug 16 20:05:36.443902 n-d-801815-2 devstack@placement-api.service[107301]: INFO placement.requestlog [req-35e4e04f-996b-416f-98b8-e5a9f9cd17dd req-a39595e2-9564-4a43-9cbf-39d27e65904e service placement] 10.222.0.18 "GET /placement/allocations/e665d015-2fc0-4941-a996-ac0cc0865f68" status: 200 len: 19 microversion: 1.28
Aug 16 20:05:36.452145 n-d-801815-2 devstack@placement-api.service[107301]: [pid: 107301|app: 0|req: 131/257] 10.222.0.18 () {60 vars in 1381 bytes} [Mon Aug 16 20:05:36 2021] GET /placement/allocations/e665d015-2fc0-4941-a996-ac0cc0865f68 => generated 19 bytes in 23 msecs (HTTP/1.1 200) 8 headers in 295 bytes (1 switches on core 0)
Aug 16 20:05:36.455934 n-d-801815-2 devstack@placement-api.service[107302]: DEBUG placement.requestlog [req-35e4e04f-996b-416f-98b8-e5a9f9cd17dd req-5af0c6d7-0902-4f08-8a04-0ed14bc3c2d4 None None] Starting request: 10.222.0.18 "PUT /placement/allocations/e665d015-2fc0-4941-a996-ac0cc0865f68" {{(pid=107302) __call__ /opt/stack/placement/placement/requestlog.py:55}}
Aug 16 20:05:36.698497 n-d-801815-2 devstack@placement-api.service[107302]: DEBUG placement.handlers.allocation [req-35e4e04f-996b-416f-98b8-e5a9f9cd17dd req-5af0c6d7-0902-4f08-8a04-0ed14bc3c2d4 service placement] Successfully wrote allocations [, , ] {{(pid=107302) _create_allocations /opt/stack/placement/placement/handlers/allocation.py:435}}
Aug 16 20:05:36.699302 n-d-801815-2 devstack@placement-api.service[107302]: INFO placement.requestlog [req-35e4e04f-996b-416f-98b8-e5a9f9cd17dd req-5af0c6d7-0902-4f08-8a04-0ed14bc3c2d4 service placement] 10.222.0.18 "PUT /placement/allocations/e665d015-2fc0-4941-a996-ac0cc0865f68" status: 204 len: 0 microversion: 1.28
Aug 16 20:05:36.699764 n-d-801815-2 devstack@placement-api.service[107302]: [pid: 107302|app: 0|req: 127/258] 10.222.0.18 () {64 vars in 1434 bytes} [Mon Aug 16 20:05:36 2021] PUT /placement/allocations/e665d015-2fc0-4941-a996-ac0cc0865f68 => generated 0 bytes in 246 msecs (HTTP/1.1 204) 5 headers in 199 bytes (2 switches on core 0)
Aug 16 20:05:36.922151 n-d-801815-2 devstack@placement-api.service[107301]: DEBUG placement.requestlog [req-35e4e04f-996b-416f-98b8-e5a9f9cd17dd req-54edc190-8cfc-4d76-b0b5-2ea29a642427 None None] Starting request: 10.222.0.42 "GET /placement/allocations/e665d015-2fc0-4941-a996-ac0cc0865f68" {{(pid=107301) __call__ /opt/stack/placement/placement/requestlog.py:55}}
Aug 16 20:05:36.938582 n-d-801815-2 devstack@placement-api.service[107301]: INFO placement.requestlog [req-35e4e04f-996b-416f-98b8-e5a9f9cd17dd req-54edc190-8cfc-4d76-b0b5-2ea29a642427 service placement] 10.222.0.42 "GET /placement/allocations/e665d015-2fc0-4941-a996-ac0cc0865f68" status: 200 len: 259 microversion: 1.28
Aug 16 20:05:36.939152 n-d-801815-2 devstack@placement-api.service[107301]: [pid: 107301|app: 0|req: 132/259] 10.222.0.42 () {60 vars in 1378 bytes} [Mon Aug 16 20:05:36 2021] GET /placement/allocations/e665d015-2fc0-4941-a996-ac0cc0865f68 => generated 259 bytes in 17 msecs (HTTP/1.1 200) 8 headers in 296 bytes (1 switches on core 0)
Aug 16 20:05:38.110595 n-d-801815-2 devstack@placement-api.service[107302]: DEBUG placement.requestlog [req-de2757ad-6835-4beb-aaa2-6dc65e0dbee9 req-4b52295c-c797-41a4-b1dc-4193c95b01e8 None None] Starting request: 10.222.0.18 "GET /placement/allocation_candidates?limit=1000&resources=DISK_GB%3A1%2CMEMORY_MB%3A1024%2CVCPU%3A1&root_required=%21COMPUTE_STATUS_DISABLED" {{(pid=107302) __call__ /opt/stack/placement/placement/requestlog.py:55}}
Aug 16 20:05:38.180222 n-d-801815-2 devstack@placement-api.service[107302]: DEBUG placement.objects.research_context [req-de2757ad-6835-4beb-aaa2-6dc65e0dbee9 req-4b52295c-c797-41a4-b1dc-4193c95b01e8 service placement] getting providers with 1 DISK_GB {{(pid=107302) __init__ /opt/stack/placement/placement/objects/research_context.py:126}}
Aug 16 20:05:38.187010 n-d-801815-2 devstack@placement-api.service[107302]: DEBUG placement.objects.research_context [req-de2757ad-6835-4beb-aaa2-6dc65e0dbee9 req-4b52295c-c797-41a4-b1dc-4193c95b01e8 service placement] getting providers with 1024 MEMORY_MB {{(pid=107302) __init__ /opt/stack/placement/placement/objects/research_context.py:126}}
Aug 16 20:05:38.194151 n-d-801815-2 devstack@placement-api.service[107302]: DEBUG placement.objects.research_context [req-de2757ad-6835-4beb-aaa2-6dc65e0dbee9 req-4b52295c-c797-41a4-b1dc-4193c95b01e8 service placement] getting providers with 1 VCPU {{(pid=107302) __init__ /opt/stack/placement/placement/objects/research_context.py:126}}
Aug 16 20:05:38.213315 n-d-801815-2 devstack@placement-api.service[107302]: DEBUG placement.objects.research_context [req-de2757ad-6835-4beb-aaa2-6dc65e0dbee9 req-4b52295c-c797-41a4-b1dc-4193c95b01e8 service placement] found 2 providers with available 1 DISK_GB {{(pid=107302) get_provider_ids_matching /opt/stack/placement/placement/objects/research_context.py:549}}
Aug 16 20:05:38.213315 n-d-801815-2 devstack@placement-api.service[107302]: DEBUG placement.objects.research_context [req-de2757ad-6835-4beb-aaa2-6dc65e0dbee9 req-4b52295c-c797-41a4-b1dc-4193c95b01e8 service placement] found 2 providers with available 1024 MEMORY_MB {{(pid=107302) get_provider_ids_matching /opt/stack/placement/placement/objects/research_context.py:549}}
Aug 16 20:05:38.213315 n-d-801815-2 devstack@placement-api.service[107302]: DEBUG placement.objects.research_context [req-de2757ad-6835-4beb-aaa2-6dc65e0dbee9 req-4b52295c-c797-41a4-b1dc-4193c95b01e8 service placement] found 2 providers after filtering by previous result {{(pid=107302) get_provider_ids_matching /opt/stack/placement/placement/objects/research_context.py:580}}
Aug 16 20:05:38.213315 n-d-801815-2 devstack@placement-api.service[107302]: DEBUG placement.objects.research_context [req-de2757ad-6835-4beb-aaa2-6dc65e0dbee9 req-4b52295c-c797-41a4-b1dc-4193c95b01e8 service placement] found 2 providers with available 1 VCPU {{(pid=107302) get_provider_ids_matching /opt/stack/placement/placement/objects/research_context.py:549}}
Aug 16 20:05:38.213315 n-d-801815-2 devstack@placement-api.service[107302]: DEBUG placement.objects.research_context [req-de2757ad-6835-4beb-aaa2-6dc65e0dbee9 req-4b52295c-c797-41a4-b1dc-4193c95b01e8 service placement] found 2 providers after filtering by previous result {{(pid=107302) get_provider_ids_matching /opt/stack/placement/placement/objects/research_context.py:580}}
Aug 16 20:05:38.213315 n-d-801815-2 devstack@placement-api.service[107302]: DEBUG placement.objects.allocation_candidate [req-de2757ad-6835-4beb-aaa2-6dc65e0dbee9 req-4b52295c-c797-41a4-b1dc-4193c95b01e8 service placement] RequestGroup(use_same_provider=False, resources={DISK_GB:1, MEMORY_MB:1024, VCPU:1}, traits=[], aggregates=[]) (suffix '') returned 2 matches {{(pid=107302) _get_by_requests /opt/stack/placement/placement/objects/allocation_candidate.py:145}}
Aug 16 20:05:38.213315 n-d-801815-2 devstack@placement-api.service[107302]: DEBUG placement.objects.allocation_candidate [req-de2757ad-6835-4beb-aaa2-6dc65e0dbee9 req-4b52295c-c797-41a4-b1dc-4193c95b01e8 service placement] Merging candidates yields 2 allocation requests and 2 provider summaries {{(pid=107302) _merge_candidates /opt/stack/placement/placement/objects/allocation_candidate.py:783}}
Aug 16 20:05:38.215534 n-d-801815-2 devstack@placement-api.service[107302]: INFO placement.requestlog [req-de2757ad-6835-4beb-aaa2-6dc65e0dbee9 req-4b52295c-c797-41a4-b1dc-4193c95b01e8 service placement] 10.222.0.18 "GET /placement/allocation_candidates?limit=1000&resources=DISK_GB%3A1%2CMEMORY_MB%3A1024%2CVCPU%3A1&root_required=%21COMPUTE_STATUS_DISABLED" status: 200 len: 1309 microversion: 1.35
Aug 16 20:05:38.216010 n-d-801815-2 devstack@placement-api.service[107302]: [pid: 107302|app: 0|req: 128/260] 10.222.0.18 () {60 vars in 1507 bytes} [Mon Aug 16 20:05:38 2021] GET /placement/allocation_candidates?limit=1000&resources=DISK_GB%3A1%2CMEMORY_MB%3A1024%2CVCPU%3A1&root_required=%21COMPUTE_STATUS_DISABLED => generated 1309 bytes in 108 msecs (HTTP/1.1 200) 8 headers in 297 bytes (1 switches on core 0)
Aug 16 20:05:38.268339 n-d-801815-2 devstack@placement-api.service[107301]: DEBUG placement.requestlog [req-de2757ad-6835-4beb-aaa2-6dc65e0dbee9 req-255cdc17-30aa-4948-b321-1878fedda4cd None None] Starting request: 10.222.0.18 "GET /placement/allocations/ed359a40-de69-45eb-9111-59c7bb32c8f4" {{(pid=107301) __call__ /opt/stack/placement/placement/requestlog.py:55}}
Aug 16 20:05:38.281271 n-d-801815-2 devstack@placement-api.service[107301]: INFO placement.requestlog [req-de2757ad-6835-4beb-aaa2-6dc65e0dbee9 req-255cdc17-30aa-4948-b321-1878fedda4cd service placement] 10.222.0.18 "GET /placement/allocations/ed359a40-de69-45eb-9111-59c7bb32c8f4" status: 200 len: 19 microversion: 1.28
Aug 16 20:05:38.282021 n-d-801815-2 devstack@placement-api.service[107301]: [pid: 107301|app: 0|req: 133/261] 10.222.0.18 () {60 vars in 1381 bytes} [Mon Aug 16 20:05:38 2021] GET /placement/allocations/ed359a40-de69-45eb-9111-59c7bb32c8f4 => generated 19 bytes in 14 msecs (HTTP/1.1 200) 8 headers in 295 bytes (1 switches on core 0)
Aug 16 20:05:38.290810 n-d-801815-2 devstack@placement-api.service[107302]: DEBUG placement.requestlog [req-de2757ad-6835-4beb-aaa2-6dc65e0dbee9 req-f949931d-8ad6-4ec1-a3e3-303d5fb3d94f None None] Starting request: 10.222.0.18 "PUT /placement/allocations/ed359a40-de69-45eb-9111-59c7bb32c8f4" {{(pid=107302) __call__ /opt/stack/placement/placement/requestlog.py:55}}
Aug 16 20:05:38.722896 n-d-801815-2 devstack@placement-api.service[107302]: DEBUG placement.handlers.allocation [req-de2757ad-6835-4beb-aaa2-6dc65e0dbee9 req-f949931d-8ad6-4ec1-a3e3-303d5fb3d94f service placement] Successfully wrote allocations [, , ] {{(pid=107302) _create_allocations /opt/stack/placement/placement/handlers/allocation.py:435}}
Aug 16 20:05:38.726595 n-d-801815-2 devstack@placement-api.service[107302]: INFO placement.requestlog [req-de2757ad-6835-4beb-aaa2-6dc65e0dbee9 req-f949931d-8ad6-4ec1-a3e3-303d5fb3d94f service placement] 10.222.0.18 "PUT /placement/allocations/ed359a40-de69-45eb-9111-59c7bb32c8f4" status: 204 len: 0 microversion: 1.35
Aug 16 20:05:38.726595 n-d-801815-2 devstack@placement-api.service[107302]: [pid: 107302|app: 0|req: 129/262] 10.222.0.18 () {64 vars in 1434 bytes} [Mon Aug 16 20:05:38 2021] PUT /placement/allocations/ed359a40-de69-45eb-9111-59c7bb32c8f4 => generated 0 bytes in 434 msecs (HTTP/1.1 204) 5 headers in 199 bytes (1 switches on core 0)
Aug 16 20:05:39.442970 n-d-801815-2 devstack@placement-api.service[107301]: DEBUG placement.requestlog [req-feed22cc-6fa9-402e-b2a8-a031a67139b0 req-0ad6067d-0375-405a-a64c-fc5e08a8919f None None] Starting request: 10.222.0.42 "GET /placement/allocations/6105912a-ab71-4ea0-96a9-c45e42cec06a" {{(pid=107301) __call__ /opt/stack/placement/placement/requestlog.py:55}}
Aug 16 20:05:39.489707 n-d-801815-2 devstack@placement-api.service[107301]: INFO placement.requestlog [req-feed22cc-6fa9-402e-b2a8-a031a67139b0 req-0ad6067d-0375-405a-a64c-fc5e08a8919f service placement] 10.222.0.42 "GET /placement/allocations/6105912a-ab71-4ea0-96a9-c45e42cec06a" status: 200 len: 259 microversion: 1.28
Aug 16 20:05:39.491911 n-d-801815-2 devstack@placement-api.service[107301]: [pid: 107301|app: 0|req: 134/263] 10.222.0.42 () {60 vars in 1378 bytes} [Mon Aug 16 20:05:39 2021] GET /placement/allocations/6105912a-ab71-4ea0-96a9-c45e42cec06a => generated 259 bytes in 50 msecs (HTTP/1.1 200) 8 headers in 296 bytes (1 switches on core 0)
Aug 16 20:05:39.506950 n-d-801815-2 devstack@placement-api.service[107302]: DEBUG placement.requestlog [req-feed22cc-6fa9-402e-b2a8-a031a67139b0 req-c2720cb0-9289-406c-b43e-61483257fe51 None None] Starting request: 10.222.0.42 "PUT /placement/allocations/6105912a-ab71-4ea0-96a9-c45e42cec06a" {{(pid=107302) __call__ /opt/stack/placement/placement/requestlog.py:55}}
Aug 16 20:05:39.662541 n-d-801815-2 devstack@placement-api.service[107302]: DEBUG placement.handlers.allocation [req-feed22cc-6fa9-402e-b2a8-a031a67139b0 req-c2720cb0-9289-406c-b43e-61483257fe51 service placement] Successfully wrote allocations [, , ] {{(pid=107302) _create_allocations /opt/stack/placement/placement/handlers/allocation.py:435}}
Aug 16 20:05:39.663416 n-d-801815-2 devstack@placement-api.service[107302]: INFO placement.requestlog [req-feed22cc-6fa9-402e-b2a8-a031a67139b0 req-c2720cb0-9289-406c-b43e-61483257fe51 service placement] 10.222.0.42 "PUT /placement/allocations/6105912a-ab71-4ea0-96a9-c45e42cec06a" status: 204 len: 0 microversion: 1.28
Aug 16 20:05:39.664191 n-d-801815-2 devstack@placement-api.service[107302]: [pid: 107302|app: 0|req: 130/264] 10.222.0.42 () {64 vars in 1431 bytes} [Mon Aug 16 20:05:39 2021] PUT /placement/allocations/6105912a-ab71-4ea0-96a9-c45e42cec06a => generated 0 bytes in 157 msecs (HTTP/1.1 204) 5 headers in 199 bytes (1 switches on core 0)
Aug 16 20:05:40.054625 n-d-801815-2 devstack@placement-api.service[107301]: DEBUG placement.requestlog [req-de2757ad-6835-4beb-aaa2-6dc65e0dbee9 req-8845e536-da56-4ac6-99a2-67a20b24b64f None None] Starting request: 10.222.0.58 "GET /placement/allocations/ed359a40-de69-45eb-9111-59c7bb32c8f4" {{(pid=107301) __call__ /opt/stack/placement/placement/requestlog.py:55}}
Aug 16 20:05:40.074237 n-d-801815-2 devstack@placement-api.service[107301]: INFO placement.requestlog [req-de2757ad-6835-4beb-aaa2-6dc65e0dbee9 req-8845e536-da56-4ac6-99a2-67a20b24b64f service placement] 10.222.0.58 "GET /placement/allocations/ed359a40-de69-45eb-9111-59c7bb32c8f4" status: 200 len: 259 microversion: 1.28
Aug 16 20:05:40.074505 n-d-801815-2 devstack@placement-api.service[107301]: [pid: 107301|app: 0|req: 135/265] 10.222.0.58 () {60 vars in 1378 bytes} [Mon Aug 16 20:05:40 2021] GET /placement/allocations/ed359a40-de69-45eb-9111-59c7bb32c8f4 => generated 259 bytes in 20 msecs (HTTP/1.1 200) 8 headers in 296 bytes (2 switches on core 0)
