Jul 30 18:04:45.913438 n-d-801743-5 devstack@placement-api.service[101694]: INFO placement.requestlog [req-a6ee4850-54f7-42c7-bead-f84030184875 req-74af3023-a23f-4720-9616-eb1b50db28a4 service placement] 10.222.0.20 "GET /placement/allocations/6d7549d4-bb19-4712-8888-0f325e604024" status: 200 len: 259 microversion: 1.28
Jul 30 18:04:45.915269 n-d-801743-5 devstack@placement-api.service[101694]: [pid: 101694|app: 0|req: 310/634] 10.222.0.20 () {60 vars in 1378 bytes} [Fri Jul 30 18:04:45 2021] GET /placement/allocations/6d7549d4-bb19-4712-8888-0f325e604024 => generated 259 bytes in 45 msecs (HTTP/1.1 200) 8 headers in 296 bytes (1 switches on core 0)
Jul 30 18:04:59.156853 n-d-801743-5 devstack@placement-api.service[101695]: DEBUG placement.requestlog [req-1fb87ffc-b6da-43e8-a2d3-2a7505e7cbd3 req-37813c17-b026-4383-9671-b1e415a926b1 None None] Starting request: 10.222.0.63 "GET /placement/allocations/c7bb149f-47bb-4dda-9ec5-db73599d933e" {{(pid=101695) __call__ /opt/stack/placement/placement/requestlog.py:55}}
Jul 30 18:04:59.237165 n-d-801743-5 devstack@placement-api.service[101695]: INFO placement.requestlog [req-1fb87ffc-b6da-43e8-a2d3-2a7505e7cbd3 req-37813c17-b026-4383-9671-b1e415a926b1 service placement] 10.222.0.63 "GET /placement/allocations/c7bb149f-47bb-4dda-9ec5-db73599d933e" status: 200 len: 259 microversion: 1.28
Jul 30 18:04:59.251747 n-d-801743-5 devstack@placement-api.service[101695]: [pid: 101695|app: 0|req: 325/635] 10.222.0.63 () {60 vars in 1378 bytes} [Fri Jul 30 18:04:59 2021] GET /placement/allocations/c7bb149f-47bb-4dda-9ec5-db73599d933e => generated 259 bytes in 88 msecs (HTTP/1.1 200) 8 headers in 296 bytes (1 switches on core 0)
Jul 30 18:04:59.253684 n-d-801743-5 devstack@placement-api.service[101694]: DEBUG placement.requestlog [req-1fb87ffc-b6da-43e8-a2d3-2a7505e7cbd3 req-5523ef85-8ae6-4ab7-b181-32da08f80ece None None] Starting request: 10.222.0.63 "PUT /placement/allocations/c7bb149f-47bb-4dda-9ec5-db73599d933e" {{(pid=101694) __call__ /opt/stack/placement/placement/requestlog.py:55}}
Jul 30 18:04:59.541345 n-d-801743-5 devstack@placement-api.service[101694]: DEBUG placement.handlers.allocation [req-1fb87ffc-b6da-43e8-a2d3-2a7505e7cbd3 req-5523ef85-8ae6-4ab7-b181-32da08f80ece service placement] Successfully wrote allocations [, , ] {{(pid=101694) _create_allocations /opt/stack/placement/placement/handlers/allocation.py:435}}
Jul 30 18:04:59.543846 n-d-801743-5 devstack@placement-api.service[101694]: INFO placement.requestlog [req-1fb87ffc-b6da-43e8-a2d3-2a7505e7cbd3 req-5523ef85-8ae6-4ab7-b181-32da08f80ece service placement] 10.222.0.63 "PUT /placement/allocations/c7bb149f-47bb-4dda-9ec5-db73599d933e" status: 204 len: 0 microversion: 1.28
Jul 30 18:04:59.543846 n-d-801743-5 devstack@placement-api.service[101694]: [pid: 101694|app: 0|req: 311/636] 10.222.0.63 () {64 vars in 1431 bytes} [Fri Jul 30 18:04:59 2021] PUT /placement/allocations/c7bb149f-47bb-4dda-9ec5-db73599d933e => generated 0 bytes in 289 msecs (HTTP/1.1 204) 5 headers in 199 bytes (1 switches on core 0)
Jul 30 18:05:00.838588 n-d-801743-5 devstack@placement-api.service[101695]: DEBUG placement.requestlog [req-161b358c-f511-41f5-b359-73c4bc8840d6 req-72ac0349-fc58-481d-8bf0-e910974a6d62 None None] Starting request: 10.222.0.20 "GET /placement/resource_providers/9cdad8c6-db79-4c0a-8dc0-57d3db51e56e/allocations" {{(pid=101695) __call__ /opt/stack/placement/placement/requestlog.py:55}}
Jul 30 18:05:00.968210 n-d-801743-5 devstack@placement-api.service[101695]: INFO placement.requestlog [req-161b358c-f511-41f5-b359-73c4bc8840d6 req-72ac0349-fc58-481d-8bf0-e910974a6d62 service placement] 10.222.0.20 "GET /placement/resource_providers/9cdad8c6-db79-4c0a-8dc0-57d3db51e56e/allocations" status: 200 len: 658 microversion: 1.0
Jul 30 18:05:00.968584 n-d-801743-5 devstack@placement-api.service[101695]: [pid: 101695|app: 0|req: 326/637] 10.222.0.20 () {58 vars in 1391 bytes} [Fri Jul 30 18:05:00 2021] GET /placement/resource_providers/9cdad8c6-db79-4c0a-8dc0-57d3db51e56e/allocations => generated 658 bytes in 131 msecs (HTTP/1.1 200) 6 headers in 224 bytes (1 switches on core 0)
Jul 30 18:05:01.343653 n-d-801743-5 devstack@placement-api.service[101694]: DEBUG placement.requestlog [req-8008af16-5b28-4343-927a-eaa13b772ec2 req-5cd41d07-beca-42a9-9e55-080c68ec0670 None None] Starting request: 10.222.0.20 "GET /placement/allocations/a882356c-cbf3-414b-add0-b421cc5de916" {{(pid=101694) __call__ /opt/stack/placement/placement/requestlog.py:55}}
Jul 30 18:05:01.368559 n-d-801743-5 devstack@placement-api.service[101694]: INFO placement.requestlog [req-8008af16-5b28-4343-927a-eaa13b772ec2 req-5cd41d07-beca-42a9-9e55-080c68ec0670 service placement] 10.222.0.20 "GET /placement/allocations/a882356c-cbf3-414b-add0-b421cc5de916" status: 200 len: 259 microversion: 1.28
Jul 30 18:05:01.369694 n-d-801743-5 devstack@placement-api.service[101694]: [pid: 101694|app: 0|req: 312/638] 10.222.0.20 () {60 vars in 1378 bytes} [Fri Jul 30 18:05:01 2021] GET /placement/allocations/a882356c-cbf3-414b-add0-b421cc5de916 => generated 259 bytes in 27 msecs (HTTP/1.1 200) 8 headers in 296 bytes (2 switches on core 0)
Jul 30 18:05:01.379613 n-d-801743-5 devstack@placement-api.service[101695]: DEBUG placement.requestlog [req-8008af16-5b28-4343-927a-eaa13b772ec2 req-71e8345f-2c13-4bcd-ba50-37fb9eabe83c None None] Starting request: 10.222.0.20 "GET /placement/allocations/a882356c-cbf3-414b-add0-b421cc5de916" {{(pid=101695) __call__ /opt/stack/placement/placement/requestlog.py:55}}
Jul 30 18:05:01.442297 n-d-801743-5 devstack@placement-api.service[101695]: INFO placement.requestlog [req-8008af16-5b28-4343-927a-eaa13b772ec2 req-71e8345f-2c13-4bcd-ba50-37fb9eabe83c service placement] 10.222.0.20 "GET /placement/allocations/a882356c-cbf3-414b-add0-b421cc5de916" status: 200 len: 259 microversion: 1.28
Jul 30 18:05:01.442697 n-d-801743-5 devstack@placement-api.service[101695]: [pid: 101695|app: 0|req: 327/639] 10.222.0.20 () {60 vars in 1378 bytes} [Fri Jul 30 18:05:01 2021] GET /placement/allocations/a882356c-cbf3-414b-add0-b421cc5de916 => generated 259 bytes in 63 msecs (HTTP/1.1 200) 8 headers in 296 bytes (2 switches on core 0)
Jul 30 18:05:01.453181 n-d-801743-5 devstack@placement-api.service[101694]: DEBUG placement.requestlog [req-8008af16-5b28-4343-927a-eaa13b772ec2 req-80e0fd46-a599-4d76-ab01-b7576899adcd None None] Starting request: 10.222.0.20 "GET /placement/allocations/54c27ec5-195d-4d93-8196-f838ed2d6cd9" {{(pid=101694) __call__ /opt/stack/placement/placement/requestlog.py:55}}
Jul 30 18:05:01.494684 n-d-801743-5 devstack@placement-api.service[101694]: INFO placement.requestlog [req-8008af16-5b28-4343-927a-eaa13b772ec2 req-80e0fd46-a599-4d76-ab01-b7576899adcd service placement] 10.222.0.20 "GET /placement/allocations/54c27ec5-195d-4d93-8196-f838ed2d6cd9" status: 200 len: 258 microversion: 1.28
Jul 30 18:05:01.499999 n-d-801743-5 devstack@placement-api.service[101694]: [pid: 101694|app: 0|req: 313/640] 10.222.0.20 () {60 vars in 1378 bytes} [Fri Jul 30 18:05:01 2021] GET /placement/allocations/54c27ec5-195d-4d93-8196-f838ed2d6cd9 => generated 258 bytes in 48 msecs (HTTP/1.1 200) 8 headers in 296 bytes (2 switches on core 0)
Jul 30 18:05:01.510819 n-d-801743-5 devstack@placement-api.service[101695]: DEBUG placement.requestlog [req-8008af16-5b28-4343-927a-eaa13b772ec2 req-81275792-5b94-43b9-bb54-23fd7cfe7705 None None] Starting request: 10.222.0.20 "POST /placement/allocations" {{(pid=101695) __call__ /opt/stack/placement/placement/requestlog.py:55}}
Jul 30 18:05:01.691905 n-d-801743-5 devstack@placement-api.service[101694]: DEBUG placement.requestlog [req-d7b28a04-50df-40fd-952e-7490409f6b9e req-be47c194-b9dc-45de-a355-538e931416fa None None] Starting request: 10.222.0.63 "GET /placement/resource_providers/2771efe9-07c1-4c89-b3c8-2acae7217bca/allocations" {{(pid=101694) __call__ /opt/stack/placement/placement/requestlog.py:55}}
Jul 30 18:05:01.802264 n-d-801743-5 devstack@placement-api.service[101694]: INFO placement.requestlog [req-d7b28a04-50df-40fd-952e-7490409f6b9e req-be47c194-b9dc-45de-a355-538e931416fa service placement] 10.222.0.63 "GET /placement/resource_providers/2771efe9-07c1-4c89-b3c8-2acae7217bca/allocations" status: 200 len: 543 microversion: 1.0
Jul 30 18:05:01.803986 n-d-801743-5 devstack@placement-api.service[101694]: [pid: 101694|app: 0|req: 314/641] 10.222.0.63 () {58 vars in 1391 bytes} [Fri Jul 30 18:05:01 2021] GET /placement/resource_providers/2771efe9-07c1-4c89-b3c8-2acae7217bca/allocations => generated 543 bytes in 114 msecs (HTTP/1.1 200) 6 headers in 224 bytes (2 switches on core 0)
Jul 30 18:05:01.836526 n-d-801743-5 devstack@placement-api.service[101695]: DEBUG placement.handlers.allocation [req-8008af16-5b28-4343-927a-eaa13b772ec2 req-81275792-5b94-43b9-bb54-23fd7cfe7705 service placement] Successfully wrote allocations [, , , , , ] {{(pid=101695) _create_allocations /opt/stack/placement/placement/handlers/allocation.py:524}}
Jul 30 18:05:01.837449 n-d-801743-5 devstack@placement-api.service[101695]: INFO placement.requestlog [req-8008af16-5b28-4343-927a-eaa13b772ec2 req-81275792-5b94-43b9-bb54-23fd7cfe7705 service placement] 10.222.0.20 "POST /placement/allocations" status: 204 len: 0 microversion: 1.28
Jul 30 18:05:01.838239 n-d-801743-5 devstack@placement-api.service[101695]: [pid: 101695|app: 0|req: 328/642] 10.222.0.20 () {64 vars in 1321 bytes} [Fri Jul 30 18:05:01 2021] POST /placement/allocations => generated 0 bytes in 328 msecs (HTTP/1.1 204) 5 headers in 199 bytes (1 switches on core 0)
Jul 30 18:05:09.395979 n-d-801743-5 devstack@placement-api.service[101694]: DEBUG placement.requestlog [None req-3ae27b2f-ebda-41d2-869e-f38ce1ecdcf3 None None] Starting request: 10.222.0.66 "GET /placement/" {{(pid=101694) __call__ /opt/stack/placement/placement/requestlog.py:55}}
Jul 30 18:05:09.398832 n-d-801743-5 devstack@placement-api.service[101694]: INFO placement.requestlog [None req-3ae27b2f-ebda-41d2-869e-f38ce1ecdcf3 None None] 10.222.0.66 "GET /placement/" status: 200 len: 136 microversion: 1.0
Jul 30 18:05:09.400593 n-d-801743-5 devstack@placement-api.service[101694]: [pid: 101694|app: 0|req: 315/643] 10.222.0.66 () {54 vars in 907 bytes} [Fri Jul 30 18:05:09 2021] GET /placement => generated 136 bytes in 6 msecs (HTTP/1.1 200) 6 headers in 224 bytes (2 switches on core 0)
Jul 30 18:05:09.432380 n-d-801743-5 devstack@placement-api.service[101695]: DEBUG placement.requestlog [req-f9a736a1-bc5e-49f9-a16d-e2f70cd5b744 req-7e542c59-a9b7-424d-a5d9-a712745e02a4 None None] Starting request: 10.222.0.66 "GET /placement/allocations/c7bb149f-47bb-4dda-9ec5-db73599d933e" {{(pid=101695) __call__ /opt/stack/placement/placement/requestlog.py:55}}
Jul 30 18:05:09.627826 n-d-801743-5 devstack@placement-api.service[101695]: INFO placement.requestlog [req-f9a736a1-bc5e-49f9-a16d-e2f70cd5b744 req-7e542c59-a9b7-424d-a5d9-a712745e02a4 service placement] 10.222.0.66 "GET /placement/allocations/c7bb149f-47bb-4dda-9ec5-db73599d933e" status: 200 len: 19 microversion: 1.28
Jul 30 18:05:09.645013 n-d-801743-5 devstack@placement-api.service[101695]: [pid: 101695|app: 0|req: 329/644] 10.222.0.66 () {60 vars in 1372 bytes} [Fri Jul 30 18:05:09 2021] GET /placement/allocations/c7bb149f-47bb-4dda-9ec5-db73599d933e => generated 19 bytes in 214 msecs (HTTP/1.1 200) 8 headers in 295 bytes (1 switches on core 0)
Jul 30 18:05:15.254027 n-d-801743-5 devstack@placement-api.service[101694]: DEBUG placement.requestlog [req-74618e3f-7b4e-4fb0-ae00-b78f82f60c00 req-b91cf5f6-7cf6-46fe-8e6c-43426e49bce6 None None] Starting request: 10.222.0.66 "GET /placement/allocation_candidates?limit=1000&resources=DISK_GB%3A1%2CMEMORY_MB%3A1024%2CVCPU%3A1&root_required=%21COMPUTE_STATUS_DISABLED" {{(pid=101694) __call__ /opt/stack/placement/placement/requestlog.py:55}}
Jul 30 18:05:15.397896 n-d-801743-5 devstack@placement-api.service[101694]: DEBUG placement.objects.research_context [req-74618e3f-7b4e-4fb0-ae00-b78f82f60c00 req-b91cf5f6-7cf6-46fe-8e6c-43426e49bce6 service placement] getting providers with 1 DISK_GB {{(pid=101694) __init__ /opt/stack/placement/placement/objects/research_context.py:126}}
Jul 30 18:05:15.421965 n-d-801743-5 devstack@placement-api.service[101694]: DEBUG placement.objects.research_context [req-74618e3f-7b4e-4fb0-ae00-b78f82f60c00 req-b91cf5f6-7cf6-46fe-8e6c-43426e49bce6 service placement] getting providers with 1024 MEMORY_MB {{(pid=101694) __init__ /opt/stack/placement/placement/objects/research_context.py:126}}
Jul 30 18:05:15.450263 n-d-801743-5 devstack@placement-api.service[101694]: DEBUG placement.objects.research_context [req-74618e3f-7b4e-4fb0-ae00-b78f82f60c00 req-b91cf5f6-7cf6-46fe-8e6c-43426e49bce6 service placement] getting providers with 1 VCPU {{(pid=101694) __init__ /opt/stack/placement/placement/objects/research_context.py:126}}
Jul 30 18:05:15.489891 n-d-801743-5 devstack@placement-api.service[101694]: DEBUG placement.objects.research_context [req-74618e3f-7b4e-4fb0-ae00-b78f82f60c00 req-b91cf5f6-7cf6-46fe-8e6c-43426e49bce6 service placement] found 2 providers with available 1 DISK_GB {{(pid=101694) get_provider_ids_matching /opt/stack/placement/placement/objects/research_context.py:549}}
Jul 30 18:05:15.490233 n-d-801743-5 devstack@placement-api.service[101694]: DEBUG placement.objects.research_context [req-74618e3f-7b4e-4fb0-ae00-b78f82f60c00 req-b91cf5f6-7cf6-46fe-8e6c-43426e49bce6 service placement] found 2 providers with available 1024 MEMORY_MB {{(pid=101694) get_provider_ids_matching /opt/stack/placement/placement/objects/research_context.py:549}}
Jul 30 18:05:15.490427 n-d-801743-5 devstack@placement-api.service[101694]: DEBUG placement.objects.research_context [req-74618e3f-7b4e-4fb0-ae00-b78f82f60c00 req-b91cf5f6-7cf6-46fe-8e6c-43426e49bce6 service placement] found 2 providers after filtering by previous result {{(pid=101694) get_provider_ids_matching /opt/stack/placement/placement/objects/research_context.py:580}}
Jul 30 18:05:15.490706 n-d-801743-5 devstack@placement-api.service[101694]: DEBUG placement.objects.research_context [req-74618e3f-7b4e-4fb0-ae00-b78f82f60c00 req-b91cf5f6-7cf6-46fe-8e6c-43426e49bce6 service placement] found 2 providers with available 1 VCPU {{(pid=101694) get_provider_ids_matching /opt/stack/placement/placement/objects/research_context.py:549}}
Jul 30 18:05:15.490950 n-d-801743-5 devstack@placement-api.service[101694]: DEBUG placement.objects.research_context [req-74618e3f-7b4e-4fb0-ae00-b78f82f60c00 req-b91cf5f6-7cf6-46fe-8e6c-43426e49bce6 service placement] found 2 providers after filtering by previous result {{(pid=101694) get_provider_ids_matching /opt/stack/placement/placement/objects/research_context.py:580}}
Jul 30 18:05:15.536496 n-d-801743-5 devstack@placement-api.service[101694]: DEBUG placement.objects.allocation_candidate [req-74618e3f-7b4e-4fb0-ae00-b78f82f60c00 req-b91cf5f6-7cf6-46fe-8e6c-43426e49bce6 service placement] RequestGroup(use_same_provider=False, resources={DISK_GB:1, MEMORY_MB:1024, VCPU:1}, traits=[], aggregates=[]) (suffix '') returned 2 matches {{(pid=101694) _get_by_requests /opt/stack/placement/placement/objects/allocation_candidate.py:145}}
Jul 30 18:05:15.537266 n-d-801743-5 devstack@placement-api.service[101694]: DEBUG placement.objects.allocation_candidate [req-74618e3f-7b4e-4fb0-ae00-b78f82f60c00 req-b91cf5f6-7cf6-46fe-8e6c-43426e49bce6 service placement] Merging candidates yields 2 allocation requests and 2 provider summaries {{(pid=101694) _merge_candidates /opt/stack/placement/placement/objects/allocation_candidate.py:783}}
Jul 30 18:05:15.543568 n-d-801743-5 devstack@placement-api.service[101694]: INFO placement.requestlog [req-74618e3f-7b4e-4fb0-ae00-b78f82f60c00 req-b91cf5f6-7cf6-46fe-8e6c-43426e49bce6 service placement] 10.222.0.66 "GET /placement/allocation_candidates?limit=1000&resources=DISK_GB%3A1%2CMEMORY_MB%3A1024%2CVCPU%3A1&root_required=%21COMPUTE_STATUS_DISABLED" status: 200 len: 1309 microversion: 1.35
Jul 30 18:05:15.552037 n-d-801743-5 devstack@placement-api.service[101694]: [pid: 101694|app: 0|req: 316/645] 10.222.0.66 () {60 vars in 1507 bytes} [Fri Jul 30 18:05:15 2021] GET /placement/allocation_candidates?limit=1000&resources=DISK_GB%3A1%2CMEMORY_MB%3A1024%2CVCPU%3A1&root_required=%21COMPUTE_STATUS_DISABLED => generated 1309 bytes in 298 msecs (HTTP/1.1 200) 8 headers in 297 bytes (1 switches on core 0)
Jul 30 18:05:15.696222 n-d-801743-5 devstack@placement-api.service[101695]: DEBUG placement.requestlog [req-74618e3f-7b4e-4fb0-ae00-b78f82f60c00 req-ac04c4c6-6c3a-4b13-a364-0c359a72513b None None] Starting request: 10.222.0.66 "GET /placement/allocations/5b0a5a39-43c6-4d41-afe9-3785e2a4620b" {{(pid=101695) __call__ /opt/stack/placement/placement/requestlog.py:55}}
Jul 30 18:05:15.717885 n-d-801743-5 devstack@placement-api.service[101695]: INFO placement.requestlog [req-74618e3f-7b4e-4fb0-ae00-b78f82f60c00 req-ac04c4c6-6c3a-4b13-a364-0c359a72513b service placement] 10.222.0.66 "GET /placement/allocations/5b0a5a39-43c6-4d41-afe9-3785e2a4620b" status: 200 len: 19 microversion: 1.28
Jul 30 18:05:15.718623 n-d-801743-5 devstack@placement-api.service[101695]: [pid: 101695|app: 0|req: 330/646] 10.222.0.66 () {60 vars in 1381 bytes} [Fri Jul 30 18:05:15 2021] GET /placement/allocations/5b0a5a39-43c6-4d41-afe9-3785e2a4620b => generated 19 bytes in 23 msecs (HTTP/1.1 200) 8 headers in 295 bytes (1 switches on core 0)
Jul 30 18:05:15.733136 n-d-801743-5 devstack@placement-api.service[101694]: DEBUG placement.requestlog [req-74618e3f-7b4e-4fb0-ae00-b78f82f60c00 req-4f5161a4-5c46-4296-9361-61ac2448d09c None None] Starting request: 10.222.0.66 "PUT /placement/allocations/5b0a5a39-43c6-4d41-afe9-3785e2a4620b" {{(pid=101694) __call__ /opt/stack/placement/placement/requestlog.py:55}}
Jul 30 18:05:16.078982 n-d-801743-5 devstack@placement-api.service[101694]: DEBUG placement.handlers.allocation [req-74618e3f-7b4e-4fb0-ae00-b78f82f60c00 req-4f5161a4-5c46-4296-9361-61ac2448d09c service placement] Successfully wrote allocations [, , ] {{(pid=101694) _create_allocations /opt/stack/placement/placement/handlers/allocation.py:435}}
Jul 30 18:05:16.079547 n-d-801743-5 devstack@placement-api.service[101694]: INFO placement.requestlog [req-74618e3f-7b4e-4fb0-ae00-b78f82f60c00 req-4f5161a4-5c46-4296-9361-61ac2448d09c service placement] 10.222.0.66 "PUT /placement/allocations/5b0a5a39-43c6-4d41-afe9-3785e2a4620b" status: 204 len: 0 microversion: 1.35
Jul 30 18:05:16.080148 n-d-801743-5 devstack@placement-api.service[101694]: [pid: 101694|app: 0|req: 317/647] 10.222.0.66 () {64 vars in 1434 bytes} [Fri Jul 30 18:05:15 2021] PUT /placement/allocations/5b0a5a39-43c6-4d41-afe9-3785e2a4620b => generated 0 bytes in 348 msecs (HTTP/1.1 204) 5 headers in 199 bytes (2 switches on core 0)
Jul 30 18:05:17.931177 n-d-801743-5 devstack@placement-api.service[101695]: DEBUG placement.requestlog [req-bbbc9923-0f46-40af-8af1-471b404324cd req-4e26d46e-d9ca-42df-9fd7-94c85ef48212 None None] Starting request: 10.222.0.66 "GET /placement/allocation_candidates?limit=1000&resources=DISK_GB%3A1%2CMEMORY_MB%3A1024%2CVCPU%3A1&root_required=%21COMPUTE_STATUS_DISABLED" {{(pid=101695) __call__ /opt/stack/placement/placement/requestlog.py:55}}
Jul 30 18:05:18.058844 n-d-801743-5 devstack@placement-api.service[101695]: DEBUG placement.objects.research_context [req-bbbc9923-0f46-40af-8af1-471b404324cd req-4e26d46e-d9ca-42df-9fd7-94c85ef48212 service placement] getting providers with 1 DISK_GB {{(pid=101695) __init__ /opt/stack/placement/placement/objects/research_context.py:126}}
Jul 30 18:05:18.079734 n-d-801743-5 devstack@placement-api.service[101695]: DEBUG placement.objects.research_context [req-bbbc9923-0f46-40af-8af1-471b404324cd req-4e26d46e-d9ca-42df-9fd7-94c85ef48212 service placement] getting providers with 1024 MEMORY_MB {{(pid=101695) __init__ /opt/stack/placement/placement/objects/research_context.py:126}}
Jul 30 18:05:18.110927 n-d-801743-5 devstack@placement-api.service[101695]: DEBUG placement.objects.research_context [req-bbbc9923-0f46-40af-8af1-471b404324cd req-4e26d46e-d9ca-42df-9fd7-94c85ef48212 service placement] getting providers with 1 VCPU {{(pid=101695) __init__ /opt/stack/placement/placement/objects/research_context.py:126}}
Jul 30 18:05:18.134038 n-d-801743-5 devstack@placement-api.service[101695]: DEBUG placement.objects.research_context [req-bbbc9923-0f46-40af-8af1-471b404324cd req-4e26d46e-d9ca-42df-9fd7-94c85ef48212 service placement] found 2 providers with available 1 DISK_GB {{(pid=101695) get_provider_ids_matching /opt/stack/placement/placement/objects/research_context.py:549}}
Jul 30 18:05:18.136508 n-d-801743-5 devstack@placement-api.service[101695]: DEBUG placement.objects.research_context [req-bbbc9923-0f46-40af-8af1-471b404324cd req-4e26d46e-d9ca-42df-9fd7-94c85ef48212 service placement] found 2 providers with available 1024 MEMORY_MB {{(pid=101695) get_provider_ids_matching /opt/stack/placement/placement/objects/research_context.py:549}}
Jul 30 18:05:18.137088 n-d-801743-5 devstack@placement-api.service[101695]: DEBUG placement.objects.research_context [req-bbbc9923-0f46-40af-8af1-471b404324cd req-4e26d46e-d9ca-42df-9fd7-94c85ef48212 service placement] found 2 providers after filtering by previous result {{(pid=101695) get_provider_ids_matching /opt/stack/placement/placement/objects/research_context.py:580}}
Jul 30 18:05:18.149672 n-d-801743-5 devstack@placement-api.service[101695]: DEBUG placement.objects.research_context [req-bbbc9923-0f46-40af-8af1-471b404324cd req-4e26d46e-d9ca-42df-9fd7-94c85ef48212 service placement] found 2 providers with available 1 VCPU {{(pid=101695) get_provider_ids_matching /opt/stack/placement/placement/objects/research_context.py:549}}
Jul 30 18:05:18.149672 n-d-801743-5 devstack@placement-api.service[101695]: DEBUG placement.objects.research_context [req-bbbc9923-0f46-40af-8af1-471b404324cd req-4e26d46e-d9ca-42df-9fd7-94c85ef48212 service placement] found 2 providers after filtering by previous result {{(pid=101695) get_provider_ids_matching /opt/stack/placement/placement/objects/research_context.py:580}}
Jul 30 18:05:18.158887 n-d-801743-5 devstack@placement-api.service[101694]: DEBUG placement.requestlog [req-74618e3f-7b4e-4fb0-ae00-b78f82f60c00 req-a74047e5-5bf8-441b-af88-69b842a4391b None None] Starting request: 10.222.0.63 "GET /placement/allocations/5b0a5a39-43c6-4d41-afe9-3785e2a4620b" {{(pid=101694) __call__ /opt/stack/placement/placement/requestlog.py:55}}
Jul 30 18:05:18.186570 n-d-801743-5 devstack@placement-api.service[101695]: DEBUG placement.objects.allocation_candidate [req-bbbc9923-0f46-40af-8af1-471b404324cd req-4e26d46e-d9ca-42df-9fd7-94c85ef48212 service placement] RequestGroup(use_same_provider=False, resources={DISK_GB:1, MEMORY_MB:1024, VCPU:1}, traits=[], aggregates=[]) (suffix '') returned 2 matches {{(pid=101695) _get_by_requests /opt/stack/placement/placement/objects/allocation_candidate.py:145}}
Jul 30 18:05:18.189530 n-d-801743-5 devstack@placement-api.service[101695]: DEBUG placement.objects.allocation_candidate [req-bbbc9923-0f46-40af-8af1-471b404324cd req-4e26d46e-d9ca-42df-9fd7-94c85ef48212 service placement] Merging candidates yields 2 allocation requests and 2 provider summaries {{(pid=101695) _merge_candidates /opt/stack/placement/placement/objects/allocation_candidate.py:783}}
Jul 30 18:05:18.193606 n-d-801743-5 devstack@placement-api.service[101695]: INFO placement.requestlog [req-bbbc9923-0f46-40af-8af1-471b404324cd req-4e26d46e-d9ca-42df-9fd7-94c85ef48212 service placement] 10.222.0.66 "GET /placement/allocation_candidates?limit=1000&resources=DISK_GB%3A1%2CMEMORY_MB%3A1024%2CVCPU%3A1&root_required=%21COMPUTE_STATUS_DISABLED" status: 200 len: 1309 microversion: 1.35
Jul 30 18:05:18.194785 n-d-801743-5 devstack@placement-api.service[101695]: [pid: 101695|app: 0|req: 331/648] 10.222.0.66 () {60 vars in 1507 bytes} [Fri Jul 30 18:05:17 2021] GET /placement/allocation_candidates?limit=1000&resources=DISK_GB%3A1%2CMEMORY_MB%3A1024%2CVCPU%3A1&root_required=%21COMPUTE_STATUS_DISABLED => generated 1309 bytes in 264 msecs (HTTP/1.1 200) 8 headers in 297 bytes (1 switches on core 0)
Jul 30 18:05:18.240940 n-d-801743-5 devstack@placement-api.service[101694]: INFO placement.requestlog [req-74618e3f-7b4e-4fb0-ae00-b78f82f60c00 req-a74047e5-5bf8-441b-af88-69b842a4391b service placement] 10.222.0.63 "GET /placement/allocations/5b0a5a39-43c6-4d41-afe9-3785e2a4620b" status: 200 len: 259 microversion: 1.28
Jul 30 18:05:18.241295 n-d-801743-5 devstack@placement-api.service[101694]: [pid: 101694|app: 0|req: 318/649] 10.222.0.63 () {60 vars in 1378 bytes} [Fri Jul 30 18:05:18 2021] GET /placement/allocations/5b0a5a39-43c6-4d41-afe9-3785e2a4620b => generated 259 bytes in 83 msecs (HTTP/1.1 200) 8 headers in 296 bytes (2 switches on core 0)
Jul 30 18:05:18.321158 n-d-801743-5 devstack@placement-api.service[101695]: DEBUG placement.requestlog [req-bbbc9923-0f46-40af-8af1-471b404324cd req-1338e16d-750e-4d2b-817c-dfcdc888902e None None] Starting request: 10.222.0.66 "GET /placement/allocations/1e2dcf97-499a-4200-8f8e-8601ff391de7" {{(pid=101695) __call__ /opt/stack/placement/placement/requestlog.py:55}}
Jul 30 18:05:18.361735 n-d-801743-5 devstack@placement-api.service[101695]: INFO placement.requestlog [req-bbbc9923-0f46-40af-8af1-471b404324cd req-1338e16d-750e-4d2b-817c-dfcdc888902e service placement] 10.222.0.66 "GET /placement/allocations/1e2dcf97-499a-4200-8f8e-8601ff391de7" status: 200 len: 19 microversion: 1.28
Jul 30 18:05:18.365887 n-d-801743-5 devstack@placement-api.service[101695]: [pid: 101695|app: 0|req: 332/650] 10.222.0.66 () {60 vars in 1381 bytes} [Fri Jul 30 18:05:18 2021] GET /placement/allocations/1e2dcf97-499a-4200-8f8e-8601ff391de7 => generated 19 bytes in 42 msecs (HTTP/1.1 200) 8 headers in 295 bytes (2 switches on core 0)
Jul 30 18:05:18.374804 n-d-801743-5 devstack@placement-api.service[101694]: DEBUG placement.requestlog [req-bbbc9923-0f46-40af-8af1-471b404324cd req-c16568e7-0bd2-431d-b9e4-2b14c12e3a60 None None] Starting request: 10.222.0.66 "PUT /placement/allocations/1e2dcf97-499a-4200-8f8e-8601ff391de7" {{(pid=101694) __call__ /opt/stack/placement/placement/requestlog.py:55}}
Jul 30 18:05:18.728068 n-d-801743-5 devstack@placement-api.service[101694]: DEBUG placement.handlers.allocation [req-bbbc9923-0f46-40af-8af1-471b404324cd req-c16568e7-0bd2-431d-b9e4-2b14c12e3a60 service placement] Successfully wrote allocations [, , ] {{(pid=101694) _create_allocations /opt/stack/placement/placement/handlers/allocation.py:435}}
Jul 30 18:05:18.729601 n-d-801743-5 devstack@placement-api.service[101694]: INFO placement.requestlog [req-bbbc9923-0f46-40af-8af1-471b404324cd req-c16568e7-0bd2-431d-b9e4-2b14c12e3a60 service placement] 10.222.0.66 "PUT /placement/allocations/1e2dcf97-499a-4200-8f8e-8601ff391de7" status: 204 len: 0 microversion: 1.35
Jul 30 18:05:18.731367 n-d-801743-5 devstack@placement-api.service[101694]: [pid: 101694|app: 0|req: 319/651] 10.222.0.66 () {64 vars in 1434 bytes} [Fri Jul 30 18:05:18 2021] PUT /placement/allocations/1e2dcf97-499a-4200-8f8e-8601ff391de7 => generated 0 bytes in 357 msecs (HTTP/1.1 204) 5 headers in 199 bytes (1 switches on core 0)
Jul 30 18:05:20.276540 n-d-801743-5 devstack@placement-api.service[101695]: DEBUG placement.requestlog [req-bbbc9923-0f46-40af-8af1-471b404324cd req-81e41548-d5c1-4be0-8c01-4aa3f8b82a79 None None] Starting request: 10.222.0.63 "GET /placement/allocations/1e2dcf97-499a-4200-8f8e-8601ff391de7" {{(pid=101695) __call__ /opt/stack/placement/placement/requestlog.py:55}}
Jul 30 18:05:20.304582 n-d-801743-5 devstack@placement-api.service[101695]: INFO placement.requestlog [req-bbbc9923-0f46-40af-8af1-471b404324cd req-81e41548-d5c1-4be0-8c01-4aa3f8b82a79 service placement] 10.222.0.63 "GET /placement/allocations/1e2dcf97-499a-4200-8f8e-8601ff391de7" status: 200 len: 259 microversion: 1.28
Jul 30 18:05:20.305266 n-d-801743-5 devstack@placement-api.service[101695]: [pid: 101695|app: 0|req: 333/652] 10.222.0.63 () {60 vars in 1378 bytes} [Fri Jul 30 18:05:20 2021] GET /placement/allocations/1e2dcf97-499a-4200-8f8e-8601ff391de7 => generated 259 bytes in 29 msecs (HTTP/1.1 200) 8 headers in 296 bytes (1 switches on core 0)
Jul 30 18:05:52.542944 n-d-801743-5 devstack@placement-api.service[101694]: DEBUG placement.requestlog [req-65116945-ec45-4dc8-9d8d-fd51f54f3aa3 req-c083b442-1727-46ab-94e7-d85a7e55d94f None None] Starting request: 10.222.0.66 "GET /placement/allocation_candidates?limit=1000&resources=DISK_GB%3A1%2CMEMORY_MB%3A1024%2CVCPU%3A1&root_required=%21COMPUTE_STATUS_DISABLED" {{(pid=101694) __call__ /opt/stack/placement/placement/requestlog.py:55}}
Jul 30 18:05:52.620007 n-d-801743-5 devstack@placement-api.service[101694]: DEBUG placement.objects.research_context [req-65116945-ec45-4dc8-9d8d-fd51f54f3aa3 req-c083b442-1727-46ab-94e7-d85a7e55d94f service placement] getting providers with 1 DISK_GB {{(pid=101694) __init__ /opt/stack/placement/placement/objects/research_context.py:126}}
Jul 30 18:05:52.644111 n-d-801743-5 devstack@placement-api.service[101694]: DEBUG placement.objects.research_context [req-65116945-ec45-4dc8-9d8d-fd51f54f3aa3 req-c083b442-1727-46ab-94e7-d85a7e55d94f service placement] getting providers with 1024 MEMORY_MB {{(pid=101694) __init__ /opt/stack/placement/placement/objects/research_context.py:126}}
Jul 30 18:05:52.663077 n-d-801743-5 devstack@placement-api.service[101694]: DEBUG placement.objects.research_context [req-65116945-ec45-4dc8-9d8d-fd51f54f3aa3 req-c083b442-1727-46ab-94e7-d85a7e55d94f service placement] getting providers with 1 VCPU {{(pid=101694) __init__ /opt/stack/placement/placement/objects/research_context.py:126}}
Jul 30 18:05:52.678602 n-d-801743-5 devstack@placement-api.service[101694]: DEBUG placement.objects.research_context [req-65116945-ec45-4dc8-9d8d-fd51f54f3aa3 req-c083b442-1727-46ab-94e7-d85a7e55d94f service placement] found 2 providers with available 1 DISK_GB {{(pid=101694) get_provider_ids_matching /opt/stack/placement/placement/objects/research_context.py:549}}
Jul 30 18:05:52.679462 n-d-801743-5 devstack@placement-api.service[101694]: DEBUG placement.objects.research_context [req-65116945-ec45-4dc8-9d8d-fd51f54f3aa3 req-c083b442-1727-46ab-94e7-d85a7e55d94f service placement] found 2 providers with available 1024 MEMORY_MB {{(pid=101694) get_provider_ids_matching /opt/stack/placement/placement/objects/research_context.py:549}}
Jul 30 18:05:52.683622 n-d-801743-5 devstack@placement-api.service[101694]: DEBUG placement.objects.research_context [req-65116945-ec45-4dc8-9d8d-fd51f54f3aa3 req-c083b442-1727-46ab-94e7-d85a7e55d94f service placement] found 2 providers after filtering by previous result {{(pid=101694) get_provider_ids_matching /opt/stack/placement/placement/objects/research_context.py:580}}
Jul 30 18:05:52.683622 n-d-801743-5 devstack@placement-api.service[101694]: DEBUG placement.objects.research_context [req-65116945-ec45-4dc8-9d8d-fd51f54f3aa3 req-c083b442-1727-46ab-94e7-d85a7e55d94f service placement] found 2 providers with available 1 VCPU {{(pid=101694) get_provider_ids_matching /opt/stack/placement/placement/objects/research_context.py:549}}
Jul 30 18:05:52.683622 n-d-801743-5 devstack@placement-api.service[101694]: DEBUG placement.objects.research_context [req-65116945-ec45-4dc8-9d8d-fd51f54f3aa3 req-c083b442-1727-46ab-94e7-d85a7e55d94f service placement] found 2 providers after filtering by previous result {{(pid=101694) get_provider_ids_matching /opt/stack/placement/placement/objects/research_context.py:580}}
Jul 30 18:05:52.726788 n-d-801743-5 devstack@placement-api.service[101694]: DEBUG placement.objects.allocation_candidate [req-65116945-ec45-4dc8-9d8d-fd51f54f3aa3 req-c083b442-1727-46ab-94e7-d85a7e55d94f service placement] RequestGroup(use_same_provider=False, resources={DISK_GB:1, MEMORY_MB:1024, VCPU:1}, traits=[], aggregates=[]) (suffix '') returned 2 matches {{(pid=101694) _get_by_requests /opt/stack/placement/placement/objects/allocation_candidate.py:145}}
Jul 30 18:05:52.728001 n-d-801743-5 devstack@placement-api.service[101694]: DEBUG placement.objects.allocation_candidate [req-65116945-ec45-4dc8-9d8d-fd51f54f3aa3 req-c083b442-1727-46ab-94e7-d85a7e55d94f service placement] Merging candidates yields 2 allocation requests and 2 provider summaries {{(pid=101694) _merge_candidates /opt/stack/placement/placement/objects/allocation_candidate.py:783}}
Jul 30 18:05:52.733566 n-d-801743-5 devstack@placement-api.service[101694]: INFO placement.requestlog [req-65116945-ec45-4dc8-9d8d-fd51f54f3aa3 req-c083b442-1727-46ab-94e7-d85a7e55d94f service placement] 10.222.0.66 "GET /placement/allocation_candidates?limit=1000&resources=DISK_GB%3A1%2CMEMORY_MB%3A1024%2CVCPU%3A1&root_required=%21COMPUTE_STATUS_DISABLED" status: 200 len: 1309 microversion: 1.35
Jul 30 18:05:52.734899 n-d-801743-5 devstack@placement-api.service[101694]: [pid: 101694|app: 0|req: 320/653] 10.222.0.66 () {60 vars in 1507 bytes} [Fri Jul 30 18:05:52 2021] GET /placement/allocation_candidates?limit=1000&resources=DISK_GB%3A1%2CMEMORY_MB%3A1024%2CVCPU%3A1&root_required=%21COMPUTE_STATUS_DISABLED => generated 1309 bytes in 192 msecs (HTTP/1.1 200) 8 headers in 297 bytes (1 switches on core 0)
Jul 30 18:05:52.862435 n-d-801743-5 devstack@placement-api.service[101695]: DEBUG placement.requestlog [req-65116945-ec45-4dc8-9d8d-fd51f54f3aa3 req-84bc80c4-0d0a-4f90-8e91-e695931e323d None None] Starting request: 10.222.0.66 "GET /placement/allocations/b2ba8e11-6e01-4f1f-9de6-c893b8de631c" {{(pid=101695) __call__ /opt/stack/placement/placement/requestlog.py:55}}
Jul 30 18:05:52.922650 n-d-801743-5 devstack@placement-api.service[101695]: INFO placement.requestlog [req-65116945-ec45-4dc8-9d8d-fd51f54f3aa3 req-84bc80c4-0d0a-4f90-8e91-e695931e323d service placement] 10.222.0.66 "GET /placement/allocations/b2ba8e11-6e01-4f1f-9de6-c893b8de631c" status: 200 len: 19 microversion: 1.28
Jul 30 18:05:52.926222 n-d-801743-5 devstack@placement-api.service[101695]: [pid: 101695|app: 0|req: 334/654] 10.222.0.66 () {60 vars in 1381 bytes} [Fri Jul 30 18:05:52 2021] GET /placement/allocations/b2ba8e11-6e01-4f1f-9de6-c893b8de631c => generated 19 bytes in 64 msecs (HTTP/1.1 200) 8 headers in 295 bytes (1 switches on core 0)
Jul 30 18:05:52.933604 n-d-801743-5 devstack@placement-api.service[101694]: DEBUG placement.requestlog [req-65116945-ec45-4dc8-9d8d-fd51f54f3aa3 req-fb146342-7ba0-4ded-b67c-7f28b1d0118f None None] Starting request: 10.222.0.66 "PUT /placement/allocations/b2ba8e11-6e01-4f1f-9de6-c893b8de631c" {{(pid=101694) __call__ /opt/stack/placement/placement/requestlog.py:55}}
Jul 30 18:05:53.275130 n-d-801743-5 devstack@placement-api.service[101694]: DEBUG placement.handlers.allocation [req-65116945-ec45-4dc8-9d8d-fd51f54f3aa3 req-fb146342-7ba0-4ded-b67c-7f28b1d0118f service placement] Successfully wrote allocations [, , ] {{(pid=101694) _create_allocations /opt/stack/placement/placement/handlers/allocation.py:435}}
Jul 30 18:05:53.275943 n-d-801743-5 devstack@placement-api.service[101694]: INFO placement.requestlog [req-65116945-ec45-4dc8-9d8d-fd51f54f3aa3 req-fb146342-7ba0-4ded-b67c-7f28b1d0118f service placement] 10.222.0.66 "PUT /placement/allocations/b2ba8e11-6e01-4f1f-9de6-c893b8de631c" status: 204 len: 0 microversion: 1.35
Jul 30 18:05:53.276585 n-d-801743-5 devstack@placement-api.service[101694]: [pid: 101694|app: 0|req: 321/655] 10.222.0.66 () {64 vars in 1434 bytes} [Fri Jul 30 18:05:52 2021] PUT /placement/allocations/b2ba8e11-6e01-4f1f-9de6-c893b8de631c => generated 0 bytes in 345 msecs (HTTP/1.1 204) 5 headers in 199 bytes (1 switches on core 0)
Jul 30 18:05:55.244200 n-d-801743-5 devstack@placement-api.service[101695]: DEBUG placement.requestlog [req-65116945-ec45-4dc8-9d8d-fd51f54f3aa3 req-43d4291d-0105-44b4-be2e-2beb3f3cf9a6 None None] Starting request: 10.222.0.20 "GET /placement/allocations/b2ba8e11-6e01-4f1f-9de6-c893b8de631c" {{(pid=101695) __call__ /opt/stack/placement/placement/requestlog.py:55}}
Jul 30 18:05:55.303845 n-d-801743-5 devstack@placement-api.service[101695]: INFO placement.requestlog [req-65116945-ec45-4dc8-9d8d-fd51f54f3aa3 req-43d4291d-0105-44b4-be2e-2beb3f3cf9a6 service placement] 10.222.0.20 "GET /placement/allocations/b2ba8e11-6e01-4f1f-9de6-c893b8de631c" status: 200 len: 259 microversion: 1.28
Jul 30 18:05:55.306230 n-d-801743-5 devstack@placement-api.service[101695]: [pid: 101695|app: 0|req: 335/656] 10.222.0.20 () {60 vars in 1378 bytes} [Fri Jul 30 18:05:55 2021] GET /placement/allocations/b2ba8e11-6e01-4f1f-9de6-c893b8de631c => generated 259 bytes in 63 msecs (HTTP/1.1 200) 8 headers in 296 bytes (1 switches on core 0)
Jul 30 18:05:55.337722 n-d-801743-5 devstack@placement-api.service[101694]: DEBUG placement.requestlog [req-633f99c6-ee2f-4122-9f91-9a4bc3c14ec8 req-59396c7c-08c9-4964-ad6f-62bf93707c83 None None] Starting request: 10.222.0.63 "GET /placement/resource_providers/2771efe9-07c1-4c89-b3c8-2acae7217bca/allocations" {{(pid=101694) __call__ /opt/stack/placement/placement/requestlog.py:55}}
Jul 30 18:05:55.388146 n-d-801743-5 devstack@placement-api.service[101694]: INFO placement.requestlog [req-633f99c6-ee2f-4122-9f91-9a4bc3c14ec8 req-59396c7c-08c9-4964-ad6f-62bf93707c83 service placement] 10.222.0.63 "GET /placement/resource_providers/2771efe9-07c1-4c89-b3c8-2acae7217bca/allocations" status: 200 len: 745 microversion: 1.0
Jul 30 18:05:55.391681 n-d-801743-5 devstack@placement-api.service[101694]: [pid: 101694|app: 0|req: 322/657] 10.222.0.63 () {58 vars in 1391 bytes} [Fri Jul 30 18:05:55 2021] GET /placement/resource_providers/2771efe9-07c1-4c89-b3c8-2acae7217bca/allocations => generated 745 bytes in 54 msecs (HTTP/1.1 200) 6 headers in 224 bytes (1 switches on core 0)
Jul 30 18:05:56.238283 n-d-801743-5 devstack@placement-api.service[101695]: DEBUG placement.requestlog [req-17d165f8-22c5-4bb4-a102-104fe2d71b2a req-aeee18da-a8f4-46e0-8cdc-efa9c44a2013 None None] Starting request: 10.222.0.66 "GET /placement/resource_providers/2771efe9-07c1-4c89-b3c8-2acae7217bca/traits" {{(pid=101695) __call__ /opt/stack/placement/placement/requestlog.py:55}}
Jul 30 18:05:56.516582 n-d-801743-5 devstack@placement-api.service[101695]: INFO placement.requestlog [req-17d165f8-22c5-4bb4-a102-104fe2d71b2a req-aeee18da-a8f4-46e0-8cdc-efa9c44a2013 service placement] 10.222.0.66 "GET /placement/resource_providers/2771efe9-07c1-4c89-b3c8-2acae7217bca/traits" status: 200 len: 212 microversion: 1.6
Jul 30 18:05:56.540526 n-d-801743-5 devstack@placement-api.service[101695]: [pid: 101695|app: 0|req: 336/658] 10.222.0.66 () {60 vars in 1413 bytes} [Fri Jul 30 18:05:56 2021] GET /placement/resource_providers/2771efe9-07c1-4c89-b3c8-2acae7217bca/traits => generated 212 bytes in 302 msecs (HTTP/1.1 200) 6 headers in 224 bytes (1 switches on core 0)
Jul 30 18:05:58.489835 n-d-801743-5 devstack@placement-api.service[101694]: DEBUG placement.requestlog [None req-39fff634-29d5-4c06-af85-f0c18a131991 None None] Starting request: 10.222.0.66 "GET /placement/" {{(pid=101694) __call__ /opt/stack/placement/placement/requestlog.py:55}}
Jul 30 18:05:58.492934 n-d-801743-5 devstack@placement-api.service[101694]: INFO placement.requestlog [None req-39fff634-29d5-4c06-af85-f0c18a131991 None None] 10.222.0.66 "GET /placement/" status: 200 len: 136 microversion: 1.0
Jul 30 18:05:58.493988 n-d-801743-5 devstack@placement-api.service[101694]: [pid: 101694|app: 0|req: 323/659] 10.222.0.66 () {54 vars in 916 bytes} [Fri Jul 30 18:05:58 2021] GET /placement => generated 136 bytes in 5 msecs (HTTP/1.1 200) 6 headers in 224 bytes (1 switches on core 0)
Jul 30 18:05:58.514808 n-d-801743-5 devstack@placement-api.service[101695]: DEBUG placement.requestlog [req-17d165f8-22c5-4bb4-a102-104fe2d71b2a req-f2275b3a-206b-444a-bcc8-b1e78ffa7cac None None] Starting request: 10.222.0.66 "GET /placement/allocations/1e2dcf97-499a-4200-8f8e-8601ff391de7" {{(pid=101695) __call__ /opt/stack/placement/placement/requestlog.py:55}}
Jul 30 18:05:58.720090 n-d-801743-5 devstack@placement-api.service[101695]: INFO placement.requestlog [req-17d165f8-22c5-4bb4-a102-104fe2d71b2a req-f2275b3a-206b-444a-bcc8-b1e78ffa7cac service placement] 10.222.0.66 "GET /placement/allocations/1e2dcf97-499a-4200-8f8e-8601ff391de7" status: 200 len: 259 microversion: 1.28
Jul 30 18:05:58.723947 n-d-801743-5 devstack@placement-api.service[101695]: [pid: 101695|app: 0|req: 337/660] 10.222.0.66 () {60 vars in 1381 bytes} [Fri Jul 30 18:05:58 2021] GET /placement/allocations/1e2dcf97-499a-4200-8f8e-8601ff391de7 => generated 259 bytes in 210 msecs (HTTP/1.1 200) 8 headers in 296 bytes (2 switches on core 0)
Jul 30 18:05:58.739207 n-d-801743-5 devstack@placement-api.service[101694]: DEBUG placement.requestlog [req-17d165f8-22c5-4bb4-a102-104fe2d71b2a req-c916920a-7eca-4f7d-b290-b420dd168964 None None] Starting request: 10.222.0.66 "GET /placement/allocations/1e2dcf97-499a-4200-8f8e-8601ff391de7" {{(pid=101694) __call__ /opt/stack/placement/placement/requestlog.py:55}}
Jul 30 18:05:58.813946 n-d-801743-5 devstack@placement-api.service[101694]: INFO placement.requestlog [req-17d165f8-22c5-4bb4-a102-104fe2d71b2a req-c916920a-7eca-4f7d-b290-b420dd168964 service placement] 10.222.0.66 "GET /placement/allocations/1e2dcf97-499a-4200-8f8e-8601ff391de7" status: 200 len: 259 microversion: 1.28
Jul 30 18:05:58.815401 n-d-801743-5 devstack@placement-api.service[101694]: [pid: 101694|app: 0|req: 324/661] 10.222.0.66 () {60 vars in 1381 bytes} [Fri Jul 30 18:05:58 2021] GET /placement/allocations/1e2dcf97-499a-4200-8f8e-8601ff391de7 => generated 259 bytes in 77 msecs (HTTP/1.1 200) 8 headers in 296 bytes (1 switches on core 0)
Jul 30 18:05:58.827757 n-d-801743-5 devstack@placement-api.service[101695]: DEBUG placement.requestlog [req-17d165f8-22c5-4bb4-a102-104fe2d71b2a req-bdb73fd7-5d96-4ceb-90dd-bba61e99a752 None None] Starting request: 10.222.0.66 "GET /placement/allocations/354c004f-e347-4679-9f61-3f2e1b0bd46d" {{(pid=101695) __call__ /opt/stack/placement/placement/requestlog.py:55}}
Jul 30 18:05:58.870744 n-d-801743-5 devstack@placement-api.service[101695]: INFO placement.requestlog [req-17d165f8-22c5-4bb4-a102-104fe2d71b2a req-bdb73fd7-5d96-4ceb-90dd-bba61e99a752 service placement] 10.222.0.66 "GET /placement/allocations/354c004f-e347-4679-9f61-3f2e1b0bd46d" status: 200 len: 19 microversion: 1.28
Jul 30 18:05:58.870744 n-d-801743-5 devstack@placement-api.service[101695]: [pid: 101695|app: 0|req: 338/662] 10.222.0.66 () {60 vars in 1381 bytes} [Fri Jul 30 18:05:58 2021] GET /placement/allocations/354c004f-e347-4679-9f61-3f2e1b0bd46d => generated 19 bytes in 39 msecs (HTTP/1.1 200) 8 headers in 295 bytes (1 switches on core 0)
Jul 30 18:05:58.877346 n-d-801743-5 devstack@placement-api.service[101694]: DEBUG placement.requestlog [req-17d165f8-22c5-4bb4-a102-104fe2d71b2a req-e481cf05-da5c-4067-b6fd-895a7987727a None None] Starting request: 10.222.0.66 "POST /placement/allocations" {{(pid=101694) __call__ /opt/stack/placement/placement/requestlog.py:55}}
Jul 30 18:05:59.311244 n-d-801743-5 devstack@placement-api.service[101694]: DEBUG placement.handlers.allocation [req-17d165f8-22c5-4bb4-a102-104fe2d71b2a req-e481cf05-da5c-4067-b6fd-895a7987727a service placement] Successfully wrote allocations [, , , , , ] {{(pid=101694) _create_allocations /opt/stack/placement/placement/handlers/allocation.py:524}}
Jul 30 18:05:59.312784 n-d-801743-5 devstack@placement-api.service[101694]: INFO placement.requestlog [req-17d165f8-22c5-4bb4-a102-104fe2d71b2a req-e481cf05-da5c-4067-b6fd-895a7987727a service placement] 10.222.0.66 "POST /placement/allocations" status: 204 len: 0 microversion: 1.28
Jul 30 18:05:59.313341 n-d-801743-5 devstack@placement-api.service[101694]: [pid: 101694|app: 0|req: 325/663] 10.222.0.66 () {64 vars in 1324 bytes} [Fri Jul 30 18:05:58 2021] POST /placement/allocations => generated 0 bytes in 437 msecs (HTTP/1.1 204) 5 headers in 199 bytes (1 switches on core 0)
Jul 30 18:05:59.381296 n-d-801743-5 devstack@placement-api.service[101695]: DEBUG placement.requestlog [req-17d165f8-22c5-4bb4-a102-104fe2d71b2a req-99a8a075-8798-4344-833f-e5eef8576cad None None] Starting request: 10.222.0.66 "GET /placement/allocation_candidates?limit=1000&resources=DISK_GB%3A1%2CMEMORY_MB%3A1024%2CVCPU%3A1&root_required=%21COMPUTE_STATUS_DISABLED" {{(pid=101695) __call__ /opt/stack/placement/placement/requestlog.py:55}}
Jul 30 18:05:59.537487 n-d-801743-5 devstack@placement-api.service[101695]: DEBUG placement.objects.research_context [req-17d165f8-22c5-4bb4-a102-104fe2d71b2a req-99a8a075-8798-4344-833f-e5eef8576cad service placement] getting providers with 1 DISK_GB {{(pid=101695) __init__ /opt/stack/placement/placement/objects/research_context.py:126}}
Jul 30 18:05:59.561457 n-d-801743-5 devstack@placement-api.service[101695]: DEBUG placement.objects.research_context [req-17d165f8-22c5-4bb4-a102-104fe2d71b2a req-99a8a075-8798-4344-833f-e5eef8576cad service placement] getting providers with 1024 MEMORY_MB {{(pid=101695) __init__ /opt/stack/placement/placement/objects/research_context.py:126}}
Jul 30 18:05:59.597477 n-d-801743-5 devstack@placement-api.service[101695]: DEBUG placement.objects.research_context [req-17d165f8-22c5-4bb4-a102-104fe2d71b2a req-99a8a075-8798-4344-833f-e5eef8576cad service placement] getting providers with 1 VCPU {{(pid=101695) __init__ /opt/stack/placement/placement/objects/research_context.py:126}}
Jul 30 18:05:59.840288 n-d-801743-5 devstack@placement-api.service[101695]: DEBUG placement.objects.research_context [req-17d165f8-22c5-4bb4-a102-104fe2d71b2a req-99a8a075-8798-4344-833f-e5eef8576cad service placement] found 2 providers with available 1 DISK_GB {{(pid=101695) get_provider_ids_matching /opt/stack/placement/placement/objects/research_context.py:549}}
Jul 30 18:05:59.840288 n-d-801743-5 devstack@placement-api.service[101695]: DEBUG placement.objects.research_context [req-17d165f8-22c5-4bb4-a102-104fe2d71b2a req-99a8a075-8798-4344-833f-e5eef8576cad service placement] found 2 providers with available 1024 MEMORY_MB {{(pid=101695) get_provider_ids_matching /opt/stack/placement/placement/objects/research_context.py:549}}
Jul 30 18:05:59.840288 n-d-801743-5 devstack@placement-api.service[101695]: DEBUG placement.objects.research_context [req-17d165f8-22c5-4bb4-a102-104fe2d71b2a req-99a8a075-8798-4344-833f-e5eef8576cad service placement] found 2 providers after filtering by previous result {{(pid=101695) get_provider_ids_matching /opt/stack/placement/placement/objects/research_context.py:580}}
Jul 30 18:05:59.840288 n-d-801743-5 devstack@placement-api.service[101695]: DEBUG placement.objects.research_context [req-17d165f8-22c5-4bb4-a102-104fe2d71b2a req-99a8a075-8798-4344-833f-e5eef8576cad service placement] found 2 providers with available 1 VCPU {{(pid=101695) get_provider_ids_matching /opt/stack/placement/placement/objects/research_context.py:549}}
Jul 30 18:05:59.840288 n-d-801743-5 devstack@placement-api.service[101695]: DEBUG placement.objects.research_context [req-17d165f8-22c5-4bb4-a102-104fe2d71b2a req-99a8a075-8798-4344-833f-e5eef8576cad service placement] found 2 providers after filtering by previous result {{(pid=101695) get_provider_ids_matching /opt/stack/placement/placement/objects/research_context.py:580}}
Jul 30 18:05:59.840288 n-d-801743-5 devstack@placement-api.service[101695]: DEBUG placement.objects.allocation_candidate [req-17d165f8-22c5-4bb4-a102-104fe2d71b2a req-99a8a075-8798-4344-833f-e5eef8576cad service placement] RequestGroup(use_same_provider=False, resources={DISK_GB:1, MEMORY_MB:1024, VCPU:1}, traits=[], aggregates=[]) (suffix '') returned 2 matches {{(pid=101695) _get_by_requests /opt/stack/placement/placement/objects/allocation_candidate.py:145}}
Jul 30 18:05:59.840288 n-d-801743-5 devstack@placement-api.service[101695]: DEBUG placement.objects.allocation_candidate [req-17d165f8-22c5-4bb4-a102-104fe2d71b2a req-99a8a075-8798-4344-833f-e5eef8576cad service placement] Merging candidates yields 2 allocation requests and 2 provider summaries {{(pid=101695) _merge_candidates /opt/stack/placement/placement/objects/allocation_candidate.py:783}}
Jul 30 18:05:59.840288 n-d-801743-5 devstack@placement-api.service[101695]: INFO placement.requestlog [req-17d165f8-22c5-4bb4-a102-104fe2d71b2a req-99a8a075-8798-4344-833f-e5eef8576cad service placement] 10.222.0.66 "GET /placement/allocation_candidates?limit=1000&resources=DISK_GB%3A1%2CMEMORY_MB%3A1024%2CVCPU%3A1&root_required=%21COMPUTE_STATUS_DISABLED" status: 200 len: 1309 microversion: 1.35
Jul 30 18:05:59.840288 n-d-801743-5 devstack@placement-api.service[101695]: [pid: 101695|app: 0|req: 339/664] 10.222.0.66 () {60 vars in 1507 bytes} [Fri Jul 30 18:05:59 2021] GET /placement/allocation_candidates?limit=1000&resources=DISK_GB%3A1%2CMEMORY_MB%3A1024%2CVCPU%3A1&root_required=%21COMPUTE_STATUS_DISABLED => generated 1309 bytes in 315 msecs (HTTP/1.1 200) 8 headers in 297 bytes (2 switches on core 0)
Jul 30 18:05:59.850005 n-d-801743-5 devstack@placement-api.service[101694]: DEBUG placement.requestlog [req-17d165f8-22c5-4bb4-a102-104fe2d71b2a req-b147b926-6629-41d9-818d-5875482d169f None None] Starting request: 10.222.0.66 "GET /placement/allocations/1e2dcf97-499a-4200-8f8e-8601ff391de7" {{(pid=101694) __call__ /opt/stack/placement/placement/requestlog.py:55}}
Jul 30 18:06:00.019038 n-d-801743-5 devstack@placement-api.service[101694]: INFO placement.requestlog [req-17d165f8-22c5-4bb4-a102-104fe2d71b2a req-b147b926-6629-41d9-818d-5875482d169f service placement] 10.222.0.66 "GET /placement/allocations/1e2dcf97-499a-4200-8f8e-8601ff391de7" status: 200 len: 19 microversion: 1.28
Jul 30 18:06:00.025473 n-d-801743-5 devstack@placement-api.service[101694]: [pid: 101694|app: 0|req: 326/665] 10.222.0.66 () {60 vars in 1381 bytes} [Fri Jul 30 18:05:59 2021] GET /placement/allocations/1e2dcf97-499a-4200-8f8e-8601ff391de7 => generated 19 bytes in 246 msecs (HTTP/1.1 200) 8 headers in 295 bytes (1 switches on core 0)
