Aug 04 14:38:10.113145 n-d-801743-12 neutron-server[94267]: DEBUG neutron.scheduler.dhcp_agent_scheduler [None req-80b3db2c-b46e-49ec-950e-506ae1493b8f None None] Network 34dcde19-0efd-4251-9d2d-68c04f47df94 is already hosted by enough agents. {{(pid=94267) _get_dhcp_agents_hosting_network /opt/stack/neutron/neutron/scheduler/dhcp_agent_scheduler.py:275}}
Aug 04 14:38:10.117458 n-d-801743-12 neutron-server[94267]: DEBUG neutron.scheduler.base_scheduler [None req-80b3db2c-b46e-49ec-950e-506ae1493b8f None None] Resources bound (agent type, host, resource id): {{(pid=94267) schedule /opt/stack/neutron/neutron/scheduler/base_scheduler.py:57}}
Aug 04 14:38:10.121037 n-d-801743-12 neutron-server[94265]: DEBUG neutron.wsgi [-] (94265) accepted ('10.222.0.76', 36940) {{(pid=94265) server /usr/local/lib/python3.8/dist-packages/eventlet/wsgi.py:982}}
Aug 04 14:38:10.134247 n-d-801743-12 neutron-server[94267]: DEBUG neutron.db.l3_dvrscheduler_db [None req-80b3db2c-b46e-49ec-950e-506ae1493b8f None None] Received port after_create {{(pid=94267) _notify_l3_agent_new_port /opt/stack/neutron/neutron/db/l3_dvrscheduler_db.py:535}}
Aug 04 14:38:10.142293 n-d-801743-12 neutron-server[94265]: DEBUG neutron_lib.callbacks.manager [None req-77b063b6-7520-4903-a1a9-62894df0bc73 admin admin] Notify callbacks [] for security_group, before_create {{(pid=94265) _notify_loop /usr/local/lib/python3.8/dist-packages/neutron_lib/callbacks/manager.py:192}}
Aug 04 14:38:10.205272 n-d-801743-12 neutron-server[94266]: DEBUG neutron_lib.callbacks.manager [None req-bf5c7e42-d46f-4b94-89d6-3cbf5d3db271 admin admin] Notify callbacks [] for security_group, precommit_create {{(pid=94266) _notify_loop /usr/local/lib/python3.8/dist-packages/neutron_lib/callbacks/manager.py:192}}
Aug 04 14:38:10.228346 n-d-801743-12 neutron-server[94266]: DEBUG neutron_lib.callbacks.manager [None req-bf5c7e42-d46f-4b94-89d6-3cbf5d3db271 admin admin] Notify callbacks ['neutron.plugins.ml2.ovo_rpc._ObjectChangeHandler.handle_event-3844313'] for security_group, after_create {{(pid=94266) _notify_loop /usr/local/lib/python3.8/dist-packages/neutron_lib/callbacks/manager.py:192}}
Aug 04 14:38:10.250923 n-d-801743-12 neutron-server[94267]: DEBUG neutron.plugins.ml2.rpc [None req-fd0d05af-3502-490a-adbc-e48f27c73b33 None None] Device 9125dc17-53e5-4795-a53b-83cb204c418c up at agent ovs-agent-n-d-801743-12 {{(pid=94267) update_device_up /opt/stack/neutron/neutron/plugins/ml2/rpc.py:296}}
Aug 04 14:38:10.284835 n-d-801743-12 neutron-server[94267]: DEBUG neutron.api.rpc.handlers.resources_rpc [None req-80b3db2c-b46e-49ec-950e-506ae1493b8f None None] Pushing event updated for resources: {'Port': ['ID=ce8cd43c-7a74-45c9-9037-14649a6ea5c2,revision_number=1']} {{(pid=94267) push /opt/stack/neutron/neutron/api/rpc/handlers/resources_rpc.py:237}}
Aug 04 14:38:10.364879 n-d-801743-12 neutron-server[94265]: INFO neutron.wsgi [req-004630ca-3335-4feb-981a-8ffc8c896c23 req-5a87c99f-a849-459f-bc3f-f610778b436b tempest-AggregatesAdminTestJSON-170226602 tempest-AggregatesAdminTestJSON-170226602-project] 10.222.0.76 "GET /v2.0/ports?device_id=f2ceff70-960c-4499-ab2c-ee3b49d16f83 HTTP/1.1" status: 200 len: 210 time: 0.0688920
Aug 04 14:38:10.408971 n-d-801743-12 neutron-server[94265]: DEBUG neutron_lib.callbacks.manager [req-ff541b4d-e15b-434b-86d6-b2d92aa7a117 req-7d4c688f-885e-4220-aab2-60bc3099adb3 tempest-AggregatesAdminTestJSON-170226602 tempest-AggregatesAdminTestJSON-170226602-project] Notify callbacks [] for security_group, before_create {{(pid=94265) _notify_loop /usr/local/lib/python3.8/dist-packages/neutron_lib/callbacks/manager.py:192}}
Aug 04 14:38:10.418810 n-d-801743-12 neutron-server[94267]: DEBUG neutron.plugins.ml2.managers [None req-80b3db2c-b46e-49ec-950e-506ae1493b8f None None] Attempting to bind port ce8cd43c-7a74-45c9-9037-14649a6ea5c2 on host n-d-801743-12 for vnic_type normal with profile {{(pid=94267) bind_port /opt/stack/neutron/neutron/plugins/ml2/managers.py:790}}
Aug 04 14:38:10.420059 n-d-801743-12 neutron-server[94267]: DEBUG neutron.plugins.ml2.managers [None req-80b3db2c-b46e-49ec-950e-506ae1493b8f None None] Attempting to bind port ce8cd43c-7a74-45c9-9037-14649a6ea5c2 by drivers openvswitch,hyperv on host n-d-801743-12 at level 0 using segments [{'id': '336a17be-ed1a-4e2e-adc5-ef87848d21bf', 'network_type': 'vlan', 'physical_network': 'physnet1', 'segmentation_id': 573, 'network_id': '34dcde19-0efd-4251-9d2d-68c04f47df94'}] {{(pid=94267) _bind_port_level /opt/stack/neutron/neutron/plugins/ml2/managers.py:815}}
Aug 04 14:38:10.420607 n-d-801743-12 neutron-server[94267]: DEBUG neutron.plugins.ml2.drivers.mech_agent [None req-80b3db2c-b46e-49ec-950e-506ae1493b8f None None] Attempting to bind port ce8cd43c-7a74-45c9-9037-14649a6ea5c2 on network 34dcde19-0efd-4251-9d2d-68c04f47df94 {{(pid=94267) bind_port /opt/stack/neutron/neutron/plugins/ml2/drivers/mech_agent.py:85}}
Aug 04 14:38:10.433083 n-d-801743-12 neutron-server[94266]: DEBUG neutron.plugins.ml2.drivers.helpers [None req-bf5c7e42-d46f-4b94-89d6-3cbf5d3db271 admin admin] vlan segment allocate from pool success with {'physical_network': 'physnet1', 'vlan_id': 590} {{(pid=94266) allocate_partially_specified_segment /opt/stack/neutron/neutron/plugins/ml2/drivers/helpers.py:153}}
Aug 04 14:38:10.436690 n-d-801743-12 neutron-server[94267]: DEBUG neutron.plugins.ml2.drivers.mech_agent [None req-80b3db2c-b46e-49ec-950e-506ae1493b8f None None] Checking agent: {'id': '94f9a32f-5789-479f-8397-c08431aac9c1', 'agent_type': 'Open vSwitch agent', 'binary': 'neutron-openvswitch-agent', 'topic': 'N/A', 'host': 'n-d-801743-12', 'admin_state_up': True, 'created_at': datetime.datetime(2021, 8, 4, 14, 28, 17), 'started_at': datetime.datetime(2021, 8, 4, 14, 28, 47), 'heartbeat_timestamp': datetime.datetime(2021, 8, 4, 14, 37, 48), 'description': None, 'resources_synced': None, 'availability_zone': None, 'alive': True, 'configurations': {'arp_responder_enabled': False, 'baremetal_smartnic': False, 'bridge_mappings': {'physnet1': 'br-data'}, 'datapath_type': 'system', 'devices': 0, 'enable_distributed_routing': False, 'extensions': [], 'in_distributed_mode': False, 'integration_bridge': 'br-int', 'l2_population': False, 'log_agent_heartbeats': False, 'ovs_capabilities': {'datapath_types': ['netdev', 'system'], 'iface_types': ['erspan', 'geneve', 'gre', 'internal', 'ip6erspan', 'ip6gre', 'lisp', 'patch', 'stt', 'system', 'tap', 'vxlan']}, 'ovs_hybrid_plug': False, 'resource_provider_bandwidths': {}, 'resource_provider_hypervisors': {'br-data': 'n-d-801743-12'}, 'resource_provider_inventory_defaults': {'allocation_ratio': 1.0, 'min_unit': 1, 'step_size': 1, 'reserved': 0}, 'tunnel_types': [], 'tunneling_ip': None, 'vhostuser_socket_dir': '/var/run/openvswitch'}, 'resource_versions': {'AddressGroup': '1.2', 'ConntrackHelper': '1.0', 'Log': '1.0', 'Network': '1.1', 'Port': '1.7', 'PortForwarding': '1.2', 'QosPolicy': '1.9', 'SecurityGroup': '1.4', 'SecurityGroupRule': '1.2', 'SubPort': '1.0', 'Subnet': '1.1', 'Trunk': '1.1'}} {{(pid=94267) bind_port /opt/stack/neutron/neutron/plugins/ml2/drivers/mech_agent.py:104}}
Aug 04 14:38:10.440122 n-d-801743-12 neutron-server[94267]: DEBUG neutron.plugins.ml2.drivers.mech_agent [None req-80b3db2c-b46e-49ec-950e-506ae1493b8f None None] Checking segment: {'id': '336a17be-ed1a-4e2e-adc5-ef87848d21bf', 'network_type': 'vlan', 'physical_network': 'physnet1', 'segmentation_id': 573, 'network_id': '34dcde19-0efd-4251-9d2d-68c04f47df94'} for mappings: {'physnet1': 'br-data'} with network types: ['local', 'flat', 'vlan'] {{(pid=94267) check_segment_for_agent /opt/stack/neutron/neutron/plugins/ml2/drivers/mech_agent.py:352}}
Aug 04 14:38:10.440789 n-d-801743-12 neutron-server[94267]: DEBUG neutron_lib.callbacks.manager [None req-80b3db2c-b46e-49ec-950e-506ae1493b8f None None] Notify callbacks [] for ovs_bridge_name, before_read {{(pid=94267) _notify_loop /usr/local/lib/python3.8/dist-packages/neutron_lib/callbacks/manager.py:192}}
Aug 04 14:38:10.441286 n-d-801743-12 neutron-server[94267]: DEBUG neutron.plugins.ml2.drivers.mech_agent [None req-80b3db2c-b46e-49ec-950e-506ae1493b8f None None] Bound using segment: {'id': '336a17be-ed1a-4e2e-adc5-ef87848d21bf', 'network_type': 'vlan', 'physical_network': 'physnet1', 'segmentation_id': 573, 'network_id': '34dcde19-0efd-4251-9d2d-68c04f47df94'} {{(pid=94267) bind_port /opt/stack/neutron/neutron/plugins/ml2/drivers/mech_agent.py:114}}
Aug 04 14:38:10.442466 n-d-801743-12 neutron-server[94267]: DEBUG neutron.plugins.ml2.managers [None req-80b3db2c-b46e-49ec-950e-506ae1493b8f None None] Bound port: ce8cd43c-7a74-45c9-9037-14649a6ea5c2, host: n-d-801743-12, vif_type: ovs, vif_details: {"connectivity": "l2", "port_filter": true, "ovs_hybrid_plug": false, "datapath_type": "system", "bridge_name": "br-int"}, binding_levels: [{'bound_driver': 'openvswitch', 'bound_segment': {'id': '336a17be-ed1a-4e2e-adc5-ef87848d21bf', 'network_type': 'vlan', 'physical_network': 'physnet1', 'segmentation_id': 573, 'network_id': '34dcde19-0efd-4251-9d2d-68c04f47df94'}}] {{(pid=94267) _bind_port_level /opt/stack/neutron/neutron/plugins/ml2/managers.py:928}}
Aug 04 14:38:10.448239 n-d-801743-12 neutron-server[94267]: DEBUG neutron_lib.callbacks.manager [None req-80b3db2c-b46e-49ec-950e-506ae1493b8f None None] Notify callbacks ['neutron.plugins.ml2.plugin.SecurityGroupDbMixin._ensure_default_security_group_handler-777201'] for port, before_update {{(pid=94267) _notify_loop /usr/local/lib/python3.8/dist-packages/neutron_lib/callbacks/manager.py:192}}
Aug 04 14:38:10.461589 n-d-801743-12 neutron-server[94266]: DEBUG neutron.api.rpc.handlers.resources_rpc [None req-bf5c7e42-d46f-4b94-89d6-3cbf5d3db271 admin admin] Pushing event updated for resources: {'SecurityGroup': ['ID=acd38740-6029-4705-84d3-cb654bf61e8d,revision_number=1']} {{(pid=94266) push /opt/stack/neutron/neutron/api/rpc/handlers/resources_rpc.py:237}}
Aug 04 14:38:10.470496 n-d-801743-12 neutron-server[94266]: DEBUG neutron_lib.callbacks.manager [None req-bf5c7e42-d46f-4b94-89d6-3cbf5d3db271 admin admin] Notify callbacks ['neutron.plugins.ml2.plugin.Ml2Plugin._handle_segment_change-660191'] for segment, precommit_create {{(pid=94266) _notify_loop /usr/local/lib/python3.8/dist-packages/neutron_lib/callbacks/manager.py:192}}
Aug 04 14:38:10.472545 n-d-801743-12 neutron-server[94266]: INFO neutron.db.segments_db [None req-bf5c7e42-d46f-4b94-89d6-3cbf5d3db271 admin admin] Added segment 8a2c4782-55a3-4afb-8e7f-bc5f0b684bb1 of type vlan for network 51ff9d44-1cab-4c49-9cd3-19c025fc1f98
Aug 04 14:38:10.482416 n-d-801743-12 neutron-server[94265]: DEBUG neutron_lib.callbacks.manager [None req-77b063b6-7520-4903-a1a9-62894df0bc73 admin admin] Notify callbacks [] for security_group, precommit_create {{(pid=94265) _notify_loop /usr/local/lib/python3.8/dist-packages/neutron_lib/callbacks/manager.py:192}}
Aug 04 14:38:10.498688 n-d-801743-12 neutron-server[94265]: DEBUG neutron_lib.callbacks.manager [None req-77b063b6-7520-4903-a1a9-62894df0bc73 admin admin] Notify callbacks ['neutron.plugins.ml2.ovo_rpc._ObjectChangeHandler.handle_event-3844313'] for security_group, after_create {{(pid=94265) _notify_loop /usr/local/lib/python3.8/dist-packages/neutron_lib/callbacks/manager.py:192}}
Aug 04 14:38:10.565131 n-d-801743-12 neutron-server[94267]: DEBUG neutron.db.provisioning_blocks [None req-fd0d05af-3502-490a-adbc-e48f27c73b33 None None] Provisioning for port 9125dc17-53e5-4795-a53b-83cb204c418c completed by entity L2. {{(pid=94267) provisioning_complete /opt/stack/neutron/neutron/db/provisioning_blocks.py:133}}
Aug 04 14:38:10.584271 n-d-801743-12 neutron-server[94267]: DEBUG neutron.db.provisioning_blocks [None req-fd0d05af-3502-490a-adbc-e48f27c73b33 None None] Provisioning complete for port 9125dc17-53e5-4795-a53b-83cb204c418c triggered by entity L2. {{(pid=94267) provisioning_complete /opt/stack/neutron/neutron/db/provisioning_blocks.py:139}}
Aug 04 14:38:10.584645 n-d-801743-12 neutron-server[94267]: DEBUG neutron_lib.callbacks.manager [None req-fd0d05af-3502-490a-adbc-e48f27c73b33 None None] Notify callbacks ['neutron.plugins.ml2.plugin.Ml2Plugin._port_provisioned-3472048'] for port, provisioning_complete {{(pid=94267) _notify_loop /usr/local/lib/python3.8/dist-packages/neutron_lib/callbacks/manager.py:192}}
Aug 04 14:38:10.588368 n-d-801743-12 neutron-server[94266]: DEBUG neutron_lib.callbacks.manager [None req-7f9ee744-6858-40c9-bfb9-a1617a9f2c12 admin admin] Notify callbacks [] for router_gateway, before_create {{(pid=94266) _notify_loop /usr/local/lib/python3.8/dist-packages/neutron_lib/callbacks/manager.py:192}}
Aug 04 14:38:10.639727 n-d-801743-12 neutron-server[94266]: DEBUG neutron_lib.callbacks.manager [None req-bf5c7e42-d46f-4b94-89d6-3cbf5d3db271 admin admin] Notify callbacks ['neutron.services.auto_allocate.db._ensure_external_network_default_value_callback-8768244575636'] for network, precommit_create {{(pid=94266) _notify_loop /usr/local/lib/python3.8/dist-packages/neutron_lib/callbacks/manager.py:192}}
Aug 04 14:38:10.646294 n-d-801743-12 neutron-server[94266]: DEBUG neutron_lib.callbacks.manager [None req-7f9ee744-6858-40c9-bfb9-a1617a9f2c12 admin admin] Notify callbacks ['neutron.plugins.ml2.plugin.SecurityGroupDbMixin._ensure_default_security_group_handler-777201'] for port, before_create {{(pid=94266) _notify_loop /usr/local/lib/python3.8/dist-packages/neutron_lib/callbacks/manager.py:192}}
Aug 04 14:38:10.652943 n-d-801743-12 neutron-server[94266]: DEBUG neutron.wsgi [-] (94266) accepted ('10.222.0.76', 36950) {{(pid=94266) server /usr/local/lib/python3.8/dist-packages/eventlet/wsgi.py:982}}
Aug 04 14:38:10.653769 n-d-801743-12 neutron-server[94265]: INFO neutron.wsgi [None req-77b063b6-7520-4903-a1a9-62894df0bc73 admin admin] 10.222.0.76 "GET /v2.0/security-groups?tenant_id=d5c2faeda31d4ba482a8ad20aec0d4e4&name=default HTTP/1.1" status: 200 len: 2979 time: 0.5313284
Aug 04 14:38:10.670880 n-d-801743-12 neutron-server[94265]: DEBUG neutron.api.rpc.handlers.resources_rpc [None req-77b063b6-7520-4903-a1a9-62894df0bc73 admin admin] Pushing event updated for resources: {'SecurityGroup': ['ID=72aac189-6c3f-446e-a64e-e9ab2dc4b28d,revision_number=1']} {{(pid=94265) push /opt/stack/neutron/neutron/api/rpc/handlers/resources_rpc.py:237}}
Aug 04 14:38:10.713174 n-d-801743-12 neutron-server[94267]: DEBUG neutron.plugins.ml2.db [None req-80b3db2c-b46e-49ec-950e-506ae1493b8f None None] For port ce8cd43c-7a74-45c9-9037-14649a6ea5c2, host n-d-801743-12, cleared binding levels {{(pid=94267) clear_binding_levels /opt/stack/neutron/neutron/plugins/ml2/db.py:87}}
Aug 04 14:38:10.732475 n-d-801743-12 neutron-server[94267]: DEBUG neutron.plugins.ml2.db [None req-80b3db2c-b46e-49ec-950e-506ae1493b8f None None] For port ce8cd43c-7a74-45c9-9037-14649a6ea5c2, host n-d-801743-12, set binding levels [PortBindingLevel(driver='openvswitch',host='n-d-801743-12',level=0,port_id=ce8cd43c-7a74-45c9-9037-14649a6ea5c2,segment=NetworkSegment(336a17be-ed1a-4e2e-adc5-ef87848d21bf),segment_id=336a17be-ed1a-4e2e-adc5-ef87848d21bf)] {{(pid=94267) set_binding_levels /opt/stack/neutron/neutron/plugins/ml2/db.py:59}}
Aug 04 14:38:10.747541 n-d-801743-12 neutron-server[94267]: DEBUG neutron_lib.callbacks.manager [None req-80b3db2c-b46e-49ec-950e-506ae1493b8f None None] Notify callbacks ['neutron.plugins.ml2.plugin.SecurityGroupServerNotifierRpcMixin._notify_sg_on_port_change-777136', 'neutron.plugins.ml2.ovo_rpc._ObjectChangeHandler.handle_event-40701', 'neutron.api.rpc.agentnotifiers.dhcp_rpc_agent_api.DhcpAgentNotifyAPI._native_event_send_dhcp_notification-3795372', 'neutron.db.l3_db.L3RpcNotifierMixin._notify_gateway_port_ip_changed-8768245045122', 'neutron.db.l3_dvrscheduler_db._notify_l3_agent_port_update-8768244557635', 'neutron.db.l3_hascheduler_db._notify_l3_agent_ha_port_update-8768244557653'] for port, after_update {{(pid=94267) _notify_loop /usr/local/lib/python3.8/dist-packages/neutron_lib/callbacks/manager.py:192}}
Aug 04 14:38:10.786397 n-d-801743-12 neutron-server[94266]: DEBUG neutron_lib.callbacks.manager [None req-bf5c7e42-d46f-4b94-89d6-3cbf5d3db271 admin admin] Notify callbacks ['neutron.plugins.ml2.ovo_rpc._ObjectChangeHandler.handle_event-3839780', 'neutron.api.rpc.agentnotifiers.dhcp_rpc_agent_api.DhcpAgentNotifyAPI._native_event_send_dhcp_notification-3795372'] for network, after_create {{(pid=94266) _notify_loop /usr/local/lib/python3.8/dist-packages/neutron_lib/callbacks/manager.py:192}}
Aug 04 14:38:10.788774 n-d-801743-12 neutron-server[94266]: DEBUG neutron.pecan_wsgi.hooks.policy_enforcement [None req-bf5c7e42-d46f-4b94-89d6-3cbf5d3db271 admin admin] Attributes excluded by policy engine: ['standard_attr_id', 'vlan_transparent'] {{(pid=94266) _exclude_attributes_by_policy /opt/stack/neutron/neutron/pecan_wsgi/hooks/policy_enforcement.py:255}}
Aug 04 14:38:10.789585 n-d-801743-12 neutron-server[94266]: DEBUG neutron_lib.callbacks.manager [None req-bf5c7e42-d46f-4b94-89d6-3cbf5d3db271 admin admin] Notify callbacks ['neutron.api.rpc.agentnotifiers.dhcp_rpc_agent_api.DhcpAgentNotifyAPI._send_dhcp_notification-3795378'] for network, before_response {{(pid=94266) _notify_loop /usr/local/lib/python3.8/dist-packages/neutron_lib/callbacks/manager.py:192}}
Aug 04 14:38:10.815100 n-d-801743-12 neutron-server[94265]: DEBUG neutron_lib.callbacks.manager [req-ff541b4d-e15b-434b-86d6-b2d92aa7a117 req-7d4c688f-885e-4220-aab2-60bc3099adb3 tempest-AggregatesAdminTestJSON-170226602 tempest-AggregatesAdminTestJSON-170226602-project] Notify callbacks [] for security_group, precommit_create {{(pid=94265) _notify_loop /usr/local/lib/python3.8/dist-packages/neutron_lib/callbacks/manager.py:192}}
Aug 04 14:38:10.826923 n-d-801743-12 neutron-server[94265]: DEBUG neutron_lib.callbacks.manager [req-ff541b4d-e15b-434b-86d6-b2d92aa7a117 req-7d4c688f-885e-4220-aab2-60bc3099adb3 tempest-AggregatesAdminTestJSON-170226602 tempest-AggregatesAdminTestJSON-170226602-project] Notify callbacks ['neutron.plugins.ml2.ovo_rpc._ObjectChangeHandler.handle_event-3844313'] for security_group, after_create {{(pid=94265) _notify_loop /usr/local/lib/python3.8/dist-packages/neutron_lib/callbacks/manager.py:192}}
Aug 04 14:38:10.937600 n-d-801743-12 neutron-server[94266]: DEBUG neutron_lib.callbacks.manager [None req-10d1dbaa-c23e-4dfa-81dc-f5fd1b73e4f7 admin admin] Notify callbacks [] for security_group, before_delete {{(pid=94266) _notify_loop /usr/local/lib/python3.8/dist-packages/neutron_lib/callbacks/manager.py:192}}
Aug 04 14:38:10.988127 n-d-801743-12 neutron-server[94267]: DEBUG neutron.api.rpc.handlers.resources_rpc [None req-80b3db2c-b46e-49ec-950e-506ae1493b8f None None] Pushing event updated for resources: {'Port': ['ID=ce8cd43c-7a74-45c9-9037-14649a6ea5c2,revision_number=2']} {{(pid=94267) push /opt/stack/neutron/neutron/api/rpc/handlers/resources_rpc.py:237}}
Aug 04 14:38:10.997529 n-d-801743-12 neutron-server[94266]: INFO neutron.wsgi [None req-bf5c7e42-d46f-4b94-89d6-3cbf5d3db271 admin admin] 10.222.0.76 "POST /v2.0/networks HTTP/1.1" status: 201 len: 893 time: 2.1239512
Aug 04 14:38:11.022193 n-d-801743-12 neutron-server[94266]: DEBUG neutron.wsgi [-] (94266) accepted ('10.222.0.76', 36958) {{(pid=94266) server /usr/local/lib/python3.8/dist-packages/eventlet/wsgi.py:982}}
Aug 04 14:38:11.029126 n-d-801743-12 neutron-server[94267]: DEBUG neutron_lib.callbacks.manager [None req-fd0d05af-3502-490a-adbc-e48f27c73b33 None None] Notify callbacks ['neutron.plugins.ml2.plugin.SecurityGroupDbMixin._ensure_default_security_group_handler-777201'] for port, before_update {{(pid=94267) _notify_loop /usr/local/lib/python3.8/dist-packages/neutron_lib/callbacks/manager.py:192}}
Aug 04 14:38:11.045740 n-d-801743-12 neutron-server[94266]: DEBUG neutron.api.v2.base [None req-5340aa51-559a-43fb-88d0-0d02929e08e5 admin admin] Request body: {'subnet': {'network_id': '51ff9d44-1cab-4c49-9cd3-19c025fc1f98', 'cidr': '172.20.0.0/28', 'name': 'tempest-LiveAutoBlockMigrationV225Test-227639927-subnet', 'tenant_id': '3125fe8accca4b878a77bddccadab7fa', 'enable_dhcp': False, 'ip_version': 4}} {{(pid=94266) prepare_request_body /opt/stack/neutron/neutron/api/v2/base.py:729}}
Aug 04 14:38:11.114146 n-d-801743-12 neutron-server[94266]: DEBUG neutron.pecan_wsgi.hooks.quota_enforcement [None req-5340aa51-559a-43fb-88d0-0d02929e08e5 admin admin] Made reservation on behalf of 3125fe8accca4b878a77bddccadab7fa for: {'subnet': 1} {{(pid=94266) before /opt/stack/neutron/neutron/pecan_wsgi/hooks/quota_enforcement.py:53}}
Aug 04 14:38:11.119761 n-d-801743-12 neutron-server[94266]: DEBUG neutron_lib.callbacks.manager [None req-5340aa51-559a-43fb-88d0-0d02929e08e5 admin admin] Notify callbacks [] for subnet, before_create {{(pid=94266) _notify_loop /usr/local/lib/python3.8/dist-packages/neutron_lib/callbacks/manager.py:192}}
Aug 04 14:38:11.120240 n-d-801743-12 neutron-server[94267]: DEBUG neutron.plugins.ml2.db [None req-fd0d05af-3502-490a-adbc-e48f27c73b33 None None] For port 9125dc17-53e5-4795-a53b-83cb204c418c, host n-d-801743-12, got binding levels [PortBindingLevel(driver='openvswitch',host='n-d-801743-12',level=0,port_id=9125dc17-53e5-4795-a53b-83cb204c418c,segment=NetworkSegment(90061585-6625-4f20-a6d7-48812fac8ab8),segment_id=90061585-6625-4f20-a6d7-48812fac8ab8)] {{(pid=94267) get_binding_level_objs /opt/stack/neutron/neutron/plugins/ml2/db.py:74}}
Aug 04 14:38:11.127650 n-d-801743-12 neutron-server[94267]: DEBUG neutron_lib.callbacks.manager [None req-fd0d05af-3502-490a-adbc-e48f27c73b33 None None] Notify callbacks ['neutron.plugins.ml2.plugin.SecurityGroupServerNotifierRpcMixin._notify_sg_on_port_change-777136', 'neutron.plugins.ml2.ovo_rpc._ObjectChangeHandler.handle_event-40701', 'neutron.api.rpc.agentnotifiers.dhcp_rpc_agent_api.DhcpAgentNotifyAPI._native_event_send_dhcp_notification-3795372', 'neutron.db.l3_db.L3RpcNotifierMixin._notify_gateway_port_ip_changed-8768245045122', 'neutron.db.l3_dvrscheduler_db._notify_l3_agent_port_update-8768244557635', 'neutron.db.l3_hascheduler_db._notify_l3_agent_ha_port_update-8768244557653'] for port, after_update {{(pid=94267) _notify_loop /usr/local/lib/python3.8/dist-packages/neutron_lib/callbacks/manager.py:192}}
Aug 04 14:38:11.197708 n-d-801743-12 neutron-server[94266]: DEBUG neutron.db.db_base_plugin_common [None req-7f9ee744-6858-40c9-bfb9-a1617a9f2c12 admin admin] Allocated IP 172.25.0.18 (1fdf6bb4-3950-4f99-9337-fbc74aa451ad/b73ce00e-d139-4ba8-b6f1-ba2571639136/cf1c9e52-6515-445d-aebe-fb8da42f6a14) {{(pid=94266) _store_ip_allocation /opt/stack/neutron/neutron/db/db_base_plugin_common.py:131}}
Aug 04 14:38:11.353742 n-d-801743-12 neutron-server[94267]: DEBUG neutron.api.rpc.handlers.resources_rpc [None req-fd0d05af-3502-490a-adbc-e48f27c73b33 None None] Pushing event updated for resources: {'Port': ['ID=9125dc17-53e5-4795-a53b-83cb204c418c,revision_number=5']} {{(pid=94267) push /opt/stack/neutron/neutron/api/rpc/handlers/resources_rpc.py:237}}
Aug 04 14:38:11.572233 n-d-801743-12 neutron-server[94265]: DEBUG neutron.api.rpc.handlers.resources_rpc [None req-7d4c688f-885e-4220-aab2-60bc3099adb3 tempest-AggregatesAdminTestJSON-170226602 tempest-AggregatesAdminTestJSON-170226602-project] Pushing event updated for resources: {'SecurityGroup': ['ID=e69c066d-3373-4135-8de4-273bbd7f5607,revision_number=1']} {{(pid=94265) push /opt/stack/neutron/neutron/api/rpc/handlers/resources_rpc.py:237}}
Aug 04 14:38:11.595410 n-d-801743-12 neutron-server[94265]: DEBUG neutron.wsgi [-] (94265) accepted ('10.222.0.76', 36970) {{(pid=94265) server /usr/local/lib/python3.8/dist-packages/eventlet/wsgi.py:982}}
Aug 04 14:38:11.726850 n-d-801743-12 neutron-server[94265]: DEBUG neutron_lib.callbacks.manager [None req-bee2ecf5-b10b-4bb0-86c9-47f68ada8a7e admin admin] Notify callbacks [] for security_group, before_create {{(pid=94265) _notify_loop /usr/local/lib/python3.8/dist-packages/neutron_lib/callbacks/manager.py:192}}
Aug 04 14:38:11.768229 n-d-801743-12 neutron-server[94265]: INFO neutron.wsgi [req-6e62c92a-20b8-4e52-a1d5-4b3ab4c90c14 req-9c536314-ef22-4972-b74d-eac3d881f612 tempest-AggregatesAdminTestJSON-170226602 tempest-AggregatesAdminTestJSON-170226602-project] 10.222.0.76 "GET /v2.0/ports?device_id=f2ceff70-960c-4499-ab2c-ee3b49d16f83 HTTP/1.1" status: 200 len: 210 time: 0.1688852
Aug 04 14:38:11.801684 n-d-801743-12 neutron-server[94266]: DEBUG neutron.api.rpc.handlers.resources_rpc [None req-bf5c7e42-d46f-4b94-89d6-3cbf5d3db271 admin admin] Pushing event updated for resources: {'Network': ['ID=51ff9d44-1cab-4c49-9cd3-19c025fc1f98,revision_number=1']} {{(pid=94266) push /opt/stack/neutron/neutron/api/rpc/handlers/resources_rpc.py:237}}
Aug 04 14:38:11.838571 n-d-801743-12 neutron-server[94266]: DEBUG neutron_lib.callbacks.manager [None req-10d1dbaa-c23e-4dfa-81dc-f5fd1b73e4f7 admin admin] Notify callbacks [] for security_group, precommit_delete {{(pid=94266) _notify_loop /usr/local/lib/python3.8/dist-packages/neutron_lib/callbacks/manager.py:192}}
Aug 04 14:38:11.971956 n-d-801743-12 neutron-server[94267]: DEBUG neutron.plugins.ml2.rpc [None req-fd0d05af-3502-490a-adbc-e48f27c73b33 None None] Network 51ff9d44-1cab-4c49-9cd3-19c025fc1f98 details requested by agent ovs-agent-n-d-801743-12 with host n-d-801743-12 {{(pid=94267) get_network_details /opt/stack/neutron/neutron/plugins/ml2/rpc.py:248}}
Aug 04 14:38:12.008226 n-d-801743-12 neutron-server[94266]: DEBUG neutron_lib.callbacks.manager [None req-10d1dbaa-c23e-4dfa-81dc-f5fd1b73e4f7 admin admin] Notify callbacks ['neutron.plugins.ml2.ovo_rpc._ObjectChangeHandler.handle_event-3844313'] for security_group, after_delete {{(pid=94266) _notify_loop /usr/local/lib/python3.8/dist-packages/neutron_lib/callbacks/manager.py:192}}
Aug 04 14:38:12.011297 n-d-801743-12 neutron-server[94266]: DEBUG neutron_lib.callbacks.manager [None req-10d1dbaa-c23e-4dfa-81dc-f5fd1b73e4f7 admin admin] Notify callbacks [] for security_group, before_response {{(pid=94266) _notify_loop /usr/local/lib/python3.8/dist-packages/neutron_lib/callbacks/manager.py:192}}
Aug 04 14:38:12.015967 n-d-801743-12 neutron-server[94266]: INFO neutron.wsgi [None req-10d1dbaa-c23e-4dfa-81dc-f5fd1b73e4f7 admin admin] 10.222.0.76 "DELETE /v2.0/security-groups/72aac189-6c3f-446e-a64e-e9ab2dc4b28d HTTP/1.1" status: 204 len: 168 time: 1.3614016
Aug 04 14:38:12.064171 n-d-801743-12 neutron-server[94266]: DEBUG neutron_lib.callbacks.manager [None req-7f9ee744-6858-40c9-bfb9-a1617a9f2c12 admin admin] Notify callbacks [] for port, precommit_create {{(pid=94266) _notify_loop /usr/local/lib/python3.8/dist-packages/neutron_lib/callbacks/manager.py:192}}
Aug 04 14:38:12.138661 n-d-801743-12 neutron-server[94265]: DEBUG neutron_lib.callbacks.manager [None req-bee2ecf5-b10b-4bb0-86c9-47f68ada8a7e admin admin] Notify callbacks [] for security_group, precommit_create {{(pid=94265) _notify_loop /usr/local/lib/python3.8/dist-packages/neutron_lib/callbacks/manager.py:192}}
Aug 04 14:38:12.157383 n-d-801743-12 neutron-server[94265]: DEBUG neutron_lib.callbacks.manager [None req-bee2ecf5-b10b-4bb0-86c9-47f68ada8a7e admin admin] Notify callbacks ['neutron.plugins.ml2.ovo_rpc._ObjectChangeHandler.handle_event-3844313'] for security_group, after_create {{(pid=94265) _notify_loop /usr/local/lib/python3.8/dist-packages/neutron_lib/callbacks/manager.py:192}}
Aug 04 14:38:12.184290 n-d-801743-12 neutron-server[94266]: DEBUG neutron.api.rpc.handlers.resources_rpc [None req-10d1dbaa-c23e-4dfa-81dc-f5fd1b73e4f7 admin admin] Pushing event deleted for resources: {'SecurityGroup': ['ID=72aac189-6c3f-446e-a64e-e9ab2dc4b28d,revision_number=None']} {{(pid=94266) push /opt/stack/neutron/neutron/api/rpc/handlers/resources_rpc.py:237}}
Aug 04 14:38:12.186174 n-d-801743-12 neutron-server[94266]: DEBUG neutron.wsgi [-] (94266) accepted ('10.222.0.76', 36988) {{(pid=94266) server /usr/local/lib/python3.8/dist-packages/eventlet/wsgi.py:982}}
Aug 04 14:38:12.323238 n-d-801743-12 neutron-server[94265]: DEBUG neutron.db.db_base_plugin_common [req-ff541b4d-e15b-434b-86d6-b2d92aa7a117 req-7d4c688f-885e-4220-aab2-60bc3099adb3 tempest-AggregatesAdminTestJSON-170226602 tempest-AggregatesAdminTestJSON-170226602-project] Allocated IP 192.168.233.31 (7017246f-8f99-4682-beae-332c7d1ef6bb/6eff5ab9-9e28-48a5-8af8-a685894f9e72/71719203-a24d-4bb6-972e-3e7a10d21d82) {{(pid=94265) _store_ip_allocation /opt/stack/neutron/neutron/db/db_base_plugin_common.py:131}}
Aug 04 14:38:12.402082 n-d-801743-12 neutron-server[94265]: INFO neutron.wsgi [None req-bee2ecf5-b10b-4bb0-86c9-47f68ada8a7e admin admin] 10.222.0.76 "GET /v2.0/security-groups?tenant_id=02471cb2918e44068f2c8a910402a493&name=default HTTP/1.1" status: 200 len: 2979 time: 0.8002326
Aug 04 14:38:12.408792 n-d-801743-12 neutron-server[94265]: DEBUG neutron.wsgi [-] (94265) accepted ('10.222.0.76', 36992) {{(pid=94265) server /usr/local/lib/python3.8/dist-packages/eventlet/wsgi.py:982}}
Aug 04 14:38:12.446078 n-d-801743-12 neutron-server[94267]: DEBUG neutron.plugins.ml2.rpc [None req-fd0d05af-3502-490a-adbc-e48f27c73b33 None None] Device 9125dc17-53e5-4795-a53b-83cb204c418c up at agent ovs-agent-n-d-801743-12 {{(pid=94267) update_device_up /opt/stack/neutron/neutron/plugins/ml2/rpc.py:296}}
Aug 04 14:38:12.495804 n-d-801743-12 neutron-server[94265]: DEBUG neutron.api.rpc.handlers.resources_rpc [None req-bee2ecf5-b10b-4bb0-86c9-47f68ada8a7e admin admin] Pushing event updated for resources: {'SecurityGroup': ['ID=f584bf2e-88a6-4cfb-9b0b-958717f10d59,revision_number=1']} {{(pid=94265) push /opt/stack/neutron/neutron/api/rpc/handlers/resources_rpc.py:237}}
Aug 04 14:38:12.539844 n-d-801743-12 neutron-server[94266]: DEBUG neutron_lib.callbacks.manager [None req-5340aa51-559a-43fb-88d0-0d02929e08e5 admin admin] Notify callbacks ['neutron.plugins.ml2.ovo_rpc._ObjectChangeHandler.handle_event-38428', 'neutron.api.rpc.agentnotifiers.dhcp_rpc_agent_api.DhcpAgentNotifyAPI._native_event_send_dhcp_notification-3795372'] for subnet, after_create {{(pid=94266) _notify_loop /usr/local/lib/python3.8/dist-packages/neutron_lib/callbacks/manager.py:192}}
Aug 04 14:38:12.569369 n-d-801743-12 neutron-server[94267]: DEBUG neutron.db.provisioning_blocks [None req-fd0d05af-3502-490a-adbc-e48f27c73b33 None None] Provisioning complete for port 9125dc17-53e5-4795-a53b-83cb204c418c triggered by entity L2. {{(pid=94267) provisioning_complete /opt/stack/neutron/neutron/db/provisioning_blocks.py:139}}
Aug 04 14:38:12.570920 n-d-801743-12 neutron-server[94267]: DEBUG neutron_lib.callbacks.manager [None req-fd0d05af-3502-490a-adbc-e48f27c73b33 None None] Notify callbacks ['neutron.plugins.ml2.plugin.Ml2Plugin._port_provisioned-3472048'] for port, provisioning_complete {{(pid=94267) _notify_loop /usr/local/lib/python3.8/dist-packages/neutron_lib/callbacks/manager.py:192}}
Aug 04 14:38:12.665360 n-d-801743-12 neutron-server[94265]: DEBUG neutron_lib.callbacks.manager [None req-059861ad-e22c-4c2e-baea-80ea8bcdf0be admin admin] Notify callbacks [] for security_group, before_delete {{(pid=94265) _notify_loop /usr/local/lib/python3.8/dist-packages/neutron_lib/callbacks/manager.py:192}}
Aug 04 14:38:12.685142 n-d-801743-12 neutron-server[94266]: DEBUG neutron_lib.callbacks.manager [None req-7f9ee744-6858-40c9-bfb9-a1617a9f2c12 admin admin] Notify callbacks ['neutron.plugins.ml2.plugin.SecurityGroupServerNotifierRpcMixin._notify_sg_on_port_change-777136', 'neutron.plugins.ml2.ovo_rpc._ObjectChangeHandler.handle_event-40701', 'neutron.api.rpc.agentnotifiers.dhcp_rpc_agent_api.DhcpAgentNotifyAPI._native_event_send_dhcp_notification-3795372', 'neutron.db.l3_dvrscheduler_db._notify_l3_agent_new_port-8768244557617'] for port, after_create {{(pid=94266) _notify_loop /usr/local/lib/python3.8/dist-packages/neutron_lib/callbacks/manager.py:192}}
Aug 04 14:38:12.750278 n-d-801743-12 neutron-server[94265]: DEBUG neutron_lib.callbacks.manager [None req-059861ad-e22c-4c2e-baea-80ea8bcdf0be admin admin] Notify callbacks [] for security_group, precommit_delete {{(pid=94265) _notify_loop /usr/local/lib/python3.8/dist-packages/neutron_lib/callbacks/manager.py:192}}
Aug 04 14:38:12.789418 n-d-801743-12 neutron-server[94267]: DEBUG neutron.plugins.ml2.rpc [None req-fd0d05af-3502-490a-adbc-e48f27c73b33 None None] Device ce8cd43c-7a74-45c9-9037-14649a6ea5c2 up at agent ovs-agent-n-d-801743-12 {{(pid=94267) update_device_up /opt/stack/neutron/neutron/plugins/ml2/rpc.py:296}}
Aug 04 14:38:12.860517 n-d-801743-12 neutron-server[94266]: DEBUG neutron.scheduler.dhcp_agent_scheduler [None req-7f9ee744-6858-40c9-bfb9-a1617a9f2c12 admin admin] Network 1fdf6bb4-3950-4f99-9337-fbc74aa451ad is already hosted by enough agents. {{(pid=94266) _get_dhcp_agents_hosting_network /opt/stack/neutron/neutron/scheduler/dhcp_agent_scheduler.py:275}}
Aug 04 14:38:12.871563 n-d-801743-12 neutron-server[94266]: DEBUG neutron.scheduler.base_scheduler [None req-7f9ee744-6858-40c9-bfb9-a1617a9f2c12 admin admin] Resources bound (agent type, host, resource id): {{(pid=94266) schedule /opt/stack/neutron/neutron/scheduler/base_scheduler.py:57}}
Aug 04 14:38:12.874874 n-d-801743-12 neutron-server[94267]: DEBUG neutron.api.rpc.handlers.dhcp_rpc [None req-e5f942aa-575b-4ee5-ae96-2728a55cb4e4 None None] Network 34dcde19-0efd-4251-9d2d-68c04f47df94 requested from n-d-801743-12 {{(pid=94267) get_network_info /opt/stack/neutron/neutron/api/rpc/handlers/dhcp_rpc.py:218}}
Aug 04 14:38:12.898091 n-d-801743-12 neutron-server[94266]: DEBUG neutron.db.l3_dvrscheduler_db [None req-7f9ee744-6858-40c9-bfb9-a1617a9f2c12 admin admin] Received port after_create {{(pid=94266) _notify_l3_agent_new_port /opt/stack/neutron/neutron/db/l3_dvrscheduler_db.py:535}}
Aug 04 14:38:12.997451 n-d-801743-12 neutron-server[94265]: INFO neutron.wsgi [req-aa4fc495-15c8-4457-9669-2aba550d63d9 req-89f4adac-c773-47f5-bb03-f87ffd2d678a tempest-AggregatesAdminTestJSON-170226602 tempest-AggregatesAdminTestJSON-170226602-project] 10.222.0.76 "GET /v2.0/ports?device_id=f2ceff70-960c-4499-ab2c-ee3b49d16f83 HTTP/1.1" status: 200 len: 210 time: 0.0635109
Aug 04 14:38:13.013667 n-d-801743-12 neutron-server[94265]: DEBUG neutron_lib.callbacks.manager [req-ff541b4d-e15b-434b-86d6-b2d92aa7a117 req-7d4c688f-885e-4220-aab2-60bc3099adb3 tempest-AggregatesAdminTestJSON-170226602 tempest-AggregatesAdminTestJSON-170226602-project] Notify callbacks [] for port, precommit_create {{(pid=94265) _notify_loop /usr/local/lib/python3.8/dist-packages/neutron_lib/callbacks/manager.py:192}}
Aug 04 14:38:13.018315 n-d-801743-12 neutron-server[94265]: DEBUG neutron_lib.callbacks.manager [None req-059861ad-e22c-4c2e-baea-80ea8bcdf0be admin admin] Notify callbacks ['neutron.plugins.ml2.ovo_rpc._ObjectChangeHandler.handle_event-3844313'] for security_group, after_delete {{(pid=94265) _notify_loop /usr/local/lib/python3.8/dist-packages/neutron_lib/callbacks/manager.py:192}}
Aug 04 14:38:13.022561 n-d-801743-12 neutron-server[94265]: DEBUG neutron_lib.callbacks.manager [None req-059861ad-e22c-4c2e-baea-80ea8bcdf0be admin admin] Notify callbacks [] for security_group, before_response {{(pid=94265) _notify_loop /usr/local/lib/python3.8/dist-packages/neutron_lib/callbacks/manager.py:192}}
Aug 04 14:38:13.027295 n-d-801743-12 neutron-server[94265]: INFO neutron.wsgi [None req-059861ad-e22c-4c2e-baea-80ea8bcdf0be admin admin] 10.222.0.76 "DELETE /v2.0/security-groups/f584bf2e-88a6-4cfb-9b0b-958717f10d59 HTTP/1.1" status: 204 len: 168 time: 0.6137834
Aug 04 14:38:13.047833 n-d-801743-12 neutron-server[94265]: DEBUG neutron.api.rpc.handlers.resources_rpc [None req-059861ad-e22c-4c2e-baea-80ea8bcdf0be admin admin] Pushing event deleted for resources: {'SecurityGroup': ['ID=f584bf2e-88a6-4cfb-9b0b-958717f10d59,revision_number=None']} {{(pid=94265) push /opt/stack/neutron/neutron/api/rpc/handlers/resources_rpc.py:237}}
Aug 04 14:38:13.051729 n-d-801743-12 neutron-server[94265]: DEBUG neutron.db.provisioning_blocks [req-ff541b4d-e15b-434b-86d6-b2d92aa7a117 req-7d4c688f-885e-4220-aab2-60bc3099adb3 tempest-AggregatesAdminTestJSON-170226602 tempest-AggregatesAdminTestJSON-170226602-project] Transition to ACTIVE for port object 71719203-a24d-4bb6-972e-3e7a10d21d82 will not be triggered until provisioned by entity DHCP. {{(pid=94265) add_provisioning_component /opt/stack/neutron/neutron/db/provisioning_blocks.py:73}}
Aug 04 14:38:13.061031 n-d-801743-12 neutron-server[94267]: DEBUG neutron.db.provisioning_blocks [None req-1e89980a-e4a3-45fd-a374-a01d9835001b None None] Provisioning for port ce8cd43c-7a74-45c9-9037-14649a6ea5c2 completed by entity DHCP. {{(pid=94267) provisioning_complete /opt/stack/neutron/neutron/db/provisioning_blocks.py:133}}
Aug 04 14:38:13.087073 n-d-801743-12 neutron-server[94266]: DEBUG neutron.api.rpc.handlers.resources_rpc [None req-7f9ee744-6858-40c9-bfb9-a1617a9f2c12 admin admin] Pushing event updated for resources: {'Port': ['ID=cf1c9e52-6515-445d-aebe-fb8da42f6a14,revision_number=1']} {{(pid=94266) push /opt/stack/neutron/neutron/api/rpc/handlers/resources_rpc.py:237}}
Aug 04 14:38:13.089074 n-d-801743-12 neutron-server[94266]: DEBUG neutron.api.rpc.handlers.resources_rpc [None req-5340aa51-559a-43fb-88d0-0d02929e08e5 admin admin] Pushing event updated for resources: {'Subnet': ['ID=10a7ba5a-12a2-45b8-b74e-83f429e20d7e,revision_number=0']} {{(pid=94266) push /opt/stack/neutron/neutron/api/rpc/handlers/resources_rpc.py:237}}
Aug 04 14:38:13.092131 n-d-801743-12 neutron-server[94267]: DEBUG neutron.db.provisioning_blocks [None req-1e89980a-e4a3-45fd-a374-a01d9835001b None None] Provisioning complete for port ce8cd43c-7a74-45c9-9037-14649a6ea5c2 triggered by entity DHCP. {{(pid=94267) provisioning_complete /opt/stack/neutron/neutron/db/provisioning_blocks.py:139}}
Aug 04 14:38:13.092609 n-d-801743-12 neutron-server[94267]: DEBUG neutron_lib.callbacks.manager [None req-1e89980a-e4a3-45fd-a374-a01d9835001b None None] Notify callbacks ['neutron.plugins.ml2.plugin.Ml2Plugin._port_provisioned-3472048'] for port, provisioning_complete {{(pid=94267) _notify_loop /usr/local/lib/python3.8/dist-packages/neutron_lib/callbacks/manager.py:192}}
Aug 04 14:38:13.103383 n-d-801743-12 neutron-server[94265]: DEBUG neutron_lib.callbacks.manager [req-ff541b4d-e15b-434b-86d6-b2d92aa7a117 req-7d4c688f-885e-4220-aab2-60bc3099adb3 tempest-AggregatesAdminTestJSON-170226602 tempest-AggregatesAdminTestJSON-170226602-project] Notify callbacks ['neutron.plugins.ml2.plugin.SecurityGroupServerNotifierRpcMixin._notify_sg_on_port_change-777136', 'neutron.plugins.ml2.ovo_rpc._ObjectChangeHandler.handle_event-40701', 'neutron.api.rpc.agentnotifiers.dhcp_rpc_agent_api.DhcpAgentNotifyAPI._native_event_send_dhcp_notification-3795372', 'neutron.db.l3_dvrscheduler_db._notify_l3_agent_new_port-8768244557617'] for port, after_create {{(pid=94265) _notify_loop /usr/local/lib/python3.8/dist-packages/neutron_lib/callbacks/manager.py:192}}
Aug 04 14:38:13.160760 n-d-801743-12 neutron-server[94265]: DEBUG neutron.scheduler.dhcp_agent_scheduler [req-ff541b4d-e15b-434b-86d6-b2d92aa7a117 req-7d4c688f-885e-4220-aab2-60bc3099adb3 tempest-AggregatesAdminTestJSON-170226602 tempest-AggregatesAdminTestJSON-170226602-project] Network 7017246f-8f99-4682-beae-332c7d1ef6bb is already hosted by enough agents. {{(pid=94265) _get_dhcp_agents_hosting_network /opt/stack/neutron/neutron/scheduler/dhcp_agent_scheduler.py:275}}
Aug 04 14:38:13.195694 n-d-801743-12 neutron-server[94267]: DEBUG neutron.db.provisioning_blocks [None req-fd0d05af-3502-490a-adbc-e48f27c73b33 None None] Provisioning for port ce8cd43c-7a74-45c9-9037-14649a6ea5c2 completed by entity L2. {{(pid=94267) provisioning_complete /opt/stack/neutron/neutron/db/provisioning_blocks.py:133}}
Aug 04 14:38:13.200989 n-d-801743-12 neutron-server[94265]: DEBUG neutron.scheduler.base_scheduler [req-ff541b4d-e15b-434b-86d6-b2d92aa7a117 req-7d4c688f-885e-4220-aab2-60bc3099adb3 tempest-AggregatesAdminTestJSON-170226602 tempest-AggregatesAdminTestJSON-170226602-project] Resources bound (agent type, host, resource id): {{(pid=94265) schedule /opt/stack/neutron/neutron/scheduler/base_scheduler.py:57}}
Aug 04 14:38:13.203533 n-d-801743-12 neutron-server[94265]: DEBUG neutron.db.l3_dvrscheduler_db [req-ff541b4d-e15b-434b-86d6-b2d92aa7a117 req-7d4c688f-885e-4220-aab2-60bc3099adb3 tempest-AggregatesAdminTestJSON-170226602 tempest-AggregatesAdminTestJSON-170226602-project] Received port after_create {{(pid=94265) _notify_l3_agent_new_port /opt/stack/neutron/neutron/db/l3_dvrscheduler_db.py:535}}
Aug 04 14:38:13.210142 n-d-801743-12 neutron-server[94265]: DEBUG neutron.pecan_wsgi.hooks.policy_enforcement [req-ff541b4d-e15b-434b-86d6-b2d92aa7a117 req-7d4c688f-885e-4220-aab2-60bc3099adb3 tempest-AggregatesAdminTestJSON-170226602 tempest-AggregatesAdminTestJSON-170226602-project] Attributes excluded by policy engine: ['standard_attr_id', 'binding:profile', 'binding:host_id', 'binding:vif_type', 'binding:vif_details', 'network'] {{(pid=94265) _exclude_attributes_by_policy /opt/stack/neutron/neutron/pecan_wsgi/hooks/policy_enforcement.py:255}}
Aug 04 14:38:13.210937 n-d-801743-12 neutron-server[94265]: DEBUG neutron_lib.callbacks.manager [req-ff541b4d-e15b-434b-86d6-b2d92aa7a117 req-7d4c688f-885e-4220-aab2-60bc3099adb3 tempest-AggregatesAdminTestJSON-170226602 tempest-AggregatesAdminTestJSON-170226602-project] Notify callbacks ['neutron.notifiers.nova.Notifier._send_nova_notification-92492', 'neutron.api.rpc.agentnotifiers.dhcp_rpc_agent_api.DhcpAgentNotifyAPI._send_dhcp_notification-3795378'] for port, before_response {{(pid=94265) _notify_loop /usr/local/lib/python3.8/dist-packages/neutron_lib/callbacks/manager.py:192}}
Aug 04 14:38:13.254941 n-d-801743-12 neutron-server[94267]: DEBUG neutron.db.provisioning_blocks [None req-fd0d05af-3502-490a-adbc-e48f27c73b33 None None] Provisioning complete for port ce8cd43c-7a74-45c9-9037-14649a6ea5c2 triggered by entity L2. {{(pid=94267) provisioning_complete /opt/stack/neutron/neutron/db/provisioning_blocks.py:139}}
Aug 04 14:38:13.255678 n-d-801743-12 neutron-server[94267]: DEBUG neutron_lib.callbacks.manager [None req-fd0d05af-3502-490a-adbc-e48f27c73b33 None None] Notify callbacks ['neutron.plugins.ml2.plugin.Ml2Plugin._port_provisioned-3472048'] for port, provisioning_complete {{(pid=94267) _notify_loop /usr/local/lib/python3.8/dist-packages/neutron_lib/callbacks/manager.py:192}}
Aug 04 14:38:13.257953 n-d-801743-12 neutron-server[94265]: INFO neutron.wsgi [req-ff541b4d-e15b-434b-86d6-b2d92aa7a117 req-7d4c688f-885e-4220-aab2-60bc3099adb3 tempest-AggregatesAdminTestJSON-170226602 tempest-AggregatesAdminTestJSON-170226602-project] 10.222.0.46 "POST /v2.0/ports HTTP/1.1" status: 201 len: 937 time: 4.1731243
Aug 04 14:38:13.286999 n-d-801743-12 neutron-server[94266]: DEBUG neutron_lib.callbacks.manager [None req-6bfb0040-ee75-4fd9-8a06-b11483ca41c8 admin admin] Notify callbacks [] for security_group, before_create {{(pid=94266) _notify_loop /usr/local/lib/python3.8/dist-packages/neutron_lib/callbacks/manager.py:192}}
Aug 04 14:38:13.327039 n-d-801743-12 neutron-server[94265]: DEBUG neutron.wsgi [req-ff541b4d-e15b-434b-86d6-b2d92aa7a117 req-46444aae-e3fe-4ec4-bae1-9021f9beac7c tempest-AggregatesAdminTestJSON-170226602 tempest-AggregatesAdminTestJSON-170226602-project] http://10.222.0.76:9696/v2.0/extensions returned with HTTP 200 {{(pid=94265) __call__ /opt/stack/neutron/neutron/wsgi.py:729}}
Aug 04 14:38:13.328383 n-d-801743-12 neutron-server[94265]: INFO neutron.wsgi [req-ff541b4d-e15b-434b-86d6-b2d92aa7a117 req-46444aae-e3fe-4ec4-bae1-9021f9beac7c tempest-AggregatesAdminTestJSON-170226602 tempest-AggregatesAdminTestJSON-170226602-project] 10.222.0.46 "GET /v2.0/extensions HTTP/1.1" status: 200 len: 13640 time: 0.0156043
Aug 04 14:38:13.333457 n-d-801743-12 neutron-server[94265]: DEBUG neutron.api.rpc.handlers.resources_rpc [None req-7d4c688f-885e-4220-aab2-60bc3099adb3 tempest-AggregatesAdminTestJSON-170226602 tempest-AggregatesAdminTestJSON-170226602-project] Pushing event updated for resources: {'Port': ['ID=71719203-a24d-4bb6-972e-3e7a10d21d82,revision_number=1']} {{(pid=94265) push /opt/stack/neutron/neutron/api/rpc/handlers/resources_rpc.py:237}}
Aug 04 14:38:13.559918 n-d-801743-12 neutron-server[94267]: DEBUG neutron_lib.callbacks.manager [None req-fd0d05af-3502-490a-adbc-e48f27c73b33 None None] Notify callbacks ['neutron.plugins.ml2.plugin.SecurityGroupDbMixin._ensure_default_security_group_handler-777201'] for port, before_update {{(pid=94267) _notify_loop /usr/local/lib/python3.8/dist-packages/neutron_lib/callbacks/manager.py:192}}
Aug 04 14:38:13.595360 n-d-801743-12 neutron-server[94267]: DEBUG neutron_lib.callbacks.manager [None req-1e89980a-e4a3-45fd-a374-a01d9835001b None None] Notify callbacks ['neutron.plugins.ml2.plugin.SecurityGroupDbMixin._ensure_default_security_group_handler-777201'] for port, before_update {{(pid=94267) _notify_loop /usr/local/lib/python3.8/dist-packages/neutron_lib/callbacks/manager.py:192}}
Aug 04 14:38:13.685570 n-d-801743-12 neutron-server[94267]: DEBUG neutron.plugins.ml2.db [None req-fd0d05af-3502-490a-adbc-e48f27c73b33 None None] For port ce8cd43c-7a74-45c9-9037-14649a6ea5c2, host n-d-801743-12, got binding levels [PortBindingLevel(driver='openvswitch',host='n-d-801743-12',level=0,port_id=ce8cd43c-7a74-45c9-9037-14649a6ea5c2,segment=NetworkSegment(336a17be-ed1a-4e2e-adc5-ef87848d21bf),segment_id=336a17be-ed1a-4e2e-adc5-ef87848d21bf)] {{(pid=94267) get_binding_level_objs /opt/stack/neutron/neutron/plugins/ml2/db.py:74}}
Aug 04 14:38:13.704097 n-d-801743-12 neutron-server[94267]: DEBUG neutron_lib.callbacks.manager [None req-fd0d05af-3502-490a-adbc-e48f27c73b33 None None] Notify callbacks ['neutron.plugins.ml2.plugin.SecurityGroupServerNotifierRpcMixin._notify_sg_on_port_change-777136', 'neutron.plugins.ml2.ovo_rpc._ObjectChangeHandler.handle_event-40701', 'neutron.api.rpc.agentnotifiers.dhcp_rpc_agent_api.DhcpAgentNotifyAPI._native_event_send_dhcp_notification-3795372', 'neutron.db.l3_db.L3RpcNotifierMixin._notify_gateway_port_ip_changed-8768245045122', 'neutron.db.l3_dvrscheduler_db._notify_l3_agent_port_update-8768244557635', 'neutron.db.l3_hascheduler_db._notify_l3_agent_ha_port_update-8768244557653'] for port, after_update {{(pid=94267) _notify_loop /usr/local/lib/python3.8/dist-packages/neutron_lib/callbacks/manager.py:192}}
Aug 04 14:38:13.706079 n-d-801743-12 neutron-server[94266]: DEBUG neutron_lib.callbacks.manager [None req-7f9ee744-6858-40c9-bfb9-a1617a9f2c12 admin admin] Notify callbacks [] for router_gateway, after_create {{(pid=94266) _notify_loop /usr/local/lib/python3.8/dist-packages/neutron_lib/callbacks/manager.py:192}}
Aug 04 14:38:13.725480 n-d-801743-12 neutron-server[94266]: DEBUG neutron.plugins.ml2.drivers.mech_agent [None req-5340aa51-559a-43fb-88d0-0d02929e08e5 admin admin] Checking segment: {'id': '8a2c4782-55a3-4afb-8e7f-bc5f0b684bb1', 'network_type': 'vlan', 'physical_network': 'physnet1', 'segmentation_id': 590, 'network_id': '51ff9d44-1cab-4c49-9cd3-19c025fc1f98'} for mappings: {'physnet1': 'br-data'} with network types: ['local', 'flat', 'vlan'] {{(pid=94266) check_segment_for_agent /opt/stack/neutron/neutron/plugins/ml2/drivers/mech_agent.py:352}}
Aug 04 14:38:13.725850 n-d-801743-12 neutron-server[94266]: DEBUG neutron.scheduler.dhcp_agent_scheduler [None req-5340aa51-559a-43fb-88d0-0d02929e08e5 admin admin] Network hostable DHCP agents. Network: 51ff9d44-1cab-4c49-9cd3-19c025fc1f98, hostable agents: ['c0dd0bcc-4afd-471a-8d5a-0c35dfce7a49'], hosted agents: [] {{(pid=94266) _get_network_hostable_dhcp_agents /opt/stack/neutron/neutron/scheduler/dhcp_agent_scheduler.py:329}}
Aug 04 14:38:13.868111 n-d-801743-12 neutron-server[94267]: DEBUG neutron_lib.db.api [None req-1e89980a-e4a3-45fd-a374-a01d9835001b None None] Retry wrapper got retriable exception: UPDATE statement on table 'standardattributes' expected to update 1 row(s); 0 were matched. {{(pid=94267) wrapped /usr/local/lib/python3.8/dist-packages/neutron_lib/db/api.py:183}}
Aug 04 14:38:13.868525 n-d-801743-12 neutron-server[94267]: DEBUG oslo_db.api [None req-1e89980a-e4a3-45fd-a374-a01d9835001b None None] Performing DB retry for function neutron.plugins.ml2.plugin.Ml2Plugin.update_port_statuses {{(pid=94267) wrapper /usr/local/lib/python3.8/dist-packages/oslo_db/api.py:155}}
Aug 04 14:38:13.958726 n-d-801743-12 neutron-server[94267]: DEBUG neutron.api.rpc.handlers.resources_rpc [None req-fd0d05af-3502-490a-adbc-e48f27c73b33 None None] Pushing event updated for resources: {'Port': ['ID=ce8cd43c-7a74-45c9-9037-14649a6ea5c2,revision_number=3']} {{(pid=94267) push /opt/stack/neutron/neutron/api/rpc/handlers/resources_rpc.py:237}}
Aug 04 14:38:14.039735 n-d-801743-12 neutron-server[94265]: DEBUG neutron.api.v2.base [req-ff541b4d-e15b-434b-86d6-b2d92aa7a117 req-4c9c3a5a-406e-44d4-a8ed-c8ebba7ed051 service neutron] Request body: {'port': {'device_id': 'f2ceff70-960c-4499-ab2c-ee3b49d16f83', 'device_owner': 'compute:tempest-test_az-816570631', 'binding:host_id': 'n-h2-801743-12'}} {{(pid=94265) prepare_request_body /opt/stack/neutron/neutron/api/v2/base.py:729}}
Aug 04 14:38:14.094902 n-d-801743-12 neutron-server[94266]: DEBUG neutron.scheduler.dhcp_agent_scheduler [None req-5340aa51-559a-43fb-88d0-0d02929e08e5 admin admin] Network 51ff9d44-1cab-4c49-9cd3-19c025fc1f98 is scheduled to be hosted by DHCP agent c0dd0bcc-4afd-471a-8d5a-0c35dfce7a49 with binding_index 1 {{(pid=94266) bind /opt/stack/neutron/neutron/scheduler/dhcp_agent_scheduler.py:227}}
Aug 04 14:38:14.116763 n-d-801743-12 neutron-server[94266]: DEBUG neutron.scheduler.base_scheduler [None req-5340aa51-559a-43fb-88d0-0d02929e08e5 admin admin] Resources bound (agent type, host, resource id): (DHCP agent, n-d-801743-12, 51ff9d44-1cab-4c49-9cd3-19c025fc1f98) {{(pid=94266) schedule /opt/stack/neutron/neutron/scheduler/base_scheduler.py:57}}
