Aug 04 14:29:33.333452 n-d-801743-12 devstack@n-api.service[93573]: INFO nova.api.openstack.requestlog [None req-aff443cf-4546-42ce-a5d4-5c94cae4b0a2 admin admin] 10.222.0.76 "POST /compute/v2.1/flavors/1/os-extra_specs" status: 200 len: 43 microversion: 2.61 time: 0.048239
Aug 04 14:29:33.334932 n-d-801743-12 devstack@n-api.service[93573]: [pid: 93573|app: 0|req: 12/23] 10.222.0.76 () {64 vars in 1333 bytes} [Wed Aug 4 14:29:33 2021] POST /compute/v2.1/flavors/1/os-extra_specs => generated 43 bytes in 51 msecs (HTTP/1.1 200) 9 headers in 358 bytes (1 switches on core 0)
Aug 04 14:29:35.722223 n-d-801743-12 devstack@n-api.service[93574]: DEBUG nova.api.openstack.wsgi [None req-f40fbf26-c119-4e90-abad-f5762f161bf5 admin admin] Calling method '>' {{(pid=93574) _process_stack /opt/stack/nova/nova/api/openstack/wsgi.py:513}}
Aug 04 14:29:35.723377 n-d-801743-12 devstack@n-api.service[93574]: INFO nova.api.openstack.requestlog [None req-f40fbf26-c119-4e90-abad-f5762f161bf5 admin admin] 10.222.0.76 "GET /compute/v2.1" status: 200 len: 388 microversion: 2.1 time: 0.001702
Aug 04 14:29:35.723805 n-d-801743-12 devstack@n-api.service[93574]: [pid: 93574|app: 0|req: 12/24] 10.222.0.76 () {54 vars in 931 bytes} [Wed Aug 4 14:29:35 2021] GET /compute/v2.1 => generated 388 bytes in 3 msecs (HTTP/1.1 200) 9 headers in 357 bytes (1 switches on core 0)
Aug 04 14:29:35.794026 n-d-801743-12 devstack@n-api.service[93573]: DEBUG nova.api.openstack.wsgi [None req-4535e32b-fdd5-43ef-af4d-355e611945c8 admin admin] Action: 'create', calling method: >, body: {"flavor": {"name": "m1.small", "vcpus": 1, "swap": 0, "id": "2", "rxtx_factor": 1.0, "os-flavor-access:is_public": true, "OS-FLV-EXT-DATA:ephemeral": 0, "disk": 20, "ram": 2048}} {{(pid=93573) _process_stack /opt/stack/nova/nova/api/openstack/wsgi.py:511}}
Aug 04 14:29:35.814346 n-d-801743-12 devstack@n-api.service[93573]: INFO nova.api.openstack.requestlog [None req-4535e32b-fdd5-43ef-af4d-355e611945c8 admin admin] 10.222.0.76 "POST /compute/v2.1/flavors" status: 200 len: 405 microversion: 2.61 time: 0.082848
Aug 04 14:29:35.814946 n-d-801743-12 devstack@n-api.service[93573]: [pid: 93573|app: 0|req: 13/25] 10.222.0.76 () {64 vars in 1283 bytes} [Wed Aug 4 14:29:35 2021] POST /compute/v2.1/flavors => generated 405 bytes in 84 msecs (HTTP/1.1 200) 9 headers in 359 bytes (1 switches on core 0)
Aug 04 14:29:35.827606 n-d-801743-12 devstack@n-api.service[93574]: DEBUG nova.api.openstack.wsgi [None req-9d0bd428-8646-4e42-a473-16507280f0b4 admin admin] Action: 'create', calling method: >, body: {"extra_specs": {"hw_rng:allowed": "True"}} {{(pid=93574) _process_stack /opt/stack/nova/nova/api/openstack/wsgi.py:511}}
Aug 04 14:29:35.851202 n-d-801743-12 devstack@n-api.service[93574]: INFO nova.api.openstack.requestlog [None req-9d0bd428-8646-4e42-a473-16507280f0b4 admin admin] 10.222.0.76 "POST /compute/v2.1/flavors/2/os-extra_specs" status: 200 len: 43 microversion: 2.61 time: 0.027215
Aug 04 14:29:35.851858 n-d-801743-12 devstack@n-api.service[93574]: [pid: 93574|app: 0|req: 13/26] 10.222.0.76 () {64 vars in 1333 bytes} [Wed Aug 4 14:29:35 2021] POST /compute/v2.1/flavors/2/os-extra_specs => generated 43 bytes in 29 msecs (HTTP/1.1 200) 9 headers in 358 bytes (1 switches on core 0)
Aug 04 14:29:38.130677 n-d-801743-12 devstack@n-api.service[93573]: DEBUG nova.api.openstack.wsgi [None req-4535e32b-fdd5-43ef-af4d-355e611945c8 admin admin] Calling method '>' {{(pid=93573) _process_stack /opt/stack/nova/nova/api/openstack/wsgi.py:513}}
Aug 04 14:29:38.131835 n-d-801743-12 devstack@n-api.service[93573]: INFO nova.api.openstack.requestlog [None req-4535e32b-fdd5-43ef-af4d-355e611945c8 admin admin] 10.222.0.76 "GET /compute/v2.1" status: 200 len: 388 microversion: 2.1 time: 0.001816
Aug 04 14:29:38.132384 n-d-801743-12 devstack@n-api.service[93573]: [pid: 93573|app: 0|req: 14/27] 10.222.0.76 () {54 vars in 931 bytes} [Wed Aug 4 14:29:38 2021] GET /compute/v2.1 => generated 388 bytes in 3 msecs (HTTP/1.1 200) 9 headers in 357 bytes (2 switches on core 0)
Aug 04 14:29:38.199530 n-d-801743-12 devstack@n-api.service[93574]: DEBUG nova.api.openstack.wsgi [None req-171fdd6c-c27d-4d4a-8ae5-d7a04a4d7610 admin admin] Action: 'create', calling method: >, body: {"flavor": {"ram": 4096, "OS-FLV-EXT-DATA:ephemeral": 0, "rxtx_factor": 1.0, "swap": 0, "os-flavor-access:is_public": true, "disk": 40, "id": "3", "name": "m1.medium", "vcpus": 2}} {{(pid=93574) _process_stack /opt/stack/nova/nova/api/openstack/wsgi.py:511}}
Aug 04 14:29:38.221559 n-d-801743-12 devstack@n-api.service[93574]: INFO nova.api.openstack.requestlog [None req-171fdd6c-c27d-4d4a-8ae5-d7a04a4d7610 admin admin] 10.222.0.76 "POST /compute/v2.1/flavors" status: 200 len: 406 microversion: 2.61 time: 0.082043
Aug 04 14:29:38.222142 n-d-801743-12 devstack@n-api.service[93574]: [pid: 93574|app: 0|req: 14/28] 10.222.0.76 () {64 vars in 1283 bytes} [Wed Aug 4 14:29:38 2021] POST /compute/v2.1/flavors => generated 406 bytes in 83 msecs (HTTP/1.1 200) 9 headers in 359 bytes (1 switches on core 0)
Aug 04 14:29:38.238445 n-d-801743-12 devstack@n-api.service[93573]: DEBUG nova.api.openstack.wsgi [None req-1eea9b77-439c-444a-b465-8ab4e993ecc9 admin admin] Action: 'create', calling method: >, body: {"extra_specs": {"hw_rng:allowed": "True"}} {{(pid=93573) _process_stack /opt/stack/nova/nova/api/openstack/wsgi.py:511}}
Aug 04 14:29:38.272198 n-d-801743-12 devstack@n-api.service[93573]: INFO nova.api.openstack.requestlog [None req-1eea9b77-439c-444a-b465-8ab4e993ecc9 admin admin] 10.222.0.76 "POST /compute/v2.1/flavors/3/os-extra_specs" status: 200 len: 43 microversion: 2.61 time: 0.038763
Aug 04 14:29:38.272992 n-d-801743-12 devstack@n-api.service[93573]: [pid: 93573|app: 0|req: 15/29] 10.222.0.76 () {64 vars in 1333 bytes} [Wed Aug 4 14:29:38 2021] POST /compute/v2.1/flavors/3/os-extra_specs => generated 43 bytes in 41 msecs (HTTP/1.1 200) 9 headers in 358 bytes (2 switches on core 0)
Aug 04 14:29:40.935210 n-d-801743-12 devstack@n-api.service[93574]: DEBUG nova.api.openstack.wsgi [None req-171fdd6c-c27d-4d4a-8ae5-d7a04a4d7610 admin admin] Calling method '>' {{(pid=93574) _process_stack /opt/stack/nova/nova/api/openstack/wsgi.py:513}}
Aug 04 14:29:40.936226 n-d-801743-12 devstack@n-api.service[93574]: INFO nova.api.openstack.requestlog [None req-171fdd6c-c27d-4d4a-8ae5-d7a04a4d7610 admin admin] 10.222.0.76 "GET /compute/v2.1" status: 200 len: 388 microversion: 2.1 time: 0.001550
Aug 04 14:29:40.936628 n-d-801743-12 devstack@n-api.service[93574]: [pid: 93574|app: 0|req: 15/30] 10.222.0.76 () {54 vars in 931 bytes} [Wed Aug 4 14:29:40 2021] GET /compute/v2.1 => generated 388 bytes in 2 msecs (HTTP/1.1 200) 9 headers in 357 bytes (1 switches on core 0)
Aug 04 14:29:40.994229 n-d-801743-12 devstack@n-api.service[93573]: DEBUG nova.api.openstack.wsgi [None req-0d65fcd6-8d52-47fe-bb68-28f92345666c admin admin] Action: 'create', calling method: >, body: {"flavor": {"name": "m1.large", "ram": 8192, "vcpus": 4, "os-flavor-access:is_public": true, "swap": 0, "id": "4", "OS-FLV-EXT-DATA:ephemeral": 0, "disk": 80, "rxtx_factor": 1.0}} {{(pid=93573) _process_stack /opt/stack/nova/nova/api/openstack/wsgi.py:511}}
Aug 04 14:29:41.013657 n-d-801743-12 devstack@n-api.service[93573]: INFO nova.api.openstack.requestlog [None req-0d65fcd6-8d52-47fe-bb68-28f92345666c admin admin] 10.222.0.76 "POST /compute/v2.1/flavors" status: 200 len: 405 microversion: 2.61 time: 0.070610
Aug 04 14:29:41.014209 n-d-801743-12 devstack@n-api.service[93573]: [pid: 93573|app: 0|req: 16/31] 10.222.0.76 () {64 vars in 1283 bytes} [Wed Aug 4 14:29:40 2021] POST /compute/v2.1/flavors => generated 405 bytes in 72 msecs (HTTP/1.1 200) 9 headers in 359 bytes (1 switches on core 0)
Aug 04 14:29:41.026273 n-d-801743-12 devstack@n-api.service[93574]: DEBUG nova.api.openstack.wsgi [None req-822fbf8c-b31f-43c2-80ac-a128ddb4ff78 admin admin] Action: 'create', calling method: >, body: {"extra_specs": {"hw_rng:allowed": "True"}} {{(pid=93574) _process_stack /opt/stack/nova/nova/api/openstack/wsgi.py:511}}
Aug 04 14:29:41.050142 n-d-801743-12 devstack@n-api.service[93574]: INFO nova.api.openstack.requestlog [None req-822fbf8c-b31f-43c2-80ac-a128ddb4ff78 admin admin] 10.222.0.76 "POST /compute/v2.1/flavors/4/os-extra_specs" status: 200 len: 43 microversion: 2.61 time: 0.027542
Aug 04 14:29:41.050831 n-d-801743-12 devstack@n-api.service[93574]: [pid: 93574|app: 0|req: 16/32] 10.222.0.76 () {64 vars in 1333 bytes} [Wed Aug 4 14:29:41 2021] POST /compute/v2.1/flavors/4/os-extra_specs => generated 43 bytes in 29 msecs (HTTP/1.1 200) 9 headers in 358 bytes (1 switches on core 0)
Aug 04 14:29:43.214765 n-d-801743-12 devstack@n-api.service[93573]: DEBUG nova.api.openstack.wsgi [None req-0d65fcd6-8d52-47fe-bb68-28f92345666c admin admin] Calling method '>' {{(pid=93573) _process_stack /opt/stack/nova/nova/api/openstack/wsgi.py:513}}
Aug 04 14:29:43.215784 n-d-801743-12 devstack@n-api.service[93573]: INFO nova.api.openstack.requestlog [None req-0d65fcd6-8d52-47fe-bb68-28f92345666c admin admin] 10.222.0.76 "GET /compute/v2.1" status: 200 len: 388 microversion: 2.1 time: 0.001526
Aug 04 14:29:43.216176 n-d-801743-12 devstack@n-api.service[93573]: [pid: 93573|app: 0|req: 17/33] 10.222.0.76 () {54 vars in 931 bytes} [Wed Aug 4 14:29:43 2021] GET /compute/v2.1 => generated 388 bytes in 3 msecs (HTTP/1.1 200) 9 headers in 357 bytes (1 switches on core 0)
Aug 04 14:29:43.280053 n-d-801743-12 devstack@n-api.service[93574]: DEBUG nova.api.openstack.wsgi [None req-f776682a-bfe8-4407-b13c-48b488ed16b1 admin admin] Action: 'create', calling method: >, body: {"flavor": {"os-flavor-access:is_public": true, "ram": 16384, "OS-FLV-EXT-DATA:ephemeral": 0, "name": "m1.xlarge", "vcpus": 8, "id": "5", "swap": 0, "disk": 160, "rxtx_factor": 1.0}} {{(pid=93574) _process_stack /opt/stack/nova/nova/api/openstack/wsgi.py:511}}
Aug 04 14:29:43.299237 n-d-801743-12 devstack@n-api.service[93574]: INFO nova.api.openstack.requestlog [None req-f776682a-bfe8-4407-b13c-48b488ed16b1 admin admin] 10.222.0.76 "POST /compute/v2.1/flavors" status: 200 len: 408 microversion: 2.61 time: 0.075910
Aug 04 14:29:43.300103 n-d-801743-12 devstack@n-api.service[93574]: [pid: 93574|app: 0|req: 17/34] 10.222.0.76 () {64 vars in 1283 bytes} [Wed Aug 4 14:29:43 2021] POST /compute/v2.1/flavors => generated 408 bytes in 77 msecs (HTTP/1.1 200) 9 headers in 359 bytes (1 switches on core 0)
Aug 04 14:29:43.312797 n-d-801743-12 devstack@n-api.service[93573]: DEBUG nova.api.openstack.wsgi [None req-8fb9d76c-95cd-447d-9789-446b0507a51f admin admin] Action: 'create', calling method: >, body: {"extra_specs": {"hw_rng:allowed": "True"}} {{(pid=93573) _process_stack /opt/stack/nova/nova/api/openstack/wsgi.py:511}}
Aug 04 14:29:43.340891 n-d-801743-12 devstack@n-api.service[93573]: INFO nova.api.openstack.requestlog [None req-8fb9d76c-95cd-447d-9789-446b0507a51f admin admin] 10.222.0.76 "POST /compute/v2.1/flavors/5/os-extra_specs" status: 200 len: 43 microversion: 2.61 time: 0.031910
Aug 04 14:29:43.356216 n-d-801743-12 devstack@n-api.service[93573]: [pid: 93573|app: 0|req: 18/35] 10.222.0.76 () {64 vars in 1333 bytes} [Wed Aug 4 14:29:43 2021] POST /compute/v2.1/flavors/5/os-extra_specs => generated 43 bytes in 38 msecs (HTTP/1.1 200) 9 headers in 358 bytes (1 switches on core 0)
Aug 04 14:30:26.344364 n-d-801743-12 devstack@n-api.service[93574]: DEBUG nova.api.openstack.wsgi [None req-f776682a-bfe8-4407-b13c-48b488ed16b1 admin admin] Calling method '>' {{(pid=93574) _process_stack /opt/stack/nova/nova/api/openstack/wsgi.py:513}}
Aug 04 14:30:26.345380 n-d-801743-12 devstack@n-api.service[93574]: INFO nova.api.openstack.requestlog [None req-f776682a-bfe8-4407-b13c-48b488ed16b1 admin admin] 10.222.0.76 "GET /compute/v2.1" status: 200 len: 388 microversion: 2.1 time: 0.001452
Aug 04 14:30:26.345779 n-d-801743-12 devstack@n-api.service[93574]: [pid: 93574|app: 0|req: 18/36] 10.222.0.76 () {54 vars in 931 bytes} [Wed Aug 4 14:30:26 2021] GET /compute/v2.1 => generated 388 bytes in 2 msecs (HTTP/1.1 200) 9 headers in 357 bytes (1 switches on core 0)
Aug 04 14:30:26.402615 n-d-801743-12 devstack@n-api.service[93573]: DEBUG nova.api.openstack.wsgi [None req-2725e12e-7d0b-46a6-8ce6-87005aa83152 admin admin] Calling method '>' {{(pid=93573) _process_stack /opt/stack/nova/nova/api/openstack/wsgi.py:513}}
Aug 04 14:30:26.419334 n-d-801743-12 devstack@n-api.service[93573]: INFO nova.api.openstack.requestlog [None req-2725e12e-7d0b-46a6-8ce6-87005aa83152 admin admin] 10.222.0.76 "GET /compute/v2.1/flavors/detail?is_public=True" status: 200 len: 4202 microversion: 2.61 time: 0.066925
Aug 04 14:30:26.419845 n-d-801743-12 devstack@n-api.service[93573]: [pid: 93573|app: 0|req: 19/37] 10.222.0.76 () {60 vars in 1292 bytes} [Wed Aug 4 14:30:26 2021] GET /compute/v2.1/flavors/detail?is_public=True => generated 4202 bytes in 68 msecs (HTTP/1.1 200) 9 headers in 360 bytes (1 switches on core 0)
Aug 04 14:30:27.858177 n-d-801743-12 devstack@n-api.service[93574]: DEBUG nova.api.openstack.wsgi [None req-f776682a-bfe8-4407-b13c-48b488ed16b1 admin admin] Calling method '>' {{(pid=93574) _process_stack /opt/stack/nova/nova/api/openstack/wsgi.py:513}}
Aug 04 14:30:27.859225 n-d-801743-12 devstack@n-api.service[93574]: INFO nova.api.openstack.requestlog [None req-f776682a-bfe8-4407-b13c-48b488ed16b1 admin admin] 10.222.0.76 "GET /compute/v2.1" status: 200 len: 388 microversion: 2.1 time: 0.001466
Aug 04 14:30:27.859621 n-d-801743-12 devstack@n-api.service[93574]: [pid: 93574|app: 0|req: 19/38] 10.222.0.76 () {56 vars in 1075 bytes} [Wed Aug 4 14:30:27 2021] GET /compute/v2.1 => generated 388 bytes in 2 msecs (HTTP/1.1 200) 9 headers in 357 bytes (1 switches on core 0)
Aug 04 14:30:28.069985 n-d-801743-12 devstack@n-api.service[93573]: DEBUG nova.api.openstack.wsgi [None req-48752c3a-6167-4965-89a3-95f600fa16ed admin admin] Calling method '>' {{(pid=93573) _process_stack /opt/stack/nova/nova/api/openstack/wsgi.py:513}}
Aug 04 14:30:28.075553 n-d-801743-12 devstack@n-api.service[93573]: INFO nova.api.openstack.wsgi [None req-48752c3a-6167-4965-89a3-95f600fa16ed admin admin] HTTP exception thrown: Flavor 42 could not be found.
Aug 04 14:30:28.076109 n-d-801743-12 devstack@n-api.service[93573]: DEBUG nova.api.openstack.wsgi [None req-48752c3a-6167-4965-89a3-95f600fa16ed admin admin] Returning 404 to user: Flavor 42 could not be found. {{(pid=93573) __call__ /opt/stack/nova/nova/api/openstack/wsgi.py:927}}
Aug 04 14:30:28.076900 n-d-801743-12 devstack@n-api.service[93573]: INFO nova.api.openstack.requestlog [None req-48752c3a-6167-4965-89a3-95f600fa16ed admin admin] 10.222.0.76 "GET /compute/v2.1/flavors/42" status: 404 len: 75 microversion: 2.88 time: 0.069830
Aug 04 14:30:28.077413 n-d-801743-12 devstack@n-api.service[93573]: [pid: 93573|app: 0|req: 20/39] 10.222.0.76 () {60 vars in 1191 bytes} [Wed Aug 4 14:30:28 2021] GET /compute/v2.1/flavors/42 => generated 75 bytes in 71 msecs (HTTP/1.1 404) 9 headers in 380 bytes (1 switches on core 0)
Aug 04 14:30:28.087349 n-d-801743-12 devstack@n-api.service[93574]: DEBUG nova.api.openstack.wsgi [None req-4c216994-1651-462b-883e-599c03c3897e admin admin] Calling method '>' {{(pid=93574) _process_stack /opt/stack/nova/nova/api/openstack/wsgi.py:513}}
Aug 04 14:30:28.108507 n-d-801743-12 devstack@n-api.service[93574]: INFO nova.api.openstack.requestlog [None req-4c216994-1651-462b-883e-599c03c3897e admin admin] 10.222.0.76 "GET /compute/v2.1/flavors?is_public=None" status: 200 len: 2056 microversion: 2.88 time: 0.024688
Aug 04 14:30:28.109075 n-d-801743-12 devstack@n-api.service[93574]: [pid: 93574|app: 0|req: 20/40] 10.222.0.76 () {60 vars in 1211 bytes} [Wed Aug 4 14:30:28 2021] GET /compute/v2.1/flavors?is_public=None => generated 2056 bytes in 26 msecs (HTTP/1.1 200) 9 headers in 360 bytes (2 switches on core 0)
Aug 04 14:30:28.119588 n-d-801743-12 devstack@n-api.service[93573]: DEBUG nova.api.openstack.wsgi [None req-9e16d37a-b8c2-4eff-89e0-b11e020755c7 admin admin] Calling method '>' {{(pid=93573) _process_stack /opt/stack/nova/nova/api/openstack/wsgi.py:513}}
Aug 04 14:30:28.141464 n-d-801743-12 devstack@n-api.service[93573]: INFO nova.api.openstack.requestlog [None req-9e16d37a-b8c2-4eff-89e0-b11e020755c7 admin admin] 10.222.0.76 "GET /compute/v2.1/flavors?is_public=None" status: 200 len: 2056 microversion: 2.88 time: 0.025464
Aug 04 14:30:28.141973 n-d-801743-12 devstack@n-api.service[93573]: [pid: 93573|app: 0|req: 21/41] 10.222.0.76 () {60 vars in 1211 bytes} [Wed Aug 4 14:30:28 2021] GET /compute/v2.1/flavors?is_public=None => generated 2056 bytes in 27 msecs (HTTP/1.1 200) 9 headers in 360 bytes (1 switches on core 0)
Aug 04 14:30:28.154661 n-d-801743-12 devstack@n-api.service[93574]: DEBUG nova.api.openstack.wsgi [None req-4df01048-0b71-46b6-bfa8-cd7e1f428198 admin admin] Calling method '>' {{(pid=93574) _process_stack /opt/stack/nova/nova/api/openstack/wsgi.py:513}}
Aug 04 14:30:28.163285 n-d-801743-12 devstack@n-api.service[93574]: INFO nova.api.openstack.wsgi [None req-4df01048-0b71-46b6-bfa8-cd7e1f428198 admin admin] HTTP exception thrown: Flavor 42 could not be found.
Aug 04 14:30:28.164351 n-d-801743-12 devstack@n-api.service[93574]: DEBUG nova.api.openstack.wsgi [None req-4df01048-0b71-46b6-bfa8-cd7e1f428198 admin admin] Returning 404 to user: Flavor 42 could not be found. {{(pid=93574) __call__ /opt/stack/nova/nova/api/openstack/wsgi.py:927}}
Aug 04 14:30:28.165490 n-d-801743-12 devstack@n-api.service[93574]: INFO nova.api.openstack.requestlog [None req-4df01048-0b71-46b6-bfa8-cd7e1f428198 admin admin] 10.222.0.76 "GET /compute/v2.1/flavors/42" status: 404 len: 75 microversion: 2.88 time: 0.016614
Aug 04 14:30:28.166215 n-d-801743-12 devstack@n-api.service[93574]: [pid: 93574|app: 0|req: 21/42] 10.222.0.76 () {60 vars in 1191 bytes} [Wed Aug 4 14:30:28 2021] GET /compute/v2.1/flavors/42 => generated 75 bytes in 18 msecs (HTTP/1.1 404) 9 headers in 380 bytes (1 switches on core 0)
Aug 04 14:30:29.503588 n-d-801743-12 devstack@n-api.service[93573]: DEBUG nova.api.openstack.wsgi [None req-9e16d37a-b8c2-4eff-89e0-b11e020755c7 admin admin] Calling method '>' {{(pid=93573) _process_stack /opt/stack/nova/nova/api/openstack/wsgi.py:513}}
Aug 04 14:30:29.504589 n-d-801743-12 devstack@n-api.service[93573]: INFO nova.api.openstack.requestlog [None req-9e16d37a-b8c2-4eff-89e0-b11e020755c7 admin admin] 10.222.0.76 "GET /compute/v2.1" status: 200 len: 388 microversion: 2.1 time: 0.001437
Aug 04 14:30:29.504971 n-d-801743-12 devstack@n-api.service[93573]: [pid: 93573|app: 0|req: 22/43] 10.222.0.76 () {56 vars in 1075 bytes} [Wed Aug 4 14:30:29 2021] GET /compute/v2.1 => generated 388 bytes in 2 msecs (HTTP/1.1 200) 9 headers in 357 bytes (1 switches on core 0)
Aug 04 14:30:29.705892 n-d-801743-12 devstack@n-api.service[93574]: DEBUG nova.api.openstack.wsgi [None req-367eecd8-15cd-48ec-a4d5-4c4960799441 admin admin] Calling method '>' {{(pid=93574) _process_stack /opt/stack/nova/nova/api/openstack/wsgi.py:513}}
Aug 04 14:30:29.711473 n-d-801743-12 devstack@n-api.service[93574]: INFO nova.api.openstack.wsgi [None req-367eecd8-15cd-48ec-a4d5-4c4960799441 admin admin] HTTP exception thrown: Flavor 84 could not be found.
Aug 04 14:30:29.712064 n-d-801743-12 devstack@n-api.service[93574]: DEBUG nova.api.openstack.wsgi [None req-367eecd8-15cd-48ec-a4d5-4c4960799441 admin admin] Returning 404 to user: Flavor 84 could not be found. {{(pid=93574) __call__ /opt/stack/nova/nova/api/openstack/wsgi.py:927}}
Aug 04 14:30:29.713205 n-d-801743-12 devstack@n-api.service[93574]: INFO nova.api.openstack.requestlog [None req-367eecd8-15cd-48ec-a4d5-4c4960799441 admin admin] 10.222.0.76 "GET /compute/v2.1/flavors/84" status: 404 len: 75 microversion: 2.88 time: 0.069259
Aug 04 14:30:29.713711 n-d-801743-12 devstack@n-api.service[93574]: [pid: 93574|app: 0|req: 22/44] 10.222.0.76 () {60 vars in 1191 bytes} [Wed Aug 4 14:30:29 2021] GET /compute/v2.1/flavors/84 => generated 75 bytes in 71 msecs (HTTP/1.1 404) 9 headers in 380 bytes (1 switches on core 0)
Aug 04 14:30:29.723707 n-d-801743-12 devstack@n-api.service[93573]: DEBUG nova.api.openstack.wsgi [None req-0b4723fa-967c-4e00-8a41-98ebb00daa39 admin admin] Calling method '>' {{(pid=93573) _process_stack /opt/stack/nova/nova/api/openstack/wsgi.py:513}}
Aug 04 14:30:29.737794 n-d-801743-12 devstack@n-api.service[93573]: INFO nova.api.openstack.requestlog [None req-0b4723fa-967c-4e00-8a41-98ebb00daa39 admin admin] 10.222.0.76 "GET /compute/v2.1/flavors?is_public=None" status: 200 len: 2056 microversion: 2.88 time: 0.017626
Aug 04 14:30:29.738310 n-d-801743-12 devstack@n-api.service[93573]: [pid: 93573|app: 0|req: 23/45] 10.222.0.76 () {60 vars in 1211 bytes} [Wed Aug 4 14:30:29 2021] GET /compute/v2.1/flavors?is_public=None => generated 2056 bytes in 19 msecs (HTTP/1.1 200) 9 headers in 360 bytes (1 switches on core 0)
Aug 04 14:30:29.748568 n-d-801743-12 devstack@n-api.service[93574]: DEBUG nova.api.openstack.wsgi [None req-9d288bac-e8a3-4b26-8f0b-3bef08aae470 admin admin] Calling method '>' {{(pid=93574) _process_stack /opt/stack/nova/nova/api/openstack/wsgi.py:513}}
Aug 04 14:30:29.762622 n-d-801743-12 devstack@n-api.service[93574]: INFO nova.api.openstack.requestlog [None req-9d288bac-e8a3-4b26-8f0b-3bef08aae470 admin admin] 10.222.0.76 "GET /compute/v2.1/flavors?is_public=None" status: 200 len: 2056 microversion: 2.88 time: 0.017520
Aug 04 14:30:29.763157 n-d-801743-12 devstack@n-api.service[93574]: [pid: 93574|app: 0|req: 23/46] 10.222.0.76 () {60 vars in 1211 bytes} [Wed Aug 4 14:30:29 2021] GET /compute/v2.1/flavors?is_public=None => generated 2056 bytes in 19 msecs (HTTP/1.1 200) 9 headers in 360 bytes (1 switches on core 0)
Aug 04 14:30:29.773038 n-d-801743-12 devstack@n-api.service[93573]: DEBUG nova.api.openstack.wsgi [None req-b5feb067-d138-4bde-b835-a4da9e0d3e1c admin admin] Calling method '>' {{(pid=93573) _process_stack /opt/stack/nova/nova/api/openstack/wsgi.py:513}}
Aug 04 14:30:29.778714 n-d-801743-12 devstack@n-api.service[93573]: INFO nova.api.openstack.wsgi [None req-b5feb067-d138-4bde-b835-a4da9e0d3e1c admin admin] HTTP exception thrown: Flavor 84 could not be found.
Aug 04 14:30:29.779303 n-d-801743-12 devstack@n-api.service[93573]: DEBUG nova.api.openstack.wsgi [None req-b5feb067-d138-4bde-b835-a4da9e0d3e1c admin admin] Returning 404 to user: Flavor 84 could not be found. {{(pid=93573) __call__ /opt/stack/nova/nova/api/openstack/wsgi.py:927}}
Aug 04 14:30:29.780091 n-d-801743-12 devstack@n-api.service[93573]: INFO nova.api.openstack.requestlog [None req-b5feb067-d138-4bde-b835-a4da9e0d3e1c admin admin] 10.222.0.76 "GET /compute/v2.1/flavors/84" status: 404 len: 75 microversion: 2.88 time: 0.010616
Aug 04 14:30:29.780574 n-d-801743-12 devstack@n-api.service[93573]: [pid: 93573|app: 0|req: 24/47] 10.222.0.76 () {60 vars in 1191 bytes} [Wed Aug 4 14:30:29 2021] GET /compute/v2.1/flavors/84 => generated 75 bytes in 12 msecs (HTTP/1.1 404) 9 headers in 380 bytes (1 switches on core 0)
Aug 04 14:30:31.115971 n-d-801743-12 devstack@n-api.service[93574]: DEBUG nova.api.openstack.wsgi [None req-9d288bac-e8a3-4b26-8f0b-3bef08aae470 admin admin] Calling method '>' {{(pid=93574) _process_stack /opt/stack/nova/nova/api/openstack/wsgi.py:513}}
Aug 04 14:30:31.117304 n-d-801743-12 devstack@n-api.service[93574]: INFO nova.api.openstack.requestlog [None req-9d288bac-e8a3-4b26-8f0b-3bef08aae470 admin admin] 10.222.0.76 "GET /compute/v2.1" status: 200 len: 388 microversion: 2.1 time: 0.001779
Aug 04 14:30:31.117791 n-d-801743-12 devstack@n-api.service[93574]: [pid: 93574|app: 0|req: 24/48] 10.222.0.76 () {56 vars in 1075 bytes} [Wed Aug 4 14:30:31 2021] GET /compute/v2.1 => generated 388 bytes in 3 msecs (HTTP/1.1 200) 9 headers in 357 bytes (1 switches on core 0)
Aug 04 14:30:31.316949 n-d-801743-12 devstack@n-api.service[93573]: DEBUG nova.api.openstack.wsgi [None req-9d28a629-71c0-4cd6-9751-858527af0bd4 admin admin] Calling method '>' {{(pid=93573) _process_stack /opt/stack/nova/nova/api/openstack/wsgi.py:513}}
Aug 04 14:30:31.322962 n-d-801743-12 devstack@n-api.service[93573]: INFO nova.api.openstack.wsgi [None req-9d28a629-71c0-4cd6-9751-858527af0bd4 admin admin] HTTP exception thrown: Flavor 451 could not be found.
Aug 04 14:30:31.323464 n-d-801743-12 devstack@n-api.service[93573]: DEBUG nova.api.openstack.wsgi [None req-9d28a629-71c0-4cd6-9751-858527af0bd4 admin admin] Returning 404 to user: Flavor 451 could not be found. {{(pid=93573) __call__ /opt/stack/nova/nova/api/openstack/wsgi.py:927}}
Aug 04 14:30:31.324254 n-d-801743-12 devstack@n-api.service[93573]: INFO nova.api.openstack.requestlog [None req-9d28a629-71c0-4cd6-9751-858527af0bd4 admin admin] 10.222.0.76 "GET /compute/v2.1/flavors/451" status: 404 len: 76 microversion: 2.88 time: 0.068539
Aug 04 14:30:31.324738 n-d-801743-12 devstack@n-api.service[93573]: [pid: 93573|app: 0|req: 25/49] 10.222.0.76 () {60 vars in 1194 bytes} [Wed Aug 4 14:30:31 2021] GET /compute/v2.1/flavors/451 => generated 76 bytes in 70 msecs (HTTP/1.1 404) 9 headers in 380 bytes (1 switches on core 0)
Aug 04 14:30:31.338758 n-d-801743-12 devstack@n-api.service[93574]: DEBUG nova.api.openstack.wsgi [None req-6cace59b-e1a3-464a-9b5f-b09a34f7cd4c admin admin] Calling method '>' {{(pid=93574) _process_stack /opt/stack/nova/nova/api/openstack/wsgi.py:513}}
Aug 04 14:30:31.354527 n-d-801743-12 devstack@n-api.service[93574]: INFO nova.api.openstack.requestlog [None req-6cace59b-e1a3-464a-9b5f-b09a34f7cd4c admin admin] 10.222.0.76 "GET /compute/v2.1/flavors?is_public=None" status: 200 len: 2056 microversion: 2.88 time: 0.023000
Aug 04 14:30:31.355256 n-d-801743-12 devstack@n-api.service[93574]: [pid: 93574|app: 0|req: 25/50] 10.222.0.76 () {60 vars in 1211 bytes} [Wed Aug 4 14:30:31 2021] GET /compute/v2.1/flavors?is_public=None => generated 2056 bytes in 25 msecs (HTTP/1.1 200) 9 headers in 360 bytes (1 switches on core 0)
Aug 04 14:30:31.365885 n-d-801743-12 devstack@n-api.service[93573]: DEBUG nova.api.openstack.wsgi [None req-4b87872d-aeb7-471a-92f6-8e33d169c533 admin admin] Calling method '>' {{(pid=93573) _process_stack /opt/stack/nova/nova/api/openstack/wsgi.py:513}}
Aug 04 14:30:31.381854 n-d-801743-12 devstack@n-api.service[93573]: INFO nova.api.openstack.requestlog [None req-4b87872d-aeb7-471a-92f6-8e33d169c533 admin admin] 10.222.0.76 "GET /compute/v2.1/flavors?is_public=None" status: 200 len: 2056 microversion: 2.88 time: 0.019581
Aug 04 14:30:31.382443 n-d-801743-12 devstack@n-api.service[93573]: [pid: 93573|app: 0|req: 26/51] 10.222.0.76 () {60 vars in 1211 bytes} [Wed Aug 4 14:30:31 2021] GET /compute/v2.1/flavors?is_public=None => generated 2056 bytes in 21 msecs (HTTP/1.1 200) 9 headers in 360 bytes (1 switches on core 0)
Aug 04 14:30:31.392838 n-d-801743-12 devstack@n-api.service[93574]: DEBUG nova.api.openstack.wsgi [None req-11fc64f3-138d-435b-ad31-78c5e5067b93 admin admin] Calling method '>' {{(pid=93574) _process_stack /opt/stack/nova/nova/api/openstack/wsgi.py:513}}
Aug 04 14:30:31.398881 n-d-801743-12 devstack@n-api.service[93574]: INFO nova.api.openstack.wsgi [None req-11fc64f3-138d-435b-ad31-78c5e5067b93 admin admin] HTTP exception thrown: Flavor 451 could not be found.
Aug 04 14:30:31.399896 n-d-801743-12 devstack@n-api.service[93574]: DEBUG nova.api.openstack.wsgi [None req-11fc64f3-138d-435b-ad31-78c5e5067b93 admin admin] Returning 404 to user: Flavor 451 could not be found. {{(pid=93574) __call__ /opt/stack/nova/nova/api/openstack/wsgi.py:927}}
Aug 04 14:30:31.400439 n-d-801743-12 devstack@n-api.service[93574]: INFO nova.api.openstack.requestlog [None req-11fc64f3-138d-435b-ad31-78c5e5067b93 admin admin] 10.222.0.76 "GET /compute/v2.1/flavors/451" status: 404 len: 76 microversion: 2.88 time: 0.011258
Aug 04 14:30:31.401002 n-d-801743-12 devstack@n-api.service[93574]: [pid: 93574|app: 0|req: 26/52] 10.222.0.76 () {60 vars in 1194 bytes} [Wed Aug 4 14:30:31 2021] GET /compute/v2.1/flavors/451 => generated 76 bytes in 12 msecs (HTTP/1.1 404) 9 headers in 380 bytes (2 switches on core 0)
Aug 04 14:30:32.738663 n-d-801743-12 devstack@n-api.service[93573]: DEBUG nova.api.openstack.wsgi [None req-4b87872d-aeb7-471a-92f6-8e33d169c533 admin admin] Calling method '>' {{(pid=93573) _process_stack /opt/stack/nova/nova/api/openstack/wsgi.py:513}}
Aug 04 14:30:32.739660 n-d-801743-12 devstack@n-api.service[93573]: INFO nova.api.openstack.requestlog [None req-4b87872d-aeb7-471a-92f6-8e33d169c533 admin admin] 10.222.0.76 "GET /compute/v2.1" status: 200 len: 388 microversion: 2.1 time: 0.001453
Aug 04 14:30:32.740090 n-d-801743-12 devstack@n-api.service[93573]: [pid: 93573|app: 0|req: 27/53] 10.222.0.76 () {56 vars in 1075 bytes} [Wed Aug 4 14:30:32 2021] GET /compute/v2.1 => generated 388 bytes in 2 msecs (HTTP/1.1 200) 9 headers in 357 bytes (1 switches on core 0)
Aug 04 14:30:32.937885 n-d-801743-12 devstack@n-api.service[93574]: DEBUG nova.api.openstack.wsgi [None req-07b9cc32-2692-47bd-9dc1-1ef46e246e04 admin admin] Action: 'create', calling method: >, body: {"flavor": {"name": "m1.nano", "ram": 256, "vcpus": 1, "disk": 1, "id": "42", "swap": 0, "OS-FLV-EXT-DATA:ephemeral": 0, "rxtx_factor": 1.0, "os-flavor-access:is_public": true}} {{(pid=93574) _process_stack /opt/stack/nova/nova/api/openstack/wsgi.py:511}}
Aug 04 14:30:32.964714 n-d-801743-12 devstack@n-api.service[93574]: INFO nova.api.openstack.requestlog [None req-07b9cc32-2692-47bd-9dc1-1ef46e246e04 admin admin] 10.222.0.76 "POST /compute/v2.1/flavors" status: 200 len: 404 microversion: 2.88 time: 0.088130
Aug 04 14:30:32.965162 n-d-801743-12 devstack@n-api.service[93574]: [pid: 93574|app: 0|req: 27/54] 10.222.0.76 () {64 vars in 1236 bytes} [Wed Aug 4 14:30:32 2021] POST /compute/v2.1/flavors => generated 404 bytes in 90 msecs (HTTP/1.1 200) 9 headers in 359 bytes (1 switches on core 0)
Aug 04 14:30:34.321073 n-d-801743-12 devstack@n-api.service[93573]: DEBUG nova.api.openstack.wsgi [None req-4b87872d-aeb7-471a-92f6-8e33d169c533 admin admin] Calling method '>' {{(pid=93573) _process_stack /opt/stack/nova/nova/api/openstack/wsgi.py:513}}
Aug 04 14:30:34.322074 n-d-801743-12 devstack@n-api.service[93573]: INFO nova.api.openstack.requestlog [None req-4b87872d-aeb7-471a-92f6-8e33d169c533 admin admin] 10.222.0.76 "GET /compute/v2.1" status: 200 len: 388 microversion: 2.1 time: 0.001486
Aug 04 14:30:34.322435 n-d-801743-12 devstack@n-api.service[93573]: [pid: 93573|app: 0|req: 28/55] 10.222.0.76 () {56 vars in 1075 bytes} [Wed Aug 4 14:30:34 2021] GET /compute/v2.1 => generated 388 bytes in 2 msecs (HTTP/1.1 200) 9 headers in 357 bytes (1 switches on core 0)
Aug 04 14:30:34.514688 n-d-801743-12 devstack@n-api.service[93574]: DEBUG nova.api.openstack.wsgi [None req-52594e75-b339-4d15-b6f5-e6ce31a0b3ed admin admin] Action: 'create', calling method: >, body: {"flavor": {"name": "m1.micro", "ram": 256, "vcpus": 1, "disk": 2, "id": "84", "swap": 0, "OS-FLV-EXT-DATA:ephemeral": 0, "rxtx_factor": 1.0, "os-flavor-access:is_public": true}} {{(pid=93574) _process_stack /opt/stack/nova/nova/api/openstack/wsgi.py:511}}
Aug 04 14:30:34.532737 n-d-801743-12 devstack@n-api.service[93574]: INFO nova.api.openstack.requestlog [None req-52594e75-b339-4d15-b6f5-e6ce31a0b3ed admin admin] 10.222.0.76 "POST /compute/v2.1/flavors" status: 200 len: 405 microversion: 2.88 time: 0.073757
Aug 04 14:30:34.533210 n-d-801743-12 devstack@n-api.service[93574]: [pid: 93574|app: 0|req: 28/56] 10.222.0.76 () {64 vars in 1236 bytes} [Wed Aug 4 14:30:34 2021] POST /compute/v2.1/flavors => generated 405 bytes in 75 msecs (HTTP/1.1 200) 9 headers in 359 bytes (1 switches on core 0)
Aug 04 14:30:35.872332 n-d-801743-12 devstack@n-api.service[93573]: DEBUG nova.api.openstack.wsgi [None req-4b87872d-aeb7-471a-92f6-8e33d169c533 admin admin] Calling method '>' {{(pid=93573) _process_stack /opt/stack/nova/nova/api/openstack/wsgi.py:513}}
Aug 04 14:30:35.873323 n-d-801743-12 devstack@n-api.service[93573]: INFO nova.api.openstack.requestlog [None req-4b87872d-aeb7-471a-92f6-8e33d169c533 admin admin] 10.222.0.76 "GET /compute/v2.1" status: 200 len: 388 microversion: 2.1 time: 0.001432
Aug 04 14:30:35.873691 n-d-801743-12 devstack@n-api.service[93573]: [pid: 93573|app: 0|req: 29/57] 10.222.0.76 () {56 vars in 1075 bytes} [Wed Aug 4 14:30:35 2021] GET /compute/v2.1 => generated 388 bytes in 2 msecs (HTTP/1.1 200) 9 headers in 357 bytes (1 switches on core 0)
Aug 04 14:30:36.060313 n-d-801743-12 devstack@n-api.service[93574]: DEBUG nova.api.openstack.wsgi [None req-d3013ab3-604f-4693-9192-cb6a8ee5a336 admin admin] Action: 'create', calling method: >, body: {"flavor": {"name": "m1.heat", "ram": 512, "vcpus": 1, "disk": 1, "id": "451", "swap": 0, "OS-FLV-EXT-DATA:ephemeral": 0, "rxtx_factor": 1.0, "os-flavor-access:is_public": true}} {{(pid=93574) _process_stack /opt/stack/nova/nova/api/openstack/wsgi.py:511}}
Aug 04 14:30:36.081691 n-d-801743-12 devstack@n-api.service[93574]: INFO nova.api.openstack.requestlog [None req-d3013ab3-604f-4693-9192-cb6a8ee5a336 admin admin] 10.222.0.76 "POST /compute/v2.1/flavors" status: 200 len: 407 microversion: 2.88 time: 0.073637
Aug 04 14:30:36.082255 n-d-801743-12 devstack@n-api.service[93574]: [pid: 93574|app: 0|req: 29/58] 10.222.0.76 () {64 vars in 1236 bytes} [Wed Aug 4 14:30:36 2021] POST /compute/v2.1/flavors => generated 407 bytes in 75 msecs (HTTP/1.1 200) 9 headers in 359 bytes (1 switches on core 0)
Aug 04 14:30:37.435143 n-d-801743-12 devstack@n-api.service[93573]: DEBUG nova.api.openstack.wsgi [None req-4b87872d-aeb7-471a-92f6-8e33d169c533 admin admin] Calling method '>' {{(pid=93573) _process_stack /opt/stack/nova/nova/api/openstack/wsgi.py:513}}
Aug 04 14:30:37.436151 n-d-801743-12 devstack@n-api.service[93573]: INFO nova.api.openstack.requestlog [None req-4b87872d-aeb7-471a-92f6-8e33d169c533 admin admin] 10.222.0.76 "GET /compute/v2.1" status: 200 len: 388 microversion: 2.1 time: 0.001526
Aug 04 14:30:37.436537 n-d-801743-12 devstack@n-api.service[93573]: [pid: 93573|app: 0|req: 30/59] 10.222.0.76 () {56 vars in 1075 bytes} [Wed Aug 4 14:30:37 2021] GET /compute/v2.1 => generated 388 bytes in 2 msecs (HTTP/1.1 200) 9 headers in 357 bytes (1 switches on core 0)
Aug 04 14:30:37.634148 n-d-801743-12 devstack@n-api.service[93574]: DEBUG nova.api.openstack.wsgi [None req-f59ce66a-2e36-4bd5-a559-c66be5757550 admin admin] Action: 'create', calling method: >, body: {"flavor": {"name": "m1.heat2", "ram": 1024, "vcpus": 1, "disk": 1, "id": "452", "swap": 0, "OS-FLV-EXT-DATA:ephemeral": 0, "rxtx_factor": 1.0, "os-flavor-access:is_public": true}} {{(pid=93574) _process_stack /opt/stack/nova/nova/api/openstack/wsgi.py:511}}
Aug 04 14:30:37.653517 n-d-801743-12 devstack@n-api.service[93574]: INFO nova.api.openstack.requestlog [None req-f59ce66a-2e36-4bd5-a559-c66be5757550 admin admin] 10.222.0.76 "POST /compute/v2.1/flavors" status: 200 len: 409 microversion: 2.88 time: 0.075201
Aug 04 14:30:37.654543 n-d-801743-12 devstack@n-api.service[93574]: [pid: 93574|app: 0|req: 30/60] 10.222.0.76 () {64 vars in 1236 bytes} [Wed Aug 4 14:30:37 2021] POST /compute/v2.1/flavors => generated 409 bytes in 77 msecs (HTTP/1.1 200) 9 headers in 359 bytes (1 switches on core 0)
Aug 04 14:30:38.998827 n-d-801743-12 devstack@n-api.service[93573]: DEBUG nova.api.openstack.wsgi [None req-4b87872d-aeb7-471a-92f6-8e33d169c533 admin admin] Calling method '>' {{(pid=93573) _process_stack /opt/stack/nova/nova/api/openstack/wsgi.py:513}}
Aug 04 14:30:38.999913 n-d-801743-12 devstack@n-api.service[93573]: INFO nova.api.openstack.requestlog [None req-4b87872d-aeb7-471a-92f6-8e33d169c533 admin admin] 10.222.0.76 "GET /compute/v2.1" status: 200 len: 388 microversion: 2.1 time: 0.001649
Aug 04 14:30:39.000308 n-d-801743-12 devstack@n-api.service[93573]: [pid: 93573|app: 0|req: 31/61] 10.222.0.76 () {56 vars in 1075 bytes} [Wed Aug 4 14:30:38 2021] GET /compute/v2.1 => generated 388 bytes in 3 msecs (HTTP/1.1 200) 9 headers in 357 bytes (1 switches on core 0)
Aug 04 14:30:39.187090 n-d-801743-12 devstack@n-api.service[93574]: DEBUG nova.api.openstack.wsgi [None req-6b357840-2a0b-442e-8cba-30c43e1b134a admin admin] Calling method '>' {{(pid=93574) _process_stack /opt/stack/nova/nova/api/openstack/wsgi.py:513}}
Aug 04 14:30:39.206994 n-d-801743-12 devstack@n-api.service[93574]: INFO nova.api.openstack.requestlog [None req-6b357840-2a0b-442e-8cba-30c43e1b134a admin admin] 10.222.0.76 "GET /compute/v2.1/flavors/detail" status: 200 len: 5777 microversion: 2.88 time: 0.070305
Aug 04 14:30:39.207614 n-d-801743-12 devstack@n-api.service[93574]: [pid: 93574|app: 0|req: 31/62] 10.222.0.76 () {60 vars in 1203 bytes} [Wed Aug 4 14:30:39 2021] GET /compute/v2.1/flavors/detail => generated 5777 bytes in 72 msecs (HTTP/1.1 200) 9 headers in 360 bytes (1 switches on core 0)
Aug 04 14:31:25.407347 n-d-801743-12 devstack@n-api.service[93573]: DEBUG nova.api.openstack.wsgi [None req-4b87872d-aeb7-471a-92f6-8e33d169c533 admin admin] Calling method '>' {{(pid=93573) _process_stack /opt/stack/nova/nova/api/openstack/wsgi.py:513}}
Aug 04 14:31:25.408357 n-d-801743-12 devstack@n-api.service[93573]: INFO nova.api.openstack.requestlog [None req-4b87872d-aeb7-471a-92f6-8e33d169c533 admin admin] 10.222.0.76 "GET /compute/v2.1" status: 200 len: 388 microversion: 2.1 time: 0.001478
Aug 04 14:31:25.408741 n-d-801743-12 devstack@n-api.service[93573]: [pid: 93573|app: 0|req: 32/63] 10.222.0.76 () {54 vars in 931 bytes} [Wed Aug 4 14:31:25 2021] GET /compute/v2.1 => generated 388 bytes in 2 msecs (HTTP/1.1 200) 9 headers in 357 bytes (1 switches on core 0)
Aug 04 14:31:25.475717 n-d-801743-12 devstack@n-api.service[93574]: DEBUG nova.api.openstack.wsgi [None req-1e0b3fb1-c5a4-432f-8d51-93ad24ab4ccd admin admin] Calling method '>' {{(pid=93574) _process_stack /opt/stack/nova/nova/api/openstack/wsgi.py:513}}
Aug 04 14:31:25.496667 n-d-801743-12 devstack@n-api.service[93574]: INFO nova.api.openstack.requestlog [None req-1e0b3fb1-c5a4-432f-8d51-93ad24ab4ccd admin admin] 10.222.0.76 "GET /compute/v2.1/flavors/detail?is_public=True" status: 200 len: 5791 microversion: 2.61 time: 0.081019
Aug 04 14:31:25.497212 n-d-801743-12 devstack@n-api.service[93574]: [pid: 93574|app: 0|req: 32/64] 10.222.0.76 () {60 vars in 1292 bytes} [Wed Aug 4 14:31:25 2021] GET /compute/v2.1/flavors/detail?is_public=True => generated 5791 bytes in 82 msecs (HTTP/1.1 200) 9 headers in 360 bytes (1 switches on core 0)
Aug 04 14:31:25.524313 n-d-801743-12 devstack@n-api.service[93573]: DEBUG nova.api.openstack.wsgi [None req-50c38b97-ef41-4d9f-99d1-ae8ac8763983 admin admin] Calling method '>' {{(pid=93573) _process_stack /opt/stack/nova/nova/api/openstack/wsgi.py:513}}
Aug 04 14:31:25.532833 n-d-801743-12 devstack@n-api.service[93573]: INFO nova.api.openstack.requestlog [None req-50c38b97-ef41-4d9f-99d1-ae8ac8763983 admin admin] 10.222.0.76 "GET /compute/v2.1/flavors/42/os-extra_specs" status: 200 len: 19 microversion: 2.61 time: 0.012159
Aug 04 14:31:25.533349 n-d-801743-12 devstack@n-api.service[93573]: [pid: 93573|app: 0|req: 33/65] 10.222.0.76 () {60 vars in 1283 bytes} [Wed Aug 4 14:31:25 2021] GET /compute/v2.1/flavors/42/os-extra_specs => generated 19 bytes in 13 msecs (HTTP/1.1 200) 9 headers in 358 bytes (1 switches on core 0)
Aug 04 14:31:25.548058 n-d-801743-12 devstack@n-api.service[93574]: DEBUG nova.api.openstack.wsgi [None req-ddb48eab-e11d-40ff-9ce8-1c065cf80d7f admin admin] Calling method '>' {{(pid=93574) _process_stack /opt/stack/nova/nova/api/openstack/wsgi.py:513}}
Aug 04 14:31:25.560129 n-d-801743-12 devstack@n-api.service[93574]: INFO nova.api.openstack.requestlog [None req-ddb48eab-e11d-40ff-9ce8-1c065cf80d7f admin admin] 10.222.0.76 "GET /compute/v2.1/flavors/451/os-extra_specs" status: 200 len: 19 microversion: 2.61 time: 0.017580
Aug 04 14:31:25.560779 n-d-801743-12 devstack@n-api.service[93574]: [pid: 93574|app: 0|req: 33/66] 10.222.0.76 () {60 vars in 1286 bytes} [Wed Aug 4 14:31:25 2021] GET /compute/v2.1/flavors/451/os-extra_specs => generated 19 bytes in 20 msecs (HTTP/1.1 200) 9 headers in 358 bytes (1 switches on core 0)
Aug 04 14:31:25.579148 n-d-801743-12 devstack@n-api.service[93573]: DEBUG nova.api.openstack.wsgi [None req-75a8364b-e10f-4224-aaa6-bdb5c3a33055 admin admin] Calling method '>' {{(pid=93573) _process_stack /opt/stack/nova/nova/api/openstack/wsgi.py:513}}
Aug 04 14:31:25.591021 n-d-801743-12 devstack@n-api.service[93573]: INFO nova.api.openstack.requestlog [None req-75a8364b-e10f-4224-aaa6-bdb5c3a33055 admin admin] 10.222.0.76 "GET /compute/v2.1/flavors/452/os-extra_specs" status: 200 len: 19 microversion: 2.61 time: 0.017391
Aug 04 14:31:25.591682 n-d-801743-12 devstack@n-api.service[93573]: [pid: 93573|app: 0|req: 34/67] 10.222.0.76 () {60 vars in 1286 bytes} [Wed Aug 4 14:31:25 2021] GET /compute/v2.1/flavors/452/os-extra_specs => generated 19 bytes in 19 msecs (HTTP/1.1 200) 9 headers in 358 bytes (2 switches on core 0)
Aug 04 14:31:25.606845 n-d-801743-12 devstack@n-api.service[93574]: DEBUG nova.api.openstack.wsgi [None req-8b1c3576-039e-4bed-8a86-f6dc2afc7562 admin admin] Calling method '>' {{(pid=93574) _process_stack /opt/stack/nova/nova/api/openstack/wsgi.py:513}}
Aug 04 14:31:25.614554 n-d-801743-12 devstack@n-api.service[93574]: INFO nova.api.openstack.requestlog [None req-8b1c3576-039e-4bed-8a86-f6dc2afc7562 admin admin] 10.222.0.76 "GET /compute/v2.1/flavors/84/os-extra_specs" status: 200 len: 19 microversion: 2.61 time: 0.011275
Aug 04 14:31:25.615298 n-d-801743-12 devstack@n-api.service[93574]: [pid: 93574|app: 0|req: 34/68] 10.222.0.76 () {60 vars in 1283 bytes} [Wed Aug 4 14:31:25 2021] GET /compute/v2.1/flavors/84/os-extra_specs => generated 19 bytes in 13 msecs (HTTP/1.1 200) 9 headers in 358 bytes (2 switches on core 0)
Aug 04 14:32:49.441352 n-d-801743-12 devstack@n-api.service[93573]: DEBUG nova.api.openstack.wsgi [None req-ebbd9914-e7a4-4193-94d5-90932a67ca4d tempest-verify_tempest_config-1923264360 tempest-verify_tempest_config-1923264360-project] Calling method '>' {{(pid=93573) _process_stack /opt/stack/nova/nova/api/openstack/wsgi.py:513}}
Aug 04 14:32:49.443342 n-d-801743-12 devstack@n-api.service[93573]: INFO nova.api.openstack.requestlog [None req-ebbd9914-e7a4-4193-94d5-90932a67ca4d tempest-verify_tempest_config-1923264360 tempest-verify_tempest_config-1923264360-project] 10.222.0.76 "GET /compute/v2.1/extensions" status: 200 len: 22700 microversion: 2.1 time: 0.112705
Aug 04 14:32:49.443853 n-d-801743-12 devstack@n-api.service[93573]: [pid: 93573|app: 0|req: 35/69] 10.222.0.76 () {58 vars in 1134 bytes} [Wed Aug 4 14:32:49 2021] GET /compute/v2.1/extensions => generated 22700 bytes in 114 msecs (HTTP/1.1 200) 9 headers in 359 bytes (1 switches on core 0)
Aug 04 14:36:26.035154 n-d-801743-12 devstack@n-api.service[93574]: DEBUG nova.api.openstack.wsgi [None req-8b1c3576-039e-4bed-8a86-f6dc2afc7562 admin admin] Calling method '>' {{(pid=93574) _process_stack /opt/stack/nova/nova/api/openstack/wsgi.py:513}}
Aug 04 14:36:26.036223 n-d-801743-12 devstack@n-api.service[93574]: INFO nova.api.openstack.requestlog [None req-8b1c3576-039e-4bed-8a86-f6dc2afc7562 admin admin] 10.222.0.76 "GET /compute/v2.1" status: 200 len: 388 microversion: 2.1 time: 0.001539
Aug 04 14:36:26.036609 n-d-801743-12 devstack@n-api.service[93574]: [pid: 93574|app: 0|req: 35/70] 10.222.0.76 () {56 vars in 1075 bytes} [Wed Aug 4 14:36:26 2021] GET /compute/v2.1 => generated 388 bytes in 2 msecs (HTTP/1.1 200) 9 headers in 357 bytes (1 switches on core 0)
Aug 04 14:36:26.294870 n-d-801743-12 devstack@n-api.service[93573]: DEBUG nova.api.openstack.wsgi [None req-21e8618f-b290-4764-8aa5-854a23bb689d admin admin] Calling method '>' {{(pid=93573) _process_stack /opt/stack/nova/nova/api/openstack/wsgi.py:513}}
Aug 04 14:36:26.296003 n-d-801743-12 devstack@n-api.service[93573]: /usr/local/lib/python3.8/dist-packages/oslo_policy/policy.py:1064: UserWarning: Policy os_compute_api:os-services:list failed scope check. The token used to make the request was project scoped but the policy requires ['system'] scope. This behavior may change in the future where using the intended scope is required
Aug 04 14:36:26.296003 n-d-801743-12 devstack@n-api.service[93573]: warnings.warn(msg)
Aug 04 14:36:26.297549 n-d-801743-12 devstack@n-api.service[93573]: DEBUG oslo_concurrency.lockutils [None req-21e8618f-b290-4764-8aa5-854a23bb689d admin admin] Lock "00000000-0000-0000-0000-000000000000" acquired by "nova.context.set_target_cell..get_or_set_cached_cell_and_set_connections" :: waited 0.000s {{(pid=93573) inner /usr/local/lib/python3.8/dist-packages/oslo_concurrency/lockutils.py:355}}
Aug 04 14:36:26.297979 n-d-801743-12 devstack@n-api.service[93573]: DEBUG oslo_concurrency.lockutils [None req-21e8618f-b290-4764-8aa5-854a23bb689d admin admin] Lock "00000000-0000-0000-0000-000000000000" released by "nova.context.set_target_cell..get_or_set_cached_cell_and_set_connections" :: held 0.000s {{(pid=93573) inner /usr/local/lib/python3.8/dist-packages/oslo_concurrency/lockutils.py:367}}
Aug 04 14:36:26.298805 n-d-801743-12 devstack@n-api.service[93573]: DEBUG oslo_concurrency.lockutils [None req-21e8618f-b290-4764-8aa5-854a23bb689d admin admin] Lock "8283e849-d44b-4459-b77a-6cea928ff3f2" acquired by "nova.context.set_target_cell..get_or_set_cached_cell_and_set_connections" :: waited 0.000s {{(pid=93573) inner /usr/local/lib/python3.8/dist-packages/oslo_concurrency/lockutils.py:355}}
Aug 04 14:36:26.299224 n-d-801743-12 devstack@n-api.service[93573]: DEBUG oslo_concurrency.lockutils [None req-21e8618f-b290-4764-8aa5-854a23bb689d admin admin] Lock "8283e849-d44b-4459-b77a-6cea928ff3f2" released by "nova.context.set_target_cell..get_or_set_cached_cell_and_set_connections" :: held 0.000s {{(pid=93573) inner /usr/local/lib/python3.8/dist-packages/oslo_concurrency/lockutils.py:367}}
Aug 04 14:36:26.341212 n-d-801743-12 devstack@n-api.service[93573]: INFO nova.api.openstack.requestlog [None req-21e8618f-b290-4764-8aa5-854a23bb689d admin admin] 10.222.0.76 "GET /compute/v2.1/os-services" status: 200 len: 1244 microversion: 2.88 time: 0.168070
Aug 04 14:36:26.341752 n-d-801743-12 devstack@n-api.service[93573]: [pid: 93573|app: 0|req: 36/71] 10.222.0.76 () {60 vars in 1194 bytes} [Wed Aug 4 14:36:26 2021] GET /compute/v2.1/os-services => generated 1244 bytes in 169 msecs (HTTP/1.1 200) 9 headers in 360 bytes (1 switches on core 0)
Aug 04 14:36:27.684902 n-d-801743-12 devstack@n-api.service[93574]: DEBUG nova.api.openstack.wsgi [None req-8b1c3576-039e-4bed-8a86-f6dc2afc7562 admin admin] Calling method '>' {{(pid=93574) _process_stack /opt/stack/nova/nova/api/openstack/wsgi.py:513}}
Aug 04 14:36:27.685916 n-d-801743-12 devstack@n-api.service[93574]: INFO nova.api.openstack.requestlog [None req-8b1c3576-039e-4bed-8a86-f6dc2afc7562 admin admin] 10.222.0.76 "GET /compute/v2.1" status: 200 len: 388 microversion: 2.1 time: 0.001464
Aug 04 14:36:27.686310 n-d-801743-12 devstack@n-api.service[93574]: [pid: 93574|app: 0|req: 36/72] 10.222.0.76 () {56 vars in 1075 bytes} [Wed Aug 4 14:36:27 2021] GET /compute/v2.1 => generated 388 bytes in 2 msecs (HTTP/1.1 200) 9 headers in 357 bytes (1 switches on core 0)
Aug 04 14:36:27.884143 n-d-801743-12 devstack@n-api.service[93573]: DEBUG nova.api.openstack.wsgi [None req-63165d56-897d-4c20-927e-3de054df2f9e admin admin] Calling method '>' {{(pid=93573) _process_stack /opt/stack/nova/nova/api/openstack/wsgi.py:513}}
Aug 04 14:36:27.885329 n-d-801743-12 devstack@n-api.service[93573]: /usr/local/lib/python3.8/dist-packages/oslo_policy/policy.py:1064: UserWarning: Policy os_compute_api:os-services:list failed scope check. The token used to make the request was project scoped but the policy requires ['system'] scope. This behavior may change in the future where using the intended scope is required
Aug 04 14:36:27.885329 n-d-801743-12 devstack@n-api.service[93573]: warnings.warn(msg)
Aug 04 14:36:27.887399 n-d-801743-12 devstack@n-api.service[93573]: DEBUG oslo_concurrency.lockutils [None req-63165d56-897d-4c20-927e-3de054df2f9e admin admin] Lock "00000000-0000-0000-0000-000000000000" acquired by "nova.context.set_target_cell..get_or_set_cached_cell_and_set_connections" :: waited 0.000s {{(pid=93573) inner /usr/local/lib/python3.8/dist-packages/oslo_concurrency/lockutils.py:355}}
Aug 04 14:36:27.887833 n-d-801743-12 devstack@n-api.service[93573]: DEBUG oslo_concurrency.lockutils [None req-63165d56-897d-4c20-927e-3de054df2f9e admin admin] Lock "00000000-0000-0000-0000-000000000000" released by "nova.context.set_target_cell..get_or_set_cached_cell_and_set_connections" :: held 0.000s {{(pid=93573) inner /usr/local/lib/python3.8/dist-packages/oslo_concurrency/lockutils.py:367}}
Aug 04 14:36:27.888615 n-d-801743-12 devstack@n-api.service[93573]: DEBUG oslo_concurrency.lockutils [None req-63165d56-897d-4c20-927e-3de054df2f9e admin admin] Lock "8283e849-d44b-4459-b77a-6cea928ff3f2" acquired by "nova.context.set_target_cell..get_or_set_cached_cell_and_set_connections" :: waited 0.000s {{(pid=93573) inner /usr/local/lib/python3.8/dist-packages/oslo_concurrency/lockutils.py:355}}
Aug 04 14:36:27.889036 n-d-801743-12 devstack@n-api.service[93573]: DEBUG oslo_concurrency.lockutils [None req-63165d56-897d-4c20-927e-3de054df2f9e admin admin] Lock "8283e849-d44b-4459-b77a-6cea928ff3f2" released by "nova.context.set_target_cell..get_or_set_cached_cell_and_set_connections" :: held 0.000s {{(pid=93573) inner /usr/local/lib/python3.8/dist-packages/oslo_concurrency/lockutils.py:367}}
Aug 04 14:36:27.910988 n-d-801743-12 devstack@n-api.service[93573]: INFO nova.api.openstack.requestlog [None req-63165d56-897d-4c20-927e-3de054df2f9e admin admin] 10.222.0.76 "GET /compute/v2.1/os-services" status: 200 len: 1244 microversion: 2.88 time: 0.084755
