Aug 03 19:03:08.669679 n-d-801743-10 neutron-server[94068]: DEBUG neutron_lib.callbacks.manager [req-5f899314-5513-4aee-8eaf-c0fc82e12f42 req-8a2c6916-1e93-4566-a629-5f7a3188f839 tempest-ServersAdminTestJSON-1580678590 tempest-ServersAdminTestJSON-1580678590-project] Notify callbacks ['neutron.plugins.ml2.plugin.SecurityGroupServerNotifierRpcMixin._notify_sg_on_port_change-623908', 'neutron.plugins.ml2.ovo_rpc._ObjectChangeHandler.handle_event-141629', 'neutron.api.rpc.agentnotifiers.dhcp_rpc_agent_api.DhcpAgentNotifyAPI._native_event_send_dhcp_notification-3745604', 'neutron.db.l3_dvrscheduler_db._notify_l3_agent_new_port-8732701923256', 'neutron.services.segments.plugin.NovaSegmentNotifier._notify_port_created_or_deleted-12228237'] for port, after_create {{(pid=94068) _notify_loop /usr/local/lib/python3.8/dist-packages/neutron_lib/callbacks/manager.py:192}}
Aug 03 19:03:08.692078 n-d-801743-10 neutron-server[94069]: DEBUG neutron_lib.callbacks.manager [None req-60431c64-681f-4862-ae03-51eb48df5671 None None] Notify callbacks ['neutron.services.segments.db._update_segment_host_mapping_for_agent-8732702471397', 'neutron.plugins.ml2.plugin.Ml2Plugin._retry_binding_revived_agents-3467069'] for agent, after_update {{(pid=94069) _notify_loop /usr/local/lib/python3.8/dist-packages/neutron_lib/callbacks/manager.py:192}}
Aug 03 19:03:08.797933 n-d-801743-10 neutron-server[94068]: DEBUG neutron.scheduler.dhcp_agent_scheduler [req-5f899314-5513-4aee-8eaf-c0fc82e12f42 req-8a2c6916-1e93-4566-a629-5f7a3188f839 tempest-ServersAdminTestJSON-1580678590 tempest-ServersAdminTestJSON-1580678590-project] Network 0e952365-1133-40c8-82db-bb3a45277681 is already hosted by enough agents. {{(pid=94068) _get_dhcp_agents_hosting_network /opt/stack/neutron/neutron/scheduler/dhcp_agent_scheduler.py:275}}
Aug 03 19:03:08.818129 n-d-801743-10 neutron-server[94067]: DEBUG novaclient.v2.client [-] REQ: curl -g -i --cacert "/opt/stack/data/ca-bundle.pem" -X POST http://10.222.0.43/compute/v2.1/os-server-external-events -H "Accept: application/json" -H "Content-Type: application/json" -H "User-Agent: python-novaclient" -H "X-Auth-Token: {SHA256}671680130b1803b5b1812d0e285925582b796511120cdb8de77a4b1f0894bf70" -H "X-OpenStack-Nova-API-Version: 2.1" -H "X-OpenStack-Request-ID: req-8b03d2a9-7a44-49d6-8b93-d4a2a41d1a5e" -d '{"events": [{"name": "network-changed", "server_uuid": "9c5d3424-cf1f-4ed7-878a-92da846ce0e5", "tag": "e8a25a36-cb0d-429f-9174-e5bb71f05739"}]}' {{(pid=94067) _http_log_request /usr/local/lib/python3.8/dist-packages/keystoneauth1/session.py:519}}
Aug 03 19:03:08.819304 n-d-801743-10 neutron-server[94068]: DEBUG neutron.scheduler.base_scheduler [req-5f899314-5513-4aee-8eaf-c0fc82e12f42 req-8a2c6916-1e93-4566-a629-5f7a3188f839 tempest-ServersAdminTestJSON-1580678590 tempest-ServersAdminTestJSON-1580678590-project] Resources bound (agent type, host, resource id): {{(pid=94068) schedule /opt/stack/neutron/neutron/scheduler/base_scheduler.py:57}}
Aug 03 19:03:08.838173 n-d-801743-10 neutron-server[94068]: DEBUG neutron.db.l3_dvrscheduler_db [req-5f899314-5513-4aee-8eaf-c0fc82e12f42 req-8a2c6916-1e93-4566-a629-5f7a3188f839 tempest-ServersAdminTestJSON-1580678590 tempest-ServersAdminTestJSON-1580678590-project] Received port after_create {{(pid=94068) _notify_l3_agent_new_port /opt/stack/neutron/neutron/db/l3_dvrscheduler_db.py:535}}
Aug 03 19:03:08.875548 n-d-801743-10 neutron-server[94067]: DEBUG neutron.pecan_wsgi.hooks.policy_enforcement [req-028811bc-10a1-41ce-a17f-681142c3af70 req-3062e257-93d7-4519-973b-9e7d99e4be9f service neutron] Attributes excluded by policy engine: ['standard_attr_id', 'shared', 'segment_id'] {{(pid=94067) _exclude_attributes_by_policy /opt/stack/neutron/neutron/pecan_wsgi/hooks/policy_enforcement.py:255}}
Aug 03 19:03:08.877766 n-d-801743-10 neutron-server[94067]: INFO neutron.wsgi [req-028811bc-10a1-41ce-a17f-681142c3af70 req-3062e257-93d7-4519-973b-9e7d99e4be9f service neutron] 10.222.0.53 "GET /v2.0/subnets?id=65066724-56cc-4352-b4cb-3290902911ee HTTP/1.1" status: 200 len: 843 time: 0.3348556
Aug 03 19:03:08.889682 n-d-801743-10 neutron-server[94068]: DEBUG neutron_lib.callbacks.manager [None req-5d345b6b-0663-40e0-b6a9-8b3d93df0b68 admin admin] Notify callbacks [] for security_group, precommit_create {{(pid=94068) _notify_loop /usr/local/lib/python3.8/dist-packages/neutron_lib/callbacks/manager.py:192}}
Aug 03 19:03:08.908691 n-d-801743-10 neutron-server[94068]: DEBUG neutron.api.rpc.handlers.resources_rpc [None req-8a2c6916-1e93-4566-a629-5f7a3188f839 tempest-ServersAdminTestJSON-1580678590 tempest-ServersAdminTestJSON-1580678590-project] Pushing event updated for resources: {'Port': ['ID=fbeeb01a-b17f-4851-9204-6032d4cac565,revision_number=1']} {{(pid=94068) push /opt/stack/neutron/neutron/api/rpc/handlers/resources_rpc.py:237}}
Aug 03 19:03:08.921798 n-d-801743-10 neutron-server[94068]: DEBUG neutron_lib.callbacks.manager [None req-5d345b6b-0663-40e0-b6a9-8b3d93df0b68 admin admin] Notify callbacks ['neutron.plugins.ml2.ovo_rpc._ObjectChangeHandler.handle_event-442173'] for security_group, after_create {{(pid=94068) _notify_loop /usr/local/lib/python3.8/dist-packages/neutron_lib/callbacks/manager.py:192}}
Aug 03 19:03:08.927372 n-d-801743-10 neutron-server[94068]: DEBUG neutron_lib.callbacks.manager [req-563d1bb7-335f-4927-9022-0af694e91477 req-1f6dc3be-53ec-4234-91ca-5b42a3a9dac4 tempest-LiveAutoBlockMigrationV225Test-1137374995 tempest-LiveAutoBlockMigrationV225Test-1137374995-project] Notify callbacks [] for port, precommit_create {{(pid=94068) _notify_loop /usr/local/lib/python3.8/dist-packages/neutron_lib/callbacks/manager.py:192}}
Aug 03 19:03:08.985350 n-d-801743-10 neutron-server[94067]: DEBUG novaclient.v2.client [-] RESP: [200] Connection: close Content-Length: 179 Content-Type: application/json Date: Tue, 03 Aug 2021 19:03:08 GMT OpenStack-API-Version: compute 2.1 Server: Apache/2.4.41 (Ubuntu) Vary: OpenStack-API-Version,X-OpenStack-Nova-API-Version X-OpenStack-Nova-API-Version: 2.1 x-compute-request-id: req-d5f12319-214f-448a-b640-00812097de26 x-openstack-request-id: req-d5f12319-214f-448a-b640-00812097de26 {{(pid=94067) _http_log_response /usr/local/lib/python3.8/dist-packages/keystoneauth1/session.py:550}}
Aug 03 19:03:08.985711 n-d-801743-10 neutron-server[94067]: DEBUG novaclient.v2.client [-] RESP BODY: {"events": [{"name": "network-changed", "server_uuid": "9c5d3424-cf1f-4ed7-878a-92da846ce0e5", "tag": "e8a25a36-cb0d-429f-9174-e5bb71f05739", "status": "completed", "code": 200}]} {{(pid=94067) _http_log_response /usr/local/lib/python3.8/dist-packages/keystoneauth1/session.py:582}}
Aug 03 19:03:08.986008 n-d-801743-10 neutron-server[94067]: DEBUG novaclient.v2.client [-] POST call to compute for http://10.222.0.43/compute/v2.1/os-server-external-events used request id req-d5f12319-214f-448a-b640-00812097de26 {{(pid=94067) request /usr/local/lib/python3.8/dist-packages/keystoneauth1/session.py:954}}
Aug 03 19:03:08.986505 n-d-801743-10 neutron-server[94067]: INFO neutron.notifiers.nova [-] Nova event response: {'name': 'network-changed', 'server_uuid': '9c5d3424-cf1f-4ed7-878a-92da846ce0e5', 'tag': 'e8a25a36-cb0d-429f-9174-e5bb71f05739', 'status': 'completed', 'code': 200}
Aug 03 19:03:09.032241 n-d-801743-10 neutron-server[94068]: INFO neutron.wsgi [None req-5d345b6b-0663-40e0-b6a9-8b3d93df0b68 admin admin] 10.222.0.43 "GET /v2.0/security-groups?tenant_id=4a523d86e5f0414aaf206cd6d547b22c&name=default HTTP/1.1" status: 200 len: 2979 time: 0.7770510
Aug 03 19:03:09.035589 n-d-801743-10 neutron-server[94067]: DEBUG neutron.wsgi [-] (94067) accepted ('10.222.0.43', 39288) {{(pid=94067) server /usr/local/lib/python3.8/dist-packages/eventlet/wsgi.py:982}}
Aug 03 19:03:09.048659 n-d-801743-10 neutron-server[94068]: DEBUG neutron.pecan_wsgi.hooks.quota_enforcement [req-0fc55285-2efa-4952-8eee-494bf9414a16 req-1b1d2746-c651-4e4e-a4db-dcd8d7d6991c tempest-LiveMigrationNegativeTest-1189290341 tempest-LiveMigrationNegativeTest-1189290341-project] Made reservation on behalf of 0421bbf35350406faf16f69e97d9c362 for: {'port': 1} {{(pid=94068) before /opt/stack/neutron/neutron/pecan_wsgi/hooks/quota_enforcement.py:53}}
Aug 03 19:03:09.055019 n-d-801743-10 neutron-server[94068]: DEBUG neutron_lib.callbacks.manager [req-0fc55285-2efa-4952-8eee-494bf9414a16 req-1b1d2746-c651-4e4e-a4db-dcd8d7d6991c tempest-LiveMigrationNegativeTest-1189290341 tempest-LiveMigrationNegativeTest-1189290341-project] Notify callbacks ['neutron.plugins.ml2.plugin.SecurityGroupDbMixin._ensure_default_security_group_handler-637555'] for port, before_create {{(pid=94068) _notify_loop /usr/local/lib/python3.8/dist-packages/neutron_lib/callbacks/manager.py:192}}
Aug 03 19:03:09.082740 n-d-801743-10 neutron-server[94068]: DEBUG neutron_lib.callbacks.manager [req-0fc55285-2efa-4952-8eee-494bf9414a16 req-1b1d2746-c651-4e4e-a4db-dcd8d7d6991c tempest-LiveMigrationNegativeTest-1189290341 tempest-LiveMigrationNegativeTest-1189290341-project] Notify callbacks [] for security_group, before_create {{(pid=94068) _notify_loop /usr/local/lib/python3.8/dist-packages/neutron_lib/callbacks/manager.py:192}}
Aug 03 19:03:09.090581 n-d-801743-10 neutron-server[94068]: DEBUG neutron.pecan_wsgi.hooks.policy_enforcement [req-5f899314-5513-4aee-8eaf-c0fc82e12f42 req-8a2c6916-1e93-4566-a629-5f7a3188f839 tempest-ServersAdminTestJSON-1580678590 tempest-ServersAdminTestJSON-1580678590-project] Attributes excluded by policy engine: ['standard_attr_id', 'binding:profile', 'binding:host_id', 'binding:vif_type', 'binding:vif_details', 'network'] {{(pid=94068) _exclude_attributes_by_policy /opt/stack/neutron/neutron/pecan_wsgi/hooks/policy_enforcement.py:255}}
Aug 03 19:03:09.091237 n-d-801743-10 neutron-server[94068]: DEBUG neutron_lib.callbacks.manager [req-5f899314-5513-4aee-8eaf-c0fc82e12f42 req-8a2c6916-1e93-4566-a629-5f7a3188f839 tempest-ServersAdminTestJSON-1580678590 tempest-ServersAdminTestJSON-1580678590-project] Notify callbacks ['neutron.notifiers.nova.Notifier._send_nova_notification-4072247', 'neutron.api.rpc.agentnotifiers.dhcp_rpc_agent_api.DhcpAgentNotifyAPI._send_dhcp_notification-3745626'] for port, before_response {{(pid=94068) _notify_loop /usr/local/lib/python3.8/dist-packages/neutron_lib/callbacks/manager.py:192}}
Aug 03 19:03:09.110272 n-d-801743-10 neutron-server[94067]: DEBUG neutron.pecan_wsgi.hooks.policy_enforcement [req-028811bc-10a1-41ce-a17f-681142c3af70 req-4d7fc701-9f5a-4993-9173-b600ebaaa721 service neutron] Attributes excluded by policy engine: ['standard_attr_id'] {{(pid=94067) _exclude_attributes_by_policy /opt/stack/neutron/neutron/pecan_wsgi/hooks/policy_enforcement.py:255}}
Aug 03 19:03:09.113411 n-d-801743-10 neutron-server[94067]: INFO neutron.wsgi [req-028811bc-10a1-41ce-a17f-681142c3af70 req-4d7fc701-9f5a-4993-9173-b600ebaaa721 service neutron] 10.222.0.53 "GET /v2.0/ports?network_id=0e952365-1133-40c8-82db-bb3a45277681&device_owner=network%3Adhcp HTTP/1.1" status: 200 len: 1167 time: 0.2253363
Aug 03 19:03:09.117859 n-d-801743-10 neutron-server[94068]: INFO neutron.wsgi [req-5f899314-5513-4aee-8eaf-c0fc82e12f42 req-8a2c6916-1e93-4566-a629-5f7a3188f839 tempest-ServersAdminTestJSON-1580678590 tempest-ServersAdminTestJSON-1580678590-project] 10.222.0.53 "POST /v2.0/ports HTTP/1.1" status: 201 len: 937 time: 2.1748629
Aug 03 19:03:09.121508 n-d-801743-10 neutron-server[94068]: DEBUG neutron.api.rpc.handlers.resources_rpc [None req-5d345b6b-0663-40e0-b6a9-8b3d93df0b68 admin admin] Pushing event updated for resources: {'SecurityGroup': ['ID=88282f06-1c4a-44f5-9daf-cd0404ce269a,revision_number=1']} {{(pid=94068) push /opt/stack/neutron/neutron/api/rpc/handlers/resources_rpc.py:237}}
Aug 03 19:03:09.139122 n-d-801743-10 neutron-server[94068]: DEBUG neutron.api.v2.base [req-5f899314-5513-4aee-8eaf-c0fc82e12f42 req-8e80533f-ad72-4a0e-8114-c04fde9044d1 service neutron] Request body: {'port': {'device_id': 'b9c0d1ce-12d8-4541-a821-593b29989618', 'device_owner': 'compute:nova', 'binding:host_id': 'n-h1-801743-10'}} {{(pid=94068) prepare_request_body /opt/stack/neutron/neutron/api/v2/base.py:729}}
Aug 03 19:03:09.208774 n-d-801743-10 neutron-server[94067]: DEBUG neutron_lib.callbacks.manager [None req-31766c32-ddb0-4512-929e-29b601934d3c admin admin] Notify callbacks [] for security_group, before_delete {{(pid=94067) _notify_loop /usr/local/lib/python3.8/dist-packages/neutron_lib/callbacks/manager.py:192}}
Aug 03 19:03:09.265944 n-d-801743-10 neutron-server[94068]: DEBUG neutron_lib.callbacks.manager [req-5f899314-5513-4aee-8eaf-c0fc82e12f42 req-8e80533f-ad72-4a0e-8114-c04fde9044d1 service neutron] Notify callbacks ['neutron.plugins.ml2.plugin.SecurityGroupDbMixin._ensure_default_security_group_handler-637555'] for port, before_update {{(pid=94068) _notify_loop /usr/local/lib/python3.8/dist-packages/neutron_lib/callbacks/manager.py:192}}
Aug 03 19:03:09.276324 n-d-801743-10 neutron-server[94069]: DEBUG neutron.db.provisioning_blocks [None req-792b422d-33f0-42cd-bd87-e967c74e773c None None] Provisioning for port fbeeb01a-b17f-4851-9204-6032d4cac565 completed by entity DHCP. {{(pid=94069) provisioning_complete /opt/stack/neutron/neutron/db/provisioning_blocks.py:133}}
Aug 03 19:03:09.282299 n-d-801743-10 neutron-server[94069]: DEBUG neutron.db.provisioning_blocks [None req-792b422d-33f0-42cd-bd87-e967c74e773c None None] Provisioning complete for port fbeeb01a-b17f-4851-9204-6032d4cac565 triggered by entity DHCP. {{(pid=94069) provisioning_complete /opt/stack/neutron/neutron/db/provisioning_blocks.py:139}}
Aug 03 19:03:09.282902 n-d-801743-10 neutron-server[94069]: DEBUG neutron_lib.callbacks.manager [None req-792b422d-33f0-42cd-bd87-e967c74e773c None None] Notify callbacks ['neutron.plugins.ml2.plugin.Ml2Plugin._port_provisioned-3467116'] for port, provisioning_complete {{(pid=94069) _notify_loop /usr/local/lib/python3.8/dist-packages/neutron_lib/callbacks/manager.py:192}}
Aug 03 19:03:09.285814 n-d-801743-10 neutron-server[94068]: DEBUG neutron_lib.callbacks.manager [req-563d1bb7-335f-4927-9022-0af694e91477 req-1f6dc3be-53ec-4234-91ca-5b42a3a9dac4 tempest-LiveAutoBlockMigrationV225Test-1137374995 tempest-LiveAutoBlockMigrationV225Test-1137374995-project] Notify callbacks ['neutron.plugins.ml2.plugin.SecurityGroupServerNotifierRpcMixin._notify_sg_on_port_change-623908', 'neutron.plugins.ml2.ovo_rpc._ObjectChangeHandler.handle_event-141629', 'neutron.api.rpc.agentnotifiers.dhcp_rpc_agent_api.DhcpAgentNotifyAPI._native_event_send_dhcp_notification-3745604', 'neutron.db.l3_dvrscheduler_db._notify_l3_agent_new_port-8732701923256', 'neutron.services.segments.plugin.NovaSegmentNotifier._notify_port_created_or_deleted-12228237'] for port, after_create {{(pid=94068) _notify_loop /usr/local/lib/python3.8/dist-packages/neutron_lib/callbacks/manager.py:192}}
Aug 03 19:03:09.299297 n-d-801743-10 neutron-server[94067]: DEBUG neutron_lib.callbacks.manager [None req-31766c32-ddb0-4512-929e-29b601934d3c admin admin] Notify callbacks [] for security_group, precommit_delete {{(pid=94067) _notify_loop /usr/local/lib/python3.8/dist-packages/neutron_lib/callbacks/manager.py:192}}
Aug 03 19:03:09.354827 n-d-801743-10 neutron-server[94069]: DEBUG neutron.plugins.ml2.plugin [None req-792b422d-33f0-42cd-bd87-e967c74e773c None None] Port fbeeb01a-b17f-4851-9204-6032d4cac565 cannot update to ACTIVE because it is not bound. {{(pid=94069) _port_provisioned /opt/stack/neutron/neutron/plugins/ml2/plugin.py:337}}
Aug 03 19:03:09.385503 n-d-801743-10 neutron-server[94067]: INFO neutron.wsgi [req-028811bc-10a1-41ce-a17f-681142c3af70 req-a7baa380-ff33-4a71-a8ac-eb36350f3f8d service neutron] 10.222.0.53 "GET /v2.0/networks/0e952365-1133-40c8-82db-bb3a45277681?fields=segments HTTP/1.1" status: 200 len: 212 time: 0.2407711
Aug 03 19:03:09.393373 n-d-801743-10 neutron-server[94067]: DEBUG neutron.pecan_wsgi.hooks.policy_enforcement [req-356caecc-8c51-4392-9646-1baa6d05186a req-5069731e-0c23-484e-81b5-a7002558cc09 tempest-ServersAdminTestJSON-1580678590 tempest-ServersAdminTestJSON-1580678590-project] Attributes excluded by policy engine: ['standard_attr_id', 'binding:profile', 'binding:host_id', 'binding:vif_type', 'binding:vif_details'] {{(pid=94067) _exclude_attributes_by_policy /opt/stack/neutron/neutron/pecan_wsgi/hooks/policy_enforcement.py:255}}
Aug 03 19:03:09.394916 n-d-801743-10 neutron-server[94067]: INFO neutron.wsgi [req-356caecc-8c51-4392-9646-1baa6d05186a req-5069731e-0c23-484e-81b5-a7002558cc09 tempest-ServersAdminTestJSON-1580678590 tempest-ServersAdminTestJSON-1580678590-project] 10.222.0.43 "GET /v2.0/ports?device_id=b9c0d1ce-12d8-4541-a821-593b29989618 HTTP/1.1" status: 200 len: 935 time: 0.1636629
Aug 03 19:03:09.414317 n-d-801743-10 neutron-server[94068]: DEBUG neutron.scheduler.dhcp_agent_scheduler [req-563d1bb7-335f-4927-9022-0af694e91477 req-1f6dc3be-53ec-4234-91ca-5b42a3a9dac4 tempest-LiveAutoBlockMigrationV225Test-1137374995 tempest-LiveAutoBlockMigrationV225Test-1137374995-project] Network ed1e5e55-078a-491f-b721-855da57d7461 is already hosted by enough agents. {{(pid=94068) _get_dhcp_agents_hosting_network /opt/stack/neutron/neutron/scheduler/dhcp_agent_scheduler.py:275}}
Aug 03 19:03:09.428768 n-d-801743-10 neutron-server[94068]: DEBUG neutron.scheduler.base_scheduler [req-563d1bb7-335f-4927-9022-0af694e91477 req-1f6dc3be-53ec-4234-91ca-5b42a3a9dac4 tempest-LiveAutoBlockMigrationV225Test-1137374995 tempest-LiveAutoBlockMigrationV225Test-1137374995-project] Resources bound (agent type, host, resource id): {{(pid=94068) schedule /opt/stack/neutron/neutron/scheduler/base_scheduler.py:57}}
Aug 03 19:03:09.434649 n-d-801743-10 neutron-server[94068]: DEBUG neutron.db.l3_dvrscheduler_db [req-563d1bb7-335f-4927-9022-0af694e91477 req-1f6dc3be-53ec-4234-91ca-5b42a3a9dac4 tempest-LiveAutoBlockMigrationV225Test-1137374995 tempest-LiveAutoBlockMigrationV225Test-1137374995-project] Received port after_create {{(pid=94068) _notify_l3_agent_new_port /opt/stack/neutron/neutron/db/l3_dvrscheduler_db.py:535}}
Aug 03 19:03:09.479689 n-d-801743-10 neutron-server[94067]: DEBUG neutron_lib.callbacks.manager [None req-31766c32-ddb0-4512-929e-29b601934d3c admin admin] Notify callbacks ['neutron.plugins.ml2.ovo_rpc._ObjectChangeHandler.handle_event-442173'] for security_group, after_delete {{(pid=94067) _notify_loop /usr/local/lib/python3.8/dist-packages/neutron_lib/callbacks/manager.py:192}}
Aug 03 19:03:09.479689 n-d-801743-10 neutron-server[94067]: DEBUG neutron_lib.callbacks.manager [None req-31766c32-ddb0-4512-929e-29b601934d3c admin admin] Notify callbacks [] for security_group, before_response {{(pid=94067) _notify_loop /usr/local/lib/python3.8/dist-packages/neutron_lib/callbacks/manager.py:192}}
Aug 03 19:03:09.488870 n-d-801743-10 neutron-server[94067]: INFO neutron.wsgi [None req-31766c32-ddb0-4512-929e-29b601934d3c admin admin] 10.222.0.43 "DELETE /v2.0/security-groups/88282f06-1c4a-44f5-9daf-cd0404ce269a HTTP/1.1" status: 204 len: 168 time: 0.4437377
Aug 03 19:03:09.518611 n-d-801743-10 neutron-server[94067]: DEBUG neutron.api.rpc.handlers.resources_rpc [None req-31766c32-ddb0-4512-929e-29b601934d3c admin admin] Pushing event deleted for resources: {'SecurityGroup': ['ID=88282f06-1c4a-44f5-9daf-cd0404ce269a,revision_number=None']} {{(pid=94067) push /opt/stack/neutron/neutron/api/rpc/handlers/resources_rpc.py:237}}
Aug 03 19:03:09.542786 n-d-801743-10 neutron-server[94067]: INFO neutron.wsgi [req-356caecc-8c51-4392-9646-1baa6d05186a req-455b1ab5-f639-49fc-8190-370f2fa733dc tempest-ServersAdminTestJSON-1580678590 tempest-ServersAdminTestJSON-1580678590-project] 10.222.0.43 "GET /v2.0/security-groups?id=a452d8ad-54cf-45ce-9e4b-528b3ab5e46f&fields=id&fields=name HTTP/1.1" status: 200 len: 286 time: 0.1247194
Aug 03 19:03:09.569741 n-d-801743-10 neutron-server[94068]: DEBUG neutron.api.rpc.handlers.resources_rpc [None req-1f6dc3be-53ec-4234-91ca-5b42a3a9dac4 tempest-LiveAutoBlockMigrationV225Test-1137374995 tempest-LiveAutoBlockMigrationV225Test-1137374995-project] Pushing event updated for resources: {'Port': ['ID=ca93a4bd-b2ad-42e8-893b-e5383c0a10b2,revision_number=1']} {{(pid=94068) push /opt/stack/neutron/neutron/api/rpc/handlers/resources_rpc.py:237}}
Aug 03 19:03:09.600635 n-d-801743-10 neutron-server[94067]: INFO neutron.wsgi [req-028811bc-10a1-41ce-a17f-681142c3af70 req-3e334143-7304-4fb3-b3eb-e8053877a9d2 service neutron] 10.222.0.53 "GET /v2.0/networks/0e952365-1133-40c8-82db-bb3a45277681?fields=provider%3Aphysical_network&fields=provider%3Anetwork_type HTTP/1.1" status: 200 len: 281 time: 0.2042661
Aug 03 19:03:09.658228 n-d-801743-10 neutron-server[94069]: DEBUG neutron_lib.callbacks.manager [None req-edd87276-212e-4927-8c65-e2987104053f None None] Notify callbacks ['neutron.services.segments.db._update_segment_host_mapping_for_agent-8732702471397', 'neutron.plugins.ml2.plugin.Ml2Plugin._retry_binding_revived_agents-3467069'] for agent, after_update {{(pid=94069) _notify_loop /usr/local/lib/python3.8/dist-packages/neutron_lib/callbacks/manager.py:192}}
Aug 03 19:03:09.672596 n-d-801743-10 neutron-server[94068]: DEBUG neutron.pecan_wsgi.hooks.policy_enforcement [req-563d1bb7-335f-4927-9022-0af694e91477 req-1f6dc3be-53ec-4234-91ca-5b42a3a9dac4 tempest-LiveAutoBlockMigrationV225Test-1137374995 tempest-LiveAutoBlockMigrationV225Test-1137374995-project] Attributes excluded by policy engine: ['standard_attr_id', 'binding:profile', 'binding:host_id', 'binding:vif_type', 'binding:vif_details', 'network'] {{(pid=94068) _exclude_attributes_by_policy /opt/stack/neutron/neutron/pecan_wsgi/hooks/policy_enforcement.py:255}}
Aug 03 19:03:09.673372 n-d-801743-10 neutron-server[94068]: DEBUG neutron_lib.callbacks.manager [req-563d1bb7-335f-4927-9022-0af694e91477 req-1f6dc3be-53ec-4234-91ca-5b42a3a9dac4 tempest-LiveAutoBlockMigrationV225Test-1137374995 tempest-LiveAutoBlockMigrationV225Test-1137374995-project] Notify callbacks ['neutron.notifiers.nova.Notifier._send_nova_notification-4072247', 'neutron.api.rpc.agentnotifiers.dhcp_rpc_agent_api.DhcpAgentNotifyAPI._send_dhcp_notification-3745626'] for port, before_response {{(pid=94068) _notify_loop /usr/local/lib/python3.8/dist-packages/neutron_lib/callbacks/manager.py:192}}
Aug 03 19:03:09.733336 n-d-801743-10 neutron-server[94067]: INFO neutron.wsgi [req-8afa6ced-7f6d-487a-bd52-0379b28e6598 req-28a1d4d1-e066-4a4c-9134-6df9f88a3c8f tempest-LiveMigrationNegativeTest-1189290341 tempest-LiveMigrationNegativeTest-1189290341-project] 10.222.0.43 "GET /v2.0/ports?device_id=3af5cf5a-fc99-4106-86ee-f1dd17199af3 HTTP/1.1" status: 200 len: 210 time: 0.0492001
Aug 03 19:03:09.790812 n-d-801743-10 neutron-server[94068]: DEBUG neutron_lib.callbacks.manager [req-0fc55285-2efa-4952-8eee-494bf9414a16 req-1b1d2746-c651-4e4e-a4db-dcd8d7d6991c tempest-LiveMigrationNegativeTest-1189290341 tempest-LiveMigrationNegativeTest-1189290341-project] Notify callbacks [] for security_group, precommit_create {{(pid=94068) _notify_loop /usr/local/lib/python3.8/dist-packages/neutron_lib/callbacks/manager.py:192}}
Aug 03 19:03:09.805305 n-d-801743-10 neutron-server[94068]: DEBUG neutron_lib.callbacks.manager [req-0fc55285-2efa-4952-8eee-494bf9414a16 req-1b1d2746-c651-4e4e-a4db-dcd8d7d6991c tempest-LiveMigrationNegativeTest-1189290341 tempest-LiveMigrationNegativeTest-1189290341-project] Notify callbacks ['neutron.plugins.ml2.ovo_rpc._ObjectChangeHandler.handle_event-442173'] for security_group, after_create {{(pid=94068) _notify_loop /usr/local/lib/python3.8/dist-packages/neutron_lib/callbacks/manager.py:192}}
Aug 03 19:03:09.822015 n-d-801743-10 neutron-server[94068]: INFO neutron.wsgi [req-563d1bb7-335f-4927-9022-0af694e91477 req-1f6dc3be-53ec-4234-91ca-5b42a3a9dac4 tempest-LiveAutoBlockMigrationV225Test-1137374995 tempest-LiveAutoBlockMigrationV225Test-1137374995-project] 10.222.0.86 "POST /v2.0/ports HTTP/1.1" status: 201 len: 934 time: 3.4685440
Aug 03 19:03:09.835851 n-d-801743-10 neutron-server[94067]: DEBUG neutron.pecan_wsgi.hooks.policy_enforcement [req-8b03d2a9-7a44-49d6-8b93-d4a2a41d1a5e req-b054df16-9bef-4f47-b0f4-29045e0dfe38 service neutron] Attributes excluded by policy engine: ['standard_attr_id'] {{(pid=94067) _exclude_attributes_by_policy /opt/stack/neutron/neutron/pecan_wsgi/hooks/policy_enforcement.py:255}}
Aug 03 19:03:09.839267 n-d-801743-10 neutron-server[94067]: INFO neutron.wsgi [req-8b03d2a9-7a44-49d6-8b93-d4a2a41d1a5e req-b054df16-9bef-4f47-b0f4-29045e0dfe38 service neutron] 10.222.0.53 "GET /v2.0/ports?tenant_id=230cb25c23514f249d8509362187d4ad&device_id=9c5d3424-cf1f-4ed7-878a-92da846ce0e5 HTTP/1.1" status: 200 len: 1100 time: 0.1045685
Aug 03 19:03:09.851801 n-d-801743-10 neutron-server[94068]: DEBUG neutron.api.v2.base [req-563d1bb7-335f-4927-9022-0af694e91477 req-8ef373d5-de7d-4f2f-bdb6-00f56373db3c service neutron] Request body: {'port': {'device_id': '9e781277-5f09-40a8-802b-a830dfc56552', 'device_owner': 'compute:tempest-test_az-12031198', 'binding:host_id': 'n-h2-801743-10'}} {{(pid=94068) prepare_request_body /opt/stack/neutron/neutron/api/v2/base.py:729}}
Aug 03 19:03:10.021838 n-d-801743-10 neutron-server[94068]: DEBUG neutron.api.rpc.handlers.resources_rpc [None req-1b1d2746-c651-4e4e-a4db-dcd8d7d6991c tempest-LiveMigrationNegativeTest-1189290341 tempest-LiveMigrationNegativeTest-1189290341-project] Pushing event updated for resources: {'SecurityGroup': ['ID=bd278b62-4613-438b-83d5-dde29057d6fe,revision_number=1']} {{(pid=94068) push /opt/stack/neutron/neutron/api/rpc/handlers/resources_rpc.py:237}}
Aug 03 19:03:10.104692 n-d-801743-10 neutron-server[94067]: DEBUG neutron.pecan_wsgi.hooks.policy_enforcement [req-c92c0c2e-3543-4e70-81ba-5e5beced1975 req-aca2367c-4777-4fa5-8148-7b8b789f9c75 tempest-LiveAutoBlockMigrationV225Test-1137374995 tempest-LiveAutoBlockMigrationV225Test-1137374995-project] Attributes excluded by policy engine: ['standard_attr_id', 'binding:profile', 'binding:host_id', 'binding:vif_type', 'binding:vif_details'] {{(pid=94067) _exclude_attributes_by_policy /opt/stack/neutron/neutron/pecan_wsgi/hooks/policy_enforcement.py:255}}
Aug 03 19:03:10.107643 n-d-801743-10 neutron-server[94067]: INFO neutron.wsgi [req-c92c0c2e-3543-4e70-81ba-5e5beced1975 req-aca2367c-4777-4fa5-8148-7b8b789f9c75 tempest-LiveAutoBlockMigrationV225Test-1137374995 tempest-LiveAutoBlockMigrationV225Test-1137374995-project] 10.222.0.43 "GET /v2.0/ports?device_id=9e781277-5f09-40a8-802b-a830dfc56552 HTTP/1.1" status: 200 len: 932 time: 0.2645197
Aug 03 19:03:10.129660 n-d-801743-10 neutron-server[94068]: DEBUG neutron_lib.callbacks.manager [req-563d1bb7-335f-4927-9022-0af694e91477 req-8ef373d5-de7d-4f2f-bdb6-00f56373db3c service neutron] Notify callbacks ['neutron.plugins.ml2.plugin.SecurityGroupDbMixin._ensure_default_security_group_handler-637555'] for port, before_update {{(pid=94068) _notify_loop /usr/local/lib/python3.8/dist-packages/neutron_lib/callbacks/manager.py:192}}
Aug 03 19:03:10.202203 n-d-801743-10 neutron-server[94067]: DEBUG neutron.pecan_wsgi.hooks.policy_enforcement [req-8b03d2a9-7a44-49d6-8b93-d4a2a41d1a5e req-0d967480-dcd1-4026-a44a-fb9808eeee3d service neutron] Attributes excluded by policy engine: ['standard_attr_id', 'vlan_transparent'] {{(pid=94067) _exclude_attributes_by_policy /opt/stack/neutron/neutron/pecan_wsgi/hooks/policy_enforcement.py:255}}
Aug 03 19:03:10.203592 n-d-801743-10 neutron-server[94067]: INFO neutron.wsgi [req-8b03d2a9-7a44-49d6-8b93-d4a2a41d1a5e req-0d967480-dcd1-4026-a44a-fb9808eeee3d service neutron] 10.222.0.53 "GET /v2.0/networks?id=0e952365-1133-40c8-82db-bb3a45277681 HTTP/1.1" status: 200 len: 870 time: 0.3404698
Aug 03 19:03:10.237202 n-d-801743-10 neutron-server[94067]: INFO neutron.wsgi [req-c92c0c2e-3543-4e70-81ba-5e5beced1975 req-cb87fb9a-1ef7-48c9-b688-6dff464b54e0 tempest-LiveAutoBlockMigrationV225Test-1137374995 tempest-LiveAutoBlockMigrationV225Test-1137374995-project] 10.222.0.43 "GET /v2.0/security-groups?id=87a7b635-09a6-45dd-bd95-d735b034f33a&fields=id&fields=name HTTP/1.1" status: 200 len: 286 time: 0.0930941
Aug 03 19:03:10.237694 n-d-801743-10 neutron-server[94068]: DEBUG neutron.notifiers.nova [req-5f899314-5513-4aee-8eaf-c0fc82e12f42 req-8e80533f-ad72-4a0e-8114-c04fde9044d1 service neutron] Ignoring state change previous_port_status: DOWN current_port_status: DOWN port_id fbeeb01a-b17f-4851-9204-6032d4cac565 {{(pid=94068) record_port_status_changed /opt/stack/neutron/neutron/notifiers/nova.py:224}}
Aug 03 19:03:10.256523 n-d-801743-10 neutron-server[94068]: DEBUG neutron_lib.callbacks.manager [req-5f899314-5513-4aee-8eaf-c0fc82e12f42 req-8e80533f-ad72-4a0e-8114-c04fde9044d1 service neutron] Notify callbacks [] for port, precommit_update {{(pid=94068) _notify_loop /usr/local/lib/python3.8/dist-packages/neutron_lib/callbacks/manager.py:192}}
Aug 03 19:03:10.284736 n-d-801743-10 neutron-server[94068]: DEBUG neutron.db.provisioning_blocks [req-5f899314-5513-4aee-8eaf-c0fc82e12f42 req-8e80533f-ad72-4a0e-8114-c04fde9044d1 service neutron] Transition to ACTIVE for port object fbeeb01a-b17f-4851-9204-6032d4cac565 will not be triggered until provisioned by entity L2. {{(pid=94068) add_provisioning_component /opt/stack/neutron/neutron/db/provisioning_blocks.py:73}}
Aug 03 19:03:10.313435 n-d-801743-10 neutron-server[94067]: INFO neutron.wsgi [req-8b03d2a9-7a44-49d6-8b93-d4a2a41d1a5e req-e9ba1c80-8d91-44bf-b691-9ff39b7269e0 service neutron] 10.222.0.53 "GET /v2.0/floatingips?fixed_ip_address=192.168.233.158&port_id=e8a25a36-cb0d-429f-9174-e5bb71f05739 HTTP/1.1" status: 200 len: 217 time: 0.0861387
Aug 03 19:03:10.321814 n-d-801743-10 neutron-server[94068]: DEBUG neutron_lib.callbacks.manager [req-5f899314-5513-4aee-8eaf-c0fc82e12f42 req-8e80533f-ad72-4a0e-8114-c04fde9044d1 service neutron] Notify callbacks ['neutron.plugins.ml2.plugin.SecurityGroupServerNotifierRpcMixin._notify_sg_on_port_change-623908', 'neutron.plugins.ml2.ovo_rpc._ObjectChangeHandler.handle_event-141629', 'neutron.api.rpc.agentnotifiers.dhcp_rpc_agent_api.DhcpAgentNotifyAPI._native_event_send_dhcp_notification-3745604', 'neutron.db.l3_db.L3RpcNotifierMixin._notify_gateway_port_ip_changed-8732702416559', 'neutron.db.l3_dvrscheduler_db._notify_l3_agent_port_update-8732701923274', 'neutron.db.l3_hascheduler_db._notify_l3_agent_ha_port_update-8732701923292', 'neutron.services.segments.plugin.NovaSegmentNotifier._notify_port_updated-12228278'] for port, after_update {{(pid=94068) _notify_loop /usr/local/lib/python3.8/dist-packages/neutron_lib/callbacks/manager.py:192}}
Aug 03 19:03:10.450865 n-d-801743-10 neutron-server[94067]: DEBUG neutron.pecan_wsgi.hooks.policy_enforcement [req-8b03d2a9-7a44-49d6-8b93-d4a2a41d1a5e req-e04cbdb7-d0fa-45d4-829e-56c172994e9b service neutron] Attributes excluded by policy engine: ['standard_attr_id', 'shared', 'segment_id'] {{(pid=94067) _exclude_attributes_by_policy /opt/stack/neutron/neutron/pecan_wsgi/hooks/policy_enforcement.py:255}}
Aug 03 19:03:10.453390 n-d-801743-10 neutron-server[94067]: INFO neutron.wsgi [req-8b03d2a9-7a44-49d6-8b93-d4a2a41d1a5e req-e04cbdb7-d0fa-45d4-829e-56c172994e9b service neutron] 10.222.0.53 "GET /v2.0/subnets?id=65066724-56cc-4352-b4cb-3290902911ee HTTP/1.1" status: 200 len: 843 time: 0.1229990
Aug 03 19:03:10.598716 n-d-801743-10 neutron-server[94067]: DEBUG neutron.pecan_wsgi.hooks.policy_enforcement [req-8b03d2a9-7a44-49d6-8b93-d4a2a41d1a5e req-2ce3054a-090b-4359-9edc-047fbd36e5c8 service neutron] Attributes excluded by policy engine: ['standard_attr_id'] {{(pid=94067) _exclude_attributes_by_policy /opt/stack/neutron/neutron/pecan_wsgi/hooks/policy_enforcement.py:255}}
Aug 03 19:03:10.601427 n-d-801743-10 neutron-server[94067]: INFO neutron.wsgi [req-8b03d2a9-7a44-49d6-8b93-d4a2a41d1a5e req-2ce3054a-090b-4359-9edc-047fbd36e5c8 service neutron] 10.222.0.53 "GET /v2.0/ports?network_id=0e952365-1133-40c8-82db-bb3a45277681&device_owner=network%3Adhcp HTTP/1.1" status: 200 len: 1167 time: 0.1366165
Aug 03 19:03:10.632517 n-d-801743-10 neutron-server[94068]: DEBUG neutron.db.db_base_plugin_common [req-0fc55285-2efa-4952-8eee-494bf9414a16 req-1b1d2746-c651-4e4e-a4db-dcd8d7d6991c tempest-LiveMigrationNegativeTest-1189290341 tempest-LiveMigrationNegativeTest-1189290341-project] Allocated IP 192.168.233.222 (0e952365-1133-40c8-82db-bb3a45277681/65066724-56cc-4352-b4cb-3290902911ee/6fa8e527-8316-47fd-9e72-ed58d1790ed2) {{(pid=94068) _store_ip_allocation /opt/stack/neutron/neutron/db/db_base_plugin_common.py:131}}
Aug 03 19:03:10.842219 n-d-801743-10 neutron-server[94067]: DEBUG neutron.wsgi [-] (94067) accepted ('10.222.0.43', 39380) {{(pid=94067) server /usr/local/lib/python3.8/dist-packages/eventlet/wsgi.py:982}}
Aug 03 19:03:10.867009 n-d-801743-10 neutron-server[94067]: DEBUG neutron.pecan_wsgi.hooks.policy_enforcement [req-d68b75a9-0804-42b6-ba02-c9ad8aca5fc2 req-1a9010f3-5cdd-4204-a4a4-926588c90b66 tempest-ServersAdminTestJSON-1580678590 tempest-ServersAdminTestJSON-1580678590-project] Attributes excluded by policy engine: ['standard_attr_id', 'binding:profile', 'binding:host_id', 'binding:vif_type', 'binding:vif_details'] {{(pid=94067) _exclude_attributes_by_policy /opt/stack/neutron/neutron/pecan_wsgi/hooks/policy_enforcement.py:255}}
Aug 03 19:03:10.868813 n-d-801743-10 neutron-server[94067]: INFO neutron.wsgi [req-d68b75a9-0804-42b6-ba02-c9ad8aca5fc2 req-1a9010f3-5cdd-4204-a4a4-926588c90b66 tempest-ServersAdminTestJSON-1580678590 tempest-ServersAdminTestJSON-1580678590-project] 10.222.0.43 "GET /v2.0/ports?device_id=b9c0d1ce-12d8-4541-a821-593b29989618 HTTP/1.1" status: 200 len: 947 time: 0.1421773
Aug 03 19:03:10.874189 n-d-801743-10 neutron-server[94067]: INFO neutron.wsgi [req-8b03d2a9-7a44-49d6-8b93-d4a2a41d1a5e req-f8a65371-4bbd-4fb2-b378-202c6259ff6d service neutron] 10.222.0.53 "GET /v2.0/networks/0e952365-1133-40c8-82db-bb3a45277681?fields=segments HTTP/1.1" status: 200 len: 212 time: 0.2626157
Aug 03 19:03:10.930395 n-d-801743-10 neutron-server[94068]: DEBUG neutron_lib.callbacks.manager [req-0fc55285-2efa-4952-8eee-494bf9414a16 req-1b1d2746-c651-4e4e-a4db-dcd8d7d6991c tempest-LiveMigrationNegativeTest-1189290341 tempest-LiveMigrationNegativeTest-1189290341-project] Notify callbacks [] for port, precommit_create {{(pid=94068) _notify_loop /usr/local/lib/python3.8/dist-packages/neutron_lib/callbacks/manager.py:192}}
Aug 03 19:03:10.992841 n-d-801743-10 neutron-server[94068]: DEBUG neutron.db.provisioning_blocks [req-0fc55285-2efa-4952-8eee-494bf9414a16 req-1b1d2746-c651-4e4e-a4db-dcd8d7d6991c tempest-LiveMigrationNegativeTest-1189290341 tempest-LiveMigrationNegativeTest-1189290341-project] Transition to ACTIVE for port object 6fa8e527-8316-47fd-9e72-ed58d1790ed2 will not be triggered until provisioned by entity DHCP. {{(pid=94068) add_provisioning_component /opt/stack/neutron/neutron/db/provisioning_blocks.py:73}}
Aug 03 19:03:11.023471 n-d-801743-10 neutron-server[94067]: INFO neutron.wsgi [req-d68b75a9-0804-42b6-ba02-c9ad8aca5fc2 req-5891a687-aa08-413b-92c5-276b5103050c tempest-ServersAdminTestJSON-1580678590 tempest-ServersAdminTestJSON-1580678590-project] 10.222.0.43 "GET /v2.0/security-groups?id=a452d8ad-54cf-45ce-9e4b-528b3ab5e46f&fields=id&fields=name HTTP/1.1" status: 200 len: 286 time: 0.1429129
Aug 03 19:03:11.095953 n-d-801743-10 neutron-server[94067]: INFO neutron.wsgi [req-1230e219-fdbc-4d7c-a2ea-941296f6493b req-013a97c4-0095-49fb-a5ce-b1cd7913c21c tempest-LiveMigrationNegativeTest-1189290341 tempest-LiveMigrationNegativeTest-1189290341-project] 10.222.0.43 "GET /v2.0/ports?device_id=3af5cf5a-fc99-4106-86ee-f1dd17199af3 HTTP/1.1" status: 200 len: 210 time: 0.0640533
Aug 03 19:03:11.149009 n-d-801743-10 neutron-server[94067]: INFO neutron.wsgi [req-8b03d2a9-7a44-49d6-8b93-d4a2a41d1a5e req-23aeae7d-6530-45ff-a91c-da06071c5f0f service neutron] 10.222.0.53 "GET /v2.0/networks/0e952365-1133-40c8-82db-bb3a45277681?fields=provider%3Aphysical_network&fields=provider%3Anetwork_type HTTP/1.1" status: 200 len: 281 time: 0.2577677
Aug 03 19:03:11.208303 n-d-801743-10 neutron-server[94067]: DEBUG neutron_lib.callbacks.manager [None req-7e25c1e4-65c1-4176-95b1-89bf685bafff admin admin] Notify callbacks [] for security_group, before_create {{(pid=94067) _notify_loop /usr/local/lib/python3.8/dist-packages/neutron_lib/callbacks/manager.py:192}}
Aug 03 19:03:11.312384 n-d-801743-10 neutron-server[94068]: DEBUG neutron.api.rpc.handlers.resources_rpc [None req-8e80533f-ad72-4a0e-8114-c04fde9044d1 service neutron] Pushing event updated for resources: {'Port': ['ID=fbeeb01a-b17f-4851-9204-6032d4cac565,revision_number=2']} {{(pid=94068) push /opt/stack/neutron/neutron/api/rpc/handlers/resources_rpc.py:237}}
Aug 03 19:03:11.331589 n-d-801743-10 neutron-server[94068]: DEBUG neutron_lib.callbacks.manager [req-0fc55285-2efa-4952-8eee-494bf9414a16 req-1b1d2746-c651-4e4e-a4db-dcd8d7d6991c tempest-LiveMigrationNegativeTest-1189290341 tempest-LiveMigrationNegativeTest-1189290341-project] Notify callbacks ['neutron.plugins.ml2.plugin.SecurityGroupServerNotifierRpcMixin._notify_sg_on_port_change-623908', 'neutron.plugins.ml2.ovo_rpc._ObjectChangeHandler.handle_event-141629', 'neutron.api.rpc.agentnotifiers.dhcp_rpc_agent_api.DhcpAgentNotifyAPI._native_event_send_dhcp_notification-3745604', 'neutron.db.l3_dvrscheduler_db._notify_l3_agent_new_port-8732701923256', 'neutron.services.segments.plugin.NovaSegmentNotifier._notify_port_created_or_deleted-12228237'] for port, after_create {{(pid=94068) _notify_loop /usr/local/lib/python3.8/dist-packages/neutron_lib/callbacks/manager.py:192}}
Aug 03 19:03:11.534483 n-d-801743-10 neutron-server[94069]: DEBUG neutron_lib.callbacks.manager [None req-33f25855-5e3c-4ae0-9ccb-329503dcb7d8 None None] Notify callbacks ['neutron.services.segments.db._update_segment_host_mapping_for_agent-8732702471397', 'neutron.plugins.ml2.plugin.Ml2Plugin._retry_binding_revived_agents-3467069'] for agent, after_update {{(pid=94069) _notify_loop /usr/local/lib/python3.8/dist-packages/neutron_lib/callbacks/manager.py:192}}
Aug 03 19:03:11.559497 n-d-801743-10 neutron-server[94067]: DEBUG neutron_lib.callbacks.manager [None req-7e25c1e4-65c1-4176-95b1-89bf685bafff admin admin] Notify callbacks [] for security_group, precommit_create {{(pid=94067) _notify_loop /usr/local/lib/python3.8/dist-packages/neutron_lib/callbacks/manager.py:192}}
Aug 03 19:03:11.568960 n-d-801743-10 neutron-server[94067]: DEBUG neutron_lib.callbacks.manager [None req-7e25c1e4-65c1-4176-95b1-89bf685bafff admin admin] Notify callbacks ['neutron.plugins.ml2.ovo_rpc._ObjectChangeHandler.handle_event-442173'] for security_group, after_create {{(pid=94067) _notify_loop /usr/local/lib/python3.8/dist-packages/neutron_lib/callbacks/manager.py:192}}
Aug 03 19:03:11.724804 n-d-801743-10 neutron-server[94067]: INFO neutron.wsgi [None req-7e25c1e4-65c1-4176-95b1-89bf685bafff admin admin] 10.222.0.43 "GET /v2.0/security-groups?tenant_id=c7a11099984f4687a062d3b89c5b5808&name=default HTTP/1.1" status: 200 len: 2979 time: 0.8791032
Aug 03 19:03:11.735128 n-d-801743-10 neutron-server[94067]: DEBUG neutron.wsgi [-] (94067) accepted ('10.222.0.43', 39418) {{(pid=94067) server /usr/local/lib/python3.8/dist-packages/eventlet/wsgi.py:982}}
Aug 03 19:03:11.754894 n-d-801743-10 neutron-server[94067]: DEBUG neutron.api.rpc.handlers.resources_rpc [None req-7e25c1e4-65c1-4176-95b1-89bf685bafff admin admin] Pushing event updated for resources: {'SecurityGroup': ['ID=31f1a167-65a5-404f-b9d0-214799035a09,revision_number=1']} {{(pid=94067) push /opt/stack/neutron/neutron/api/rpc/handlers/resources_rpc.py:237}}
Aug 03 19:03:11.783623 n-d-801743-10 neutron-server[94067]: DEBUG neutron.pecan_wsgi.hooks.policy_enforcement [req-551ab9c3-a945-42d2-a327-728e3b9f0fe2 req-5f395b1a-8b3f-446e-b5e8-03f932f0cf1f tempest-LiveAutoBlockMigrationV225Test-1137374995 tempest-LiveAutoBlockMigrationV225Test-1137374995-project] Attributes excluded by policy engine: ['standard_attr_id', 'binding:profile', 'binding:host_id', 'binding:vif_type', 'binding:vif_details'] {{(pid=94067) _exclude_attributes_by_policy /opt/stack/neutron/neutron/pecan_wsgi/hooks/policy_enforcement.py:255}}
Aug 03 19:03:11.785548 n-d-801743-10 neutron-server[94067]: INFO neutron.wsgi [req-551ab9c3-a945-42d2-a327-728e3b9f0fe2 req-5f395b1a-8b3f-446e-b5e8-03f932f0cf1f tempest-LiveAutoBlockMigrationV225Test-1137374995 tempest-LiveAutoBlockMigrationV225Test-1137374995-project] 10.222.0.43 "GET /v2.0/ports?device_id=9e781277-5f09-40a8-802b-a830dfc56552 HTTP/1.1" status: 200 len: 932 time: 0.2216749
Aug 03 19:03:11.841571 n-d-801743-10 neutron-server[94068]: DEBUG neutron.scheduler.dhcp_agent_scheduler [req-0fc55285-2efa-4952-8eee-494bf9414a16 req-1b1d2746-c651-4e4e-a4db-dcd8d7d6991c tempest-LiveMigrationNegativeTest-1189290341 tempest-LiveMigrationNegativeTest-1189290341-project] Network 0e952365-1133-40c8-82db-bb3a45277681 is already hosted by enough agents. {{(pid=94068) _get_dhcp_agents_hosting_network /opt/stack/neutron/neutron/scheduler/dhcp_agent_scheduler.py:275}}
Aug 03 19:03:11.847374 n-d-801743-10 neutron-server[94068]: DEBUG neutron.scheduler.base_scheduler [req-0fc55285-2efa-4952-8eee-494bf9414a16 req-1b1d2746-c651-4e4e-a4db-dcd8d7d6991c tempest-LiveMigrationNegativeTest-1189290341 tempest-LiveMigrationNegativeTest-1189290341-project] Resources bound (agent type, host, resource id): {{(pid=94068) schedule /opt/stack/neutron/neutron/scheduler/base_scheduler.py:57}}
Aug 03 19:03:11.863091 n-d-801743-10 neutron-server[94068]: DEBUG neutron.db.l3_dvrscheduler_db [req-0fc55285-2efa-4952-8eee-494bf9414a16 req-1b1d2746-c651-4e4e-a4db-dcd8d7d6991c tempest-LiveMigrationNegativeTest-1189290341 tempest-LiveMigrationNegativeTest-1189290341-project] Received port after_create {{(pid=94068) _notify_l3_agent_new_port /opt/stack/neutron/neutron/db/l3_dvrscheduler_db.py:535}}
Aug 03 19:03:11.942655 n-d-801743-10 neutron-server[94067]: INFO neutron.wsgi [req-551ab9c3-a945-42d2-a327-728e3b9f0fe2 req-59bd6644-7061-4d5f-8189-8a7c03b39e0d tempest-LiveAutoBlockMigrationV225Test-1137374995 tempest-LiveAutoBlockMigrationV225Test-1137374995-project] 10.222.0.43 "GET /v2.0/security-groups?id=87a7b635-09a6-45dd-bd95-d735b034f33a&fields=id&fields=name HTTP/1.1" status: 200 len: 286 time: 0.1356800
Aug 03 19:03:11.952166 n-d-801743-10 neutron-server[94067]: DEBUG neutron_lib.callbacks.manager [None req-04511f39-b162-415c-8afe-ced7b43ab1b8 admin admin] Notify callbacks [] for security_group, before_delete {{(pid=94067) _notify_loop /usr/local/lib/python3.8/dist-packages/neutron_lib/callbacks/manager.py:192}}
Aug 03 19:03:12.012900 n-d-801743-10 neutron-server[94067]: DEBUG neutron_lib.callbacks.manager [None req-04511f39-b162-415c-8afe-ced7b43ab1b8 admin admin] Notify callbacks [] for security_group, precommit_delete {{(pid=94067) _notify_loop /usr/local/lib/python3.8/dist-packages/neutron_lib/callbacks/manager.py:192}}
Aug 03 19:03:12.106617 n-d-801743-10 neutron-server[94068]: DEBUG neutron.plugins.ml2.managers [req-5f899314-5513-4aee-8eaf-c0fc82e12f42 req-8e80533f-ad72-4a0e-8114-c04fde9044d1 service neutron] Attempting to bind port fbeeb01a-b17f-4851-9204-6032d4cac565 on host n-h1-801743-10 for vnic_type normal with profile {{(pid=94068) bind_port /opt/stack/neutron/neutron/plugins/ml2/managers.py:790}}
Aug 03 19:03:12.107050 n-d-801743-10 neutron-server[94068]: DEBUG neutron.plugins.ml2.managers [req-5f899314-5513-4aee-8eaf-c0fc82e12f42 req-8e80533f-ad72-4a0e-8114-c04fde9044d1 service neutron] Attempting to bind port fbeeb01a-b17f-4851-9204-6032d4cac565 by drivers openvswitch,hyperv on host n-h1-801743-10 at level 0 using segments [{'id': '698a7351-53b7-482a-9b56-0f8af5e15334', 'network_type': 'vlan', 'physical_network': 'physnet1', 'segmentation_id': 108, 'network_id': '0e952365-1133-40c8-82db-bb3a45277681'}] {{(pid=94068) _bind_port_level /opt/stack/neutron/neutron/plugins/ml2/managers.py:815}}
Aug 03 19:03:12.107517 n-d-801743-10 neutron-server[94068]: DEBUG neutron.plugins.ml2.drivers.mech_agent [req-5f899314-5513-4aee-8eaf-c0fc82e12f42 req-8e80533f-ad72-4a0e-8114-c04fde9044d1 service neutron] Attempting to bind port fbeeb01a-b17f-4851-9204-6032d4cac565 on network 0e952365-1133-40c8-82db-bb3a45277681 {{(pid=94068) bind_port /opt/stack/neutron/neutron/plugins/ml2/drivers/mech_agent.py:85}}
Aug 03 19:03:12.115810 n-d-801743-10 neutron-server[94068]: DEBUG neutron.plugins.ml2.drivers.mech_agent [req-5f899314-5513-4aee-8eaf-c0fc82e12f42 req-8e80533f-ad72-4a0e-8114-c04fde9044d1 service neutron] Port fbeeb01a-b17f-4851-9204-6032d4cac565 on network 0e952365-1133-40c8-82db-bb3a45277681 not bound, no agent of type Open vSwitch agent registered on host n-h1-801743-10 {{(pid=94068) bind_port /opt/stack/neutron/neutron/plugins/ml2/drivers/mech_agent.py:97}}
Aug 03 19:03:12.115810 n-d-801743-10 neutron-server[94068]: DEBUG neutron.plugins.ml2.drivers.mech_agent [req-5f899314-5513-4aee-8eaf-c0fc82e12f42 req-8e80533f-ad72-4a0e-8114-c04fde9044d1 service neutron] Attempting to bind port fbeeb01a-b17f-4851-9204-6032d4cac565 on network 0e952365-1133-40c8-82db-bb3a45277681 {{(pid=94068) bind_port /opt/stack/neutron/neutron/plugins/ml2/drivers/mech_agent.py:85}}
Aug 03 19:03:12.118706 n-d-801743-10 neutron-server[94068]: DEBUG neutron.api.rpc.handlers.resources_rpc [None req-1b1d2746-c651-4e4e-a4db-dcd8d7d6991c tempest-LiveMigrationNegativeTest-1189290341 tempest-LiveMigrationNegativeTest-1189290341-project] Pushing event updated for resources: {'Port': ['ID=6fa8e527-8316-47fd-9e72-ed58d1790ed2,revision_number=1']} {{(pid=94068) push /opt/stack/neutron/neutron/api/rpc/handlers/resources_rpc.py:237}}
Aug 03 19:03:12.145054 n-d-801743-10 neutron-server[94068]: DEBUG neutron.pecan_wsgi.hooks.policy_enforcement [req-0fc55285-2efa-4952-8eee-494bf9414a16 req-1b1d2746-c651-4e4e-a4db-dcd8d7d6991c tempest-LiveMigrationNegativeTest-1189290341 tempest-LiveMigrationNegativeTest-1189290341-project] Attributes excluded by policy engine: ['standard_attr_id', 'binding:profile', 'binding:host_id', 'binding:vif_type', 'binding:vif_details', 'network'] {{(pid=94068) _exclude_attributes_by_policy /opt/stack/neutron/neutron/pecan_wsgi/hooks/policy_enforcement.py:255}}
Aug 03 19:03:12.145770 n-d-801743-10 neutron-server[94068]: DEBUG neutron_lib.callbacks.manager [req-0fc55285-2efa-4952-8eee-494bf9414a16 req-1b1d2746-c651-4e4e-a4db-dcd8d7d6991c tempest-LiveMigrationNegativeTest-1189290341 tempest-LiveMigrationNegativeTest-1189290341-project] Notify callbacks ['neutron.notifiers.nova.Notifier._send_nova_notification-4072247', 'neutron.api.rpc.agentnotifiers.dhcp_rpc_agent_api.DhcpAgentNotifyAPI._send_dhcp_notification-3745626'] for port, before_response {{(pid=94068) _notify_loop /usr/local/lib/python3.8/dist-packages/neutron_lib/callbacks/manager.py:192}}
Aug 03 19:03:12.159757 n-d-801743-10 neutron-server[94068]: DEBUG neutron.plugins.ml2.drivers.mech_agent [req-5f899314-5513-4aee-8eaf-c0fc82e12f42 req-8e80533f-ad72-4a0e-8114-c04fde9044d1 service neutron] Checking agent: {'id': '1e9187b7-4a63-4123-99fb-19860108ff08', 'agent_type': 'HyperV agent', 'binary': 'neutron-hyperv-agent', 'topic': 'N/A', 'host': 'n-h1-801743-10', 'admin_state_up': True, 'created_at': datetime.datetime(2021, 8, 3, 19, 0, 6), 'started_at': datetime.datetime(2021, 8, 3, 19, 0, 6), 'heartbeat_timestamp': datetime.datetime(2021, 8, 3, 19, 3, 6), 'description': None, 'resources_synced': None, 'availability_zone': None, 'alive': True, 'configurations': {'vswitch_mappings': {'physnet1$': 'br-data'}}, 'resource_versions': {}} {{(pid=94068) bind_port /opt/stack/neutron/neutron/plugins/ml2/drivers/mech_agent.py:104}}
Aug 03 19:03:12.160166 n-d-801743-10 neutron-server[94068]: DEBUG neutron.plugins.ml2.drivers.mech_agent [req-5f899314-5513-4aee-8eaf-c0fc82e12f42 req-8e80533f-ad72-4a0e-8114-c04fde9044d1 service neutron] Checking segment: {'id': '698a7351-53b7-482a-9b56-0f8af5e15334', 'network_type': 'vlan', 'physical_network': 'physnet1', 'segmentation_id': 108, 'network_id': '0e952365-1133-40c8-82db-bb3a45277681'} for mappings: {'physnet1$': 'br-data'} with network types: ['local', 'flat', 'vlan'] {{(pid=94068) check_segment_for_agent /opt/stack/neutron/neutron/plugins/ml2/drivers/mech_agent.py:352}}
Aug 03 19:03:12.160705 n-d-801743-10 neutron-server[94068]: DEBUG neutron.plugins.ml2.drivers.mech_agent [req-5f899314-5513-4aee-8eaf-c0fc82e12f42 req-8e80533f-ad72-4a0e-8114-c04fde9044d1 service neutron] Bound using segment: {'id': '698a7351-53b7-482a-9b56-0f8af5e15334', 'network_type': 'vlan', 'physical_network': 'physnet1', 'segmentation_id': 108, 'network_id': '0e952365-1133-40c8-82db-bb3a45277681'} {{(pid=94068) bind_port /opt/stack/neutron/neutron/plugins/ml2/drivers/mech_agent.py:114}}
Aug 03 19:03:12.161368 n-d-801743-10 neutron-server[94068]: DEBUG neutron.plugins.ml2.managers [req-5f899314-5513-4aee-8eaf-c0fc82e12f42 req-8e80533f-ad72-4a0e-8114-c04fde9044d1 service neutron] Bound port: fbeeb01a-b17f-4851-9204-6032d4cac565, host: n-h1-801743-10, vif_type: hyperv, vif_details: {"connectivity": "legacy", "port_filter": false}, binding_levels: [{'bound_driver': 'hyperv', 'bound_segment': {'id': '698a7351-53b7-482a-9b56-0f8af5e15334', 'network_type': 'vlan', 'physical_network': 'physnet1', 'segmentation_id': 108, 'network_id': '0e952365-1133-40c8-82db-bb3a45277681'}}] {{(pid=94068) _bind_port_level /opt/stack/neutron/neutron/plugins/ml2/managers.py:928}}
Aug 03 19:03:12.161795 n-d-801743-10 neutron-server[94068]: DEBUG neutron_lib.callbacks.manager [req-5f899314-5513-4aee-8eaf-c0fc82e12f42 req-8e80533f-ad72-4a0e-8114-c04fde9044d1 service neutron] Notify callbacks ['neutron.plugins.ml2.plugin.SecurityGroupDbMixin._ensure_default_security_group_handler-637555'] for port, before_update {{(pid=94068) _notify_loop /usr/local/lib/python3.8/dist-packages/neutron_lib/callbacks/manager.py:192}}
