Jul 26 14:27:06.057179 n-d-801714-2 neutron-server[93820]: DEBUG neutron_lib.callbacks.manager [req-9766c2ea-fc36-4671-97b8-fc4c0fa7860a req-407482a1-d5d1-4840-bd5a-5995f0dfe216 tempest-DeleteServersAdminTestJSON-1393989259 tempest-DeleteServersAdminTestJSON-1393989259-project] Notify callbacks ['neutron.plugins.ml2.plugin.SecurityGroupServerNotifierRpcMixin._notify_sg_on_port_change-8379050', 'neutron.plugins.ml2.ovo_rpc._ObjectChangeHandler.handle_event-421023', 'neutron.api.rpc.agentnotifiers.dhcp_rpc_agent_api.DhcpAgentNotifyAPI._native_event_send_dhcp_notification-597434', 'neutron.db.l3_dvrscheduler_db._notify_l3_agent_new_port-8735144850405'] for port, after_create {{(pid=93820) _notify_loop /usr/local/lib/python3.8/dist-packages/neutron_lib/callbacks/manager.py:192}}
Jul 26 14:27:06.238185 n-d-801714-2 neutron-server[93820]: DEBUG neutron.scheduler.dhcp_agent_scheduler [req-9766c2ea-fc36-4671-97b8-fc4c0fa7860a req-407482a1-d5d1-4840-bd5a-5995f0dfe216 tempest-DeleteServersAdminTestJSON-1393989259 tempest-DeleteServersAdminTestJSON-1393989259-project] Network 3509ac9d-65f2-443b-80a0-03fc3ad10f0b is already hosted by enough agents. {{(pid=93820) _get_dhcp_agents_hosting_network /opt/stack/neutron/neutron/scheduler/dhcp_agent_scheduler.py:275}}
Jul 26 14:27:06.253823 n-d-801714-2 neutron-server[93820]: DEBUG neutron.scheduler.base_scheduler [req-9766c2ea-fc36-4671-97b8-fc4c0fa7860a req-407482a1-d5d1-4840-bd5a-5995f0dfe216 tempest-DeleteServersAdminTestJSON-1393989259 tempest-DeleteServersAdminTestJSON-1393989259-project] Resources bound (agent type, host, resource id): {{(pid=93820) schedule /opt/stack/neutron/neutron/scheduler/base_scheduler.py:57}}
Jul 26 14:27:06.266102 n-d-801714-2 neutron-server[93820]: DEBUG neutron.db.l3_dvrscheduler_db [req-9766c2ea-fc36-4671-97b8-fc4c0fa7860a req-407482a1-d5d1-4840-bd5a-5995f0dfe216 tempest-DeleteServersAdminTestJSON-1393989259 tempest-DeleteServersAdminTestJSON-1393989259-project] Received port after_create {{(pid=93820) _notify_l3_agent_new_port /opt/stack/neutron/neutron/db/l3_dvrscheduler_db.py:535}}
Jul 26 14:27:06.272954 n-d-801714-2 neutron-server[93820]: DEBUG neutron.pecan_wsgi.hooks.policy_enforcement [req-9766c2ea-fc36-4671-97b8-fc4c0fa7860a req-407482a1-d5d1-4840-bd5a-5995f0dfe216 tempest-DeleteServersAdminTestJSON-1393989259 tempest-DeleteServersAdminTestJSON-1393989259-project] Attributes excluded by policy engine: ['standard_attr_id', 'binding:profile', 'binding:host_id', 'binding:vif_type', 'binding:vif_details', 'network'] {{(pid=93820) _exclude_attributes_by_policy /opt/stack/neutron/neutron/pecan_wsgi/hooks/policy_enforcement.py:255}}
Jul 26 14:27:06.273611 n-d-801714-2 neutron-server[93820]: DEBUG neutron_lib.callbacks.manager [req-9766c2ea-fc36-4671-97b8-fc4c0fa7860a req-407482a1-d5d1-4840-bd5a-5995f0dfe216 tempest-DeleteServersAdminTestJSON-1393989259 tempest-DeleteServersAdminTestJSON-1393989259-project] Notify callbacks ['neutron.notifiers.nova.Notifier._send_nova_notification-490237', 'neutron.api.rpc.agentnotifiers.dhcp_rpc_agent_api.DhcpAgentNotifyAPI._send_dhcp_notification-597380'] for port, before_response {{(pid=93820) _notify_loop /usr/local/lib/python3.8/dist-packages/neutron_lib/callbacks/manager.py:192}}
Jul 26 14:27:06.291954 n-d-801714-2 neutron-server[93820]: DEBUG neutron.api.rpc.handlers.resources_rpc [None req-407482a1-d5d1-4840-bd5a-5995f0dfe216 tempest-DeleteServersAdminTestJSON-1393989259 tempest-DeleteServersAdminTestJSON-1393989259-project] Pushing event updated for resources: {'Port': ['ID=ce79b149-8e7e-44ed-a962-5537b2b3b09d,revision_number=1']} {{(pid=93820) push /opt/stack/neutron/neutron/api/rpc/handlers/resources_rpc.py:237}}
Jul 26 14:27:06.334328 n-d-801714-2 neutron-server[93820]: DEBUG neutron_lib.callbacks.manager [None req-4e063cb0-e922-4608-b271-d41ec57f9d3d admin admin] Notify callbacks [] for security_group, precommit_create {{(pid=93820) _notify_loop /usr/local/lib/python3.8/dist-packages/neutron_lib/callbacks/manager.py:192}}
Jul 26 14:27:06.344314 n-d-801714-2 neutron-server[93820]: DEBUG neutron_lib.callbacks.manager [None req-4e063cb0-e922-4608-b271-d41ec57f9d3d admin admin] Notify callbacks ['neutron.plugins.ml2.ovo_rpc._ObjectChangeHandler.handle_event-525015'] for security_group, after_create {{(pid=93820) _notify_loop /usr/local/lib/python3.8/dist-packages/neutron_lib/callbacks/manager.py:192}}
Jul 26 14:27:06.364065 n-d-801714-2 neutron-server[93820]: INFO neutron.wsgi [req-9766c2ea-fc36-4671-97b8-fc4c0fa7860a req-407482a1-d5d1-4840-bd5a-5995f0dfe216 tempest-DeleteServersAdminTestJSON-1393989259 tempest-DeleteServersAdminTestJSON-1393989259-project] 10.222.0.18 "POST /v2.0/ports HTTP/1.1" status: 201 len: 938 time: 2.3894773
Jul 26 14:27:06.399240 n-d-801714-2 neutron-server[93820]: INFO neutron.wsgi [None req-4e063cb0-e922-4608-b271-d41ec57f9d3d admin admin] 10.222.0.23 "GET /v2.0/security-groups?tenant_id=1907ed8cb4174471afa1ef9dfdf678c3&name=default HTTP/1.1" status: 200 len: 2975 time: 0.7650166
Jul 26 14:27:06.400201 n-d-801714-2 neutron-server[93820]: DEBUG neutron.api.rpc.handlers.resources_rpc [None req-4e063cb0-e922-4608-b271-d41ec57f9d3d admin admin] Pushing event updated for resources: {'SecurityGroup': ['ID=d6e1ac11-8d83-4f37-b6b5-ac39faba9ce4,revision_number=1']} {{(pid=93820) push /opt/stack/neutron/neutron/api/rpc/handlers/resources_rpc.py:237}}
Jul 26 14:27:06.401971 n-d-801714-2 neutron-server[93821]: DEBUG neutron.wsgi [-] (93821) accepted ('10.222.0.23', 37616) {{(pid=93821) server /usr/local/lib/python3.8/dist-packages/eventlet/wsgi.py:982}}
Jul 26 14:27:06.564918 n-d-801714-2 neutron-server[93821]: DEBUG neutron_lib.callbacks.manager [None req-bb105a1e-f24d-47fb-a3de-d92d0c10f381 admin admin] Notify callbacks [] for security_group, before_delete {{(pid=93821) _notify_loop /usr/local/lib/python3.8/dist-packages/neutron_lib/callbacks/manager.py:192}}
Jul 26 14:27:06.656304 n-d-801714-2 neutron-server[93821]: DEBUG neutron_lib.callbacks.manager [None req-bb105a1e-f24d-47fb-a3de-d92d0c10f381 admin admin] Notify callbacks [] for security_group, precommit_delete {{(pid=93821) _notify_loop /usr/local/lib/python3.8/dist-packages/neutron_lib/callbacks/manager.py:192}}
Jul 26 14:27:06.667884 n-d-801714-2 neutron-server[93821]: INFO neutron.wsgi [req-2b778c0f-5cde-4717-b07f-7c3a9cadba5e req-8cea248e-a269-4a9f-a1b1-b1902f067071 tempest-AggregatesAdminTestJSON-1404837136 tempest-AggregatesAdminTestJSON-1404837136-project] 10.222.0.23 "GET /v2.0/ports?device_id=f681ce30-cde0-4dce-b256-abb5cbe8395b HTTP/1.1" status: 200 len: 210 time: 0.0537784
Jul 26 14:27:06.704925 n-d-801714-2 neutron-server[93820]: DEBUG neutron.wsgi [req-9766c2ea-fc36-4671-97b8-fc4c0fa7860a req-74dfb0ff-850a-4ac1-b520-dc11df1f63ff tempest-DeleteServersAdminTestJSON-1393989259 tempest-DeleteServersAdminTestJSON-1393989259-project] http://10.222.0.23:9696/v2.0/extensions returned with HTTP 200 {{(pid=93820) __call__ /opt/stack/neutron/neutron/wsgi.py:729}}
Jul 26 14:27:06.708622 n-d-801714-2 neutron-server[93820]: INFO neutron.wsgi [req-9766c2ea-fc36-4671-97b8-fc4c0fa7860a req-74dfb0ff-850a-4ac1-b520-dc11df1f63ff tempest-DeleteServersAdminTestJSON-1393989259 tempest-DeleteServersAdminTestJSON-1393989259-project] 10.222.0.18 "GET /v2.0/extensions HTTP/1.1" status: 200 len: 13640 time: 0.0093911
Jul 26 14:27:06.711893 n-d-801714-2 neutron-server[93822]: DEBUG neutron.db.provisioning_blocks [None req-90670626-f077-48cf-87ba-714b0af9228a None None] Provisioning for port ce79b149-8e7e-44ed-a962-5537b2b3b09d completed by entity DHCP. {{(pid=93822) provisioning_complete /opt/stack/neutron/neutron/db/provisioning_blocks.py:133}}
Jul 26 14:27:06.731873 n-d-801714-2 neutron-server[93822]: DEBUG neutron.db.provisioning_blocks [None req-90670626-f077-48cf-87ba-714b0af9228a None None] Provisioning complete for port ce79b149-8e7e-44ed-a962-5537b2b3b09d triggered by entity DHCP. {{(pid=93822) provisioning_complete /opt/stack/neutron/neutron/db/provisioning_blocks.py:139}}
Jul 26 14:27:06.733558 n-d-801714-2 neutron-server[93822]: DEBUG neutron_lib.callbacks.manager [None req-90670626-f077-48cf-87ba-714b0af9228a None None] Notify callbacks ['neutron.plugins.ml2.plugin.Ml2Plugin._port_provisioned-8338463'] for port, provisioning_complete {{(pid=93822) _notify_loop /usr/local/lib/python3.8/dist-packages/neutron_lib/callbacks/manager.py:192}}
Jul 26 14:27:06.776157 n-d-801714-2 neutron-server[93820]: DEBUG neutron.wsgi [-] (93820) accepted ('10.222.0.23', 37630) {{(pid=93820) server /usr/local/lib/python3.8/dist-packages/eventlet/wsgi.py:982}}
Jul 26 14:27:06.783611 n-d-801714-2 neutron-server[93821]: DEBUG neutron_lib.callbacks.manager [None req-bb105a1e-f24d-47fb-a3de-d92d0c10f381 admin admin] Notify callbacks ['neutron.plugins.ml2.ovo_rpc._ObjectChangeHandler.handle_event-525015'] for security_group, after_delete {{(pid=93821) _notify_loop /usr/local/lib/python3.8/dist-packages/neutron_lib/callbacks/manager.py:192}}
Jul 26 14:27:06.786765 n-d-801714-2 neutron-server[93821]: DEBUG neutron_lib.callbacks.manager [None req-bb105a1e-f24d-47fb-a3de-d92d0c10f381 admin admin] Notify callbacks [] for security_group, before_response {{(pid=93821) _notify_loop /usr/local/lib/python3.8/dist-packages/neutron_lib/callbacks/manager.py:192}}
Jul 26 14:27:06.790996 n-d-801714-2 neutron-server[93821]: INFO neutron.wsgi [None req-bb105a1e-f24d-47fb-a3de-d92d0c10f381 admin admin] 10.222.0.23 "DELETE /v2.0/security-groups/d6e1ac11-8d83-4f37-b6b5-ac39faba9ce4 HTTP/1.1" status: 204 len: 168 time: 0.3874130
Jul 26 14:27:06.811022 n-d-801714-2 neutron-server[93821]: DEBUG neutron.api.rpc.handlers.resources_rpc [None req-bb105a1e-f24d-47fb-a3de-d92d0c10f381 admin admin] Pushing event deleted for resources: {'SecurityGroup': ['ID=d6e1ac11-8d83-4f37-b6b5-ac39faba9ce4,revision_number=None']} {{(pid=93821) push /opt/stack/neutron/neutron/api/rpc/handlers/resources_rpc.py:237}}
Jul 26 14:27:06.859621 n-d-801714-2 neutron-server[93822]: DEBUG neutron.plugins.ml2.plugin [None req-90670626-f077-48cf-87ba-714b0af9228a None None] Port ce79b149-8e7e-44ed-a962-5537b2b3b09d cannot update to ACTIVE because it is not bound. {{(pid=93822) _port_provisioned /opt/stack/neutron/neutron/plugins/ml2/plugin.py:337}}
Jul 26 14:27:06.982372 n-d-801714-2 neutron-server[93821]: DEBUG neutron.pecan_wsgi.hooks.policy_enforcement [req-4b9bcf92-b214-42a1-afe9-4ffee84b15e8 req-3e733b61-a1bf-4e46-9857-2eb44fdc5bf4 tempest-DeleteServersAdminTestJSON-1393989259 tempest-DeleteServersAdminTestJSON-1393989259-project] Attributes excluded by policy engine: ['standard_attr_id', 'binding:profile', 'binding:host_id', 'binding:vif_type', 'binding:vif_details'] {{(pid=93821) _exclude_attributes_by_policy /opt/stack/neutron/neutron/pecan_wsgi/hooks/policy_enforcement.py:255}}
Jul 26 14:27:06.983929 n-d-801714-2 neutron-server[93821]: INFO neutron.wsgi [req-4b9bcf92-b214-42a1-afe9-4ffee84b15e8 req-3e733b61-a1bf-4e46-9857-2eb44fdc5bf4 tempest-DeleteServersAdminTestJSON-1393989259 tempest-DeleteServersAdminTestJSON-1393989259-project] 10.222.0.23 "GET /v2.0/ports?device_id=3b886785-4b89-4aae-8875-d6c78b105b93 HTTP/1.1" status: 200 len: 936 time: 0.1514919
Jul 26 14:27:07.262743 n-d-801714-2 neutron-server[93820]: DEBUG neutron.api.v2.base [None req-c15602c5-7e3c-43d9-8a2f-f31e21a618e8 admin admin] Request body: {'network': {'name': 'tempest-LiveMigrationTest-503741967-network', 'tenant_id': 'c32b21d7302d4da29849b1149bd93ad4'}} {{(pid=93820) prepare_request_body /opt/stack/neutron/neutron/api/v2/base.py:729}}
Jul 26 14:27:07.301133 n-d-801714-2 neutron-server[93821]: INFO neutron.wsgi [req-4b9bcf92-b214-42a1-afe9-4ffee84b15e8 req-f0663878-ba67-4085-b5c5-2cefb2deb766 tempest-DeleteServersAdminTestJSON-1393989259 tempest-DeleteServersAdminTestJSON-1393989259-project] 10.222.0.23 "GET /v2.0/security-groups?id=afeca2cc-9e34-43e9-bc68-a7e1e02bf15a&fields=id&fields=name HTTP/1.1" status: 200 len: 286 time: 0.3091156
Jul 26 14:27:07.319626 n-d-801714-2 neutron-server[93820]: DEBUG neutron.pecan_wsgi.hooks.quota_enforcement [None req-c15602c5-7e3c-43d9-8a2f-f31e21a618e8 admin admin] Made reservation on behalf of c32b21d7302d4da29849b1149bd93ad4 for: {'network': 1} {{(pid=93820) before /opt/stack/neutron/neutron/pecan_wsgi/hooks/quota_enforcement.py:53}}
Jul 26 14:27:07.322174 n-d-801714-2 neutron-server[93820]: DEBUG neutron_lib.callbacks.manager [None req-c15602c5-7e3c-43d9-8a2f-f31e21a618e8 admin admin] Notify callbacks ['neutron.plugins.ml2.plugin.SecurityGroupDbMixin._ensure_default_security_group_handler-7969895'] for network, before_create {{(pid=93820) _notify_loop /usr/local/lib/python3.8/dist-packages/neutron_lib/callbacks/manager.py:192}}
Jul 26 14:27:07.353810 n-d-801714-2 neutron-server[93820]: DEBUG neutron_lib.callbacks.manager [None req-c15602c5-7e3c-43d9-8a2f-f31e21a618e8 admin admin] Notify callbacks [] for security_group, before_create {{(pid=93820) _notify_loop /usr/local/lib/python3.8/dist-packages/neutron_lib/callbacks/manager.py:192}}
Jul 26 14:27:07.499508 n-d-801714-2 neutron-server[93820]: DEBUG neutron_lib.callbacks.manager [None req-c15602c5-7e3c-43d9-8a2f-f31e21a618e8 admin admin] Notify callbacks [] for security_group, precommit_create {{(pid=93820) _notify_loop /usr/local/lib/python3.8/dist-packages/neutron_lib/callbacks/manager.py:192}}
Jul 26 14:27:07.507474 n-d-801714-2 neutron-server[93820]: DEBUG neutron_lib.callbacks.manager [None req-c15602c5-7e3c-43d9-8a2f-f31e21a618e8 admin admin] Notify callbacks ['neutron.plugins.ml2.ovo_rpc._ObjectChangeHandler.handle_event-525015'] for security_group, after_create {{(pid=93820) _notify_loop /usr/local/lib/python3.8/dist-packages/neutron_lib/callbacks/manager.py:192}}
Jul 26 14:27:07.550291 n-d-801714-2 neutron-server[93821]: DEBUG neutron.wsgi [-] (93821) accepted ('10.222.0.23', 37650) {{(pid=93821) server /usr/local/lib/python3.8/dist-packages/eventlet/wsgi.py:982}}
Jul 26 14:27:07.560989 n-d-801714-2 neutron-server[93820]: DEBUG neutron.plugins.ml2.drivers.helpers [None req-c15602c5-7e3c-43d9-8a2f-f31e21a618e8 admin admin] vlan segment allocate from pool success with {'vlan_id': 103, 'physical_network': 'physnet1'} {{(pid=93820) allocate_partially_specified_segment /opt/stack/neutron/neutron/plugins/ml2/drivers/helpers.py:153}}
Jul 26 14:27:07.569459 n-d-801714-2 neutron-server[93820]: DEBUG neutron.api.rpc.handlers.resources_rpc [None req-c15602c5-7e3c-43d9-8a2f-f31e21a618e8 admin admin] Pushing event updated for resources: {'SecurityGroup': ['ID=16cbb2ce-5fb8-48fd-8b6e-f4a140f5f262,revision_number=1']} {{(pid=93820) push /opt/stack/neutron/neutron/api/rpc/handlers/resources_rpc.py:237}}
Jul 26 14:27:07.580603 n-d-801714-2 neutron-server[93820]: DEBUG neutron_lib.callbacks.manager [None req-c15602c5-7e3c-43d9-8a2f-f31e21a618e8 admin admin] Notify callbacks ['neutron.services.segments.db._add_segment_host_mapping_for_segment-8735145300758', 'neutron.plugins.ml2.plugin.Ml2Plugin._handle_segment_change-8336833'] for segment, precommit_create {{(pid=93820) _notify_loop /usr/local/lib/python3.8/dist-packages/neutron_lib/callbacks/manager.py:192}}
Jul 26 14:27:07.581230 n-d-801714-2 neutron-server[93820]: DEBUG neutron_lib.callbacks.manager [None req-c15602c5-7e3c-43d9-8a2f-f31e21a618e8 admin admin] Unsubscribe: segment precommit_create {{(pid=93820) unsubscribe /usr/local/lib/python3.8/dist-packages/neutron_lib/callbacks/manager.py:83}}
Jul 26 14:27:07.582049 n-d-801714-2 neutron-server[93820]: INFO neutron.db.segments_db [None req-c15602c5-7e3c-43d9-8a2f-f31e21a618e8 admin admin] Added segment afdb2bce-096a-4484-a608-6a0dd064bba0 of type vlan for network 93d0e754-5b0a-4824-94e2-4f6e9cf7b8f4
Jul 26 14:27:07.680631 n-d-801714-2 neutron-server[93820]: DEBUG neutron_lib.callbacks.manager [None req-c15602c5-7e3c-43d9-8a2f-f31e21a618e8 admin admin] Notify callbacks ['neutron.services.auto_allocate.db._ensure_external_network_default_value_callback-8735144852300'] for network, precommit_create {{(pid=93820) _notify_loop /usr/local/lib/python3.8/dist-packages/neutron_lib/callbacks/manager.py:192}}
Jul 26 14:27:07.773787 n-d-801714-2 neutron-server[93820]: DEBUG neutron_lib.callbacks.manager [None req-c15602c5-7e3c-43d9-8a2f-f31e21a618e8 admin admin] Notify callbacks ['neutron.plugins.ml2.ovo_rpc._ObjectChangeHandler.handle_event-524800', 'neutron.api.rpc.agentnotifiers.dhcp_rpc_agent_api.DhcpAgentNotifyAPI._native_event_send_dhcp_notification-597434'] for network, after_create {{(pid=93820) _notify_loop /usr/local/lib/python3.8/dist-packages/neutron_lib/callbacks/manager.py:192}}
Jul 26 14:27:07.775154 n-d-801714-2 neutron-server[93820]: DEBUG neutron.pecan_wsgi.hooks.policy_enforcement [None req-c15602c5-7e3c-43d9-8a2f-f31e21a618e8 admin admin] Attributes excluded by policy engine: ['standard_attr_id', 'vlan_transparent'] {{(pid=93820) _exclude_attributes_by_policy /opt/stack/neutron/neutron/pecan_wsgi/hooks/policy_enforcement.py:255}}
Jul 26 14:27:07.775962 n-d-801714-2 neutron-server[93820]: DEBUG neutron_lib.callbacks.manager [None req-c15602c5-7e3c-43d9-8a2f-f31e21a618e8 admin admin] Notify callbacks ['neutron.api.rpc.agentnotifiers.dhcp_rpc_agent_api.DhcpAgentNotifyAPI._send_dhcp_notification-597380'] for network, before_response {{(pid=93820) _notify_loop /usr/local/lib/python3.8/dist-packages/neutron_lib/callbacks/manager.py:192}}
Jul 26 14:27:07.823421 n-d-801714-2 neutron-server[93821]: INFO neutron.wsgi [req-532aeeae-8b7f-4bc4-adb9-dc1abc6f849b req-de25861f-a360-429e-8957-03dc18303ce9 tempest-AggregatesAdminTestJSON-1404837136 tempest-AggregatesAdminTestJSON-1404837136-project] 10.222.0.23 "GET /v2.0/ports?device_id=f681ce30-cde0-4dce-b256-abb5cbe8395b HTTP/1.1" status: 200 len: 210 time: 0.0396461
Jul 26 14:27:07.844147 n-d-801714-2 neutron-server[93821]: DEBUG neutron.wsgi [-] (93821) accepted ('10.222.0.22', 64187) {{(pid=93821) server /usr/local/lib/python3.8/dist-packages/eventlet/wsgi.py:982}}
Jul 26 14:27:07.887111 n-d-801714-2 neutron-server[93821]: INFO neutron.wsgi [req-bb3af2a9-3303-4e71-b4e3-48b8517ae4a0 req-2232b83c-f3b3-4a06-b360-de5e914c4e4e tempest-AggregatesAdminTestJSON-1404837136 tempest-AggregatesAdminTestJSON-1404837136-project] 10.222.0.22 "GET /v2.0/networks?tenant_id=26008884eaa240feadbafa7af6aeb6c1&shared=False HTTP/1.1" status: 200 len: 213 time: 0.0327845
Jul 26 14:27:07.953362 n-d-801714-2 neutron-server[93820]: INFO neutron.wsgi [None req-c15602c5-7e3c-43d9-8a2f-f31e21a618e8 admin admin] 10.222.0.23 "POST /v2.0/networks HTTP/1.1" status: 201 len: 880 time: 1.1733615
Jul 26 14:27:07.970800 n-d-801714-2 neutron-server[93820]: DEBUG neutron.wsgi [-] (93820) accepted ('10.222.0.23', 37664) {{(pid=93820) server /usr/local/lib/python3.8/dist-packages/eventlet/wsgi.py:982}}
Jul 26 14:27:07.992819 n-d-801714-2 neutron-server[93820]: DEBUG neutron.api.v2.base [None req-3816bd16-5d8c-4eb5-b5a5-bbbc931cab74 admin admin] Request body: {'subnet': {'network_id': '93d0e754-5b0a-4824-94e2-4f6e9cf7b8f4', 'cidr': '172.20.0.0/28', 'name': 'tempest-LiveMigrationTest-503741967-subnet', 'tenant_id': 'c32b21d7302d4da29849b1149bd93ad4', 'enable_dhcp': False, 'ip_version': 4}} {{(pid=93820) prepare_request_body /opt/stack/neutron/neutron/api/v2/base.py:729}}
Jul 26 14:27:08.054604 n-d-801714-2 neutron-server[93820]: DEBUG neutron.api.rpc.handlers.resources_rpc [None req-c15602c5-7e3c-43d9-8a2f-f31e21a618e8 admin admin] Pushing event updated for resources: {'Network': ['ID=93d0e754-5b0a-4824-94e2-4f6e9cf7b8f4,revision_number=1']} {{(pid=93820) push /opt/stack/neutron/neutron/api/rpc/handlers/resources_rpc.py:237}}
Jul 26 14:27:08.088292 n-d-801714-2 neutron-server[93822]: DEBUG neutron.plugins.ml2.rpc [None req-fd189277-b313-4c58-be15-883cfa6b0b82 None None] Network 93d0e754-5b0a-4824-94e2-4f6e9cf7b8f4 details requested by agent ovs-agent-n-d-801714-2 with host n-d-801714-2 {{(pid=93822) get_network_details /opt/stack/neutron/neutron/plugins/ml2/rpc.py:248}}
Jul 26 14:27:08.090352 n-d-801714-2 neutron-server[93820]: DEBUG neutron.pecan_wsgi.hooks.quota_enforcement [None req-3816bd16-5d8c-4eb5-b5a5-bbbc931cab74 admin admin] Made reservation on behalf of c32b21d7302d4da29849b1149bd93ad4 for: {'subnet': 1} {{(pid=93820) before /opt/stack/neutron/neutron/pecan_wsgi/hooks/quota_enforcement.py:53}}
Jul 26 14:27:08.093956 n-d-801714-2 neutron-server[93820]: DEBUG neutron_lib.callbacks.manager [None req-3816bd16-5d8c-4eb5-b5a5-bbbc931cab74 admin admin] Notify callbacks [] for subnet, before_create {{(pid=93820) _notify_loop /usr/local/lib/python3.8/dist-packages/neutron_lib/callbacks/manager.py:192}}
Jul 26 14:27:08.124636 n-d-801714-2 neutron-server[93821]: DEBUG neutron.pecan_wsgi.hooks.policy_enforcement [req-bb3af2a9-3303-4e71-b4e3-48b8517ae4a0 req-457c3bfb-aba9-4ac8-a038-892b4a4eb52a tempest-AggregatesAdminTestJSON-1404837136 tempest-AggregatesAdminTestJSON-1404837136-project] Attributes excluded by policy engine: ['standard_attr_id', 'vlan_transparent', 'provider:network_type', 'provider:physical_network', 'provider:segmentation_id'] {{(pid=93821) _exclude_attributes_by_policy /opt/stack/neutron/neutron/pecan_wsgi/hooks/policy_enforcement.py:255}}
Jul 26 14:27:08.126408 n-d-801714-2 neutron-server[93821]: INFO neutron.wsgi [req-bb3af2a9-3303-4e71-b4e3-48b8517ae4a0 req-457c3bfb-aba9-4ac8-a038-892b4a4eb52a tempest-AggregatesAdminTestJSON-1404837136 tempest-AggregatesAdminTestJSON-1404837136-project] 10.222.0.22 "GET /v2.0/networks?shared=True HTTP/1.1" status: 200 len: 769 time: 0.2385216
Jul 26 14:27:08.187406 n-d-801714-2 neutron-server[93821]: DEBUG neutron_lib.callbacks.manager [None req-fac57fa4-b7eb-49b7-8be0-2e819f076a27 admin admin] Notify callbacks [] for security_group, before_create {{(pid=93821) _notify_loop /usr/local/lib/python3.8/dist-packages/neutron_lib/callbacks/manager.py:192}}
Jul 26 14:27:08.223186 n-d-801714-2 neutron-server[93821]: DEBUG neutron.api.v2.base [req-bb3af2a9-3303-4e71-b4e3-48b8517ae4a0 req-83eead4e-8cee-4d44-b7b4-cd4f826c9064 tempest-AggregatesAdminTestJSON-1404837136 tempest-AggregatesAdminTestJSON-1404837136-project] Request body: {'port': {'device_id': 'f681ce30-cde0-4dce-b256-abb5cbe8395b', 'network_id': '3509ac9d-65f2-443b-80a0-03fc3ad10f0b', 'admin_state_up': True, 'tenant_id': '26008884eaa240feadbafa7af6aeb6c1'}} {{(pid=93821) prepare_request_body /opt/stack/neutron/neutron/api/v2/base.py:729}}
Jul 26 14:27:08.493182 n-d-801714-2 neutron-server[93820]: DEBUG neutron_lib.callbacks.manager [None req-3816bd16-5d8c-4eb5-b5a5-bbbc931cab74 admin admin] Notify callbacks ['neutron.plugins.ml2.ovo_rpc._ObjectChangeHandler.handle_event-534847', 'neutron.api.rpc.agentnotifiers.dhcp_rpc_agent_api.DhcpAgentNotifyAPI._native_event_send_dhcp_notification-597434'] for subnet, after_create {{(pid=93820) _notify_loop /usr/local/lib/python3.8/dist-packages/neutron_lib/callbacks/manager.py:192}}
Jul 26 14:27:08.558186 n-d-801714-2 neutron-server[93820]: DEBUG neutron.api.rpc.handlers.resources_rpc [None req-3816bd16-5d8c-4eb5-b5a5-bbbc931cab74 admin admin] Pushing event updated for resources: {'Subnet': ['ID=339a3ed7-9051-447f-8936-0fcba5896437,revision_number=0']} {{(pid=93820) push /opt/stack/neutron/neutron/api/rpc/handlers/resources_rpc.py:237}}
Jul 26 14:27:08.597666 n-d-801714-2 neutron-server[93820]: DEBUG neutron.plugins.ml2.drivers.mech_agent [None req-3816bd16-5d8c-4eb5-b5a5-bbbc931cab74 admin admin] Checking segment: {'id': 'afdb2bce-096a-4484-a608-6a0dd064bba0', 'network_type': 'vlan', 'physical_network': 'physnet1', 'segmentation_id': 103, 'network_id': '93d0e754-5b0a-4824-94e2-4f6e9cf7b8f4'} for mappings: {'physnet1': 'br-data'} with network types: ['local', 'flat', 'vlan'] {{(pid=93820) check_segment_for_agent /opt/stack/neutron/neutron/plugins/ml2/drivers/mech_agent.py:352}}
Jul 26 14:27:08.598137 n-d-801714-2 neutron-server[93820]: DEBUG neutron.scheduler.dhcp_agent_scheduler [None req-3816bd16-5d8c-4eb5-b5a5-bbbc931cab74 admin admin] Network hostable DHCP agents. Network: 93d0e754-5b0a-4824-94e2-4f6e9cf7b8f4, hostable agents: ['2e883764-d696-408a-94d2-62dc76a9d561'], hosted agents: [] {{(pid=93820) _get_network_hostable_dhcp_agents /opt/stack/neutron/neutron/scheduler/dhcp_agent_scheduler.py:329}}
Jul 26 14:27:08.619648 n-d-801714-2 neutron-server[93820]: DEBUG neutron.scheduler.dhcp_agent_scheduler [None req-3816bd16-5d8c-4eb5-b5a5-bbbc931cab74 admin admin] Network 93d0e754-5b0a-4824-94e2-4f6e9cf7b8f4 is scheduled to be hosted by DHCP agent 2e883764-d696-408a-94d2-62dc76a9d561 with binding_index 1 {{(pid=93820) bind /opt/stack/neutron/neutron/scheduler/dhcp_agent_scheduler.py:227}}
Jul 26 14:27:08.641493 n-d-801714-2 neutron-server[93820]: DEBUG neutron.scheduler.base_scheduler [None req-3816bd16-5d8c-4eb5-b5a5-bbbc931cab74 admin admin] Resources bound (agent type, host, resource id): (DHCP agent, n-d-801714-2, 93d0e754-5b0a-4824-94e2-4f6e9cf7b8f4) {{(pid=93820) schedule /opt/stack/neutron/neutron/scheduler/base_scheduler.py:57}}
Jul 26 14:27:08.648246 n-d-801714-2 neutron-server[93820]: DEBUG neutron.pecan_wsgi.hooks.policy_enforcement [None req-3816bd16-5d8c-4eb5-b5a5-bbbc931cab74 admin admin] Attributes excluded by policy engine: ['standard_attr_id', 'shared', 'network'] {{(pid=93820) _exclude_attributes_by_policy /opt/stack/neutron/neutron/pecan_wsgi/hooks/policy_enforcement.py:255}}
Jul 26 14:27:08.651846 n-d-801714-2 neutron-server[93822]: DEBUG neutron.api.rpc.handlers.dhcp_rpc [None req-48010819-d85e-45d7-9e47-f42eab674091 None None] Network 93d0e754-5b0a-4824-94e2-4f6e9cf7b8f4 requested from n-d-801714-2 {{(pid=93822) get_network_info /opt/stack/neutron/neutron/api/rpc/handlers/dhcp_rpc.py:218}}
Jul 26 14:27:08.666446 n-d-801714-2 neutron-server[93820]: DEBUG neutron_lib.callbacks.manager [None req-3816bd16-5d8c-4eb5-b5a5-bbbc931cab74 admin admin] Notify callbacks ['neutron.api.rpc.agentnotifiers.dhcp_rpc_agent_api.DhcpAgentNotifyAPI._send_dhcp_notification-597380'] for subnet, before_response {{(pid=93820) _notify_loop /usr/local/lib/python3.8/dist-packages/neutron_lib/callbacks/manager.py:192}}
Jul 26 14:27:08.787451 n-d-801714-2 neutron-server[93821]: DEBUG neutron.pecan_wsgi.hooks.policy_enforcement [req-284ff682-e274-418f-939e-df11933a4dec req-1337c740-c076-43c1-a77d-b6ed90761647 tempest-DeleteServersAdminTestJSON-1393989259 tempest-DeleteServersAdminTestJSON-1393989259-project] Attributes excluded by policy engine: ['standard_attr_id', 'binding:profile', 'binding:host_id', 'binding:vif_type', 'binding:vif_details'] {{(pid=93821) _exclude_attributes_by_policy /opt/stack/neutron/neutron/pecan_wsgi/hooks/policy_enforcement.py:255}}
Jul 26 14:27:08.799940 n-d-801714-2 neutron-server[93821]: INFO neutron.wsgi [req-284ff682-e274-418f-939e-df11933a4dec req-1337c740-c076-43c1-a77d-b6ed90761647 tempest-DeleteServersAdminTestJSON-1393989259 tempest-DeleteServersAdminTestJSON-1393989259-project] 10.222.0.23 "GET /v2.0/ports?device_id=3b886785-4b89-4aae-8875-d6c78b105b93 HTTP/1.1" status: 200 len: 936 time: 0.3573475
Jul 26 14:27:08.881677 n-d-801714-2 neutron-server[93821]: DEBUG neutron_lib.callbacks.manager [None req-fac57fa4-b7eb-49b7-8be0-2e819f076a27 admin admin] Notify callbacks [] for security_group, precommit_create {{(pid=93821) _notify_loop /usr/local/lib/python3.8/dist-packages/neutron_lib/callbacks/manager.py:192}}
Jul 26 14:27:08.901074 n-d-801714-2 neutron-server[93821]: DEBUG neutron_lib.callbacks.manager [None req-fac57fa4-b7eb-49b7-8be0-2e819f076a27 admin admin] Notify callbacks ['neutron.plugins.ml2.ovo_rpc._ObjectChangeHandler.handle_event-525015'] for security_group, after_create {{(pid=93821) _notify_loop /usr/local/lib/python3.8/dist-packages/neutron_lib/callbacks/manager.py:192}}
Jul 26 14:27:08.906234 n-d-801714-2 neutron-server[93820]: INFO neutron.wsgi [None req-3816bd16-5d8c-4eb5-b5a5-bbbc931cab74 admin admin] 10.222.0.23 "POST /v2.0/subnets HTTP/1.1" status: 201 len: 844 time: 0.9343586
Jul 26 14:27:08.953384 n-d-801714-2 neutron-server[93822]: DEBUG neutron.api.rpc.handlers.dhcp_rpc [None req-c2af7caa-85a7-4347-a26f-e8c764b212c0 None None] Network 93d0e754-5b0a-4824-94e2-4f6e9cf7b8f4 requested from n-d-801714-2 {{(pid=93822) get_network_info /opt/stack/neutron/neutron/api/rpc/handlers/dhcp_rpc.py:218}}
Jul 26 14:27:08.992419 n-d-801714-2 neutron-server[93821]: INFO neutron.wsgi [req-284ff682-e274-418f-939e-df11933a4dec req-26d77c16-3d62-4a01-b61b-ca22f46d7667 tempest-DeleteServersAdminTestJSON-1393989259 tempest-DeleteServersAdminTestJSON-1393989259-project] 10.222.0.23 "GET /v2.0/security-groups?id=afeca2cc-9e34-43e9-bc68-a7e1e02bf15a&fields=id&fields=name HTTP/1.1" status: 200 len: 286 time: 0.1911185
Jul 26 14:27:09.111643 n-d-801714-2 neutron-server[93821]: INFO neutron.wsgi [req-8868c13b-9c55-4e7b-ac9a-5bbe1193540f req-20f247d7-9cfd-4412-a8d2-6fa500bc1ac4 tempest-AggregatesAdminTestJSON-1404837136 tempest-AggregatesAdminTestJSON-1404837136-project] 10.222.0.23 "GET /v2.0/ports?device_id=f681ce30-cde0-4dce-b256-abb5cbe8395b HTTP/1.1" status: 200 len: 210 time: 0.1632736
Jul 26 14:27:09.124269 n-d-801714-2 neutron-server[93821]: DEBUG neutron.pecan_wsgi.hooks.quota_enforcement [req-bb3af2a9-3303-4e71-b4e3-48b8517ae4a0 req-83eead4e-8cee-4d44-b7b4-cd4f826c9064 tempest-AggregatesAdminTestJSON-1404837136 tempest-AggregatesAdminTestJSON-1404837136-project] Made reservation on behalf of 26008884eaa240feadbafa7af6aeb6c1 for: {'port': 1} {{(pid=93821) before /opt/stack/neutron/neutron/pecan_wsgi/hooks/quota_enforcement.py:53}}
Jul 26 14:27:09.136376 n-d-801714-2 neutron-server[93821]: DEBUG neutron_lib.callbacks.manager [req-bb3af2a9-3303-4e71-b4e3-48b8517ae4a0 req-83eead4e-8cee-4d44-b7b4-cd4f826c9064 tempest-AggregatesAdminTestJSON-1404837136 tempest-AggregatesAdminTestJSON-1404837136-project] Notify callbacks ['neutron.plugins.ml2.plugin.SecurityGroupDbMixin._ensure_default_security_group_handler-7969895'] for port, before_create {{(pid=93821) _notify_loop /usr/local/lib/python3.8/dist-packages/neutron_lib/callbacks/manager.py:192}}
Jul 26 14:27:09.160581 n-d-801714-2 neutron-server[93821]: INFO neutron.wsgi [None req-fac57fa4-b7eb-49b7-8be0-2e819f076a27 admin admin] 10.222.0.23 "GET /v2.0/security-groups?tenant_id=5a5e3bfa4f8d48bbb9c0102bb79a4b80&name=default HTTP/1.1" status: 200 len: 2975 time: 1.6073060
Jul 26 14:27:09.163408 n-d-801714-2 neutron-server[93821]: DEBUG neutron_lib.callbacks.manager [req-bb3af2a9-3303-4e71-b4e3-48b8517ae4a0 req-83eead4e-8cee-4d44-b7b4-cd4f826c9064 tempest-AggregatesAdminTestJSON-1404837136 tempest-AggregatesAdminTestJSON-1404837136-project] Notify callbacks [] for security_group, before_create {{(pid=93821) _notify_loop /usr/local/lib/python3.8/dist-packages/neutron_lib/callbacks/manager.py:192}}
Jul 26 14:27:09.163802 n-d-801714-2 neutron-server[93820]: DEBUG neutron.wsgi [-] (93820) accepted ('10.222.0.23', 37710) {{(pid=93820) server /usr/local/lib/python3.8/dist-packages/eventlet/wsgi.py:982}}
Jul 26 14:27:09.167317 n-d-801714-2 neutron-server[93821]: DEBUG neutron.api.rpc.handlers.resources_rpc [None req-fac57fa4-b7eb-49b7-8be0-2e819f076a27 admin admin] Pushing event updated for resources: {'SecurityGroup': ['ID=4b309fe9-2ea6-41ae-b16d-fe03dc3d5ffb,revision_number=1']} {{(pid=93821) push /opt/stack/neutron/neutron/api/rpc/handlers/resources_rpc.py:237}}
Jul 26 14:27:09.312755 n-d-801714-2 neutron-server[93820]: DEBUG neutron_lib.callbacks.manager [None req-0c432cd9-dc2f-47d0-9d5d-14bbfe8e4ad7 admin admin] Notify callbacks [] for security_group, before_delete {{(pid=93820) _notify_loop /usr/local/lib/python3.8/dist-packages/neutron_lib/callbacks/manager.py:192}}
Jul 26 14:27:09.352874 n-d-801714-2 neutron-server[93820]: DEBUG neutron_lib.callbacks.manager [None req-0c432cd9-dc2f-47d0-9d5d-14bbfe8e4ad7 admin admin] Notify callbacks [] for security_group, precommit_delete {{(pid=93820) _notify_loop /usr/local/lib/python3.8/dist-packages/neutron_lib/callbacks/manager.py:192}}
Jul 26 14:27:09.416949 n-d-801714-2 neutron-server[93821]: DEBUG neutron_lib.callbacks.manager [req-bb3af2a9-3303-4e71-b4e3-48b8517ae4a0 req-83eead4e-8cee-4d44-b7b4-cd4f826c9064 tempest-AggregatesAdminTestJSON-1404837136 tempest-AggregatesAdminTestJSON-1404837136-project] Notify callbacks [] for security_group, precommit_create {{(pid=93821) _notify_loop /usr/local/lib/python3.8/dist-packages/neutron_lib/callbacks/manager.py:192}}
Jul 26 14:27:09.422722 n-d-801714-2 neutron-server[93821]: DEBUG neutron_lib.callbacks.manager [req-bb3af2a9-3303-4e71-b4e3-48b8517ae4a0 req-83eead4e-8cee-4d44-b7b4-cd4f826c9064 tempest-AggregatesAdminTestJSON-1404837136 tempest-AggregatesAdminTestJSON-1404837136-project] Notify callbacks ['neutron.plugins.ml2.ovo_rpc._ObjectChangeHandler.handle_event-525015'] for security_group, after_create {{(pid=93821) _notify_loop /usr/local/lib/python3.8/dist-packages/neutron_lib/callbacks/manager.py:192}}
Jul 26 14:27:09.429911 n-d-801714-2 neutron-server[93820]: DEBUG neutron_lib.callbacks.manager [None req-0c432cd9-dc2f-47d0-9d5d-14bbfe8e4ad7 admin admin] Notify callbacks ['neutron.plugins.ml2.ovo_rpc._ObjectChangeHandler.handle_event-525015'] for security_group, after_delete {{(pid=93820) _notify_loop /usr/local/lib/python3.8/dist-packages/neutron_lib/callbacks/manager.py:192}}
Jul 26 14:27:09.434579 n-d-801714-2 neutron-server[93820]: DEBUG neutron_lib.callbacks.manager [None req-0c432cd9-dc2f-47d0-9d5d-14bbfe8e4ad7 admin admin] Notify callbacks [] for security_group, before_response {{(pid=93820) _notify_loop /usr/local/lib/python3.8/dist-packages/neutron_lib/callbacks/manager.py:192}}
Jul 26 14:27:09.439264 n-d-801714-2 neutron-server[93820]: INFO neutron.wsgi [None req-0c432cd9-dc2f-47d0-9d5d-14bbfe8e4ad7 admin admin] 10.222.0.23 "DELETE /v2.0/security-groups/4b309fe9-2ea6-41ae-b16d-fe03dc3d5ffb HTTP/1.1" status: 204 len: 168 time: 0.2741508
Jul 26 14:27:09.450723 n-d-801714-2 neutron-server[93820]: DEBUG neutron.api.rpc.handlers.resources_rpc [None req-0c432cd9-dc2f-47d0-9d5d-14bbfe8e4ad7 admin admin] Pushing event deleted for resources: {'SecurityGroup': ['ID=4b309fe9-2ea6-41ae-b16d-fe03dc3d5ffb,revision_number=None']} {{(pid=93820) push /opt/stack/neutron/neutron/api/rpc/handlers/resources_rpc.py:237}}
Jul 26 14:27:09.674037 n-d-801714-2 neutron-server[93821]: DEBUG neutron.api.rpc.handlers.resources_rpc [None req-83eead4e-8cee-4d44-b7b4-cd4f826c9064 tempest-AggregatesAdminTestJSON-1404837136 tempest-AggregatesAdminTestJSON-1404837136-project] Pushing event updated for resources: {'SecurityGroup': ['ID=e2fa83fd-9ff3-43d3-8387-6b366a02f4cf,revision_number=1']} {{(pid=93821) push /opt/stack/neutron/neutron/api/rpc/handlers/resources_rpc.py:237}}
Jul 26 14:27:09.754817 n-d-801714-2 neutron-server[93821]: DEBUG neutron.db.db_base_plugin_common [req-bb3af2a9-3303-4e71-b4e3-48b8517ae4a0 req-83eead4e-8cee-4d44-b7b4-cd4f826c9064 tempest-AggregatesAdminTestJSON-1404837136 tempest-AggregatesAdminTestJSON-1404837136-project] Allocated IP 192.168.233.22 (3509ac9d-65f2-443b-80a0-03fc3ad10f0b/d6779386-2ce5-466f-b912-1f58631da670/e2081bfd-af23-4fed-b84e-b582da1b9933) {{(pid=93821) _store_ip_allocation /opt/stack/neutron/neutron/db/db_base_plugin_common.py:131}}
Jul 26 14:27:10.200826 n-d-801714-2 neutron-server[93821]: DEBUG neutron_lib.callbacks.manager [req-bb3af2a9-3303-4e71-b4e3-48b8517ae4a0 req-83eead4e-8cee-4d44-b7b4-cd4f826c9064 tempest-AggregatesAdminTestJSON-1404837136 tempest-AggregatesAdminTestJSON-1404837136-project] Notify callbacks [] for port, precommit_create {{(pid=93821) _notify_loop /usr/local/lib/python3.8/dist-packages/neutron_lib/callbacks/manager.py:192}}
Jul 26 14:27:10.239459 n-d-801714-2 neutron-server[93821]: DEBUG neutron.db.provisioning_blocks [req-bb3af2a9-3303-4e71-b4e3-48b8517ae4a0 req-83eead4e-8cee-4d44-b7b4-cd4f826c9064 tempest-AggregatesAdminTestJSON-1404837136 tempest-AggregatesAdminTestJSON-1404837136-project] Transition to ACTIVE for port object e2081bfd-af23-4fed-b84e-b582da1b9933 will not be triggered until provisioned by entity DHCP. {{(pid=93821) add_provisioning_component /opt/stack/neutron/neutron/db/provisioning_blocks.py:73}}
Jul 26 14:27:10.295653 n-d-801714-2 neutron-server[93821]: DEBUG neutron.pecan_wsgi.hooks.policy_enforcement [req-a74272db-9576-4add-8cce-d63adf56789b req-032b8e1c-9ba4-4f2c-a73f-279b0b1db2dc tempest-DeleteServersAdminTestJSON-1393989259 tempest-DeleteServersAdminTestJSON-1393989259-project] Attributes excluded by policy engine: ['standard_attr_id', 'binding:profile', 'binding:host_id', 'binding:vif_type', 'binding:vif_details'] {{(pid=93821) _exclude_attributes_by_policy /opt/stack/neutron/neutron/pecan_wsgi/hooks/policy_enforcement.py:255}}
Jul 26 14:27:10.297318 n-d-801714-2 neutron-server[93821]: INFO neutron.wsgi [req-a74272db-9576-4add-8cce-d63adf56789b req-032b8e1c-9ba4-4f2c-a73f-279b0b1db2dc tempest-DeleteServersAdminTestJSON-1393989259 tempest-DeleteServersAdminTestJSON-1393989259-project] 10.222.0.23 "GET /v2.0/ports?device_id=3b886785-4b89-4aae-8875-d6c78b105b93 HTTP/1.1" status: 200 len: 936 time: 0.1719303
Jul 26 14:27:10.356730 n-d-801714-2 neutron-server[93821]: INFO neutron.wsgi [req-a74272db-9576-4add-8cce-d63adf56789b req-b8914878-a2ea-4d44-bf06-7229061785c5 tempest-DeleteServersAdminTestJSON-1393989259 tempest-DeleteServersAdminTestJSON-1393989259-project] 10.222.0.23 "GET /v2.0/security-groups?id=afeca2cc-9e34-43e9-bc68-a7e1e02bf15a&fields=id&fields=name HTTP/1.1" status: 200 len: 286 time: 0.0447772
Jul 26 14:27:10.357867 n-d-801714-2 neutron-server[93821]: DEBUG neutron_lib.callbacks.manager [req-bb3af2a9-3303-4e71-b4e3-48b8517ae4a0 req-83eead4e-8cee-4d44-b7b4-cd4f826c9064 tempest-AggregatesAdminTestJSON-1404837136 tempest-AggregatesAdminTestJSON-1404837136-project] Notify callbacks ['neutron.plugins.ml2.plugin.SecurityGroupServerNotifierRpcMixin._notify_sg_on_port_change-8379050', 'neutron.plugins.ml2.ovo_rpc._ObjectChangeHandler.handle_event-421023', 'neutron.api.rpc.agentnotifiers.dhcp_rpc_agent_api.DhcpAgentNotifyAPI._native_event_send_dhcp_notification-597434', 'neutron.db.l3_dvrscheduler_db._notify_l3_agent_new_port-8735144850405'] for port, after_create {{(pid=93821) _notify_loop /usr/local/lib/python3.8/dist-packages/neutron_lib/callbacks/manager.py:192}}
Jul 26 14:27:10.530702 n-d-801714-2 neutron-server[93820]: DEBUG neutron.api.v2.base [req-9766c2ea-fc36-4671-97b8-fc4c0fa7860a req-d26a670a-d385-42f3-a39d-49f717356ed4 service neutron] Request body: {'port': {'device_id': '3b886785-4b89-4aae-8875-d6c78b105b93', 'device_owner': 'compute:nova', 'binding:host_id': 'n-h1-801714-2'}} {{(pid=93820) prepare_request_body /opt/stack/neutron/neutron/api/v2/base.py:729}}
Jul 26 14:27:10.716264 n-d-801714-2 neutron-server[93821]: DEBUG neutron.scheduler.dhcp_agent_scheduler [req-bb3af2a9-3303-4e71-b4e3-48b8517ae4a0 req-83eead4e-8cee-4d44-b7b4-cd4f826c9064 tempest-AggregatesAdminTestJSON-1404837136 tempest-AggregatesAdminTestJSON-1404837136-project] Network 3509ac9d-65f2-443b-80a0-03fc3ad10f0b is already hosted by enough agents. {{(pid=93821) _get_dhcp_agents_hosting_network /opt/stack/neutron/neutron/scheduler/dhcp_agent_scheduler.py:275}}
Jul 26 14:27:10.750366 n-d-801714-2 neutron-server[93820]: DEBUG neutron_lib.callbacks.manager [req-9766c2ea-fc36-4671-97b8-fc4c0fa7860a req-d26a670a-d385-42f3-a39d-49f717356ed4 service neutron] Notify callbacks ['neutron.plugins.ml2.plugin.SecurityGroupDbMixin._ensure_default_security_group_handler-7969895'] for port, before_update {{(pid=93820) _notify_loop /usr/local/lib/python3.8/dist-packages/neutron_lib/callbacks/manager.py:192}}
Jul 26 14:27:10.757154 n-d-801714-2 neutron-server[93821]: DEBUG neutron.scheduler.base_scheduler [req-bb3af2a9-3303-4e71-b4e3-48b8517ae4a0 req-83eead4e-8cee-4d44-b7b4-cd4f826c9064 tempest-AggregatesAdminTestJSON-1404837136 tempest-AggregatesAdminTestJSON-1404837136-project] Resources bound (agent type, host, resource id): {{(pid=93821) schedule /opt/stack/neutron/neutron/scheduler/base_scheduler.py:57}}
Jul 26 14:27:10.808962 n-d-801714-2 neutron-server[93821]: DEBUG neutron.db.l3_dvrscheduler_db [req-bb3af2a9-3303-4e71-b4e3-48b8517ae4a0 req-83eead4e-8cee-4d44-b7b4-cd4f826c9064 tempest-AggregatesAdminTestJSON-1404837136 tempest-AggregatesAdminTestJSON-1404837136-project] Received port after_create {{(pid=93821) _notify_l3_agent_new_port /opt/stack/neutron/neutron/db/l3_dvrscheduler_db.py:535}}
Jul 26 14:27:10.808962 n-d-801714-2 neutron-server[93821]: DEBUG neutron.pecan_wsgi.hooks.policy_enforcement [req-bb3af2a9-3303-4e71-b4e3-48b8517ae4a0 req-83eead4e-8cee-4d44-b7b4-cd4f826c9064 tempest-AggregatesAdminTestJSON-1404837136 tempest-AggregatesAdminTestJSON-1404837136-project] Attributes excluded by policy engine: ['standard_attr_id', 'binding:profile', 'binding:host_id', 'binding:vif_type', 'binding:vif_details', 'network'] {{(pid=93821) _exclude_attributes_by_policy /opt/stack/neutron/neutron/pecan_wsgi/hooks/policy_enforcement.py:255}}
Jul 26 14:27:10.823297 n-d-801714-2 neutron-server[93821]: DEBUG neutron_lib.callbacks.manager [req-bb3af2a9-3303-4e71-b4e3-48b8517ae4a0 req-83eead4e-8cee-4d44-b7b4-cd4f826c9064 tempest-AggregatesAdminTestJSON-1404837136 tempest-AggregatesAdminTestJSON-1404837136-project] Notify callbacks ['neutron.notifiers.nova.Notifier._send_nova_notification-490237', 'neutron.api.rpc.agentnotifiers.dhcp_rpc_agent_api.DhcpAgentNotifyAPI._send_dhcp_notification-597380'] for port, before_response {{(pid=93821) _notify_loop /usr/local/lib/python3.8/dist-packages/neutron_lib/callbacks/manager.py:192}}
Jul 26 14:27:10.844591 n-d-801714-2 neutron-server[93821]: DEBUG neutron.api.rpc.handlers.resources_rpc [None req-83eead4e-8cee-4d44-b7b4-cd4f826c9064 tempest-AggregatesAdminTestJSON-1404837136 tempest-AggregatesAdminTestJSON-1404837136-project] Pushing event updated for resources: {'Port': ['ID=e2081bfd-af23-4fed-b84e-b582da1b9933,revision_number=1']} {{(pid=93821) push /opt/stack/neutron/neutron/api/rpc/handlers/resources_rpc.py:237}}
Jul 26 14:27:10.908110 n-d-801714-2 neutron-server[93821]: DEBUG neutron.pecan_wsgi.hooks.policy_enforcement [req-0a5e0101-1c71-4297-864f-7d32c4a97472 req-ca145856-a566-4736-b056-e9a7aa02cf8b tempest-AggregatesAdminTestJSON-1404837136 tempest-AggregatesAdminTestJSON-1404837136-project] Attributes excluded by policy engine: ['standard_attr_id', 'binding:profile', 'binding:host_id', 'binding:vif_type', 'binding:vif_details'] {{(pid=93821) _exclude_attributes_by_policy /opt/stack/neutron/neutron/pecan_wsgi/hooks/policy_enforcement.py:255}}
Jul 26 14:27:10.913429 n-d-801714-2 neutron-server[93821]: INFO neutron.wsgi [req-0a5e0101-1c71-4297-864f-7d32c4a97472 req-ca145856-a566-4736-b056-e9a7aa02cf8b tempest-AggregatesAdminTestJSON-1404837136 tempest-AggregatesAdminTestJSON-1404837136-project] 10.222.0.23 "GET /v2.0/ports?device_id=f681ce30-cde0-4dce-b256-abb5cbe8395b HTTP/1.1" status: 200 len: 935 time: 0.3453107
Jul 26 14:27:10.919828 n-d-801714-2 neutron-server[93821]: INFO neutron.wsgi [req-bb3af2a9-3303-4e71-b4e3-48b8517ae4a0 req-83eead4e-8cee-4d44-b7b4-cd4f826c9064 tempest-AggregatesAdminTestJSON-1404837136 tempest-AggregatesAdminTestJSON-1404837136-project] 10.222.0.22 "POST /v2.0/ports HTTP/1.1" status: 201 len: 937 time: 2.7006078
Jul 26 14:27:11.014087 n-d-801714-2 neutron-server[93821]: INFO neutron.wsgi [req-0a5e0101-1c71-4297-864f-7d32c4a97472 req-a54e2a18-7fbd-482a-8a3e-537b5269eb72 tempest-AggregatesAdminTestJSON-1404837136 tempest-AggregatesAdminTestJSON-1404837136-project] 10.222.0.23 "GET /v2.0/security-groups?id=e2fa83fd-9ff3-43d3-8387-6b366a02f4cf&fields=id&fields=name HTTP/1.1" status: 200 len: 286 time: 0.0916457
Jul 26 14:27:11.026507 n-d-801714-2 neutron-server[93821]: DEBUG neutron.wsgi [-] (93821) accepted ('10.222.0.23', 37748) {{(pid=93821) server /usr/local/lib/python3.8/dist-packages/eventlet/wsgi.py:982}}
Jul 26 14:27:11.045673 n-d-801714-2 neutron-server[93821]: DEBUG neutron_lib.callbacks.manager [None req-82cc4bdb-0f85-4a38-8014-ed7167a39cca admin admin] Notify callbacks [] for security_group, before_create {{(pid=93821) _notify_loop /usr/local/lib/python3.8/dist-packages/neutron_lib/callbacks/manager.py:192}}
Jul 26 14:27:11.141669 n-d-801714-2 neutron-server[93822]: DEBUG neutron.db.provisioning_blocks [None req-dfcafad9-425c-4f3e-8c09-b6a593fb3d1d None None] Provisioning for port e2081bfd-af23-4fed-b84e-b582da1b9933 completed by entity DHCP. {{(pid=93822) provisioning_complete /opt/stack/neutron/neutron/db/provisioning_blocks.py:133}}
Jul 26 14:27:11.149771 n-d-801714-2 neutron-server[93822]: DEBUG neutron.db.provisioning_blocks [None req-dfcafad9-425c-4f3e-8c09-b6a593fb3d1d None None] Provisioning complete for port e2081bfd-af23-4fed-b84e-b582da1b9933 triggered by entity DHCP. {{(pid=93822) provisioning_complete /opt/stack/neutron/neutron/db/provisioning_blocks.py:139}}
Jul 26 14:27:11.150748 n-d-801714-2 neutron-server[93822]: DEBUG neutron_lib.callbacks.manager [None req-dfcafad9-425c-4f3e-8c09-b6a593fb3d1d None None] Notify callbacks ['neutron.plugins.ml2.plugin.Ml2Plugin._port_provisioned-8338463'] for port, provisioning_complete {{(pid=93822) _notify_loop /usr/local/lib/python3.8/dist-packages/neutron_lib/callbacks/manager.py:192}}
Jul 26 14:27:11.167434 n-d-801714-2 neutron-server[93821]: DEBUG neutron_lib.callbacks.manager [None req-82cc4bdb-0f85-4a38-8014-ed7167a39cca admin admin] Notify callbacks [] for security_group, precommit_create {{(pid=93821) _notify_loop /usr/local/lib/python3.8/dist-packages/neutron_lib/callbacks/manager.py:192}}
Jul 26 14:27:11.174969 n-d-801714-2 neutron-server[93821]: DEBUG neutron_lib.callbacks.manager [None req-82cc4bdb-0f85-4a38-8014-ed7167a39cca admin admin] Notify callbacks ['neutron.plugins.ml2.ovo_rpc._ObjectChangeHandler.handle_event-525015'] for security_group, after_create {{(pid=93821) _notify_loop /usr/local/lib/python3.8/dist-packages/neutron_lib/callbacks/manager.py:192}}
Jul 26 14:27:11.228200 n-d-801714-2 neutron-server[93821]: DEBUG neutron.api.rpc.handlers.resources_rpc [None req-82cc4bdb-0f85-4a38-8014-ed7167a39cca admin admin] Pushing event updated for resources: {'SecurityGroup': ['ID=4003df15-54c7-4c04-9bea-d1aedac840e9,revision_number=1']} {{(pid=93821) push /opt/stack/neutron/neutron/api/rpc/handlers/resources_rpc.py:237}}
Jul 26 14:27:11.234454 n-d-801714-2 neutron-server[93822]: DEBUG neutron.plugins.ml2.plugin [None req-dfcafad9-425c-4f3e-8c09-b6a593fb3d1d None None] Port e2081bfd-af23-4fed-b84e-b582da1b9933 cannot update to ACTIVE because it is not bound. {{(pid=93822) _port_provisioned /opt/stack/neutron/neutron/plugins/ml2/plugin.py:337}}
Jul 26 14:27:11.270947 n-d-801714-2 neutron-server[93821]: INFO neutron.wsgi [None req-82cc4bdb-0f85-4a38-8014-ed7167a39cca admin admin] 10.222.0.23 "GET /v2.0/security-groups?tenant_id=1b53b386c7124019bae39807f7fad680&name=default HTTP/1.1" status: 200 len: 2976 time: 0.2409084
Jul 26 14:27:11.272241 n-d-801714-2 neutron-server[93820]: DEBUG neutron.wsgi [-] (93820) accepted ('10.222.0.23', 37752) {{(pid=93820) server /usr/local/lib/python3.8/dist-packages/eventlet/wsgi.py:982}}
Jul 26 14:27:11.372048 n-d-801714-2 neutron-server[93821]: DEBUG neutron.wsgi [-] (93821) accepted ('10.222.0.23', 37758) {{(pid=93821) server /usr/local/lib/python3.8/dist-packages/eventlet/wsgi.py:982}}
Jul 26 14:27:11.609436 n-d-801714-2 neutron-server[93820]: DEBUG neutron.notifiers.nova [req-9766c2ea-fc36-4671-97b8-fc4c0fa7860a req-d26a670a-d385-42f3-a39d-49f717356ed4 service neutron] Ignoring state change previous_port_status: DOWN current_port_status: DOWN port_id ce79b149-8e7e-44ed-a962-5537b2b3b09d {{(pid=93820) record_port_status_changed /opt/stack/neutron/neutron/notifiers/nova.py:224}}
Jul 26 14:27:11.616900 n-d-801714-2 neutron-server[93820]: DEBUG neutron_lib.callbacks.manager [req-9766c2ea-fc36-4671-97b8-fc4c0fa7860a req-d26a670a-d385-42f3-a39d-49f717356ed4 service neutron] Notify callbacks [] for port, precommit_update {{(pid=93820) _notify_loop /usr/local/lib/python3.8/dist-packages/neutron_lib/callbacks/manager.py:192}}
Jul 26 14:27:11.638917 n-d-801714-2 neutron-server[93820]: DEBUG neutron.db.provisioning_blocks [req-9766c2ea-fc36-4671-97b8-fc4c0fa7860a req-d26a670a-d385-42f3-a39d-49f717356ed4 service neutron] Transition to ACTIVE for port object ce79b149-8e7e-44ed-a962-5537b2b3b09d will not be triggered until provisioned by entity L2. {{(pid=93820) add_provisioning_component /opt/stack/neutron/neutron/db/provisioning_blocks.py:73}}
Jul 26 14:27:11.647575 n-d-801714-2 neutron-server[93820]: DEBUG neutron_lib.callbacks.manager [req-9766c2ea-fc36-4671-97b8-fc4c0fa7860a req-d26a670a-d385-42f3-a39d-49f717356ed4 service neutron] Notify callbacks ['neutron.plugins.ml2.plugin.SecurityGroupServerNotifierRpcMixin._notify_sg_on_port_change-8379050', 'neutron.plugins.ml2.ovo_rpc._ObjectChangeHandler.handle_event-421023', 'neutron.api.rpc.agentnotifiers.dhcp_rpc_agent_api.DhcpAgentNotifyAPI._native_event_send_dhcp_notification-597434', 'neutron.db.l3_db.L3RpcNotifierMixin._notify_gateway_port_ip_changed-8735145225966', 'neutron.db.l3_dvrscheduler_db._notify_l3_agent_port_update-8735144850423', 'neutron.db.l3_hascheduler_db._notify_l3_agent_ha_port_update-8735144848909'] for port, after_update {{(pid=93820) _notify_loop /usr/local/lib/python3.8/dist-packages/neutron_lib/callbacks/manager.py:192}}
Jul 26 14:27:11.701171 n-d-801714-2 neutron-server[93821]: DEBUG neutron.pecan_wsgi.hooks.policy_enforcement [req-34f9e0e3-36ca-44c9-9d55-d16aef050d1c req-caab3e61-bbdc-4ea9-9d99-c63f9c9d728a tempest-DeleteServersAdminTestJSON-1393989259 tempest-DeleteServersAdminTestJSON-1393989259-project] Attributes excluded by policy engine: ['standard_attr_id', 'binding:profile', 'binding:host_id', 'binding:vif_type', 'binding:vif_details'] {{(pid=93821) _exclude_attributes_by_policy /opt/stack/neutron/neutron/pecan_wsgi/hooks/policy_enforcement.py:255}}
