Jul 13 19:20:54.639902 n-d-800708-1 devstack@placement-api.service[94248]: DEBUG placement.objects.research_context [req-2e66c2f0-1fbc-4191-a356-a65c32f79d6a req-a8647796-7ee7-4727-905b-08267dcffd6c service placement] getting providers with 1 DISK_GB {{(pid=94248) __init__ /opt/stack/placement/placement/objects/research_context.py:126}}
Jul 13 19:20:54.647049 n-d-800708-1 devstack@placement-api.service[94248]: DEBUG placement.objects.research_context [req-2e66c2f0-1fbc-4191-a356-a65c32f79d6a req-a8647796-7ee7-4727-905b-08267dcffd6c service placement] getting providers with 1024 MEMORY_MB {{(pid=94248) __init__ /opt/stack/placement/placement/objects/research_context.py:126}}
Jul 13 19:20:54.663374 n-d-800708-1 devstack@placement-api.service[94248]: DEBUG placement.objects.research_context [req-2e66c2f0-1fbc-4191-a356-a65c32f79d6a req-a8647796-7ee7-4727-905b-08267dcffd6c service placement] getting providers with 1 VCPU {{(pid=94248) __init__ /opt/stack/placement/placement/objects/research_context.py:126}}
Jul 13 19:20:54.669854 n-d-800708-1 devstack@placement-api.service[94248]: DEBUG placement.objects.research_context [req-2e66c2f0-1fbc-4191-a356-a65c32f79d6a req-a8647796-7ee7-4727-905b-08267dcffd6c service placement] found 2 providers with available 1 DISK_GB {{(pid=94248) get_provider_ids_matching /opt/stack/placement/placement/objects/research_context.py:549}}
Jul 13 19:20:54.670341 n-d-800708-1 devstack@placement-api.service[94248]: DEBUG placement.objects.research_context [req-2e66c2f0-1fbc-4191-a356-a65c32f79d6a req-a8647796-7ee7-4727-905b-08267dcffd6c service placement] found 2 providers with available 1024 MEMORY_MB {{(pid=94248) get_provider_ids_matching /opt/stack/placement/placement/objects/research_context.py:549}}
Jul 13 19:20:54.670804 n-d-800708-1 devstack@placement-api.service[94248]: DEBUG placement.objects.research_context [req-2e66c2f0-1fbc-4191-a356-a65c32f79d6a req-a8647796-7ee7-4727-905b-08267dcffd6c service placement] found 2 providers after filtering by previous result {{(pid=94248) get_provider_ids_matching /opt/stack/placement/placement/objects/research_context.py:580}}
Jul 13 19:20:54.671236 n-d-800708-1 devstack@placement-api.service[94248]: DEBUG placement.objects.research_context [req-2e66c2f0-1fbc-4191-a356-a65c32f79d6a req-a8647796-7ee7-4727-905b-08267dcffd6c service placement] found 2 providers with available 1 VCPU {{(pid=94248) get_provider_ids_matching /opt/stack/placement/placement/objects/research_context.py:549}}
Jul 13 19:20:54.671495 n-d-800708-1 devstack@placement-api.service[94248]: DEBUG placement.objects.research_context [req-2e66c2f0-1fbc-4191-a356-a65c32f79d6a req-a8647796-7ee7-4727-905b-08267dcffd6c service placement] found 2 providers after filtering by previous result {{(pid=94248) get_provider_ids_matching /opt/stack/placement/placement/objects/research_context.py:580}}
Jul 13 19:20:54.689204 n-d-800708-1 devstack@placement-api.service[94248]: DEBUG placement.objects.allocation_candidate [req-2e66c2f0-1fbc-4191-a356-a65c32f79d6a req-a8647796-7ee7-4727-905b-08267dcffd6c service placement] RequestGroup(use_same_provider=False, resources={DISK_GB:1, MEMORY_MB:1024, VCPU:1}, traits=[], aggregates=[]) (suffix '') returned 2 matches {{(pid=94248) _get_by_requests /opt/stack/placement/placement/objects/allocation_candidate.py:145}}
Jul 13 19:20:54.689578 n-d-800708-1 devstack@placement-api.service[94248]: DEBUG placement.objects.allocation_candidate [req-2e66c2f0-1fbc-4191-a356-a65c32f79d6a req-a8647796-7ee7-4727-905b-08267dcffd6c service placement] Merging candidates yields 2 allocation requests and 2 provider summaries {{(pid=94248) _merge_candidates /opt/stack/placement/placement/objects/allocation_candidate.py:783}}
Jul 13 19:20:54.699264 n-d-800708-1 devstack@placement-api.service[94248]: INFO placement.requestlog [req-2e66c2f0-1fbc-4191-a356-a65c32f79d6a req-a8647796-7ee7-4727-905b-08267dcffd6c service placement] 10.222.0.25 "GET /placement/allocation_candidates?limit=1000&resources=DISK_GB%3A1%2CMEMORY_MB%3A1024%2CVCPU%3A1&root_required=%21COMPUTE_STATUS_DISABLED" status: 200 len: 1309 microversion: 1.35
Jul 13 19:20:54.699500 n-d-800708-1 devstack@placement-api.service[94248]: [pid: 94248|app: 0|req: 48/96] 10.222.0.25 () {60 vars in 1507 bytes} [Tue Jul 13 19:20:54 2021] GET /placement/allocation_candidates?limit=1000&resources=DISK_GB%3A1%2CMEMORY_MB%3A1024%2CVCPU%3A1&root_required=%21COMPUTE_STATUS_DISABLED => generated 1309 bytes in 124 msecs (HTTP/1.1 200) 8 headers in 297 bytes (1 switches on core 0)
Jul 13 19:20:54.799421 n-d-800708-1 devstack@placement-api.service[94249]: DEBUG placement.requestlog [req-2e66c2f0-1fbc-4191-a356-a65c32f79d6a req-0498a5a1-57c2-46b6-814a-fe990b05db68 None None] Starting request: 10.222.0.25 "GET /placement/allocations/dab58196-62d1-4cb8-b1ba-8bf49d48b482" {{(pid=94249) __call__ /opt/stack/placement/placement/requestlog.py:55}}
Jul 13 19:20:54.814446 n-d-800708-1 devstack@placement-api.service[94249]: INFO placement.requestlog [req-2e66c2f0-1fbc-4191-a356-a65c32f79d6a req-0498a5a1-57c2-46b6-814a-fe990b05db68 service placement] 10.222.0.25 "GET /placement/allocations/dab58196-62d1-4cb8-b1ba-8bf49d48b482" status: 200 len: 19 microversion: 1.28
Jul 13 19:20:54.815332 n-d-800708-1 devstack@placement-api.service[94249]: [pid: 94249|app: 0|req: 49/97] 10.222.0.25 () {60 vars in 1381 bytes} [Tue Jul 13 19:20:54 2021] GET /placement/allocations/dab58196-62d1-4cb8-b1ba-8bf49d48b482 => generated 19 bytes in 16 msecs (HTTP/1.1 200) 8 headers in 295 bytes (1 switches on core 0)
Jul 13 19:20:54.836640 n-d-800708-1 devstack@placement-api.service[94248]: DEBUG placement.requestlog [req-2e66c2f0-1fbc-4191-a356-a65c32f79d6a req-254ba7c1-1648-4850-9ba0-39ba61cfe5a1 None None] Starting request: 10.222.0.25 "PUT /placement/allocations/dab58196-62d1-4cb8-b1ba-8bf49d48b482" {{(pid=94248) __call__ /opt/stack/placement/placement/requestlog.py:55}}
Jul 13 19:20:54.970977 n-d-800708-1 devstack@placement-api.service[94248]: DEBUG placement.handlers.allocation [req-2e66c2f0-1fbc-4191-a356-a65c32f79d6a req-254ba7c1-1648-4850-9ba0-39ba61cfe5a1 service placement] Successfully wrote allocations [, , ] {{(pid=94248) _create_allocations /opt/stack/placement/placement/handlers/allocation.py:435}}
Jul 13 19:20:54.971678 n-d-800708-1 devstack@placement-api.service[94248]: INFO placement.requestlog [req-2e66c2f0-1fbc-4191-a356-a65c32f79d6a req-254ba7c1-1648-4850-9ba0-39ba61cfe5a1 service placement] 10.222.0.25 "PUT /placement/allocations/dab58196-62d1-4cb8-b1ba-8bf49d48b482" status: 204 len: 0 microversion: 1.35
Jul 13 19:20:54.973816 n-d-800708-1 devstack@placement-api.service[94248]: [pid: 94248|app: 0|req: 49/98] 10.222.0.25 () {64 vars in 1434 bytes} [Tue Jul 13 19:20:54 2021] PUT /placement/allocations/dab58196-62d1-4cb8-b1ba-8bf49d48b482 => generated 0 bytes in 136 msecs (HTTP/1.1 204) 5 headers in 199 bytes (1 switches on core 0)
Jul 13 19:20:55.478487 n-d-800708-1 devstack@placement-api.service[94249]: DEBUG placement.requestlog [req-2e66c2f0-1fbc-4191-a356-a65c32f79d6a req-721c05b4-9417-445a-8cae-6b6f99101a8a None None] Starting request: 10.222.0.60 "GET /placement/allocations/dab58196-62d1-4cb8-b1ba-8bf49d48b482" {{(pid=94249) __call__ /opt/stack/placement/placement/requestlog.py:55}}
Jul 13 19:20:55.500493 n-d-800708-1 devstack@placement-api.service[94249]: INFO placement.requestlog [req-2e66c2f0-1fbc-4191-a356-a65c32f79d6a req-721c05b4-9417-445a-8cae-6b6f99101a8a service placement] 10.222.0.60 "GET /placement/allocations/dab58196-62d1-4cb8-b1ba-8bf49d48b482" status: 200 len: 259 microversion: 1.28
Jul 13 19:20:55.502390 n-d-800708-1 devstack@placement-api.service[94249]: [pid: 94249|app: 0|req: 50/99] 10.222.0.60 () {60 vars in 1378 bytes} [Tue Jul 13 19:20:55 2021] GET /placement/allocations/dab58196-62d1-4cb8-b1ba-8bf49d48b482 => generated 259 bytes in 24 msecs (HTTP/1.1 200) 8 headers in 296 bytes (1 switches on core 0)
Jul 13 19:20:59.794197 n-d-800708-1 devstack@placement-api.service[94248]: DEBUG placement.requestlog [req-e496dcfb-1cec-4256-999e-9651e18a8997 req-3a607de3-4f84-49e7-bdc3-76fb7cd1f835 None None] Starting request: 10.222.0.60 "GET /placement/allocations/f91a28d6-0b86-4013-9fd8-8e4d957b73c2" {{(pid=94248) __call__ /opt/stack/placement/placement/requestlog.py:55}}
Jul 13 19:20:59.825011 n-d-800708-1 devstack@placement-api.service[94248]: INFO placement.requestlog [req-e496dcfb-1cec-4256-999e-9651e18a8997 req-3a607de3-4f84-49e7-bdc3-76fb7cd1f835 service placement] 10.222.0.60 "GET /placement/allocations/f91a28d6-0b86-4013-9fd8-8e4d957b73c2" status: 200 len: 259 microversion: 1.28
Jul 13 19:20:59.826089 n-d-800708-1 devstack@placement-api.service[94248]: [pid: 94248|app: 0|req: 50/100] 10.222.0.60 () {60 vars in 1378 bytes} [Tue Jul 13 19:20:59 2021] GET /placement/allocations/f91a28d6-0b86-4013-9fd8-8e4d957b73c2 => generated 259 bytes in 32 msecs (HTTP/1.1 200) 8 headers in 296 bytes (1 switches on core 0)
Jul 13 19:20:59.832748 n-d-800708-1 devstack@placement-api.service[94249]: DEBUG placement.requestlog [req-e496dcfb-1cec-4256-999e-9651e18a8997 req-2aff7a98-e17e-4c1c-86ff-fef6ab13ff33 None None] Starting request: 10.222.0.60 "PUT /placement/allocations/f91a28d6-0b86-4013-9fd8-8e4d957b73c2" {{(pid=94249) __call__ /opt/stack/placement/placement/requestlog.py:55}}
Jul 13 19:20:59.917556 n-d-800708-1 devstack@placement-api.service[94249]: DEBUG placement.handlers.allocation [req-e496dcfb-1cec-4256-999e-9651e18a8997 req-2aff7a98-e17e-4c1c-86ff-fef6ab13ff33 service placement] Successfully wrote allocations [, , ] {{(pid=94249) _create_allocations /opt/stack/placement/placement/handlers/allocation.py:435}}
Jul 13 19:20:59.919359 n-d-800708-1 devstack@placement-api.service[94249]: INFO placement.requestlog [req-e496dcfb-1cec-4256-999e-9651e18a8997 req-2aff7a98-e17e-4c1c-86ff-fef6ab13ff33 service placement] 10.222.0.60 "PUT /placement/allocations/f91a28d6-0b86-4013-9fd8-8e4d957b73c2" status: 204 len: 0 microversion: 1.28
Jul 13 19:20:59.924574 n-d-800708-1 devstack@placement-api.service[94249]: [pid: 94249|app: 0|req: 51/101] 10.222.0.60 () {64 vars in 1431 bytes} [Tue Jul 13 19:20:59 2021] PUT /placement/allocations/f91a28d6-0b86-4013-9fd8-8e4d957b73c2 => generated 0 bytes in 93 msecs (HTTP/1.1 204) 5 headers in 199 bytes (1 switches on core 0)
Jul 13 19:21:02.892102 n-d-800708-1 devstack@placement-api.service[94248]: DEBUG placement.requestlog [req-8047b655-b67c-4699-b926-dfaf38bb2096 req-066bd185-8efa-4ced-af65-57572efe61dd None None] Starting request: 10.222.0.60 "GET /placement/resource_providers/d157b285-e86f-411d-af95-fdc92a8fd23e/allocations" {{(pid=94248) __call__ /opt/stack/placement/placement/requestlog.py:55}}
Jul 13 19:21:02.912506 n-d-800708-1 devstack@placement-api.service[94248]: INFO placement.requestlog [req-8047b655-b67c-4699-b926-dfaf38bb2096 req-066bd185-8efa-4ced-af65-57572efe61dd service placement] 10.222.0.60 "GET /placement/resource_providers/d157b285-e86f-411d-af95-fdc92a8fd23e/allocations" status: 200 len: 356 microversion: 1.0
Jul 13 19:21:02.912872 n-d-800708-1 devstack@placement-api.service[94248]: [pid: 94248|app: 0|req: 51/102] 10.222.0.60 () {58 vars in 1391 bytes} [Tue Jul 13 19:21:02 2021] GET /placement/resource_providers/d157b285-e86f-411d-af95-fdc92a8fd23e/allocations => generated 356 bytes in 21 msecs (HTTP/1.1 200) 6 headers in 224 bytes (1 switches on core 0)
Jul 13 19:21:03.290989 n-d-800708-1 devstack@placement-api.service[94249]: DEBUG placement.requestlog [req-8047b655-b67c-4699-b926-dfaf38bb2096 req-ec316942-3ff3-4ac8-a957-a8714146c310 None None] Starting request: 10.222.0.60 "GET /placement/allocations/e2f51350-2d5b-4703-bcdb-0cf5d3bd19e2" {{(pid=94249) __call__ /opt/stack/placement/placement/requestlog.py:55}}
Jul 13 19:21:03.334627 n-d-800708-1 devstack@placement-api.service[94249]: INFO placement.requestlog [req-8047b655-b67c-4699-b926-dfaf38bb2096 req-ec316942-3ff3-4ac8-a957-a8714146c310 service placement] 10.222.0.60 "GET /placement/allocations/e2f51350-2d5b-4703-bcdb-0cf5d3bd19e2" status: 200 len: 259 microversion: 1.28
Jul 13 19:21:03.334864 n-d-800708-1 devstack@placement-api.service[94249]: [pid: 94249|app: 0|req: 52/103] 10.222.0.60 () {60 vars in 1378 bytes} [Tue Jul 13 19:21:03 2021] GET /placement/allocations/e2f51350-2d5b-4703-bcdb-0cf5d3bd19e2 => generated 259 bytes in 44 msecs (HTTP/1.1 200) 8 headers in 296 bytes (1 switches on core 0)
Jul 13 19:21:03.343145 n-d-800708-1 devstack@placement-api.service[94248]: DEBUG placement.requestlog [req-8047b655-b67c-4699-b926-dfaf38bb2096 req-3bcc5e5b-b5c4-4362-a33a-ddc4d99d022f None None] Starting request: 10.222.0.60 "PUT /placement/allocations/e2f51350-2d5b-4703-bcdb-0cf5d3bd19e2" {{(pid=94248) __call__ /opt/stack/placement/placement/requestlog.py:55}}
Jul 13 19:21:03.498971 n-d-800708-1 devstack@placement-api.service[94248]: DEBUG placement.handlers.allocation [req-8047b655-b67c-4699-b926-dfaf38bb2096 req-3bcc5e5b-b5c4-4362-a33a-ddc4d99d022f service placement] Successfully wrote allocations [, , ] {{(pid=94248) _create_allocations /opt/stack/placement/placement/handlers/allocation.py:435}}
Jul 13 19:21:03.500982 n-d-800708-1 devstack@placement-api.service[94248]: INFO placement.requestlog [req-8047b655-b67c-4699-b926-dfaf38bb2096 req-3bcc5e5b-b5c4-4362-a33a-ddc4d99d022f service placement] 10.222.0.60 "PUT /placement/allocations/e2f51350-2d5b-4703-bcdb-0cf5d3bd19e2" status: 204 len: 0 microversion: 1.28
Jul 13 19:21:03.501792 n-d-800708-1 devstack@placement-api.service[94248]: [pid: 94248|app: 0|req: 52/104] 10.222.0.60 () {64 vars in 1431 bytes} [Tue Jul 13 19:21:03 2021] PUT /placement/allocations/e2f51350-2d5b-4703-bcdb-0cf5d3bd19e2 => generated 0 bytes in 159 msecs (HTTP/1.1 204) 5 headers in 199 bytes (1 switches on core 0)
Jul 13 19:21:03.888153 n-d-800708-1 devstack@placement-api.service[94249]: DEBUG placement.requestlog [req-689f74b3-0afa-45f5-ad61-4ae0b5616e3d req-4efd0084-543a-4f22-8fb9-1a5784b9cc1c None None] Starting request: 10.222.0.60 "GET /placement/allocations/d9008881-b5fb-478e-a88d-95bc2f6b9ee5" {{(pid=94249) __call__ /opt/stack/placement/placement/requestlog.py:55}}
Jul 13 19:21:03.918761 n-d-800708-1 devstack@placement-api.service[94249]: INFO placement.requestlog [req-689f74b3-0afa-45f5-ad61-4ae0b5616e3d req-4efd0084-543a-4f22-8fb9-1a5784b9cc1c service placement] 10.222.0.60 "GET /placement/allocations/d9008881-b5fb-478e-a88d-95bc2f6b9ee5" status: 200 len: 259 microversion: 1.28
Jul 13 19:21:03.919666 n-d-800708-1 devstack@placement-api.service[94249]: [pid: 94249|app: 0|req: 53/105] 10.222.0.60 () {60 vars in 1378 bytes} [Tue Jul 13 19:21:03 2021] GET /placement/allocations/d9008881-b5fb-478e-a88d-95bc2f6b9ee5 => generated 259 bytes in 32 msecs (HTTP/1.1 200) 8 headers in 296 bytes (1 switches on core 0)
Jul 13 19:21:03.927647 n-d-800708-1 devstack@placement-api.service[94248]: DEBUG placement.requestlog [req-689f74b3-0afa-45f5-ad61-4ae0b5616e3d req-58fac7fa-99fc-4892-a2b3-fb3979830415 None None] Starting request: 10.222.0.60 "PUT /placement/allocations/d9008881-b5fb-478e-a88d-95bc2f6b9ee5" {{(pid=94248) __call__ /opt/stack/placement/placement/requestlog.py:55}}
Jul 13 19:21:04.001264 n-d-800708-1 devstack@placement-api.service[94248]: DEBUG placement.handlers.allocation [req-689f74b3-0afa-45f5-ad61-4ae0b5616e3d req-58fac7fa-99fc-4892-a2b3-fb3979830415 service placement] Successfully wrote allocations [, , ] {{(pid=94248) _create_allocations /opt/stack/placement/placement/handlers/allocation.py:435}}
Jul 13 19:21:04.001949 n-d-800708-1 devstack@placement-api.service[94248]: INFO placement.requestlog [req-689f74b3-0afa-45f5-ad61-4ae0b5616e3d req-58fac7fa-99fc-4892-a2b3-fb3979830415 service placement] 10.222.0.60 "PUT /placement/allocations/d9008881-b5fb-478e-a88d-95bc2f6b9ee5" status: 204 len: 0 microversion: 1.28
Jul 13 19:21:04.003901 n-d-800708-1 devstack@placement-api.service[94248]: [pid: 94248|app: 0|req: 53/106] 10.222.0.60 () {64 vars in 1431 bytes} [Tue Jul 13 19:21:03 2021] PUT /placement/allocations/d9008881-b5fb-478e-a88d-95bc2f6b9ee5 => generated 0 bytes in 76 msecs (HTTP/1.1 204) 5 headers in 199 bytes (1 switches on core 0)
Jul 13 19:21:05.506385 n-d-800708-1 devstack@placement-api.service[94249]: DEBUG placement.requestlog [req-906f3e70-90bc-47ab-bdad-a5961183787c req-eaa0f0df-e0d4-4e3b-a0fc-844f4b8c8c95 None None] Starting request: 10.222.0.25 "GET /placement/allocation_candidates?limit=1000&resources=DISK_GB%3A1%2CMEMORY_MB%3A1024%2CVCPU%3A1&root_required=%21COMPUTE_STATUS_DISABLED" {{(pid=94249) __call__ /opt/stack/placement/placement/requestlog.py:55}}
Jul 13 19:21:05.576511 n-d-800708-1 devstack@placement-api.service[94249]: DEBUG placement.objects.research_context [req-906f3e70-90bc-47ab-bdad-a5961183787c req-eaa0f0df-e0d4-4e3b-a0fc-844f4b8c8c95 service placement] getting providers with 1 DISK_GB {{(pid=94249) __init__ /opt/stack/placement/placement/objects/research_context.py:126}}
Jul 13 19:21:05.586478 n-d-800708-1 devstack@placement-api.service[94249]: DEBUG placement.objects.research_context [req-906f3e70-90bc-47ab-bdad-a5961183787c req-eaa0f0df-e0d4-4e3b-a0fc-844f4b8c8c95 service placement] getting providers with 1024 MEMORY_MB {{(pid=94249) __init__ /opt/stack/placement/placement/objects/research_context.py:126}}
Jul 13 19:21:05.595975 n-d-800708-1 devstack@placement-api.service[94249]: DEBUG placement.objects.research_context [req-906f3e70-90bc-47ab-bdad-a5961183787c req-eaa0f0df-e0d4-4e3b-a0fc-844f4b8c8c95 service placement] getting providers with 1 VCPU {{(pid=94249) __init__ /opt/stack/placement/placement/objects/research_context.py:126}}
Jul 13 19:21:05.602516 n-d-800708-1 devstack@placement-api.service[94249]: DEBUG placement.objects.research_context [req-906f3e70-90bc-47ab-bdad-a5961183787c req-eaa0f0df-e0d4-4e3b-a0fc-844f4b8c8c95 service placement] found 2 providers with available 1 DISK_GB {{(pid=94249) get_provider_ids_matching /opt/stack/placement/placement/objects/research_context.py:549}}
Jul 13 19:21:05.602788 n-d-800708-1 devstack@placement-api.service[94249]: DEBUG placement.objects.research_context [req-906f3e70-90bc-47ab-bdad-a5961183787c req-eaa0f0df-e0d4-4e3b-a0fc-844f4b8c8c95 service placement] found 2 providers with available 1024 MEMORY_MB {{(pid=94249) get_provider_ids_matching /opt/stack/placement/placement/objects/research_context.py:549}}
Jul 13 19:21:05.603211 n-d-800708-1 devstack@placement-api.service[94249]: DEBUG placement.objects.research_context [req-906f3e70-90bc-47ab-bdad-a5961183787c req-eaa0f0df-e0d4-4e3b-a0fc-844f4b8c8c95 service placement] found 2 providers after filtering by previous result {{(pid=94249) get_provider_ids_matching /opt/stack/placement/placement/objects/research_context.py:580}}
Jul 13 19:21:05.603636 n-d-800708-1 devstack@placement-api.service[94249]: DEBUG placement.objects.research_context [req-906f3e70-90bc-47ab-bdad-a5961183787c req-eaa0f0df-e0d4-4e3b-a0fc-844f4b8c8c95 service placement] found 2 providers with available 1 VCPU {{(pid=94249) get_provider_ids_matching /opt/stack/placement/placement/objects/research_context.py:549}}
Jul 13 19:21:05.603892 n-d-800708-1 devstack@placement-api.service[94249]: DEBUG placement.objects.research_context [req-906f3e70-90bc-47ab-bdad-a5961183787c req-eaa0f0df-e0d4-4e3b-a0fc-844f4b8c8c95 service placement] found 2 providers after filtering by previous result {{(pid=94249) get_provider_ids_matching /opt/stack/placement/placement/objects/research_context.py:580}}
Jul 13 19:21:05.620240 n-d-800708-1 devstack@placement-api.service[94249]: DEBUG placement.objects.allocation_candidate [req-906f3e70-90bc-47ab-bdad-a5961183787c req-eaa0f0df-e0d4-4e3b-a0fc-844f4b8c8c95 service placement] RequestGroup(use_same_provider=False, resources={DISK_GB:1, MEMORY_MB:1024, VCPU:1}, traits=[], aggregates=[]) (suffix '') returned 2 matches {{(pid=94249) _get_by_requests /opt/stack/placement/placement/objects/allocation_candidate.py:145}}
Jul 13 19:21:05.620595 n-d-800708-1 devstack@placement-api.service[94249]: DEBUG placement.objects.allocation_candidate [req-906f3e70-90bc-47ab-bdad-a5961183787c req-eaa0f0df-e0d4-4e3b-a0fc-844f4b8c8c95 service placement] Merging candidates yields 2 allocation requests and 2 provider summaries {{(pid=94249) _merge_candidates /opt/stack/placement/placement/objects/allocation_candidate.py:783}}
Jul 13 19:21:05.622580 n-d-800708-1 devstack@placement-api.service[94249]: INFO placement.requestlog [req-906f3e70-90bc-47ab-bdad-a5961183787c req-eaa0f0df-e0d4-4e3b-a0fc-844f4b8c8c95 service placement] 10.222.0.25 "GET /placement/allocation_candidates?limit=1000&resources=DISK_GB%3A1%2CMEMORY_MB%3A1024%2CVCPU%3A1&root_required=%21COMPUTE_STATUS_DISABLED" status: 200 len: 1309 microversion: 1.35
Jul 13 19:21:05.622818 n-d-800708-1 devstack@placement-api.service[94249]: [pid: 94249|app: 0|req: 54/107] 10.222.0.25 () {60 vars in 1507 bytes} [Tue Jul 13 19:21:05 2021] GET /placement/allocation_candidates?limit=1000&resources=DISK_GB%3A1%2CMEMORY_MB%3A1024%2CVCPU%3A1&root_required=%21COMPUTE_STATUS_DISABLED => generated 1309 bytes in 117 msecs (HTTP/1.1 200) 8 headers in 297 bytes (1 switches on core 0)
Jul 13 19:21:05.679445 n-d-800708-1 devstack@placement-api.service[94248]: DEBUG placement.requestlog [req-906f3e70-90bc-47ab-bdad-a5961183787c req-6050067e-6f18-4850-802e-87e3664409d0 None None] Starting request: 10.222.0.25 "GET /placement/allocations/5dadf8bd-7d2d-4b6e-afd8-f9373a23f99c" {{(pid=94248) __call__ /opt/stack/placement/placement/requestlog.py:55}}
Jul 13 19:21:05.695147 n-d-800708-1 devstack@placement-api.service[94248]: INFO placement.requestlog [req-906f3e70-90bc-47ab-bdad-a5961183787c req-6050067e-6f18-4850-802e-87e3664409d0 service placement] 10.222.0.25 "GET /placement/allocations/5dadf8bd-7d2d-4b6e-afd8-f9373a23f99c" status: 200 len: 19 microversion: 1.28
Jul 13 19:21:05.695511 n-d-800708-1 devstack@placement-api.service[94248]: [pid: 94248|app: 0|req: 54/108] 10.222.0.25 () {60 vars in 1381 bytes} [Tue Jul 13 19:21:05 2021] GET /placement/allocations/5dadf8bd-7d2d-4b6e-afd8-f9373a23f99c => generated 19 bytes in 16 msecs (HTTP/1.1 200) 8 headers in 295 bytes (1 switches on core 0)
Jul 13 19:21:05.701924 n-d-800708-1 devstack@placement-api.service[94249]: DEBUG placement.requestlog [req-906f3e70-90bc-47ab-bdad-a5961183787c req-112844cb-5044-480d-9b92-beb56198c81e None None] Starting request: 10.222.0.25 "PUT /placement/allocations/5dadf8bd-7d2d-4b6e-afd8-f9373a23f99c" {{(pid=94249) __call__ /opt/stack/placement/placement/requestlog.py:55}}
Jul 13 19:21:05.776084 n-d-800708-1 devstack@placement-api.service[94249]: DEBUG placement.handlers.allocation [req-906f3e70-90bc-47ab-bdad-a5961183787c req-112844cb-5044-480d-9b92-beb56198c81e service placement] Successfully wrote allocations [, , ] {{(pid=94249) _create_allocations /opt/stack/placement/placement/handlers/allocation.py:435}}
Jul 13 19:21:05.776714 n-d-800708-1 devstack@placement-api.service[94249]: INFO placement.requestlog [req-906f3e70-90bc-47ab-bdad-a5961183787c req-112844cb-5044-480d-9b92-beb56198c81e service placement] 10.222.0.25 "PUT /placement/allocations/5dadf8bd-7d2d-4b6e-afd8-f9373a23f99c" status: 204 len: 0 microversion: 1.35
Jul 13 19:21:05.777569 n-d-800708-1 devstack@placement-api.service[94249]: [pid: 94249|app: 0|req: 55/109] 10.222.0.25 () {64 vars in 1434 bytes} [Tue Jul 13 19:21:05 2021] PUT /placement/allocations/5dadf8bd-7d2d-4b6e-afd8-f9373a23f99c => generated 0 bytes in 76 msecs (HTTP/1.1 204) 5 headers in 199 bytes (1 switches on core 0)
Jul 13 19:21:06.133626 n-d-800708-1 devstack@placement-api.service[94248]: DEBUG placement.requestlog [req-0deb7be4-ccf1-42f8-9c18-d8c148cf208e req-1e17ccf7-3d45-4b30-a8c5-01010a9b27a4 None None] Starting request: 10.222.0.25 "GET /placement/resource_providers?name=n-h2-800708-1" {{(pid=94248) __call__ /opt/stack/placement/placement/requestlog.py:55}}
Jul 13 19:21:06.155750 n-d-800708-1 devstack@placement-api.service[94248]: INFO placement.requestlog [req-0deb7be4-ccf1-42f8-9c18-d8c148cf208e req-1e17ccf7-3d45-4b30-a8c5-01010a9b27a4 service placement] 10.222.0.25 "GET /placement/resource_providers?name=n-h2-800708-1" status: 200 len: 441 microversion: 1.0
Jul 13 19:21:06.160497 n-d-800708-1 devstack@placement-api.service[94248]: [pid: 94248|app: 0|req: 55/110] 10.222.0.25 () {58 vars in 1275 bytes} [Tue Jul 13 19:21:06 2021] GET /placement/resource_providers?name=n-h2-800708-1 => generated 441 bytes in 27 msecs (HTTP/1.1 200) 6 headers in 224 bytes (1 switches on core 0)
Jul 13 19:21:06.164720 n-d-800708-1 devstack@placement-api.service[94249]: DEBUG placement.requestlog [req-0deb7be4-ccf1-42f8-9c18-d8c148cf208e req-ab3a2e97-3124-4f37-b458-b584d1e32b6c None None] Starting request: 10.222.0.25 "GET /placement/resource_providers/d157b285-e86f-411d-af95-fdc92a8fd23e/aggregates" {{(pid=94249) __call__ /opt/stack/placement/placement/requestlog.py:55}}
Jul 13 19:21:06.182836 n-d-800708-1 devstack@placement-api.service[94249]: INFO placement.requestlog [req-0deb7be4-ccf1-42f8-9c18-d8c148cf208e req-ab3a2e97-3124-4f37-b458-b584d1e32b6c service placement] 10.222.0.25 "GET /placement/resource_providers/d157b285-e86f-411d-af95-fdc92a8fd23e/aggregates" status: 200 len: 54 microversion: 1.19
Jul 13 19:21:06.183302 n-d-800708-1 devstack@placement-api.service[94249]: [pid: 94249|app: 0|req: 56/111] 10.222.0.25 () {60 vars in 1426 bytes} [Tue Jul 13 19:21:06 2021] GET /placement/resource_providers/d157b285-e86f-411d-af95-fdc92a8fd23e/aggregates => generated 54 bytes in 19 msecs (HTTP/1.1 200) 8 headers in 295 bytes (1 switches on core 0)
Jul 13 19:21:06.189993 n-d-800708-1 devstack@placement-api.service[94248]: DEBUG placement.requestlog [req-0deb7be4-ccf1-42f8-9c18-d8c148cf208e req-afbc22fe-bea1-49f3-b4ae-6461b82798aa None None] Starting request: 10.222.0.25 "PUT /placement/resource_providers/d157b285-e86f-411d-af95-fdc92a8fd23e/aggregates" {{(pid=94248) __call__ /opt/stack/placement/placement/requestlog.py:55}}
Jul 13 19:21:06.199337 n-d-800708-1 devstack@placement-api.service[94249]: DEBUG placement.requestlog [req-906f3e70-90bc-47ab-bdad-a5961183787c req-b59c6944-4c75-4ae7-9dda-63ea14ffcb44 None None] Starting request: 10.222.0.60 "GET /placement/allocations/5dadf8bd-7d2d-4b6e-afd8-f9373a23f99c" {{(pid=94249) __call__ /opt/stack/placement/placement/requestlog.py:55}}
Jul 13 19:21:06.208166 n-d-800708-1 devstack@placement-api.service[94248]: DEBUG placement.objects.resource_provider [req-0deb7be4-ccf1-42f8-9c18-d8c148cf208e req-afbc22fe-bea1-49f3-b4ae-6461b82798aa service placement] _ensure_aggregate() did not find aggregate 2096346b-4123-4492-9c24-e820e338048f. Attempting to create it. {{(pid=94248) _ensure_aggregate /opt/stack/placement/placement/objects/resource_provider.py:319}}
Jul 13 19:21:06.210734 n-d-800708-1 devstack@placement-api.service[94248]: DEBUG placement.objects.resource_provider [req-0deb7be4-ccf1-42f8-9c18-d8c148cf208e req-afbc22fe-bea1-49f3-b4ae-6461b82798aa service placement] _ensure_aggregate() created new aggregate 2096346b-4123-4492-9c24-e820e338048f (id=6). {{(pid=94248) _ensure_aggregate /opt/stack/placement/placement/objects/resource_provider.py:325}}
Jul 13 19:21:06.212942 n-d-800708-1 devstack@placement-api.service[94248]: DEBUG placement.objects.resource_provider [req-0deb7be4-ccf1-42f8-9c18-d8c148cf208e req-afbc22fe-bea1-49f3-b4ae-6461b82798aa service placement] Setting aggregates for provider d157b285-e86f-411d-af95-fdc92a8fd23e. Successfully associated aggregate 2096346b-4123-4492-9c24-e820e338048f. {{(pid=94248) _set_aggregates /opt/stack/placement/placement/objects/resource_provider.py:387}}
Jul 13 19:21:06.216736 n-d-800708-1 devstack@placement-api.service[94249]: INFO placement.requestlog [req-906f3e70-90bc-47ab-bdad-a5961183787c req-b59c6944-4c75-4ae7-9dda-63ea14ffcb44 service placement] 10.222.0.60 "GET /placement/allocations/5dadf8bd-7d2d-4b6e-afd8-f9373a23f99c" status: 200 len: 259 microversion: 1.28
Jul 13 19:21:06.217805 n-d-800708-1 devstack@placement-api.service[94249]: [pid: 94249|app: 0|req: 57/112] 10.222.0.60 () {60 vars in 1378 bytes} [Tue Jul 13 19:21:06 2021] GET /placement/allocations/5dadf8bd-7d2d-4b6e-afd8-f9373a23f99c => generated 259 bytes in 18 msecs (HTTP/1.1 200) 8 headers in 296 bytes (1 switches on core 0)
Jul 13 19:21:06.220225 n-d-800708-1 devstack@placement-api.service[94248]: INFO placement.requestlog [req-0deb7be4-ccf1-42f8-9c18-d8c148cf208e req-afbc22fe-bea1-49f3-b4ae-6461b82798aa service placement] 10.222.0.25 "PUT /placement/resource_providers/d157b285-e86f-411d-af95-fdc92a8fd23e/aggregates" status: 200 len: 92 microversion: 1.19
Jul 13 19:21:06.230100 n-d-800708-1 devstack@placement-api.service[94248]: [pid: 94248|app: 0|req: 56/113] 10.222.0.25 () {64 vars in 1478 bytes} [Tue Jul 13 19:21:06 2021] PUT /placement/resource_providers/d157b285-e86f-411d-af95-fdc92a8fd23e/aggregates => generated 92 bytes in 37 msecs (HTTP/1.1 200) 8 headers in 295 bytes (2 switches on core 0)
Jul 13 19:21:06.397479 n-d-800708-1 devstack@placement-api.service[94249]: DEBUG placement.requestlog [req-7752adfe-1207-4368-99f3-de715c1fee32 req-7a0017e9-143b-4ab6-b7a2-16b9be4a5938 None None] Starting request: 10.222.0.25 "GET /placement/resource_providers?name=n-h2-800708-1" {{(pid=94249) __call__ /opt/stack/placement/placement/requestlog.py:55}}
Jul 13 19:21:06.415743 n-d-800708-1 devstack@placement-api.service[94249]: INFO placement.requestlog [req-7752adfe-1207-4368-99f3-de715c1fee32 req-7a0017e9-143b-4ab6-b7a2-16b9be4a5938 service placement] 10.222.0.25 "GET /placement/resource_providers?name=n-h2-800708-1" status: 200 len: 441 microversion: 1.0
Jul 13 19:21:06.416512 n-d-800708-1 devstack@placement-api.service[94249]: [pid: 94249|app: 0|req: 58/114] 10.222.0.25 () {58 vars in 1275 bytes} [Tue Jul 13 19:21:06 2021] GET /placement/resource_providers?name=n-h2-800708-1 => generated 441 bytes in 19 msecs (HTTP/1.1 200) 6 headers in 224 bytes (1 switches on core 0)
Jul 13 19:21:06.424657 n-d-800708-1 devstack@placement-api.service[94248]: DEBUG placement.requestlog [req-7752adfe-1207-4368-99f3-de715c1fee32 req-0ac345ab-5dc4-41e3-805b-4a137b7977f5 None None] Starting request: 10.222.0.25 "GET /placement/resource_providers/d157b285-e86f-411d-af95-fdc92a8fd23e/aggregates" {{(pid=94248) __call__ /opt/stack/placement/placement/requestlog.py:55}}
Jul 13 19:21:06.449657 n-d-800708-1 devstack@placement-api.service[94248]: INFO placement.requestlog [req-7752adfe-1207-4368-99f3-de715c1fee32 req-0ac345ab-5dc4-41e3-805b-4a137b7977f5 service placement] 10.222.0.25 "GET /placement/resource_providers/d157b285-e86f-411d-af95-fdc92a8fd23e/aggregates" status: 200 len: 92 microversion: 1.19
Jul 13 19:21:06.450081 n-d-800708-1 devstack@placement-api.service[94248]: [pid: 94248|app: 0|req: 57/115] 10.222.0.25 () {60 vars in 1426 bytes} [Tue Jul 13 19:21:06 2021] GET /placement/resource_providers/d157b285-e86f-411d-af95-fdc92a8fd23e/aggregates => generated 92 bytes in 26 msecs (HTTP/1.1 200) 8 headers in 295 bytes (1 switches on core 0)
Jul 13 19:21:06.458364 n-d-800708-1 devstack@placement-api.service[94249]: DEBUG placement.requestlog [req-7752adfe-1207-4368-99f3-de715c1fee32 req-e30f31f1-b174-4cf1-ab6d-6283d1a7ff2e None None] Starting request: 10.222.0.25 "PUT /placement/resource_providers/d157b285-e86f-411d-af95-fdc92a8fd23e/aggregates" {{(pid=94249) __call__ /opt/stack/placement/placement/requestlog.py:55}}
Jul 13 19:21:06.486425 n-d-800708-1 devstack@placement-api.service[94249]: DEBUG placement.objects.resource_provider [req-7752adfe-1207-4368-99f3-de715c1fee32 req-e30f31f1-b174-4cf1-ab6d-6283d1a7ff2e service placement] Setting aggregates for provider d157b285-e86f-411d-af95-fdc92a8fd23e. Successfully disassociated aggregate 2096346b-4123-4492-9c24-e820e338048f. {{(pid=94249) _set_aggregates /opt/stack/placement/placement/objects/resource_provider.py:402}}
Jul 13 19:21:06.499411 n-d-800708-1 devstack@placement-api.service[94249]: INFO placement.requestlog [req-7752adfe-1207-4368-99f3-de715c1fee32 req-e30f31f1-b174-4cf1-ab6d-6283d1a7ff2e service placement] 10.222.0.25 "PUT /placement/resource_providers/d157b285-e86f-411d-af95-fdc92a8fd23e/aggregates" status: 200 len: 54 microversion: 1.19
Jul 13 19:21:06.499411 n-d-800708-1 devstack@placement-api.service[94249]: [pid: 94249|app: 0|req: 59/116] 10.222.0.25 () {64 vars in 1478 bytes} [Tue Jul 13 19:21:06 2021] PUT /placement/resource_providers/d157b285-e86f-411d-af95-fdc92a8fd23e/aggregates => generated 54 bytes in 42 msecs (HTTP/1.1 200) 8 headers in 295 bytes (2 switches on core 0)
Jul 13 19:21:08.532737 n-d-800708-1 devstack@placement-api.service[94248]: DEBUG placement.requestlog [req-7b55a6ac-9b34-42a4-91f3-bc2726961b51 req-0a543916-dcf4-4d5e-afc2-7bf3bca8ba8a None None] Starting request: 10.222.0.25 "GET /placement/allocation_candidates?limit=1000&resources=DISK_GB%3A1%2CMEMORY_MB%3A1024%2CVCPU%3A1&root_required=%21COMPUTE_STATUS_DISABLED" {{(pid=94248) __call__ /opt/stack/placement/placement/requestlog.py:55}}
Jul 13 19:21:08.602688 n-d-800708-1 devstack@placement-api.service[94248]: DEBUG placement.objects.research_context [req-7b55a6ac-9b34-42a4-91f3-bc2726961b51 req-0a543916-dcf4-4d5e-afc2-7bf3bca8ba8a service placement] getting providers with 1 DISK_GB {{(pid=94248) __init__ /opt/stack/placement/placement/objects/research_context.py:126}}
Jul 13 19:21:08.621939 n-d-800708-1 devstack@placement-api.service[94248]: DEBUG placement.objects.research_context [req-7b55a6ac-9b34-42a4-91f3-bc2726961b51 req-0a543916-dcf4-4d5e-afc2-7bf3bca8ba8a service placement] getting providers with 1024 MEMORY_MB {{(pid=94248) __init__ /opt/stack/placement/placement/objects/research_context.py:126}}
Jul 13 19:21:08.639275 n-d-800708-1 devstack@placement-api.service[94248]: DEBUG placement.objects.research_context [req-7b55a6ac-9b34-42a4-91f3-bc2726961b51 req-0a543916-dcf4-4d5e-afc2-7bf3bca8ba8a service placement] getting providers with 1 VCPU {{(pid=94248) __init__ /opt/stack/placement/placement/objects/research_context.py:126}}
Jul 13 19:21:08.670161 n-d-800708-1 devstack@placement-api.service[94248]: DEBUG placement.objects.research_context [req-7b55a6ac-9b34-42a4-91f3-bc2726961b51 req-0a543916-dcf4-4d5e-afc2-7bf3bca8ba8a service placement] found 2 providers with available 1 DISK_GB {{(pid=94248) get_provider_ids_matching /opt/stack/placement/placement/objects/research_context.py:549}}
Jul 13 19:21:08.670671 n-d-800708-1 devstack@placement-api.service[94248]: DEBUG placement.objects.research_context [req-7b55a6ac-9b34-42a4-91f3-bc2726961b51 req-0a543916-dcf4-4d5e-afc2-7bf3bca8ba8a service placement] found 2 providers with available 1024 MEMORY_MB {{(pid=94248) get_provider_ids_matching /opt/stack/placement/placement/objects/research_context.py:549}}
Jul 13 19:21:08.671211 n-d-800708-1 devstack@placement-api.service[94248]: DEBUG placement.objects.research_context [req-7b55a6ac-9b34-42a4-91f3-bc2726961b51 req-0a543916-dcf4-4d5e-afc2-7bf3bca8ba8a service placement] found 2 providers after filtering by previous result {{(pid=94248) get_provider_ids_matching /opt/stack/placement/placement/objects/research_context.py:580}}
Jul 13 19:21:08.671654 n-d-800708-1 devstack@placement-api.service[94248]: DEBUG placement.objects.research_context [req-7b55a6ac-9b34-42a4-91f3-bc2726961b51 req-0a543916-dcf4-4d5e-afc2-7bf3bca8ba8a service placement] found 2 providers with available 1 VCPU {{(pid=94248) get_provider_ids_matching /opt/stack/placement/placement/objects/research_context.py:549}}
Jul 13 19:21:08.672119 n-d-800708-1 devstack@placement-api.service[94248]: DEBUG placement.objects.research_context [req-7b55a6ac-9b34-42a4-91f3-bc2726961b51 req-0a543916-dcf4-4d5e-afc2-7bf3bca8ba8a service placement] found 2 providers after filtering by previous result {{(pid=94248) get_provider_ids_matching /opt/stack/placement/placement/objects/research_context.py:580}}
Jul 13 19:21:08.692816 n-d-800708-1 devstack@placement-api.service[94248]: DEBUG placement.objects.allocation_candidate [req-7b55a6ac-9b34-42a4-91f3-bc2726961b51 req-0a543916-dcf4-4d5e-afc2-7bf3bca8ba8a service placement] RequestGroup(use_same_provider=False, resources={DISK_GB:1, MEMORY_MB:1024, VCPU:1}, traits=[], aggregates=[]) (suffix '') returned 2 matches {{(pid=94248) _get_by_requests /opt/stack/placement/placement/objects/allocation_candidate.py:145}}
Jul 13 19:21:08.694015 n-d-800708-1 devstack@placement-api.service[94248]: DEBUG placement.objects.allocation_candidate [req-7b55a6ac-9b34-42a4-91f3-bc2726961b51 req-0a543916-dcf4-4d5e-afc2-7bf3bca8ba8a service placement] Merging candidates yields 2 allocation requests and 2 provider summaries {{(pid=94248) _merge_candidates /opt/stack/placement/placement/objects/allocation_candidate.py:783}}
Jul 13 19:21:08.698576 n-d-800708-1 devstack@placement-api.service[94248]: INFO placement.requestlog [req-7b55a6ac-9b34-42a4-91f3-bc2726961b51 req-0a543916-dcf4-4d5e-afc2-7bf3bca8ba8a service placement] 10.222.0.25 "GET /placement/allocation_candidates?limit=1000&resources=DISK_GB%3A1%2CMEMORY_MB%3A1024%2CVCPU%3A1&root_required=%21COMPUTE_STATUS_DISABLED" status: 200 len: 1309 microversion: 1.35
Jul 13 19:21:08.700434 n-d-800708-1 devstack@placement-api.service[94248]: [pid: 94248|app: 0|req: 58/117] 10.222.0.25 () {60 vars in 1507 bytes} [Tue Jul 13 19:21:08 2021] GET /placement/allocation_candidates?limit=1000&resources=DISK_GB%3A1%2CMEMORY_MB%3A1024%2CVCPU%3A1&root_required=%21COMPUTE_STATUS_DISABLED => generated 1309 bytes in 168 msecs (HTTP/1.1 200) 8 headers in 297 bytes (1 switches on core 0)
Jul 13 19:21:08.783611 n-d-800708-1 devstack@placement-api.service[94249]: DEBUG placement.requestlog [req-7b55a6ac-9b34-42a4-91f3-bc2726961b51 req-c0254121-dfe5-499f-9229-ff5fb028efd3 None None] Starting request: 10.222.0.25 "GET /placement/allocations/e7ace228-7069-4bff-a7bc-9b7d0c7c45ae" {{(pid=94249) __call__ /opt/stack/placement/placement/requestlog.py:55}}
Jul 13 19:21:08.797107 n-d-800708-1 devstack@placement-api.service[94249]: INFO placement.requestlog [req-7b55a6ac-9b34-42a4-91f3-bc2726961b51 req-c0254121-dfe5-499f-9229-ff5fb028efd3 service placement] 10.222.0.25 "GET /placement/allocations/e7ace228-7069-4bff-a7bc-9b7d0c7c45ae" status: 200 len: 19 microversion: 1.28
Jul 13 19:21:08.803406 n-d-800708-1 devstack@placement-api.service[94249]: [pid: 94249|app: 0|req: 60/118] 10.222.0.25 () {60 vars in 1381 bytes} [Tue Jul 13 19:21:08 2021] GET /placement/allocations/e7ace228-7069-4bff-a7bc-9b7d0c7c45ae => generated 19 bytes in 20 msecs (HTTP/1.1 200) 8 headers in 295 bytes (1 switches on core 0)
Jul 13 19:21:08.810286 n-d-800708-1 devstack@placement-api.service[94248]: DEBUG placement.requestlog [req-7b55a6ac-9b34-42a4-91f3-bc2726961b51 req-bdd4bd16-e97a-4bb9-a59d-3ec59524cdbe None None] Starting request: 10.222.0.25 "PUT /placement/allocations/e7ace228-7069-4bff-a7bc-9b7d0c7c45ae" {{(pid=94248) __call__ /opt/stack/placement/placement/requestlog.py:55}}
Jul 13 19:21:08.931267 n-d-800708-1 devstack@placement-api.service[94248]: DEBUG placement.handlers.allocation [req-7b55a6ac-9b34-42a4-91f3-bc2726961b51 req-bdd4bd16-e97a-4bb9-a59d-3ec59524cdbe service placement] Successfully wrote allocations [, , ] {{(pid=94248) _create_allocations /opt/stack/placement/placement/handlers/allocation.py:435}}
Jul 13 19:21:08.932077 n-d-800708-1 devstack@placement-api.service[94248]: INFO placement.requestlog [req-7b55a6ac-9b34-42a4-91f3-bc2726961b51 req-bdd4bd16-e97a-4bb9-a59d-3ec59524cdbe service placement] 10.222.0.25 "PUT /placement/allocations/e7ace228-7069-4bff-a7bc-9b7d0c7c45ae" status: 204 len: 0 microversion: 1.35
Jul 13 19:21:08.944506 n-d-800708-1 devstack@placement-api.service[94248]: [pid: 94248|app: 0|req: 59/119] 10.222.0.25 () {64 vars in 1434 bytes} [Tue Jul 13 19:21:08 2021] PUT /placement/allocations/e7ace228-7069-4bff-a7bc-9b7d0c7c45ae => generated 0 bytes in 124 msecs (HTTP/1.1 204) 5 headers in 199 bytes (1 switches on core 0)
Jul 13 19:21:09.006926 n-d-800708-1 devstack@placement-api.service[94249]: DEBUG placement.requestlog [req-f6abf3d6-0a31-4145-bb3e-c06f51bbeecf req-55bff61b-a61a-4603-8f65-20d5c02aeb0b None None] Starting request: 10.222.0.24 "GET /placement/allocations/1835620e-45ef-44a6-8f88-31ffb67429f6" {{(pid=94249) __call__ /opt/stack/placement/placement/requestlog.py:55}}
Jul 13 19:21:09.044461 n-d-800708-1 devstack@placement-api.service[94249]: INFO placement.requestlog [req-f6abf3d6-0a31-4145-bb3e-c06f51bbeecf req-55bff61b-a61a-4603-8f65-20d5c02aeb0b service placement] 10.222.0.24 "GET /placement/allocations/1835620e-45ef-44a6-8f88-31ffb67429f6" status: 200 len: 258 microversion: 1.28
Jul 13 19:21:09.046971 n-d-800708-1 devstack@placement-api.service[94249]: [pid: 94249|app: 0|req: 61/120] 10.222.0.24 () {60 vars in 1378 bytes} [Tue Jul 13 19:21:09 2021] GET /placement/allocations/1835620e-45ef-44a6-8f88-31ffb67429f6 => generated 258 bytes in 40 msecs (HTTP/1.1 200) 8 headers in 296 bytes (1 switches on core 0)
Jul 13 19:21:09.075638 n-d-800708-1 devstack@placement-api.service[94248]: DEBUG placement.requestlog [req-f6abf3d6-0a31-4145-bb3e-c06f51bbeecf req-e2e4f936-50b4-4c8f-af10-f60a2ce23ca7 None None] Starting request: 10.222.0.24 "PUT /placement/allocations/1835620e-45ef-44a6-8f88-31ffb67429f6" {{(pid=94248) __call__ /opt/stack/placement/placement/requestlog.py:55}}
Jul 13 19:21:09.206137 n-d-800708-1 devstack@placement-api.service[94248]: DEBUG placement.handlers.allocation [req-f6abf3d6-0a31-4145-bb3e-c06f51bbeecf req-e2e4f936-50b4-4c8f-af10-f60a2ce23ca7 service placement] Successfully wrote allocations [, , ] {{(pid=94248) _create_allocations /opt/stack/placement/placement/handlers/allocation.py:435}}
Jul 13 19:21:09.206982 n-d-800708-1 devstack@placement-api.service[94248]: INFO placement.requestlog [req-f6abf3d6-0a31-4145-bb3e-c06f51bbeecf req-e2e4f936-50b4-4c8f-af10-f60a2ce23ca7 service placement] 10.222.0.24 "PUT /placement/allocations/1835620e-45ef-44a6-8f88-31ffb67429f6" status: 204 len: 0 microversion: 1.28
Jul 13 19:21:09.207770 n-d-800708-1 devstack@placement-api.service[94248]: [pid: 94248|app: 0|req: 60/121] 10.222.0.24 () {64 vars in 1431 bytes} [Tue Jul 13 19:21:09 2021] PUT /placement/allocations/1835620e-45ef-44a6-8f88-31ffb67429f6 => generated 0 bytes in 133 msecs (HTTP/1.1 204) 5 headers in 199 bytes (1 switches on core 0)
Jul 13 19:21:09.654490 n-d-800708-1 devstack@placement-api.service[94249]: DEBUG placement.requestlog [req-7b55a6ac-9b34-42a4-91f3-bc2726961b51 req-b144bacd-436c-4cca-bb57-b93dbe4ccaa4 None None] Starting request: 10.222.0.24 "GET /placement/allocations/e7ace228-7069-4bff-a7bc-9b7d0c7c45ae" {{(pid=94249) __call__ /opt/stack/placement/placement/requestlog.py:55}}
Jul 13 19:21:09.685951 n-d-800708-1 devstack@placement-api.service[94249]: INFO placement.requestlog [req-7b55a6ac-9b34-42a4-91f3-bc2726961b51 req-b144bacd-436c-4cca-bb57-b93dbe4ccaa4 service placement] 10.222.0.24 "GET /placement/allocations/e7ace228-7069-4bff-a7bc-9b7d0c7c45ae" status: 200 len: 259 microversion: 1.28
Jul 13 19:21:09.686186 n-d-800708-1 devstack@placement-api.service[94249]: [pid: 94249|app: 0|req: 62/122] 10.222.0.24 () {60 vars in 1378 bytes} [Tue Jul 13 19:21:09 2021] GET /placement/allocations/e7ace228-7069-4bff-a7bc-9b7d0c7c45ae => generated 259 bytes in 33 msecs (HTTP/1.1 200) 8 headers in 296 bytes (1 switches on core 0)
Jul 13 19:21:09.776255 n-d-800708-1 devstack@placement-api.service[94248]: DEBUG placement.requestlog [req-9125b4a3-dcc5-4027-b36f-a63ce50ca0cc req-2f2fffa8-fe21-4c6a-876e-35c3d26bc529 None None] Starting request: 10.222.0.25 "GET /placement/resource_providers?name=n-h2-800708-1" {{(pid=94248) __call__ /opt/stack/placement/placement/requestlog.py:55}}
Jul 13 19:21:09.791177 n-d-800708-1 devstack@placement-api.service[94248]: INFO placement.requestlog [req-9125b4a3-dcc5-4027-b36f-a63ce50ca0cc req-2f2fffa8-fe21-4c6a-876e-35c3d26bc529 service placement] 10.222.0.25 "GET /placement/resource_providers?name=n-h2-800708-1" status: 200 len: 441 microversion: 1.0
Jul 13 19:21:09.791758 n-d-800708-1 devstack@placement-api.service[94248]: [pid: 94248|app: 0|req: 61/123] 10.222.0.25 () {58 vars in 1275 bytes} [Tue Jul 13 19:21:09 2021] GET /placement/resource_providers?name=n-h2-800708-1 => generated 441 bytes in 15 msecs (HTTP/1.1 200) 6 headers in 224 bytes (1 switches on core 0)
Jul 13 19:21:09.798608 n-d-800708-1 devstack@placement-api.service[94249]: DEBUG placement.requestlog [req-9125b4a3-dcc5-4027-b36f-a63ce50ca0cc req-328e3222-5078-49f5-bd55-3882180867a3 None None] Starting request: 10.222.0.25 "GET /placement/resource_providers/d157b285-e86f-411d-af95-fdc92a8fd23e/aggregates" {{(pid=94249) __call__ /opt/stack/placement/placement/requestlog.py:55}}
Jul 13 19:21:09.826318 n-d-800708-1 devstack@placement-api.service[94249]: INFO placement.requestlog [req-9125b4a3-dcc5-4027-b36f-a63ce50ca0cc req-328e3222-5078-49f5-bd55-3882180867a3 service placement] 10.222.0.25 "GET /placement/resource_providers/d157b285-e86f-411d-af95-fdc92a8fd23e/aggregates" status: 200 len: 54 microversion: 1.19
Jul 13 19:21:09.826601 n-d-800708-1 devstack@placement-api.service[94249]: [pid: 94249|app: 0|req: 63/124] 10.222.0.25 () {60 vars in 1426 bytes} [Tue Jul 13 19:21:09 2021] GET /placement/resource_providers/d157b285-e86f-411d-af95-fdc92a8fd23e/aggregates => generated 54 bytes in 28 msecs (HTTP/1.1 200) 8 headers in 295 bytes (1 switches on core 0)
Jul 13 19:21:09.834183 n-d-800708-1 devstack@placement-api.service[94248]: DEBUG placement.requestlog [req-9125b4a3-dcc5-4027-b36f-a63ce50ca0cc req-50bb8a02-3394-4b4c-a03d-8d78c7974bd8 None None] Starting request: 10.222.0.25 "PUT /placement/resource_providers/d157b285-e86f-411d-af95-fdc92a8fd23e/aggregates" {{(pid=94248) __call__ /opt/stack/placement/placement/requestlog.py:55}}
Jul 13 19:21:09.861344 n-d-800708-1 devstack@placement-api.service[94248]: DEBUG placement.objects.resource_provider [req-9125b4a3-dcc5-4027-b36f-a63ce50ca0cc req-50bb8a02-3394-4b4c-a03d-8d78c7974bd8 service placement] _ensure_aggregate() did not find aggregate 23a603fc-f3af-4efe-b897-5d730c4736ff. Attempting to create it. {{(pid=94248) _ensure_aggregate /opt/stack/placement/placement/objects/resource_provider.py:319}}
Jul 13 19:21:09.863660 n-d-800708-1 devstack@placement-api.service[94248]: DEBUG placement.objects.resource_provider [req-9125b4a3-dcc5-4027-b36f-a63ce50ca0cc req-50bb8a02-3394-4b4c-a03d-8d78c7974bd8 service placement] _ensure_aggregate() created new aggregate 23a603fc-f3af-4efe-b897-5d730c4736ff (id=7). {{(pid=94248) _ensure_aggregate /opt/stack/placement/placement/objects/resource_provider.py:325}}
Jul 13 19:21:09.866339 n-d-800708-1 devstack@placement-api.service[94248]: DEBUG placement.objects.resource_provider [req-9125b4a3-dcc5-4027-b36f-a63ce50ca0cc req-50bb8a02-3394-4b4c-a03d-8d78c7974bd8 service placement] Setting aggregates for provider d157b285-e86f-411d-af95-fdc92a8fd23e. Successfully associated aggregate 23a603fc-f3af-4efe-b897-5d730c4736ff. {{(pid=94248) _set_aggregates /opt/stack/placement/placement/objects/resource_provider.py:387}}
Jul 13 19:21:09.874047 n-d-800708-1 devstack@placement-api.service[94248]: INFO placement.requestlog [req-9125b4a3-dcc5-4027-b36f-a63ce50ca0cc req-50bb8a02-3394-4b4c-a03d-8d78c7974bd8 service placement] 10.222.0.25 "PUT /placement/resource_providers/d157b285-e86f-411d-af95-fdc92a8fd23e/aggregates" status: 200 len: 92 microversion: 1.19
Jul 13 19:21:09.874906 n-d-800708-1 devstack@placement-api.service[94248]: [pid: 94248|app: 0|req: 62/125] 10.222.0.25 () {64 vars in 1478 bytes} [Tue Jul 13 19:21:09 2021] PUT /placement/resource_providers/d157b285-e86f-411d-af95-fdc92a8fd23e/aggregates => generated 92 bytes in 41 msecs (HTTP/1.1 200) 8 headers in 295 bytes (1 switches on core 0)
Jul 13 19:21:10.409042 n-d-800708-1 devstack@placement-api.service[94249]: DEBUG placement.requestlog [req-34aec02e-de48-4ee2-8630-75fb4186f0b1 req-0d057eeb-4ece-4db9-9d0b-e6af4722adec None None] Starting request: 10.222.0.25 "GET /placement/resource_providers?name=n-h2-800708-1" {{(pid=94249) __call__ /opt/stack/placement/placement/requestlog.py:55}}
Jul 13 19:21:10.421332 n-d-800708-1 devstack@placement-api.service[94249]: INFO placement.requestlog [req-34aec02e-de48-4ee2-8630-75fb4186f0b1 req-0d057eeb-4ece-4db9-9d0b-e6af4722adec service placement] 10.222.0.25 "GET /placement/resource_providers?name=n-h2-800708-1" status: 200 len: 441 microversion: 1.0
Jul 13 19:21:10.421557 n-d-800708-1 devstack@placement-api.service[94249]: [pid: 94249|app: 0|req: 64/126] 10.222.0.25 () {58 vars in 1275 bytes} [Tue Jul 13 19:21:10 2021] GET /placement/resource_providers?name=n-h2-800708-1 => generated 441 bytes in 13 msecs (HTTP/1.1 200) 6 headers in 224 bytes (1 switches on core 0)
Jul 13 19:21:10.429450 n-d-800708-1 devstack@placement-api.service[94248]: DEBUG placement.requestlog [req-34aec02e-de48-4ee2-8630-75fb4186f0b1 req-0a497c41-a746-4bac-9246-8aa7d9e224bd None None] Starting request: 10.222.0.25 "GET /placement/resource_providers/d157b285-e86f-411d-af95-fdc92a8fd23e/aggregates" {{(pid=94248) __call__ /opt/stack/placement/placement/requestlog.py:55}}
Jul 13 19:21:10.444232 n-d-800708-1 devstack@placement-api.service[94248]: INFO placement.requestlog [req-34aec02e-de48-4ee2-8630-75fb4186f0b1 req-0a497c41-a746-4bac-9246-8aa7d9e224bd service placement] 10.222.0.25 "GET /placement/resource_providers/d157b285-e86f-411d-af95-fdc92a8fd23e/aggregates" status: 200 len: 92 microversion: 1.19
Jul 13 19:21:10.445089 n-d-800708-1 devstack@placement-api.service[94248]: [pid: 94248|app: 0|req: 63/127] 10.222.0.25 () {60 vars in 1426 bytes} [Tue Jul 13 19:21:10 2021] GET /placement/resource_providers/d157b285-e86f-411d-af95-fdc92a8fd23e/aggregates => generated 92 bytes in 16 msecs (HTTP/1.1 200) 8 headers in 295 bytes (1 switches on core 0)
