Jul 13 13:29:53.013365 n-d-800634-1 neutron-server[93751]: INFO neutron.wsgi [req-3b0289d4-8186-46b5-b299-037b85c0550a req-65bca6f8-02c0-4d7b-a91b-37c06b53cb34 tempest-AggregatesAdminTestJSON-1853788010 tempest-AggregatesAdminTestJSON-1853788010-project] 10.222.0.23 "GET /v2.0/ports?device_id=fdd4274d-3faa-49a9-bfc1-10158a747833 HTTP/1.1" status: 200 len: 210 time: 0.0466089
Jul 13 13:29:53.027347 n-d-800634-1 neutron-server[93751]: DEBUG neutron_lib.callbacks.manager [None req-da4e9e86-9da6-4137-81b6-2af50012538d admin admin] Notify callbacks ['neutron.services.l3_router.l3_router_plugin.L3_HA_NAT_db_mixin._after_router_create-1591919', 'neutron.services.l3_router.l3_router_plugin.DVRResourceOperationHandler._create_snat_interfaces_after_change-447217'] for router, after_create {{(pid=93751) _notify_loop /usr/local/lib/python3.8/dist-packages/neutron_lib/callbacks/manager.py:192}}
Jul 13 13:29:53.078232 n-d-800634-1 neutron-server[93750]: DEBUG neutron.pecan_wsgi.hooks.quota_enforcement [req-2d0246ef-39f5-4768-9da5-0beb06c1b4b7 req-7ad15e5d-17e5-434c-a0db-48cfb803fc16 tempest-AggregatesAdminTestJSON-1853788010 tempest-AggregatesAdminTestJSON-1853788010-project] Made reservation on behalf of a01cf97a81a84e6c99ec12a5a2bec60c for: {'port': 1} {{(pid=93750) before /opt/stack/neutron/neutron/pecan_wsgi/hooks/quota_enforcement.py:53}}
Jul 13 13:29:53.082354 n-d-800634-1 neutron-server[93750]: DEBUG neutron_lib.callbacks.manager [req-2d0246ef-39f5-4768-9da5-0beb06c1b4b7 req-7ad15e5d-17e5-434c-a0db-48cfb803fc16 tempest-AggregatesAdminTestJSON-1853788010 tempest-AggregatesAdminTestJSON-1853788010-project] Notify callbacks ['neutron.plugins.ml2.plugin.SecurityGroupDbMixin._ensure_default_security_group_handler-782703'] for port, before_create {{(pid=93750) _notify_loop /usr/local/lib/python3.8/dist-packages/neutron_lib/callbacks/manager.py:192}}
Jul 13 13:29:53.114645 n-d-800634-1 neutron-server[93750]: DEBUG neutron_lib.callbacks.manager [req-2d0246ef-39f5-4768-9da5-0beb06c1b4b7 req-7ad15e5d-17e5-434c-a0db-48cfb803fc16 tempest-AggregatesAdminTestJSON-1853788010 tempest-AggregatesAdminTestJSON-1853788010-project] Notify callbacks [] for security_group, before_create {{(pid=93750) _notify_loop /usr/local/lib/python3.8/dist-packages/neutron_lib/callbacks/manager.py:192}}
Jul 13 13:29:53.303385 n-d-800634-1 neutron-server[93751]: DEBUG neutron.scheduler.l3_agent_scheduler [None req-da4e9e86-9da6-4137-81b6-2af50012538d admin admin] Router 3f45e2fb-9816-4dd0-9223-d3f6e254683f is scheduled to L3 agent e839983a-d6b9-4f8b-aa22-7995324f77f5 with binding_index 1 {{(pid=93751) bind_router /opt/stack/neutron/neutron/scheduler/l3_agent_scheduler.py:210}}
Jul 13 13:29:53.316402 n-d-800634-1 neutron-server[93750]: DEBUG neutron_lib.callbacks.manager [req-2d0246ef-39f5-4768-9da5-0beb06c1b4b7 req-7ad15e5d-17e5-434c-a0db-48cfb803fc16 tempest-AggregatesAdminTestJSON-1853788010 tempest-AggregatesAdminTestJSON-1853788010-project] Notify callbacks [] for security_group, precommit_create {{(pid=93750) _notify_loop /usr/local/lib/python3.8/dist-packages/neutron_lib/callbacks/manager.py:192}}
Jul 13 13:29:53.322438 n-d-800634-1 neutron-server[93750]: DEBUG neutron_lib.callbacks.manager [req-2d0246ef-39f5-4768-9da5-0beb06c1b4b7 req-7ad15e5d-17e5-434c-a0db-48cfb803fc16 tempest-AggregatesAdminTestJSON-1853788010 tempest-AggregatesAdminTestJSON-1853788010-project] Notify callbacks ['neutron.plugins.ml2.ovo_rpc._ObjectChangeHandler.handle_event-1627675'] for security_group, after_create {{(pid=93750) _notify_loop /usr/local/lib/python3.8/dist-packages/neutron_lib/callbacks/manager.py:192}}
Jul 13 13:29:53.367449 n-d-800634-1 neutron-server[93750]: DEBUG neutron.api.rpc.handlers.resources_rpc [None req-7ad15e5d-17e5-434c-a0db-48cfb803fc16 tempest-AggregatesAdminTestJSON-1853788010 tempest-AggregatesAdminTestJSON-1853788010-project] Pushing event updated for resources: {'SecurityGroup': ['ID=5b2baecb-2186-4d6c-b1b0-56fe5f55edb9,revision_number=1']} {{(pid=93750) push /opt/stack/neutron/neutron/api/rpc/handlers/resources_rpc.py:237}}
Jul 13 13:29:53.451960 n-d-800634-1 neutron-server[93750]: DEBUG neutron.wsgi [-] (93750) accepted ('10.222.0.23', 43528) {{(pid=93750) server /usr/local/lib/python3.8/dist-packages/eventlet/wsgi.py:982}}
Jul 13 13:29:53.468288 n-d-800634-1 neutron-server[93751]: DEBUG neutron.api.rpc.agentnotifiers.l3_rpc_agent_api [None req-da4e9e86-9da6-4137-81b6-2af50012538d admin admin] Notify agent at l3_agent.n-d-800634-1 the message routers_updated {{(pid=93751) _agent_notification /opt/stack/neutron/neutron/api/rpc/agentnotifiers/l3_rpc_agent_api.py:65}}
Jul 13 13:29:53.479217 n-d-800634-1 neutron-server[93753]: DEBUG neutron.api.rpc.handlers.l3_rpc [None req-6b22b573-74ac-4630-b178-72b5c168405a None None] Sync routers for ids ['3f45e2fb-9816-4dd0-9223-d3f6e254683f'] in n-d-800634-1 {{(pid=93753) sync_routers /opt/stack/neutron/neutron/api/rpc/handlers/l3_rpc.py:125}}
Jul 13 13:29:53.501835 n-d-800634-1 neutron-server[93753]: DEBUG neutron.db.l3_dvrscheduler_db [None req-6b22b573-74ac-4630-b178-72b5c168405a None None] Routers {'3f45e2fb-9816-4dd0-9223-d3f6e254683f'} bound to L3 agent in host n-d-800634-1 {{(pid=93753) _get_router_ids_for_agent /opt/stack/neutron/neutron/db/l3_dvrscheduler_db.py:420}}
Jul 13 13:29:53.502012 n-d-800634-1 neutron-server[93751]: DEBUG neutron_lib.callbacks.manager [None req-da4e9e86-9da6-4137-81b6-2af50012538d admin admin] Notify callbacks [] for router, before_response {{(pid=93751) _notify_loop /usr/local/lib/python3.8/dist-packages/neutron_lib/callbacks/manager.py:192}}
Jul 13 13:29:53.505685 n-d-800634-1 neutron-server[93751]: INFO neutron.wsgi [None req-da4e9e86-9da6-4137-81b6-2af50012538d admin admin] 10.222.0.23 "POST /v2.0/routers HTTP/1.1" status: 201 len: 935 time: 4.0677724
Jul 13 13:29:53.505851 n-d-800634-1 neutron-server[93753]: DEBUG neutron.db.l3_hamode_db [None req-6b22b573-74ac-4630-b178-72b5c168405a None None] neutron.services.l3_router.l3_router_plugin.L3RouterPlugin method get_ha_sync_data_for_host called with arguments (, 'n-d-800634-1', Agent(admin_state_up=True,agent_type='L3 agent',availability_zone='nova',binary='neutron-l3-agent',configurations={"agent_mode": "legacy", "ex_gw_ports": 2, "extensions": [], "floating_ips": 0, "handle_internal_only_routers": true, "interface_driver": "openvswitch", "interfaces": 2, "log_agent_heartbeats": false, "routers": 2},created_at=2021-07-13T13:20:20Z,description=,heartbeat_timestamp=2021-07-13T13:29:50Z,host='n-d-800634-1',id=e839983a-d6b9-4f8b-aa22-7995324f77f5,load=0,resource_versions=,resources_synced=,started_at=2021-07-13T13:20:20Z,topic='l3_agent')) {'router_ids': ['3f45e2fb-9816-4dd0-9223-d3f6e254683f'], 'active': True} {{(pid=93753) wrapper /usr/local/lib/python3.8/dist-packages/oslo_log/helpers.py:65}}
Jul 13 13:29:53.506319 n-d-800634-1 neutron-server[93751]: DEBUG neutron.wsgi [-] (93751) accepted ('10.222.0.23', 43534) {{(pid=93751) server /usr/local/lib/python3.8/dist-packages/eventlet/wsgi.py:982}}
Jul 13 13:29:53.675668 n-d-800634-1 neutron-server[93752]: DEBUG neutron.api.rpc.handlers.dhcp_rpc [None req-f288a653-33a0-4a23-bcaf-2964451c8eb0 None None] Network e11d88cd-2e07-4e71-9e10-5d91be491d03 requested from n-d-800634-1 {{(pid=93752) get_network_info /opt/stack/neutron/neutron/api/rpc/handlers/dhcp_rpc.py:218}}
Jul 13 13:29:53.834803 n-d-800634-1 neutron-server[93750]: DEBUG neutron.wsgi [-] (93750) accepted ('10.222.0.41', 50869) {{(pid=93750) server /usr/local/lib/python3.8/dist-packages/eventlet/wsgi.py:982}}
Jul 13 13:29:53.875331 n-d-800634-1 neutron-server[93753]: DEBUG neutron.db.l3_dvr_db [None req-6b22b573-74ac-4630-b178-72b5c168405a None None] Set router 3f45e2fb-9816-4dd0-9223-d3f6e254683f gateway port host: n-d-800634-1 {{(pid=93753) _build_routers_list /opt/stack/neutron/neutron/db/l3_dvr_db.py:894}}
Jul 13 13:29:53.910620 n-d-800634-1 neutron-server[93750]: DEBUG neutron_lib.callbacks.manager [None req-28ac11e2-1d96-4077-acc1-adae69481665 admin admin] Notify callbacks [] for security_group, before_create {{(pid=93750) _notify_loop /usr/local/lib/python3.8/dist-packages/neutron_lib/callbacks/manager.py:192}}
Jul 13 13:29:54.039952 n-d-800634-1 neutron-server[93750]: INFO neutron.wsgi [req-120f033e-408a-4412-92aa-98ea2a55555d req-a6a4b246-530d-497c-839b-3b64d661eb3c tempest-ServersOnMultiNodesTest-1243087047 tempest-ServersOnMultiNodesTest-1243087047-project] 10.222.0.23 "GET /v2.0/ports?device_id=2ed535c6-8974-4169-9610-96a0a9a9863c HTTP/1.1" status: 200 len: 210 time: 0.1215429
Jul 13 13:29:54.080814 n-d-800634-1 neutron-server[93750]: INFO neutron.wsgi [req-f47a2157-b2f2-4854-8fce-aa6dfb9254f2 req-c23de17a-8b48-4c3a-82fa-f13ec2c73f1d tempest-ServersOnMultiNodesTest-1243087047 tempest-ServersOnMultiNodesTest-1243087047-project] 10.222.0.41 "GET /v2.0/networks?tenant_id=09bf0390c6c84bde9cf099d3a1ffb9e6&shared=False HTTP/1.1" status: 200 len: 213 time: 0.1978502
Jul 13 13:29:54.091260 n-d-800634-1 neutron-server[93750]: DEBUG neutron.db.db_base_plugin_common [req-2d0246ef-39f5-4768-9da5-0beb06c1b4b7 req-7ad15e5d-17e5-434c-a0db-48cfb803fc16 tempest-AggregatesAdminTestJSON-1853788010 tempest-AggregatesAdminTestJSON-1853788010-project] Allocated IP 192.168.233.132 (e0bfb334-0fd9-4ba5-ba79-1568ecabee30/60b55863-ceb6-45af-a8a4-4b22d72866af/f31ef304-7f72-45b3-9a82-2cc82bc962da) {{(pid=93750) _store_ip_allocation /opt/stack/neutron/neutron/db/db_base_plugin_common.py:131}}
Jul 13 13:29:54.147848 n-d-800634-1 neutron-server[93752]: DEBUG neutron.db.provisioning_blocks [None req-fa4a3c8a-1d28-47c9-bc10-a28d37612aee None None] Provisioning for port c92f238f-33d4-40de-9379-659db2ad99f0 completed by entity DHCP. {{(pid=93752) provisioning_complete /opt/stack/neutron/neutron/db/provisioning_blocks.py:133}}
Jul 13 13:29:54.400964 n-d-800634-1 neutron-server[93752]: DEBUG neutron.plugins.ml2.rpc [None req-2528887c-2b04-48d0-82ac-208f0f7a959d None None] Device c92f238f-33d4-40de-9379-659db2ad99f0 up at agent ovs-agent-n-d-800634-1 {{(pid=93752) update_device_up /opt/stack/neutron/neutron/plugins/ml2/rpc.py:296}}
Jul 13 13:29:54.520943 n-d-800634-1 neutron-server[93750]: DEBUG neutron.pecan_wsgi.hooks.policy_enforcement [req-f47a2157-b2f2-4854-8fce-aa6dfb9254f2 req-1045ddec-c28e-4ce9-b165-29fb6198cef4 tempest-ServersOnMultiNodesTest-1243087047 tempest-ServersOnMultiNodesTest-1243087047-project] Attributes excluded by policy engine: ['standard_attr_id', 'vlan_transparent', 'provider:network_type', 'provider:physical_network', 'provider:segmentation_id'] {{(pid=93750) _exclude_attributes_by_policy /opt/stack/neutron/neutron/pecan_wsgi/hooks/policy_enforcement.py:255}}
Jul 13 13:29:54.529953 n-d-800634-1 neutron-server[93750]: INFO neutron.wsgi [req-f47a2157-b2f2-4854-8fce-aa6dfb9254f2 req-1045ddec-c28e-4ce9-b165-29fb6198cef4 tempest-ServersOnMultiNodesTest-1243087047 tempest-ServersOnMultiNodesTest-1243087047-project] 10.222.0.41 "GET /v2.0/networks?shared=True HTTP/1.1" status: 200 len: 769 time: 0.4361696
Jul 13 13:29:54.540605 n-d-800634-1 neutron-server[93751]: DEBUG neutron_lib.callbacks.manager [None req-03ffb65c-2841-48d7-85e6-8481945ebe5d admin admin] Notify callbacks ['neutron.plugins.ml2.plugin.SecurityGroupDbMixin._ensure_default_security_group_handler-782703'] for port, before_create {{(pid=93751) _notify_loop /usr/local/lib/python3.8/dist-packages/neutron_lib/callbacks/manager.py:192}}
Jul 13 13:29:54.586581 n-d-800634-1 neutron-server[93753]: DEBUG neutron.db.l3_hamode_db [None req-6b22b573-74ac-4630-b178-72b5c168405a None None] neutron.services.l3_router.l3_router_plugin.L3RouterPlugin method _process_sync_ha_data called with arguments (, [{'id': '3f45e2fb-9816-4dd0-9223-d3f6e254683f', 'name': 'tempest-ServersWithSpecificFlavorTestJSON-1695295658-router', 'tenant_id': 'f54116ed042844c4974340216083f60c', 'admin_state_up': True, 'status': 'ACTIVE', 'external_gateway_info': {'network_id': 'acf968b8-c524-46a9-a20b-ad9667009130', 'external_fixed_ips': [{'subnet_id': 'dde5a78e-bd1e-4f47-8189-7321d4de73d3', 'ip_address': '172.25.6.18'}], 'enable_snat': True}, 'gw_port_id': 'b604f099-2fec-43e2-8f84-de483349e888', 'description': '', 'availability_zones': ['nova'], 'distributed': False, 'ha': False, 'ha_vr_id': 0, 'availability_zone_hints': [], 'routes': [], 'flavor_id': None, 'tags': [], 'created_at': '2021-07-13T13:29:49Z', 'updated_at': '2021-07-13T13:29:52Z', 'revision_number': 3, 'project_id': 'f54116ed042844c4974340216083f60c', 'gw_port': {'id': 'b604f099-2fec-43e2-8f84-de483349e888', 'name': '', 'network_id': 'acf968b8-c524-46a9-a20b-ad9667009130', 'tenant_id': '', 'mac_address': 'fa:16:3e:90:fe:1f', 'admin_state_up': True, 'status': 'DOWN', 'device_id': '3f45e2fb-9816-4dd0-9223-d3f6e254683f', 'device_owner': 'network:router_gateway', 'standard_attr_id': 98, 'fixed_ips': [{'subnet_id': 'dde5a78e-bd1e-4f47-8189-7321d4de73d3', 'ip_address': '172.25.6.18', 'prefixlen': 24}], 'allowed_address_pairs': [], 'extra_dhcp_opts': [], 'security_groups': [], 'description': '', 'binding:vnic_type': 'normal', 'binding:profile': {}, 'binding:host_id': '', 'binding:vif_type': 'unbound', 'binding:vif_details': {}, 'port_security_enabled': False, 'tags': [], 'created_at': '2021-07-13T13:29:51Z', 'updated_at': '2021-07-13T13:29:51Z', 'revision_number': 1, 'project_id': '', 'subnets': [{'id': 'dde5a78e-bd1e-4f47-8189-7321d4de73d3', 'cidr': '172.25.6.0/24', 'gateway_ip': '172.25.6.1', 'dns_nameservers': [], 'ipv6_ra_mode': None, 'subnetpool_id': None}], 'extra_subnets': [], 'address_scopes': {4: None, 6: None}, 'mtu': 1500}, 'enable_snat': True, 'gw_port_host': 'n-d-800634-1'}], 'n-d-800634-1', False) {} {{(pid=93753) wrapper /usr/local/lib/python3.8/dist-packages/oslo_log/helpers.py:65}}
Jul 13 13:29:54.626858 n-d-800634-1 neutron-server[93753]: DEBUG neutron.api.rpc.handlers.l3_rpc [None req-6b22b573-74ac-4630-b178-72b5c168405a None None] Checking router: 3f45e2fb-9816-4dd0-9223-d3f6e254683f for host: n-d-800634-1 {{(pid=93753) _ensure_host_set_on_ports /opt/stack/neutron/neutron/api/rpc/handlers/l3_rpc.py:155}}
Jul 13 13:29:54.627661 n-d-800634-1 neutron-server[93753]: DEBUG neutron.api.rpc.handlers.l3_rpc [None req-6b22b573-74ac-4630-b178-72b5c168405a None None] Updating router 3f45e2fb-9816-4dd0-9223-d3f6e254683f port b604f099-2fec-43e2-8f84-de483349e888 binding host n-d-800634-1 {{(pid=93753) _ensure_host_set_on_port /opt/stack/neutron/neutron/api/rpc/handlers/l3_rpc.py:205}}
Jul 13 13:29:54.658492 n-d-800634-1 neutron-server[93750]: INFO neutron.wsgi [req-96121e06-5271-4c68-9e2e-b9fac7e335ee req-233f313e-fd75-4f87-8dfa-8e71708c89f2 tempest-AggregatesAdminTestJSON-1853788010 tempest-AggregatesAdminTestJSON-1853788010-project] 10.222.0.23 "GET /v2.0/ports?device_id=fdd4274d-3faa-49a9-bfc1-10158a747833 HTTP/1.1" status: 200 len: 210 time: 0.1184847
Jul 13 13:29:54.679661 n-d-800634-1 neutron-server[93750]: DEBUG neutron.api.v2.base [req-f47a2157-b2f2-4854-8fce-aa6dfb9254f2 req-d2d061a1-7211-4d16-9f21-feec80dc7bba tempest-ServersOnMultiNodesTest-1243087047 tempest-ServersOnMultiNodesTest-1243087047-project] Request body: {'port': {'device_id': '2ed535c6-8974-4169-9610-96a0a9a9863c', 'network_id': 'e0bfb334-0fd9-4ba5-ba79-1568ecabee30', 'admin_state_up': True, 'tenant_id': '09bf0390c6c84bde9cf099d3a1ffb9e6'}} {{(pid=93750) prepare_request_body /opt/stack/neutron/neutron/api/v2/base.py:729}}
Jul 13 13:29:54.723557 n-d-800634-1 neutron-server[93753]: DEBUG neutron_lib.callbacks.manager [None req-6b22b573-74ac-4630-b178-72b5c168405a None None] Notify callbacks ['neutron.plugins.ml2.plugin.SecurityGroupDbMixin._ensure_default_security_group_handler-782703'] for port, before_update {{(pid=93753) _notify_loop /usr/local/lib/python3.8/dist-packages/neutron_lib/callbacks/manager.py:192}}
Jul 13 13:29:54.774351 n-d-800634-1 neutron-server[93752]: DEBUG neutron.db.provisioning_blocks [None req-2528887c-2b04-48d0-82ac-208f0f7a959d None None] Provisioning for port c92f238f-33d4-40de-9379-659db2ad99f0 completed by entity L2. {{(pid=93752) provisioning_complete /opt/stack/neutron/neutron/db/provisioning_blocks.py:133}}
Jul 13 13:29:54.801552 n-d-800634-1 neutron-server[93752]: DEBUG neutron.db.provisioning_blocks [None req-2528887c-2b04-48d0-82ac-208f0f7a959d None None] Provisioning complete for port c92f238f-33d4-40de-9379-659db2ad99f0 triggered by entity L2. {{(pid=93752) provisioning_complete /opt/stack/neutron/neutron/db/provisioning_blocks.py:139}}
Jul 13 13:29:54.802003 n-d-800634-1 neutron-server[93752]: DEBUG neutron_lib.callbacks.manager [None req-2528887c-2b04-48d0-82ac-208f0f7a959d None None] Notify callbacks ['neutron.plugins.ml2.plugin.Ml2Plugin._port_provisioned-1397434'] for port, provisioning_complete {{(pid=93752) _notify_loop /usr/local/lib/python3.8/dist-packages/neutron_lib/callbacks/manager.py:192}}
Jul 13 13:29:54.943302 n-d-800634-1 neutron-server[93751]: DEBUG neutron.db.db_base_plugin_common [None req-03ffb65c-2841-48d7-85e6-8481945ebe5d admin admin] Allocated IP 172.20.0.1 (e11d88cd-2e07-4e71-9e10-5d91be491d03/063f2dcb-0299-41b3-8cdd-1dfc0fa62b86/6d8005ba-3501-4b7c-8ee3-729b1787a910) {{(pid=93751) _store_ip_allocation /opt/stack/neutron/neutron/db/db_base_plugin_common.py:131}}
Jul 13 13:29:55.095235 n-d-800634-1 neutron-server[93752]: DEBUG neutron_lib.callbacks.manager [None req-2528887c-2b04-48d0-82ac-208f0f7a959d None None] Notify callbacks ['neutron.plugins.ml2.plugin.SecurityGroupDbMixin._ensure_default_security_group_handler-782703'] for port, before_update {{(pid=93752) _notify_loop /usr/local/lib/python3.8/dist-packages/neutron_lib/callbacks/manager.py:192}}
Jul 13 13:29:55.129699 n-d-800634-1 neutron-server[93750]: DEBUG neutron_lib.callbacks.manager [req-2d0246ef-39f5-4768-9da5-0beb06c1b4b7 req-7ad15e5d-17e5-434c-a0db-48cfb803fc16 tempest-AggregatesAdminTestJSON-1853788010 tempest-AggregatesAdminTestJSON-1853788010-project] Notify callbacks [] for port, precommit_create {{(pid=93750) _notify_loop /usr/local/lib/python3.8/dist-packages/neutron_lib/callbacks/manager.py:192}}
Jul 13 13:29:55.158438 n-d-800634-1 neutron-server[93750]: DEBUG neutron.db.provisioning_blocks [req-2d0246ef-39f5-4768-9da5-0beb06c1b4b7 req-7ad15e5d-17e5-434c-a0db-48cfb803fc16 tempest-AggregatesAdminTestJSON-1853788010 tempest-AggregatesAdminTestJSON-1853788010-project] Transition to ACTIVE for port object f31ef304-7f72-45b3-9a82-2cc82bc962da will not be triggered until provisioned by entity DHCP. {{(pid=93750) add_provisioning_component /opt/stack/neutron/neutron/db/provisioning_blocks.py:73}}
Jul 13 13:29:55.196537 n-d-800634-1 neutron-server[93752]: DEBUG neutron.plugins.ml2.db [None req-2528887c-2b04-48d0-82ac-208f0f7a959d None None] For port c92f238f-33d4-40de-9379-659db2ad99f0, host n-d-800634-1, got binding levels [PortBindingLevel(driver='openvswitch',host='n-d-800634-1',level=0,port_id=c92f238f-33d4-40de-9379-659db2ad99f0,segment=NetworkSegment(bee29a26-03ac-4023-b46e-443206d3928c),segment_id=bee29a26-03ac-4023-b46e-443206d3928c)] {{(pid=93752) get_binding_level_objs /opt/stack/neutron/neutron/plugins/ml2/db.py:74}}
Jul 13 13:29:55.210046 n-d-800634-1 neutron-server[93752]: DEBUG neutron_lib.callbacks.manager [None req-2528887c-2b04-48d0-82ac-208f0f7a959d None None] Notify callbacks ['neutron.plugins.ml2.plugin.SecurityGroupServerNotifierRpcMixin._notify_sg_on_port_change-782638', 'neutron.plugins.ml2.ovo_rpc._ObjectChangeHandler.handle_event-2007638', 'neutron.api.rpc.agentnotifiers.dhcp_rpc_agent_api.DhcpAgentNotifyAPI._native_event_send_dhcp_notification-1785031', 'neutron.db.l3_db.L3RpcNotifierMixin._notify_gateway_port_ip_changed-8787164375287', 'neutron.db.l3_dvrscheduler_db._notify_l3_agent_port_update-8787163983297', 'neutron.db.l3_hascheduler_db._notify_l3_agent_ha_port_update-8787163983315'] for port, after_update {{(pid=93752) _notify_loop /usr/local/lib/python3.8/dist-packages/neutron_lib/callbacks/manager.py:192}}
Jul 13 13:29:55.215504 n-d-800634-1 neutron-server[93750]: DEBUG neutron_lib.callbacks.manager [req-2d0246ef-39f5-4768-9da5-0beb06c1b4b7 req-7ad15e5d-17e5-434c-a0db-48cfb803fc16 tempest-AggregatesAdminTestJSON-1853788010 tempest-AggregatesAdminTestJSON-1853788010-project] Notify callbacks ['neutron.plugins.ml2.plugin.SecurityGroupServerNotifierRpcMixin._notify_sg_on_port_change-782638', 'neutron.plugins.ml2.ovo_rpc._ObjectChangeHandler.handle_event-2007638', 'neutron.api.rpc.agentnotifiers.dhcp_rpc_agent_api.DhcpAgentNotifyAPI._native_event_send_dhcp_notification-1785031', 'neutron.db.l3_dvrscheduler_db._notify_l3_agent_new_port-8787163983279'] for port, after_create {{(pid=93750) _notify_loop /usr/local/lib/python3.8/dist-packages/neutron_lib/callbacks/manager.py:192}}
Jul 13 13:29:55.324378 n-d-800634-1 neutron-server[93752]: DEBUG neutron.api.rpc.handlers.resources_rpc [None req-2528887c-2b04-48d0-82ac-208f0f7a959d None None] Pushing event updated for resources: {'Port': ['ID=c92f238f-33d4-40de-9379-659db2ad99f0,revision_number=3']} {{(pid=93752) push /opt/stack/neutron/neutron/api/rpc/handlers/resources_rpc.py:237}}
Jul 13 13:29:55.400562 n-d-800634-1 neutron-server[93751]: DEBUG neutron_lib.callbacks.manager [None req-03ffb65c-2841-48d7-85e6-8481945ebe5d admin admin] Notify callbacks [] for port, precommit_create {{(pid=93751) _notify_loop /usr/local/lib/python3.8/dist-packages/neutron_lib/callbacks/manager.py:192}}
Jul 13 13:29:55.421050 n-d-800634-1 neutron-server[93753]: DEBUG neutron_lib.callbacks.manager [None req-6b22b573-74ac-4630-b178-72b5c168405a None None] Notify callbacks [] for port, precommit_update {{(pid=93753) _notify_loop /usr/local/lib/python3.8/dist-packages/neutron_lib/callbacks/manager.py:192}}
Jul 13 13:29:55.434349 n-d-800634-1 neutron-server[93752]: DEBUG neutron.db.provisioning_blocks [None req-451bcdd7-cfad-42ba-bcd1-641b6f65d025 None None] Provisioning complete for port c92f238f-33d4-40de-9379-659db2ad99f0 triggered by entity DHCP. {{(pid=93752) provisioning_complete /opt/stack/neutron/neutron/db/provisioning_blocks.py:139}}
Jul 13 13:29:55.435072 n-d-800634-1 neutron-server[93752]: DEBUG neutron_lib.callbacks.manager [None req-451bcdd7-cfad-42ba-bcd1-641b6f65d025 None None] Notify callbacks ['neutron.plugins.ml2.plugin.Ml2Plugin._port_provisioned-1397434'] for port, provisioning_complete {{(pid=93752) _notify_loop /usr/local/lib/python3.8/dist-packages/neutron_lib/callbacks/manager.py:192}}
Jul 13 13:29:55.448509 n-d-800634-1 neutron-server[93753]: DEBUG neutron.db.provisioning_blocks [None req-6b22b573-74ac-4630-b178-72b5c168405a None None] Transition to ACTIVE for port object b604f099-2fec-43e2-8f84-de483349e888 will not be triggered until provisioned by entity L2. {{(pid=93753) add_provisioning_component /opt/stack/neutron/neutron/db/provisioning_blocks.py:73}}
Jul 13 13:29:55.462762 n-d-800634-1 neutron-server[93753]: DEBUG neutron_lib.callbacks.manager [None req-6b22b573-74ac-4630-b178-72b5c168405a None None] Notify callbacks ['neutron.plugins.ml2.plugin.SecurityGroupServerNotifierRpcMixin._notify_sg_on_port_change-782638', 'neutron.plugins.ml2.ovo_rpc._ObjectChangeHandler.handle_event-2007638', 'neutron.api.rpc.agentnotifiers.dhcp_rpc_agent_api.DhcpAgentNotifyAPI._native_event_send_dhcp_notification-1785031', 'neutron.db.l3_db.L3RpcNotifierMixin._notify_gateway_port_ip_changed-8787164375287', 'neutron.db.l3_dvrscheduler_db._notify_l3_agent_port_update-8787163983297', 'neutron.db.l3_hascheduler_db._notify_l3_agent_ha_port_update-8787163983315'] for port, after_update {{(pid=93753) _notify_loop /usr/local/lib/python3.8/dist-packages/neutron_lib/callbacks/manager.py:192}}
Jul 13 13:29:55.478736 n-d-800634-1 neutron-server[93750]: DEBUG neutron.api.rpc.handlers.resources_rpc [None req-7ad15e5d-17e5-434c-a0db-48cfb803fc16 tempest-AggregatesAdminTestJSON-1853788010 tempest-AggregatesAdminTestJSON-1853788010-project] Pushing event updated for resources: {'Port': ['ID=f31ef304-7f72-45b3-9a82-2cc82bc962da,revision_number=1']} {{(pid=93750) push /opt/stack/neutron/neutron/api/rpc/handlers/resources_rpc.py:237}}
Jul 13 13:29:55.478998 n-d-800634-1 neutron-server[93751]: DEBUG neutron.db.provisioning_blocks [None req-03ffb65c-2841-48d7-85e6-8481945ebe5d admin admin] Transition to ACTIVE for port object 6d8005ba-3501-4b7c-8ee3-729b1787a910 will not be triggered until provisioned by entity DHCP. {{(pid=93751) add_provisioning_component /opt/stack/neutron/neutron/db/provisioning_blocks.py:73}}
Jul 13 13:29:55.560654 n-d-800634-1 neutron-server[93753]: DEBUG neutron.api.rpc.handlers.resources_rpc [None req-cae66279-3c45-494d-9fbd-5d4088bb02b8 None None] Pushing event updated for resources: {'Port': ['ID=b604f099-2fec-43e2-8f84-de483349e888,revision_number=2']} {{(pid=93753) push /opt/stack/neutron/neutron/api/rpc/handlers/resources_rpc.py:237}}
Jul 13 13:29:55.581821 n-d-800634-1 neutron-server[93750]: DEBUG neutron.scheduler.dhcp_agent_scheduler [req-2d0246ef-39f5-4768-9da5-0beb06c1b4b7 req-7ad15e5d-17e5-434c-a0db-48cfb803fc16 tempest-AggregatesAdminTestJSON-1853788010 tempest-AggregatesAdminTestJSON-1853788010-project] Network e0bfb334-0fd9-4ba5-ba79-1568ecabee30 is already hosted by enough agents. {{(pid=93750) _get_dhcp_agents_hosting_network /opt/stack/neutron/neutron/scheduler/dhcp_agent_scheduler.py:275}}
Jul 13 13:29:55.596039 n-d-800634-1 neutron-server[93753]: DEBUG neutron.plugins.ml2.managers [None req-6b22b573-74ac-4630-b178-72b5c168405a None None] Attempting to bind port b604f099-2fec-43e2-8f84-de483349e888 on host n-d-800634-1 for vnic_type normal with profile {{(pid=93753) bind_port /opt/stack/neutron/neutron/plugins/ml2/managers.py:790}}
Jul 13 13:29:55.596734 n-d-800634-1 neutron-server[93753]: DEBUG neutron.plugins.ml2.managers [None req-6b22b573-74ac-4630-b178-72b5c168405a None None] Attempting to bind port b604f099-2fec-43e2-8f84-de483349e888 by drivers openvswitch,hyperv on host n-d-800634-1 at level 0 using segments [{'id': '3ecb97b0-6cb2-45b5-af6a-e62fb2b6ce87', 'network_type': 'flat', 'physical_network': 'physnet1', 'segmentation_id': None, 'network_id': 'acf968b8-c524-46a9-a20b-ad9667009130'}] {{(pid=93753) _bind_port_level /opt/stack/neutron/neutron/plugins/ml2/managers.py:815}}
Jul 13 13:29:55.597276 n-d-800634-1 neutron-server[93753]: DEBUG neutron.plugins.ml2.drivers.mech_agent [None req-6b22b573-74ac-4630-b178-72b5c168405a None None] Attempting to bind port b604f099-2fec-43e2-8f84-de483349e888 on network acf968b8-c524-46a9-a20b-ad9667009130 {{(pid=93753) bind_port /opt/stack/neutron/neutron/plugins/ml2/drivers/mech_agent.py:86}}
Jul 13 13:29:55.606004 n-d-800634-1 neutron-server[93753]: DEBUG neutron.plugins.ml2.drivers.mech_agent [None req-6b22b573-74ac-4630-b178-72b5c168405a None None] Checking agent: {'id': 'ea1311a7-bb89-493a-ad00-0b04ae2a2918', 'agent_type': 'Open vSwitch agent', 'binary': 'neutron-openvswitch-agent', 'topic': 'N/A', 'host': 'n-d-800634-1', 'admin_state_up': True, 'created_at': datetime.datetime(2021, 7, 13, 13, 20, 20), 'started_at': datetime.datetime(2021, 7, 13, 13, 20, 50), 'heartbeat_timestamp': datetime.datetime(2021, 7, 13, 13, 29, 50), 'description': None, 'resources_synced': None, 'availability_zone': None, 'alive': True, 'configurations': {'arp_responder_enabled': False, 'baremetal_smartnic': False, 'bridge_mappings': {'physnet1': 'br-data'}, 'datapath_type': 'system', 'devices': 0, 'enable_distributed_routing': False, 'extensions': [], 'in_distributed_mode': False, 'integration_bridge': 'br-int', 'l2_population': False, 'log_agent_heartbeats': False, 'ovs_capabilities': {'datapath_types': ['netdev', 'system'], 'iface_types': ['erspan', 'geneve', 'gre', 'internal', 'ip6erspan', 'ip6gre', 'lisp', 'patch', 'stt', 'system', 'tap', 'vxlan']}, 'ovs_hybrid_plug': False, 'resource_provider_bandwidths': {}, 'resource_provider_hypervisors': {'br-data': 'n-d-800634-1'}, 'resource_provider_inventory_defaults': {'allocation_ratio': 1.0, 'min_unit': 1, 'step_size': 1, 'reserved': 0}, 'tunnel_types': [], 'tunneling_ip': None, 'vhostuser_socket_dir': '/var/run/openvswitch'}, 'resource_versions': {'AddressGroup': '1.2', 'ConntrackHelper': '1.0', 'Log': '1.0', 'Network': '1.1', 'Port': '1.7', 'PortForwarding': '1.2', 'QosPolicy': '1.8', 'SecurityGroup': '1.4', 'SecurityGroupRule': '1.2', 'SubPort': '1.0', 'Subnet': '1.1', 'Trunk': '1.1'}} {{(pid=93753) bind_port /opt/stack/neutron/neutron/plugins/ml2/drivers/mech_agent.py:105}}
Jul 13 13:29:55.607221 n-d-800634-1 neutron-server[93753]: DEBUG neutron.plugins.ml2.drivers.mech_agent [None req-6b22b573-74ac-4630-b178-72b5c168405a None None] Checking segment: {'id': '3ecb97b0-6cb2-45b5-af6a-e62fb2b6ce87', 'network_type': 'flat', 'physical_network': 'physnet1', 'segmentation_id': None, 'network_id': 'acf968b8-c524-46a9-a20b-ad9667009130'} for mappings: {'physnet1': 'br-data'} with network types: ['local', 'flat', 'vlan'] {{(pid=93753) check_segment_for_agent /opt/stack/neutron/neutron/plugins/ml2/drivers/mech_agent.py:341}}
Jul 13 13:29:55.608378 n-d-800634-1 neutron-server[93753]: DEBUG neutron_lib.callbacks.manager [None req-6b22b573-74ac-4630-b178-72b5c168405a None None] Notify callbacks [] for ovs_bridge_name, before_read {{(pid=93753) _notify_loop /usr/local/lib/python3.8/dist-packages/neutron_lib/callbacks/manager.py:192}}
Jul 13 13:29:55.609497 n-d-800634-1 neutron-server[93753]: DEBUG neutron.plugins.ml2.drivers.mech_agent [None req-6b22b573-74ac-4630-b178-72b5c168405a None None] Bound using segment: {'id': '3ecb97b0-6cb2-45b5-af6a-e62fb2b6ce87', 'network_type': 'flat', 'physical_network': 'physnet1', 'segmentation_id': None, 'network_id': 'acf968b8-c524-46a9-a20b-ad9667009130'} {{(pid=93753) bind_port /opt/stack/neutron/neutron/plugins/ml2/drivers/mech_agent.py:115}}
Jul 13 13:29:55.610773 n-d-800634-1 neutron-server[93753]: DEBUG neutron.plugins.ml2.managers [None req-6b22b573-74ac-4630-b178-72b5c168405a None None] Bound port: b604f099-2fec-43e2-8f84-de483349e888, host: n-d-800634-1, vif_type: ovs, vif_details: {"connectivity": "l2", "port_filter": true, "ovs_hybrid_plug": false, "datapath_type": "system", "bridge_name": "br-int"}, binding_levels: [{'bound_driver': 'openvswitch', 'bound_segment': {'id': '3ecb97b0-6cb2-45b5-af6a-e62fb2b6ce87', 'network_type': 'flat', 'physical_network': 'physnet1', 'segmentation_id': None, 'network_id': 'acf968b8-c524-46a9-a20b-ad9667009130'}}] {{(pid=93753) _bind_port_level /opt/stack/neutron/neutron/plugins/ml2/managers.py:928}}
Jul 13 13:29:55.611792 n-d-800634-1 neutron-server[93751]: DEBUG neutron_lib.callbacks.manager [None req-03ffb65c-2841-48d7-85e6-8481945ebe5d admin admin] Notify callbacks ['neutron.plugins.ml2.plugin.SecurityGroupServerNotifierRpcMixin._notify_sg_on_port_change-782638', 'neutron.plugins.ml2.ovo_rpc._ObjectChangeHandler.handle_event-2007638', 'neutron.api.rpc.agentnotifiers.dhcp_rpc_agent_api.DhcpAgentNotifyAPI._native_event_send_dhcp_notification-1785031', 'neutron.db.l3_dvrscheduler_db._notify_l3_agent_new_port-8787163983279'] for port, after_create {{(pid=93751) _notify_loop /usr/local/lib/python3.8/dist-packages/neutron_lib/callbacks/manager.py:192}}
Jul 13 13:29:55.612585 n-d-800634-1 neutron-server[93753]: DEBUG neutron_lib.callbacks.manager [None req-6b22b573-74ac-4630-b178-72b5c168405a None None] Notify callbacks ['neutron.plugins.ml2.plugin.SecurityGroupDbMixin._ensure_default_security_group_handler-782703'] for port, before_update {{(pid=93753) _notify_loop /usr/local/lib/python3.8/dist-packages/neutron_lib/callbacks/manager.py:192}}
Jul 13 13:29:55.659274 n-d-800634-1 neutron-server[93751]: DEBUG neutron.api.rpc.handlers.resources_rpc [None req-03ffb65c-2841-48d7-85e6-8481945ebe5d admin admin] Pushing event updated for resources: {'Port': ['ID=6d8005ba-3501-4b7c-8ee3-729b1787a910,revision_number=1']} {{(pid=93751) push /opt/stack/neutron/neutron/api/rpc/handlers/resources_rpc.py:237}}
Jul 13 13:29:55.684920 n-d-800634-1 neutron-server[93751]: DEBUG neutron.scheduler.dhcp_agent_scheduler [None req-03ffb65c-2841-48d7-85e6-8481945ebe5d admin admin] Network e11d88cd-2e07-4e71-9e10-5d91be491d03 is already hosted by enough agents. {{(pid=93751) _get_dhcp_agents_hosting_network /opt/stack/neutron/neutron/scheduler/dhcp_agent_scheduler.py:275}}
Jul 13 13:29:55.686731 n-d-800634-1 neutron-server[93751]: DEBUG neutron.scheduler.base_scheduler [None req-03ffb65c-2841-48d7-85e6-8481945ebe5d admin admin] Resources bound (agent type, host, resource id): {{(pid=93751) schedule /opt/stack/neutron/neutron/scheduler/base_scheduler.py:57}}
Jul 13 13:29:55.688835 n-d-800634-1 neutron-server[93750]: DEBUG neutron_lib.callbacks.manager [None req-28ac11e2-1d96-4077-acc1-adae69481665 admin admin] Notify callbacks [] for security_group, precommit_create {{(pid=93750) _notify_loop /usr/local/lib/python3.8/dist-packages/neutron_lib/callbacks/manager.py:192}}
Jul 13 13:29:55.697763 n-d-800634-1 neutron-server[93753]: DEBUG neutron.plugins.ml2.db [None req-6b22b573-74ac-4630-b178-72b5c168405a None None] For port b604f099-2fec-43e2-8f84-de483349e888, host n-d-800634-1, cleared binding levels {{(pid=93753) clear_binding_levels /opt/stack/neutron/neutron/plugins/ml2/db.py:87}}
Jul 13 13:29:55.702337 n-d-800634-1 neutron-server[93753]: DEBUG neutron.plugins.ml2.db [None req-6b22b573-74ac-4630-b178-72b5c168405a None None] For port b604f099-2fec-43e2-8f84-de483349e888, host n-d-800634-1, set binding levels [PortBindingLevel(driver='openvswitch',host='n-d-800634-1',level=0,port_id=b604f099-2fec-43e2-8f84-de483349e888,segment=NetworkSegment(3ecb97b0-6cb2-45b5-af6a-e62fb2b6ce87),segment_id=3ecb97b0-6cb2-45b5-af6a-e62fb2b6ce87)] {{(pid=93753) set_binding_levels /opt/stack/neutron/neutron/plugins/ml2/db.py:59}}
Jul 13 13:29:55.708550 n-d-800634-1 neutron-server[93751]: DEBUG neutron.db.l3_dvrscheduler_db [None req-03ffb65c-2841-48d7-85e6-8481945ebe5d admin admin] Received port after_create {{(pid=93751) _notify_l3_agent_new_port /opt/stack/neutron/neutron/db/l3_dvrscheduler_db.py:535}}
Jul 13 13:29:55.709336 n-d-800634-1 neutron-server[93751]: DEBUG neutron_lib.callbacks.manager [None req-03ffb65c-2841-48d7-85e6-8481945ebe5d admin admin] Notify callbacks ['neutron.services.l3_router.l3_router_plugin.DVRResourceOperationHandler._add_csnat_on_interface_create-450452'] for router_interface, before_create {{(pid=93751) _notify_loop /usr/local/lib/python3.8/dist-packages/neutron_lib/callbacks/manager.py:192}}
Jul 13 13:29:55.711288 n-d-800634-1 neutron-server[93753]: DEBUG neutron_lib.callbacks.manager [None req-6b22b573-74ac-4630-b178-72b5c168405a None None] Notify callbacks ['neutron.plugins.ml2.plugin.SecurityGroupServerNotifierRpcMixin._notify_sg_on_port_change-782638', 'neutron.plugins.ml2.ovo_rpc._ObjectChangeHandler.handle_event-2007638', 'neutron.api.rpc.agentnotifiers.dhcp_rpc_agent_api.DhcpAgentNotifyAPI._native_event_send_dhcp_notification-1785031', 'neutron.db.l3_db.L3RpcNotifierMixin._notify_gateway_port_ip_changed-8787164375287', 'neutron.db.l3_dvrscheduler_db._notify_l3_agent_port_update-8787163983297', 'neutron.db.l3_hascheduler_db._notify_l3_agent_ha_port_update-8787163983315'] for port, after_update {{(pid=93753) _notify_loop /usr/local/lib/python3.8/dist-packages/neutron_lib/callbacks/manager.py:192}}
Jul 13 13:29:55.714346 n-d-800634-1 neutron-server[93750]: DEBUG neutron.scheduler.base_scheduler [req-2d0246ef-39f5-4768-9da5-0beb06c1b4b7 req-7ad15e5d-17e5-434c-a0db-48cfb803fc16 tempest-AggregatesAdminTestJSON-1853788010 tempest-AggregatesAdminTestJSON-1853788010-project] Resources bound (agent type, host, resource id): {{(pid=93750) schedule /opt/stack/neutron/neutron/scheduler/base_scheduler.py:57}}
Jul 13 13:29:55.779075 n-d-800634-1 neutron-server[93750]: DEBUG neutron.db.l3_dvrscheduler_db [req-2d0246ef-39f5-4768-9da5-0beb06c1b4b7 req-7ad15e5d-17e5-434c-a0db-48cfb803fc16 tempest-AggregatesAdminTestJSON-1853788010 tempest-AggregatesAdminTestJSON-1853788010-project] Received port after_create {{(pid=93750) _notify_l3_agent_new_port /opt/stack/neutron/neutron/db/l3_dvrscheduler_db.py:535}}
Jul 13 13:29:55.801719 n-d-800634-1 neutron-server[93750]: DEBUG neutron.pecan_wsgi.hooks.policy_enforcement [req-2d0246ef-39f5-4768-9da5-0beb06c1b4b7 req-7ad15e5d-17e5-434c-a0db-48cfb803fc16 tempest-AggregatesAdminTestJSON-1853788010 tempest-AggregatesAdminTestJSON-1853788010-project] Attributes excluded by policy engine: ['standard_attr_id', 'binding:profile', 'binding:host_id', 'binding:vif_type', 'binding:vif_details', 'network'] {{(pid=93750) _exclude_attributes_by_policy /opt/stack/neutron/neutron/pecan_wsgi/hooks/policy_enforcement.py:255}}
Jul 13 13:29:55.802418 n-d-800634-1 neutron-server[93750]: DEBUG neutron_lib.callbacks.manager [req-2d0246ef-39f5-4768-9da5-0beb06c1b4b7 req-7ad15e5d-17e5-434c-a0db-48cfb803fc16 tempest-AggregatesAdminTestJSON-1853788010 tempest-AggregatesAdminTestJSON-1853788010-project] Notify callbacks ['neutron.notifiers.nova.Notifier._send_nova_notification-102105', 'neutron.api.rpc.agentnotifiers.dhcp_rpc_agent_api.DhcpAgentNotifyAPI._send_dhcp_notification-1785009'] for port, before_response {{(pid=93750) _notify_loop /usr/local/lib/python3.8/dist-packages/neutron_lib/callbacks/manager.py:192}}
Jul 13 13:29:55.807178 n-d-800634-1 neutron-server[93750]: DEBUG neutron_lib.callbacks.manager [None req-28ac11e2-1d96-4077-acc1-adae69481665 admin admin] Notify callbacks ['neutron.plugins.ml2.ovo_rpc._ObjectChangeHandler.handle_event-1627675'] for security_group, after_create {{(pid=93750) _notify_loop /usr/local/lib/python3.8/dist-packages/neutron_lib/callbacks/manager.py:192}}
Jul 13 13:29:55.817012 n-d-800634-1 neutron-server[93751]: DEBUG neutron.wsgi [-] (93751) accepted ('10.222.0.23', 43582) {{(pid=93751) server /usr/local/lib/python3.8/dist-packages/eventlet/wsgi.py:982}}
Jul 13 13:29:55.850492 n-d-800634-1 neutron-server[93753]: DEBUG neutron.api.rpc.handlers.resources_rpc [None req-cae66279-3c45-494d-9fbd-5d4088bb02b8 None None] Pushing event updated for resources: {'Port': ['ID=b604f099-2fec-43e2-8f84-de483349e888,revision_number=3']} {{(pid=93753) push /opt/stack/neutron/neutron/api/rpc/handlers/resources_rpc.py:237}}
Jul 13 13:29:55.895732 n-d-800634-1 neutron-server[93750]: INFO neutron.wsgi [req-14512f45-f01c-4f93-9d7d-8e91998a6d41 req-1e2ac1d6-a47b-4a1d-8507-a5147a03aa6b tempest-ServersOnMultiNodesTest-1243087047 tempest-ServersOnMultiNodesTest-1243087047-project] 10.222.0.23 "GET /v2.0/ports?device_id=2ed535c6-8974-4169-9610-96a0a9a9863c HTTP/1.1" status: 200 len: 210 time: 0.3122275
Jul 13 13:29:55.902965 n-d-800634-1 neutron-server[93753]: DEBUG neutron.db.l3_dvrscheduler_db [None req-6b22b573-74ac-4630-b178-72b5c168405a None None] Routers {'3f45e2fb-9816-4dd0-9223-d3f6e254683f'} bound to L3 agent in host n-d-800634-1 {{(pid=93753) _get_router_ids_for_agent /opt/stack/neutron/neutron/db/l3_dvrscheduler_db.py:420}}
Jul 13 13:29:55.903621 n-d-800634-1 neutron-server[93753]: DEBUG neutron.db.l3_hamode_db [None req-6b22b573-74ac-4630-b178-72b5c168405a None None] neutron.services.l3_router.l3_router_plugin.L3RouterPlugin method get_ha_sync_data_for_host called with arguments (, 'n-d-800634-1', Agent(admin_state_up=True,agent_type='L3 agent',availability_zone='nova',binary='neutron-l3-agent',configurations={"agent_mode": "legacy", "ex_gw_ports": 2, "extensions": [], "floating_ips": 0, "handle_internal_only_routers": true, "interface_driver": "openvswitch", "interfaces": 2, "log_agent_heartbeats": false, "routers": 2},created_at=2021-07-13T13:20:20Z,description=,heartbeat_timestamp=2021-07-13T13:29:50Z,host='n-d-800634-1',id=e839983a-d6b9-4f8b-aa22-7995324f77f5,load=0,resource_versions=,resources_synced=,started_at=2021-07-13T13:20:20Z,topic='l3_agent')) {'router_ids': ['3f45e2fb-9816-4dd0-9223-d3f6e254683f'], 'active': True} {{(pid=93753) wrapper /usr/local/lib/python3.8/dist-packages/oslo_log/helpers.py:65}}
Jul 13 13:29:55.989442 n-d-800634-1 neutron-server[93750]: DEBUG neutron.api.rpc.handlers.resources_rpc [None req-28ac11e2-1d96-4077-acc1-adae69481665 admin admin] Pushing event updated for resources: {'SecurityGroup': ['ID=9d32e4fc-8c08-4b90-99eb-80533f85e7e4,revision_number=1']} {{(pid=93750) push /opt/stack/neutron/neutron/api/rpc/handlers/resources_rpc.py:237}}
Jul 13 13:29:56.006287 n-d-800634-1 neutron-server[93750]: INFO neutron.wsgi [None req-28ac11e2-1d96-4077-acc1-adae69481665 admin admin] 10.222.0.23 "GET /v2.0/security-groups?tenant_id=d1e9fda7e04b4fedadefd2d5438267b8&name=default HTTP/1.1" status: 200 len: 2979 time: 2.4725113
Jul 13 13:29:56.015397 n-d-800634-1 neutron-server[93750]: DEBUG neutron.wsgi [-] (93750) accepted ('10.222.0.23', 43588) {{(pid=93750) server /usr/local/lib/python3.8/dist-packages/eventlet/wsgi.py:982}}
Jul 13 13:29:56.036463 n-d-800634-1 neutron-server[93750]: INFO neutron.wsgi [req-2d0246ef-39f5-4768-9da5-0beb06c1b4b7 req-7ad15e5d-17e5-434c-a0db-48cfb803fc16 tempest-AggregatesAdminTestJSON-1853788010 tempest-AggregatesAdminTestJSON-1853788010-project] 10.222.0.41 "POST /v2.0/ports HTTP/1.1" status: 201 len: 938 time: 3.5568855
Jul 13 13:29:56.071084 n-d-800634-1 neutron-server[93750]: DEBUG neutron.wsgi [req-2d0246ef-39f5-4768-9da5-0beb06c1b4b7 req-eb330ac6-631f-4def-88a0-b544296e0d83 tempest-AggregatesAdminTestJSON-1853788010 tempest-AggregatesAdminTestJSON-1853788010-project] http://10.222.0.23:9696/v2.0/extensions returned with HTTP 200 {{(pid=93750) __call__ /opt/stack/neutron/neutron/wsgi.py:729}}
Jul 13 13:29:56.072054 n-d-800634-1 neutron-server[93750]: INFO neutron.wsgi [req-2d0246ef-39f5-4768-9da5-0beb06c1b4b7 req-eb330ac6-631f-4def-88a0-b544296e0d83 tempest-AggregatesAdminTestJSON-1853788010 tempest-AggregatesAdminTestJSON-1853788010-project] 10.222.0.41 "GET /v2.0/extensions HTTP/1.1" status: 200 len: 13640 time: 0.0124943
Jul 13 13:29:56.142850 n-d-800634-1 neutron-server[93750]: DEBUG neutron.pecan_wsgi.hooks.quota_enforcement [req-f47a2157-b2f2-4854-8fce-aa6dfb9254f2 req-d2d061a1-7211-4d16-9f21-feec80dc7bba tempest-ServersOnMultiNodesTest-1243087047 tempest-ServersOnMultiNodesTest-1243087047-project] Made reservation on behalf of 09bf0390c6c84bde9cf099d3a1ffb9e6 for: {'port': 1} {{(pid=93750) before /opt/stack/neutron/neutron/pecan_wsgi/hooks/quota_enforcement.py:53}}
Jul 13 13:29:56.166924 n-d-800634-1 neutron-server[93750]: DEBUG neutron_lib.callbacks.manager [req-f47a2157-b2f2-4854-8fce-aa6dfb9254f2 req-d2d061a1-7211-4d16-9f21-feec80dc7bba tempest-ServersOnMultiNodesTest-1243087047 tempest-ServersOnMultiNodesTest-1243087047-project] Notify callbacks ['neutron.plugins.ml2.plugin.SecurityGroupDbMixin._ensure_default_security_group_handler-782703'] for port, before_create {{(pid=93750) _notify_loop /usr/local/lib/python3.8/dist-packages/neutron_lib/callbacks/manager.py:192}}
Jul 13 13:29:56.217519 n-d-800634-1 neutron-server[93750]: DEBUG neutron_lib.callbacks.manager [req-f47a2157-b2f2-4854-8fce-aa6dfb9254f2 req-d2d061a1-7211-4d16-9f21-feec80dc7bba tempest-ServersOnMultiNodesTest-1243087047 tempest-ServersOnMultiNodesTest-1243087047-project] Notify callbacks [] for security_group, before_create {{(pid=93750) _notify_loop /usr/local/lib/python3.8/dist-packages/neutron_lib/callbacks/manager.py:192}}
Jul 13 13:29:56.223943 n-d-800634-1 neutron-server[93753]: DEBUG neutron.db.l3_dvr_db [None req-6b22b573-74ac-4630-b178-72b5c168405a None None] Set router 3f45e2fb-9816-4dd0-9223-d3f6e254683f gateway port host: n-d-800634-1 {{(pid=93753) _build_routers_list /opt/stack/neutron/neutron/db/l3_dvr_db.py:894}}
Jul 13 13:29:56.239207 n-d-800634-1 neutron-server[93752]: DEBUG neutron.db.provisioning_blocks [None req-eb8714aa-c085-426b-850e-fe198a4ddaa1 None None] Provisioning for port f31ef304-7f72-45b3-9a82-2cc82bc962da completed by entity DHCP. {{(pid=93752) provisioning_complete /opt/stack/neutron/neutron/db/provisioning_blocks.py:133}}
Jul 13 13:29:56.249796 n-d-800634-1 neutron-server[93752]: DEBUG neutron.db.provisioning_blocks [None req-eb8714aa-c085-426b-850e-fe198a4ddaa1 None None] Provisioning complete for port f31ef304-7f72-45b3-9a82-2cc82bc962da triggered by entity DHCP. {{(pid=93752) provisioning_complete /opt/stack/neutron/neutron/db/provisioning_blocks.py:139}}
Jul 13 13:29:56.250899 n-d-800634-1 neutron-server[93752]: DEBUG neutron_lib.callbacks.manager [None req-eb8714aa-c085-426b-850e-fe198a4ddaa1 None None] Notify callbacks ['neutron.plugins.ml2.plugin.Ml2Plugin._port_provisioned-1397434'] for port, provisioning_complete {{(pid=93752) _notify_loop /usr/local/lib/python3.8/dist-packages/neutron_lib/callbacks/manager.py:192}}
Jul 13 13:29:56.269423 n-d-800634-1 neutron-server[93750]: DEBUG neutron_lib.callbacks.manager [None req-10b717f9-9828-44b3-b675-b5c6c10f40e3 admin admin] Notify callbacks [] for security_group, before_delete {{(pid=93750) _notify_loop /usr/local/lib/python3.8/dist-packages/neutron_lib/callbacks/manager.py:192}}
Jul 13 13:29:56.317192 n-d-800634-1 neutron-server[93752]: DEBUG neutron.plugins.ml2.rpc [None req-2528887c-2b04-48d0-82ac-208f0f7a959d None None] Device c92f238f-33d4-40de-9379-659db2ad99f0 up at agent ovs-agent-n-d-800634-1 {{(pid=93752) update_device_up /opt/stack/neutron/neutron/plugins/ml2/rpc.py:296}}
Jul 13 13:29:56.367733 n-d-800634-1 neutron-server[93750]: DEBUG neutron_lib.callbacks.manager [None req-10b717f9-9828-44b3-b675-b5c6c10f40e3 admin admin] Notify callbacks [] for security_group, precommit_delete {{(pid=93750) _notify_loop /usr/local/lib/python3.8/dist-packages/neutron_lib/callbacks/manager.py:192}}
Jul 13 13:29:56.409262 n-d-800634-1 neutron-server[93752]: DEBUG neutron.db.provisioning_blocks [None req-2528887c-2b04-48d0-82ac-208f0f7a959d None None] Provisioning complete for port c92f238f-33d4-40de-9379-659db2ad99f0 triggered by entity L2. {{(pid=93752) provisioning_complete /opt/stack/neutron/neutron/db/provisioning_blocks.py:139}}
Jul 13 13:29:56.410041 n-d-800634-1 neutron-server[93752]: DEBUG neutron_lib.callbacks.manager [None req-2528887c-2b04-48d0-82ac-208f0f7a959d None None] Notify callbacks ['neutron.plugins.ml2.plugin.Ml2Plugin._port_provisioned-1397434'] for port, provisioning_complete {{(pid=93752) _notify_loop /usr/local/lib/python3.8/dist-packages/neutron_lib/callbacks/manager.py:192}}
Jul 13 13:29:56.521665 n-d-800634-1 neutron-server[93752]: DEBUG neutron.plugins.ml2.plugin [None req-eb8714aa-c085-426b-850e-fe198a4ddaa1 None None] Port f31ef304-7f72-45b3-9a82-2cc82bc962da cannot update to ACTIVE because it is not bound. {{(pid=93752) _port_provisioned /opt/stack/neutron/neutron/plugins/ml2/plugin.py:337}}
Jul 13 13:29:56.549342 n-d-800634-1 neutron-server[93752]: DEBUG neutron.db.provisioning_blocks [None req-eb8714aa-c085-426b-850e-fe198a4ddaa1 None None] Provisioning for port 6d8005ba-3501-4b7c-8ee3-729b1787a910 completed by entity DHCP. {{(pid=93752) provisioning_complete /opt/stack/neutron/neutron/db/provisioning_blocks.py:133}}
Jul 13 13:29:56.564401 n-d-800634-1 neutron-server[93752]: DEBUG neutron.db.provisioning_blocks [None req-eb8714aa-c085-426b-850e-fe198a4ddaa1 None None] Provisioning complete for port 6d8005ba-3501-4b7c-8ee3-729b1787a910 triggered by entity DHCP. {{(pid=93752) provisioning_complete /opt/stack/neutron/neutron/db/provisioning_blocks.py:139}}
Jul 13 13:29:56.568254 n-d-800634-1 neutron-server[93752]: DEBUG neutron_lib.callbacks.manager [None req-eb8714aa-c085-426b-850e-fe198a4ddaa1 None None] Notify callbacks ['neutron.plugins.ml2.plugin.Ml2Plugin._port_provisioned-1397434'] for port, provisioning_complete {{(pid=93752) _notify_loop /usr/local/lib/python3.8/dist-packages/neutron_lib/callbacks/manager.py:192}}
Jul 13 13:29:56.585395 n-d-800634-1 neutron-server[93751]: DEBUG neutron_lib.callbacks.manager [None req-d0bdd798-336c-436d-a13b-5e7bcb690947 admin admin] Notify callbacks [] for security_group, before_create {{(pid=93751) _notify_loop /usr/local/lib/python3.8/dist-packages/neutron_lib/callbacks/manager.py:192}}
Jul 13 13:29:56.654084 n-d-800634-1 neutron-server[93751]: DEBUG neutron_lib.callbacks.manager [None req-03ffb65c-2841-48d7-85e6-8481945ebe5d admin admin] Notify callbacks ['neutron.plugins.ml2.plugin.SecurityGroupDbMixin._ensure_default_security_group_handler-782703'] for port, before_update {{(pid=93751) _notify_loop /usr/local/lib/python3.8/dist-packages/neutron_lib/callbacks/manager.py:192}}
Jul 13 13:29:56.654731 n-d-800634-1 neutron-server[93752]: DEBUG neutron.plugins.ml2.plugin [None req-eb8714aa-c085-426b-850e-fe198a4ddaa1 None None] Port 6d8005ba-3501-4b7c-8ee3-729b1787a910 cannot update to ACTIVE because it is not bound. {{(pid=93752) _port_provisioned /opt/stack/neutron/neutron/plugins/ml2/plugin.py:337}}
Jul 13 13:29:56.692112 n-d-800634-1 neutron-server[93750]: DEBUG neutron.pecan_wsgi.hooks.policy_enforcement [req-0ffc53a5-9817-4736-b96e-4abb16666218 req-b5347213-a3ae-4e84-94c0-76eaf940ef2b tempest-AggregatesAdminTestJSON-1853788010 tempest-AggregatesAdminTestJSON-1853788010-project] Attributes excluded by policy engine: ['standard_attr_id', 'binding:profile', 'binding:host_id', 'binding:vif_type', 'binding:vif_details'] {{(pid=93750) _exclude_attributes_by_policy /opt/stack/neutron/neutron/pecan_wsgi/hooks/policy_enforcement.py:255}}
Jul 13 13:29:56.699106 n-d-800634-1 neutron-server[93750]: INFO neutron.wsgi [req-0ffc53a5-9817-4736-b96e-4abb16666218 req-b5347213-a3ae-4e84-94c0-76eaf940ef2b tempest-AggregatesAdminTestJSON-1853788010 tempest-AggregatesAdminTestJSON-1853788010-project] 10.222.0.23 "GET /v2.0/ports?device_id=fdd4274d-3faa-49a9-bfc1-10158a747833 HTTP/1.1" status: 200 len: 936 time: 0.3639958
