Jul 13 13:30:00.218112 n-d-800634-1 neutron-server[93751]: INFO neutron.wsgi [req-42bc6c7e-fd16-4109-ac68-2ae770468ee3 req-d8b43193-7e2f-4355-96a6-51a13c2a4e2e tempest-ServersOnMultiNodesTest-1243087047 tempest-ServersOnMultiNodesTest-1243087047-project] 10.222.0.23 "GET /v2.0/security-groups?id=30616c26-47b2-497e-86af-cdf36766fc7f&fields=id&fields=name HTTP/1.1" status: 200 len: 286 time: 0.2101035
Jul 13 13:30:00.248070 n-d-800634-1 neutron-server[93751]: DEBUG neutron.api.rpc.agentnotifiers.l3_rpc_agent_api [None req-03ffb65c-2841-48d7-85e6-8481945ebe5d admin admin] Notify agent at l3_agent.n-d-800634-1 the message routers_updated {{(pid=93751) _agent_notification /opt/stack/neutron/neutron/api/rpc/agentnotifiers/l3_rpc_agent_api.py:65}}
Jul 13 13:30:00.259739 n-d-800634-1 neutron-server[93751]: INFO neutron.wsgi [None req-03ffb65c-2841-48d7-85e6-8481945ebe5d admin admin] 10.222.0.23 "PUT /v2.0/routers/3f45e2fb-9816-4dd0-9223-d3f6e254683f/add_router_interface HTTP/1.1" status: 200 len: 503 time: 6.7492597
Jul 13 13:30:00.262367 n-d-800634-1 neutron-server[93752]: DEBUG neutron.api.rpc.handlers.l3_rpc [None req-8febf9b7-b0a5-4d52-8755-87645e7b36c7 None None] Sync routers for ids ['3f45e2fb-9816-4dd0-9223-d3f6e254683f'] in n-d-800634-1 {{(pid=93752) sync_routers /opt/stack/neutron/neutron/api/rpc/handlers/l3_rpc.py:125}}
Jul 13 13:30:00.335597 n-d-800634-1 neutron-server[93752]: DEBUG neutron_lib.callbacks.manager [None req-381d4315-9089-413f-a071-aa2897bda790 None None] Notify callbacks ['neutron.services.segments.db._update_segment_host_mapping_for_agent-8787164475118', 'neutron.plugins.ml2.plugin.Ml2Plugin._retry_binding_revived_agents-1397615'] for agent, after_update {{(pid=93752) _notify_loop /usr/local/lib/python3.8/dist-packages/neutron_lib/callbacks/manager.py:192}}
Jul 13 13:30:00.340767 n-d-800634-1 neutron-server[93750]: DEBUG neutron_lib.callbacks.manager [None req-d1a4c7d6-594c-47eb-b79a-8e1f0811c9f7 admin admin] Notify callbacks [] for security_group, before_create {{(pid=93750) _notify_loop /usr/local/lib/python3.8/dist-packages/neutron_lib/callbacks/manager.py:192}}
Jul 13 13:30:00.343053 n-d-800634-1 neutron-server[93752]: DEBUG neutron.plugins.ml2.rpc [None req-2528887c-2b04-48d0-82ac-208f0f7a959d None None] Device b604f099-2fec-43e2-8f84-de483349e888 up at agent ovs-agent-n-d-800634-1 {{(pid=93752) update_device_up /opt/stack/neutron/neutron/plugins/ml2/rpc.py:296}}
Jul 13 13:30:00.365613 n-d-800634-1 neutron-server[93751]: DEBUG neutron_lib.callbacks.manager [None req-bc49119a-b0f4-4089-b2a4-8096f0a9184b admin admin] Notify callbacks [] for security_group, precommit_create {{(pid=93751) _notify_loop /usr/local/lib/python3.8/dist-packages/neutron_lib/callbacks/manager.py:192}}
Jul 13 13:30:00.378044 n-d-800634-1 neutron-server[93752]: DEBUG neutron.db.l3_dvrscheduler_db [None req-8febf9b7-b0a5-4d52-8755-87645e7b36c7 None None] Routers {'3f45e2fb-9816-4dd0-9223-d3f6e254683f'} bound to L3 agent in host n-d-800634-1 {{(pid=93752) _get_router_ids_for_agent /opt/stack/neutron/neutron/db/l3_dvrscheduler_db.py:420}}
Jul 13 13:30:00.379099 n-d-800634-1 neutron-server[93752]: DEBUG neutron.db.l3_hamode_db [None req-8febf9b7-b0a5-4d52-8755-87645e7b36c7 None None] neutron.services.l3_router.l3_router_plugin.L3RouterPlugin method get_ha_sync_data_for_host called with arguments (, 'n-d-800634-1', Agent(admin_state_up=True,agent_type='L3 agent',availability_zone='nova',binary='neutron-l3-agent',configurations={"agent_mode": "legacy", "ex_gw_ports": 2, "extensions": [], "floating_ips": 0, "handle_internal_only_routers": true, "interface_driver": "openvswitch", "interfaces": 2, "log_agent_heartbeats": false, "routers": 2},created_at=2021-07-13T13:20:20Z,description=,heartbeat_timestamp=2021-07-13T13:29:50Z,host='n-d-800634-1',id=e839983a-d6b9-4f8b-aa22-7995324f77f5,load=0,resource_versions=,resources_synced=,started_at=2021-07-13T13:20:20Z,topic='l3_agent')) {'router_ids': ['3f45e2fb-9816-4dd0-9223-d3f6e254683f'], 'active': True} {{(pid=93752) wrapper /usr/local/lib/python3.8/dist-packages/oslo_log/helpers.py:65}}
Jul 13 13:30:00.463973 n-d-800634-1 neutron-server[93750]: DEBUG neutron.plugins.ml2.db [req-2d0246ef-39f5-4768-9da5-0beb06c1b4b7 req-299ad6e4-862c-4338-9dd2-0f07d91017dc service neutron] For port f31ef304-7f72-45b3-9a82-2cc82bc962da, host n-h2-800634-1, cleared binding levels {{(pid=93750) clear_binding_levels /opt/stack/neutron/neutron/plugins/ml2/db.py:87}}
Jul 13 13:30:00.487392 n-d-800634-1 neutron-server[93751]: DEBUG neutron_lib.callbacks.manager [None req-bc49119a-b0f4-4089-b2a4-8096f0a9184b admin admin] Notify callbacks ['neutron.plugins.ml2.ovo_rpc._ObjectChangeHandler.handle_event-1627675'] for security_group, after_create {{(pid=93751) _notify_loop /usr/local/lib/python3.8/dist-packages/neutron_lib/callbacks/manager.py:192}}
Jul 13 13:30:00.529813 n-d-800634-1 neutron-server[93750]: DEBUG neutron.plugins.ml2.db [req-2d0246ef-39f5-4768-9da5-0beb06c1b4b7 req-299ad6e4-862c-4338-9dd2-0f07d91017dc service neutron] For port f31ef304-7f72-45b3-9a82-2cc82bc962da, host n-h2-800634-1, set binding levels [PortBindingLevel(driver='hyperv',host='n-h2-800634-1',level=0,port_id=f31ef304-7f72-45b3-9a82-2cc82bc962da,segment=NetworkSegment(62a4f2e9-97ca-473c-a2df-e7f9f532c648),segment_id=62a4f2e9-97ca-473c-a2df-e7f9f532c648)] {{(pid=93750) set_binding_levels /opt/stack/neutron/neutron/plugins/ml2/db.py:59}}
Jul 13 13:30:00.540916 n-d-800634-1 neutron-server[93750]: DEBUG neutron_lib.callbacks.manager [req-2d0246ef-39f5-4768-9da5-0beb06c1b4b7 req-299ad6e4-862c-4338-9dd2-0f07d91017dc service neutron] Notify callbacks ['neutron.plugins.ml2.plugin.SecurityGroupServerNotifierRpcMixin._notify_sg_on_port_change-782638', 'neutron.plugins.ml2.ovo_rpc._ObjectChangeHandler.handle_event-2007638', 'neutron.api.rpc.agentnotifiers.dhcp_rpc_agent_api.DhcpAgentNotifyAPI._native_event_send_dhcp_notification-1785031', 'neutron.db.l3_db.L3RpcNotifierMixin._notify_gateway_port_ip_changed-8787164375287', 'neutron.db.l3_dvrscheduler_db._notify_l3_agent_port_update-8787163983297', 'neutron.db.l3_hascheduler_db._notify_l3_agent_ha_port_update-8787163983315'] for port, after_update {{(pid=93750) _notify_loop /usr/local/lib/python3.8/dist-packages/neutron_lib/callbacks/manager.py:192}}
Jul 13 13:30:00.546595 n-d-800634-1 neutron-server[93752]: DEBUG neutron.db.provisioning_blocks [None req-2528887c-2b04-48d0-82ac-208f0f7a959d None None] Provisioning complete for port b604f099-2fec-43e2-8f84-de483349e888 triggered by entity L2. {{(pid=93752) provisioning_complete /opt/stack/neutron/neutron/db/provisioning_blocks.py:139}}
Jul 13 13:30:00.547242 n-d-800634-1 neutron-server[93752]: DEBUG neutron_lib.callbacks.manager [None req-2528887c-2b04-48d0-82ac-208f0f7a959d None None] Notify callbacks ['neutron.plugins.ml2.plugin.Ml2Plugin._port_provisioned-1397434'] for port, provisioning_complete {{(pid=93752) _notify_loop /usr/local/lib/python3.8/dist-packages/neutron_lib/callbacks/manager.py:192}}
Jul 13 13:30:00.581606 n-d-800634-1 neutron-server[93751]: DEBUG neutron.wsgi [-] (93751) accepted ('10.222.0.23', 43692) {{(pid=93751) server /usr/local/lib/python3.8/dist-packages/eventlet/wsgi.py:982}}
Jul 13 13:30:00.608808 n-d-800634-1 neutron-server[93752]: DEBUG neutron.db.l3_dvr_db [None req-8febf9b7-b0a5-4d52-8755-87645e7b36c7 None None] Set router 3f45e2fb-9816-4dd0-9223-d3f6e254683f gateway port host: n-d-800634-1 {{(pid=93752) _build_routers_list /opt/stack/neutron/neutron/db/l3_dvr_db.py:894}}
Jul 13 13:30:00.651902 n-d-800634-1 neutron-server[93751]: INFO neutron.wsgi [None req-bc49119a-b0f4-4089-b2a4-8096f0a9184b admin admin] 10.222.0.23 "GET /v2.0/security-groups?tenant_id=37e36082854e4c4aa43e66969f12035b&name=default HTTP/1.1" status: 200 len: 2979 time: 1.4859207
Jul 13 13:30:00.652950 n-d-800634-1 neutron-server[93751]: DEBUG neutron.wsgi [-] (93751) accepted ('10.222.0.23', 43698) {{(pid=93751) server /usr/local/lib/python3.8/dist-packages/eventlet/wsgi.py:982}}
Jul 13 13:30:00.655338 n-d-800634-1 neutron-server[93751]: DEBUG neutron.api.rpc.handlers.resources_rpc [None req-bc49119a-b0f4-4089-b2a4-8096f0a9184b admin admin] Pushing event updated for resources: {'SecurityGroup': ['ID=2e340c8c-7c08-46f0-ab4b-a0cdb3a2f4b6,revision_number=1']} {{(pid=93751) push /opt/stack/neutron/neutron/api/rpc/handlers/resources_rpc.py:237}}
Jul 13 13:30:00.668013 n-d-800634-1 neutron-server[93750]: DEBUG neutron.pecan_wsgi.hooks.policy_enforcement [req-2d0246ef-39f5-4768-9da5-0beb06c1b4b7 req-299ad6e4-862c-4338-9dd2-0f07d91017dc service neutron] Attributes excluded by policy engine: ['standard_attr_id'] {{(pid=93750) _exclude_attributes_by_policy /opt/stack/neutron/neutron/pecan_wsgi/hooks/policy_enforcement.py:255}}
Jul 13 13:30:00.692878 n-d-800634-1 neutron-server[93750]: DEBUG neutron_lib.callbacks.manager [req-2d0246ef-39f5-4768-9da5-0beb06c1b4b7 req-299ad6e4-862c-4338-9dd2-0f07d91017dc service neutron] Notify callbacks ['neutron.notifiers.nova.Notifier._send_nova_notification-102105', 'neutron.api.rpc.agentnotifiers.dhcp_rpc_agent_api.DhcpAgentNotifyAPI._send_dhcp_notification-1785009'] for port, before_response {{(pid=93750) _notify_loop /usr/local/lib/python3.8/dist-packages/neutron_lib/callbacks/manager.py:192}}
Jul 13 13:30:00.694609 n-d-800634-1 neutron-server[93750]: INFO neutron.wsgi [req-2d0246ef-39f5-4768-9da5-0beb06c1b4b7 req-299ad6e4-862c-4338-9dd2-0f07d91017dc service neutron] 10.222.0.41 "PUT /v2.0/ports/f31ef304-7f72-45b3-9a82-2cc82bc962da HTTP/1.1" status: 200 len: 1118 time: 4.0738184
Jul 13 13:30:00.695080 n-d-800634-1 neutron-server[93750]: DEBUG neutron.notifiers.nova [-] Sending events: [{'name': 'network-changed', 'server_uuid': 'fdd4274d-3faa-49a9-bfc1-10158a747833', 'tag': 'f31ef304-7f72-45b3-9a82-2cc82bc962da'}] {{(pid=93750) send_events /opt/stack/neutron/neutron/notifiers/nova.py:262}}
Jul 13 13:30:00.710187 n-d-800634-1 neutron-server[93751]: DEBUG neutron_lib.callbacks.manager [None req-bca85933-74ac-4ed8-84a5-8c3a46fc581e admin admin] Notify callbacks [] for security_group, before_create {{(pid=93751) _notify_loop /usr/local/lib/python3.8/dist-packages/neutron_lib/callbacks/manager.py:192}}
Jul 13 13:30:00.856884 n-d-800634-1 neutron-server[93751]: DEBUG neutron_lib.callbacks.manager [None req-569223d8-463a-46f9-a65f-1c70f0caf6e4 admin admin] Notify callbacks [] for security_group, precommit_create {{(pid=93751) _notify_loop /usr/local/lib/python3.8/dist-packages/neutron_lib/callbacks/manager.py:192}}
Jul 13 13:30:00.885726 n-d-800634-1 neutron-server[93751]: DEBUG neutron_lib.callbacks.manager [None req-569223d8-463a-46f9-a65f-1c70f0caf6e4 admin admin] Notify callbacks ['neutron.plugins.ml2.ovo_rpc._ObjectChangeHandler.handle_event-1627675'] for security_group, after_create {{(pid=93751) _notify_loop /usr/local/lib/python3.8/dist-packages/neutron_lib/callbacks/manager.py:192}}
Jul 13 13:30:01.053300 n-d-800634-1 neutron-server[93751]: DEBUG neutron_lib.callbacks.manager [None req-558506bf-641e-406a-87ee-de40286e27aa admin admin] Notify callbacks [] for security_group, before_delete {{(pid=93751) _notify_loop /usr/local/lib/python3.8/dist-packages/neutron_lib/callbacks/manager.py:192}}
Jul 13 13:30:01.059225 n-d-800634-1 neutron-server[93750]: DEBUG neutron.notifiers.nova [req-f47a2157-b2f2-4854-8fce-aa6dfb9254f2 req-e1a70e50-796c-4d7f-b177-63df10f652bf service neutron] Ignoring state change previous_port_status: DOWN current_port_status: DOWN port_id 894c88fc-95cc-4a2b-9a78-4c8bf919a43e {{(pid=93750) record_port_status_changed /opt/stack/neutron/neutron/notifiers/nova.py:224}}
Jul 13 13:30:01.096351 n-d-800634-1 neutron-server[93750]: DEBUG neutron_lib.callbacks.manager [req-f47a2157-b2f2-4854-8fce-aa6dfb9254f2 req-e1a70e50-796c-4d7f-b177-63df10f652bf service neutron] Notify callbacks [] for port, precommit_update {{(pid=93750) _notify_loop /usr/local/lib/python3.8/dist-packages/neutron_lib/callbacks/manager.py:192}}
Jul 13 13:30:01.131963 n-d-800634-1 neutron-server[93750]: DEBUG neutron.api.rpc.handlers.resources_rpc [None req-299ad6e4-862c-4338-9dd2-0f07d91017dc service neutron] Pushing event updated for resources: {'Port': ['ID=f31ef304-7f72-45b3-9a82-2cc82bc962da,revision_number=3']} {{(pid=93750) push /opt/stack/neutron/neutron/api/rpc/handlers/resources_rpc.py:237}}
Jul 13 13:30:01.186211 n-d-800634-1 neutron-server[93750]: DEBUG neutron.db.provisioning_blocks [req-f47a2157-b2f2-4854-8fce-aa6dfb9254f2 req-e1a70e50-796c-4d7f-b177-63df10f652bf service neutron] Transition to ACTIVE for port object 894c88fc-95cc-4a2b-9a78-4c8bf919a43e will not be triggered until provisioned by entity L2. {{(pid=93750) add_provisioning_component /opt/stack/neutron/neutron/db/provisioning_blocks.py:73}}
Jul 13 13:30:01.193685 n-d-800634-1 neutron-server[93751]: DEBUG neutron.api.rpc.handlers.resources_rpc [None req-569223d8-463a-46f9-a65f-1c70f0caf6e4 admin admin] Pushing event updated for resources: {'SecurityGroup': ['ID=5015a54e-ed38-4e0d-8ed4-4c06c51a95b0,revision_number=1']} {{(pid=93751) push /opt/stack/neutron/neutron/api/rpc/handlers/resources_rpc.py:237}}
Jul 13 13:30:01.193916 n-d-800634-1 neutron-server[93750]: DEBUG novaclient.v2.client [-] REQ: curl -g -i --cacert "/opt/stack/data/ca-bundle.pem" -X POST http://10.222.0.23/compute/v2.1/os-server-external-events -H "Accept: application/json" -H "Content-Type: application/json" -H "User-Agent: python-novaclient" -H "X-Auth-Token: {SHA256}b8ab0f5c44a4ad0ce5334737c516cc16ee26234427fa91060fdeecfc35ed57b5" -H "X-OpenStack-Nova-API-Version: 2.1" -H "X-OpenStack-Request-ID: req-af8f86a5-08fb-49b4-84b6-9a4d152c4b86" -d '{"events": [{"name": "network-changed", "server_uuid": "fdd4274d-3faa-49a9-bfc1-10158a747833", "tag": "f31ef304-7f72-45b3-9a82-2cc82bc962da"}]}' {{(pid=93750) _http_log_request /usr/local/lib/python3.8/dist-packages/keystoneauth1/session.py:519}}
Jul 13 13:30:01.203120 n-d-800634-1 neutron-server[93751]: INFO neutron.wsgi [None req-569223d8-463a-46f9-a65f-1c70f0caf6e4 admin admin] 10.222.0.23 "GET /v2.0/security-groups?tenant_id=02c0dbd6ec75497b8f740e29d9b881e7&name=default HTTP/1.1" status: 200 len: 2979 time: 1.3256009
Jul 13 13:30:01.206543 n-d-800634-1 neutron-server[93752]: DEBUG neutron.db.l3_hamode_db [None req-8febf9b7-b0a5-4d52-8755-87645e7b36c7 None None] neutron.services.l3_router.l3_router_plugin.L3RouterPlugin method _process_sync_ha_data called with arguments (, [{'id': '3f45e2fb-9816-4dd0-9223-d3f6e254683f', 'name': 'tempest-ServersWithSpecificFlavorTestJSON-1695295658-router', 'tenant_id': 'f54116ed042844c4974340216083f60c', 'admin_state_up': True, 'status': 'ACTIVE', 'external_gateway_info': {'network_id': 'acf968b8-c524-46a9-a20b-ad9667009130', 'external_fixed_ips': [{'subnet_id': 'dde5a78e-bd1e-4f47-8189-7321d4de73d3', 'ip_address': '172.25.6.18'}], 'enable_snat': True}, 'gw_port_id': 'b604f099-2fec-43e2-8f84-de483349e888', 'description': '', 'availability_zones': ['nova'], 'distributed': False, 'ha': False, 'ha_vr_id': 0, 'availability_zone_hints': [], 'routes': [], 'flavor_id': None, 'tags': [], 'created_at': '2021-07-13T13:29:49Z', 'updated_at': '2021-07-13T13:29:56Z', 'revision_number': 4, 'project_id': 'f54116ed042844c4974340216083f60c', 'gw_port': {'id': 'b604f099-2fec-43e2-8f84-de483349e888', 'name': '', 'network_id': 'acf968b8-c524-46a9-a20b-ad9667009130', 'tenant_id': '', 'mac_address': 'fa:16:3e:90:fe:1f', 'admin_state_up': True, 'status': 'ACTIVE', 'device_id': '3f45e2fb-9816-4dd0-9223-d3f6e254683f', 'device_owner': 'network:router_gateway', 'standard_attr_id': 98, 'fixed_ips': [{'subnet_id': 'dde5a78e-bd1e-4f47-8189-7321d4de73d3', 'ip_address': '172.25.6.18', 'prefixlen': 24}], 'allowed_address_pairs': [], 'extra_dhcp_opts': [], 'security_groups': [], 'description': '', 'binding:vnic_type': 'normal', 'binding:profile': {}, 'binding:host_id': 'n-d-800634-1', 'binding:vif_type': 'ovs', 'binding:vif_details': {'connectivity': 'l2', 'port_filter': True, 'ovs_hybrid_plug': False, 'datapath_type': 'system', 'bridge_name': 'br-int'}, 'port_security_enabled': False, 'tags': [], 'created_at': '2021-07-13T13:29:51Z', 'updated_at': '2021-07-13T13:29:58Z', 'revision_number': 4, 'project_id': '', 'subnets': [{'id': 'dde5a78e-bd1e-4f47-8189-7321d4de73d3', 'cidr': '172.25.6.0/24', 'gateway_ip': '172.25.6.1', 'dns_nameservers': [], 'ipv6_ra_mode': None, 'subnetpool_id': None}], 'extra_subnets': [], 'address_scopes': {4: None, 6: None}, 'mtu': 1500}, 'enable_snat': True, 'gw_port_host': 'n-d-800634-1', '_interfaces': [{'id': '6d8005ba-3501-4b7c-8ee3-729b1787a910', 'name': '', 'network_id': 'e11d88cd-2e07-4e71-9e10-5d91be491d03', 'tenant_id': 'f54116ed042844c4974340216083f60c', 'mac_address': 'fa:16:3e:b2:d0:aa', 'admin_state_up': True, 'status': 'DOWN', 'device_id': '3f45e2fb-9816-4dd0-9223-d3f6e254683f', 'device_owner': 'network:router_interface', 'standard_attr_id': 105, 'fixed_ips': [{'subnet_id': '063f2dcb-0299-41b3-8cdd-1dfc0fa62b86', 'ip_address': '172.20.0.1', 'prefixlen': 28}], 'allowed_address_pairs': [], 'extra_dhcp_opts': [], 'security_groups': [], 'description': '', 'binding:vnic_type': 'normal', 'binding:profile': {}, 'binding:host_id': '', 'binding:vif_type': 'unbound', 'binding:vif_details': {}, 'port_security_enabled': False, 'tags': [], 'created_at': '2021-07-13T13:29:54Z', 'updated_at': '2021-07-13T13:29:56Z', 'revision_number': 2, 'project_id': 'f54116ed042844c4974340216083f60c', 'subnets': [{'id': '063f2dcb-0299-41b3-8cdd-1dfc0fa62b86', 'cidr': '172.20.0.0/28', 'gateway_ip': '172.20.0.1', 'dns_nameservers': [], 'ipv6_ra_mode': None, 'subnetpool_id': None}], 'extra_subnets': [], 'address_scopes': {4: None, 6: None}, 'mtu': 1500}]}], 'n-d-800634-1', False) {} {{(pid=93752) wrapper /usr/local/lib/python3.8/dist-packages/oslo_log/helpers.py:65}}
Jul 13 13:30:01.230569 n-d-800634-1 neutron-server[93750]: DEBUG neutron.wsgi [-] (93750) accepted ('10.222.0.23', 43708) {{(pid=93750) server /usr/local/lib/python3.8/dist-packages/eventlet/wsgi.py:982}}
Jul 13 13:30:01.233278 n-d-800634-1 neutron-server[93750]: DEBUG neutron_lib.callbacks.manager [req-f47a2157-b2f2-4854-8fce-aa6dfb9254f2 req-e1a70e50-796c-4d7f-b177-63df10f652bf service neutron] Notify callbacks ['neutron.plugins.ml2.plugin.SecurityGroupServerNotifierRpcMixin._notify_sg_on_port_change-782638', 'neutron.plugins.ml2.ovo_rpc._ObjectChangeHandler.handle_event-2007638', 'neutron.api.rpc.agentnotifiers.dhcp_rpc_agent_api.DhcpAgentNotifyAPI._native_event_send_dhcp_notification-1785031', 'neutron.db.l3_db.L3RpcNotifierMixin._notify_gateway_port_ip_changed-8787164375287', 'neutron.db.l3_dvrscheduler_db._notify_l3_agent_port_update-8787163983297', 'neutron.db.l3_hascheduler_db._notify_l3_agent_ha_port_update-8787163983315'] for port, after_update {{(pid=93750) _notify_loop /usr/local/lib/python3.8/dist-packages/neutron_lib/callbacks/manager.py:192}}
Jul 13 13:30:01.248607 n-d-800634-1 neutron-server[93751]: DEBUG neutron_lib.callbacks.manager [None req-558506bf-641e-406a-87ee-de40286e27aa admin admin] Notify callbacks [] for security_group, precommit_delete {{(pid=93751) _notify_loop /usr/local/lib/python3.8/dist-packages/neutron_lib/callbacks/manager.py:192}}
Jul 13 13:30:01.276364 n-d-800634-1 neutron-server[93752]: DEBUG neutron.api.rpc.handlers.l3_rpc [None req-8febf9b7-b0a5-4d52-8755-87645e7b36c7 None None] Checking router: 3f45e2fb-9816-4dd0-9223-d3f6e254683f for host: n-d-800634-1 {{(pid=93752) _ensure_host_set_on_ports /opt/stack/neutron/neutron/api/rpc/handlers/l3_rpc.py:155}}
Jul 13 13:30:01.276633 n-d-800634-1 neutron-server[93752]: DEBUG neutron.api.rpc.handlers.l3_rpc [None req-8febf9b7-b0a5-4d52-8755-87645e7b36c7 None None] Updating router 3f45e2fb-9816-4dd0-9223-d3f6e254683f port 6d8005ba-3501-4b7c-8ee3-729b1787a910 binding host n-d-800634-1 {{(pid=93752) _ensure_host_set_on_port /opt/stack/neutron/neutron/api/rpc/handlers/l3_rpc.py:205}}
Jul 13 13:30:01.411773 n-d-800634-1 neutron-server[93752]: DEBUG neutron_lib.callbacks.manager [None req-8febf9b7-b0a5-4d52-8755-87645e7b36c7 None None] Notify callbacks ['neutron.plugins.ml2.plugin.SecurityGroupDbMixin._ensure_default_security_group_handler-782703'] for port, before_update {{(pid=93752) _notify_loop /usr/local/lib/python3.8/dist-packages/neutron_lib/callbacks/manager.py:192}}
Jul 13 13:30:01.419848 n-d-800634-1 neutron-server[93751]: DEBUG neutron.pecan_wsgi.hooks.policy_enforcement [req-afb0c7de-6297-470e-9a96-eebf39422072 req-4baa02e4-b6b5-4d8e-9204-701b8bb9cd5c tempest-AggregatesAdminTestJSON-1853788010 tempest-AggregatesAdminTestJSON-1853788010-project] Attributes excluded by policy engine: ['standard_attr_id', 'binding:profile', 'binding:host_id', 'binding:vif_type', 'binding:vif_details'] {{(pid=93751) _exclude_attributes_by_policy /opt/stack/neutron/neutron/pecan_wsgi/hooks/policy_enforcement.py:255}}
Jul 13 13:30:01.431749 n-d-800634-1 neutron-server[93751]: INFO neutron.wsgi [req-afb0c7de-6297-470e-9a96-eebf39422072 req-4baa02e4-b6b5-4d8e-9204-701b8bb9cd5c tempest-AggregatesAdminTestJSON-1853788010 tempest-AggregatesAdminTestJSON-1853788010-project] 10.222.0.23 "GET /v2.0/ports?device_id=fdd4274d-3faa-49a9-bfc1-10158a747833 HTTP/1.1" status: 200 len: 970 time: 0.5229008
Jul 13 13:30:01.432612 n-d-800634-1 neutron-server[93751]: DEBUG neutron_lib.callbacks.manager [None req-558506bf-641e-406a-87ee-de40286e27aa admin admin] Notify callbacks ['neutron.plugins.ml2.ovo_rpc._ObjectChangeHandler.handle_event-1627675'] for security_group, after_delete {{(pid=93751) _notify_loop /usr/local/lib/python3.8/dist-packages/neutron_lib/callbacks/manager.py:192}}
Jul 13 13:30:01.443186 n-d-800634-1 neutron-server[93751]: DEBUG neutron_lib.callbacks.manager [None req-558506bf-641e-406a-87ee-de40286e27aa admin admin] Notify callbacks [] for security_group, before_response {{(pid=93751) _notify_loop /usr/local/lib/python3.8/dist-packages/neutron_lib/callbacks/manager.py:192}}
Jul 13 13:30:01.446687 n-d-800634-1 neutron-server[93751]: INFO neutron.wsgi [None req-558506bf-641e-406a-87ee-de40286e27aa admin admin] 10.222.0.23 "DELETE /v2.0/security-groups/2e340c8c-7c08-46f0-ab4b-a0cdb3a2f4b6 HTTP/1.1" status: 204 len: 168 time: 0.7602639
Jul 13 13:30:01.542505 n-d-800634-1 neutron-server[93751]: DEBUG neutron.api.rpc.handlers.resources_rpc [None req-558506bf-641e-406a-87ee-de40286e27aa admin admin] Pushing event deleted for resources: {'SecurityGroup': ['ID=2e340c8c-7c08-46f0-ab4b-a0cdb3a2f4b6,revision_number=None']} {{(pid=93751) push /opt/stack/neutron/neutron/api/rpc/handlers/resources_rpc.py:237}}
Jul 13 13:30:01.639733 n-d-800634-1 neutron-server[93751]: INFO neutron.wsgi [req-afb0c7de-6297-470e-9a96-eebf39422072 req-9a870e48-5787-4a50-99e6-e53a12ae75b3 tempest-AggregatesAdminTestJSON-1853788010 tempest-AggregatesAdminTestJSON-1853788010-project] 10.222.0.23 "GET /v2.0/security-groups?id=5b2baecb-2186-4d6c-b1b0-56fe5f55edb9&fields=id&fields=name HTTP/1.1" status: 200 len: 286 time: 0.1937563
Jul 13 13:30:01.790714 n-d-800634-1 neutron-server[93750]: DEBUG neutron.pecan_wsgi.hooks.policy_enforcement [req-2d0246ef-39f5-4768-9da5-0beb06c1b4b7 req-c878d4bf-3619-4f8d-9872-862311f6297f service neutron] Attributes excluded by policy engine: ['standard_attr_id'] {{(pid=93750) _exclude_attributes_by_policy /opt/stack/neutron/neutron/pecan_wsgi/hooks/policy_enforcement.py:255}}
Jul 13 13:30:01.793168 n-d-800634-1 neutron-server[93750]: INFO neutron.wsgi [req-2d0246ef-39f5-4768-9da5-0beb06c1b4b7 req-c878d4bf-3619-4f8d-9872-862311f6297f service neutron] 10.222.0.41 "GET /v2.0/ports?tenant_id=a01cf97a81a84e6c99ec12a5a2bec60c&device_id=fdd4274d-3faa-49a9-bfc1-10158a747833 HTTP/1.1" status: 200 len: 1121 time: 0.8789980
Jul 13 13:30:01.794193 n-d-800634-1 neutron-server[93750]: DEBUG neutron.api.rpc.handlers.resources_rpc [None req-e1a70e50-796c-4d7f-b177-63df10f652bf service neutron] Pushing event updated for resources: {'Port': ['ID=894c88fc-95cc-4a2b-9a78-4c8bf919a43e,revision_number=2']} {{(pid=93750) push /opt/stack/neutron/neutron/api/rpc/handlers/resources_rpc.py:237}}
Jul 13 13:30:01.843715 n-d-800634-1 neutron-server[93750]: DEBUG neutron_lib.callbacks.manager [None req-d1a4c7d6-594c-47eb-b79a-8e1f0811c9f7 admin admin] Notify callbacks [] for security_group, precommit_create {{(pid=93750) _notify_loop /usr/local/lib/python3.8/dist-packages/neutron_lib/callbacks/manager.py:192}}
Jul 13 13:30:02.035625 n-d-800634-1 neutron-server[93751]: DEBUG neutron_lib.callbacks.manager [None req-bca85933-74ac-4ed8-84a5-8c3a46fc581e admin admin] Notify callbacks [] for security_group, precommit_create {{(pid=93751) _notify_loop /usr/local/lib/python3.8/dist-packages/neutron_lib/callbacks/manager.py:192}}
Jul 13 13:30:02.041504 n-d-800634-1 neutron-server[93751]: DEBUG neutron_lib.callbacks.manager [None req-bca85933-74ac-4ed8-84a5-8c3a46fc581e admin admin] Notify callbacks ['neutron.plugins.ml2.ovo_rpc._ObjectChangeHandler.handle_event-1627675'] for security_group, after_create {{(pid=93751) _notify_loop /usr/local/lib/python3.8/dist-packages/neutron_lib/callbacks/manager.py:192}}
Jul 13 13:30:02.142208 n-d-800634-1 neutron-server[93750]: INFO neutron.wsgi [req-2d0246ef-39f5-4768-9da5-0beb06c1b4b7 req-8905b5ab-0b3d-460d-a3fc-a6350f9afb3f service neutron] 10.222.0.41 "GET /v2.0/floatingips?fixed_ip_address=192.168.233.132&port_id=f31ef304-7f72-45b3-9a82-2cc82bc962da HTTP/1.1" status: 200 len: 217 time: 0.2459619
Jul 13 13:30:02.147288 n-d-800634-1 neutron-server[93750]: DEBUG novaclient.v2.client [-] RESP: [200] Connection: close Content-Length: 179 Content-Type: application/json Date: Tue, 13 Jul 2021 13:30:01 GMT OpenStack-API-Version: compute 2.1 Server: Apache/2.4.41 (Ubuntu) Vary: OpenStack-API-Version,X-OpenStack-Nova-API-Version X-OpenStack-Nova-API-Version: 2.1 x-compute-request-id: req-2e4c5ed9-b1a4-4801-8890-1e08483b5fd0 x-openstack-request-id: req-2e4c5ed9-b1a4-4801-8890-1e08483b5fd0 {{(pid=93750) _http_log_response /usr/local/lib/python3.8/dist-packages/keystoneauth1/session.py:550}}
Jul 13 13:30:02.147584 n-d-800634-1 neutron-server[93750]: DEBUG novaclient.v2.client [-] RESP BODY: {"events": [{"name": "network-changed", "server_uuid": "fdd4274d-3faa-49a9-bfc1-10158a747833", "tag": "f31ef304-7f72-45b3-9a82-2cc82bc962da", "status": "completed", "code": 200}]} {{(pid=93750) _http_log_response /usr/local/lib/python3.8/dist-packages/keystoneauth1/session.py:582}}
Jul 13 13:30:02.147822 n-d-800634-1 neutron-server[93750]: DEBUG novaclient.v2.client [-] POST call to compute for http://10.222.0.23/compute/v2.1/os-server-external-events used request id req-2e4c5ed9-b1a4-4801-8890-1e08483b5fd0 {{(pid=93750) request /usr/local/lib/python3.8/dist-packages/keystoneauth1/session.py:954}}
Jul 13 13:30:02.155763 n-d-800634-1 neutron-server[93750]: INFO neutron.notifiers.nova [-] Nova event response: {'name': 'network-changed', 'server_uuid': 'fdd4274d-3faa-49a9-bfc1-10158a747833', 'tag': 'f31ef304-7f72-45b3-9a82-2cc82bc962da', 'status': 'completed', 'code': 200}
Jul 13 13:30:02.198935 n-d-800634-1 neutron-server[93751]: DEBUG neutron.api.rpc.handlers.resources_rpc [None req-bca85933-74ac-4ed8-84a5-8c3a46fc581e admin admin] Pushing event updated for resources: {'SecurityGroup': ['ID=85c78121-f9d7-4fdb-a094-f0c5ec1af110,revision_number=1']} {{(pid=93751) push /opt/stack/neutron/neutron/api/rpc/handlers/resources_rpc.py:237}}
Jul 13 13:30:02.211233 n-d-800634-1 neutron-server[93750]: DEBUG neutron_lib.callbacks.manager [None req-d1a4c7d6-594c-47eb-b79a-8e1f0811c9f7 admin admin] Notify callbacks ['neutron.plugins.ml2.ovo_rpc._ObjectChangeHandler.handle_event-1627675'] for security_group, after_create {{(pid=93750) _notify_loop /usr/local/lib/python3.8/dist-packages/neutron_lib/callbacks/manager.py:192}}
Jul 13 13:30:02.216730 n-d-800634-1 neutron-server[93751]: INFO neutron.wsgi [None req-bca85933-74ac-4ed8-84a5-8c3a46fc581e admin admin] 10.222.0.23 "GET /v2.0/security-groups?tenant_id=fbfeeec24a9a4f05a10385983eaa9a61&name=default HTTP/1.1" status: 200 len: 2979 time: 1.6232831
Jul 13 13:30:02.220566 n-d-800634-1 neutron-server[93751]: DEBUG neutron.wsgi [-] (93751) accepted ('10.222.0.23', 43734) {{(pid=93751) server /usr/local/lib/python3.8/dist-packages/eventlet/wsgi.py:982}}
Jul 13 13:30:02.265319 n-d-800634-1 neutron-server[93751]: DEBUG neutron.wsgi [-] (93751) accepted ('10.222.0.23', 43736) {{(pid=93751) server /usr/local/lib/python3.8/dist-packages/eventlet/wsgi.py:982}}
Jul 13 13:30:02.292685 n-d-800634-1 neutron-server[93750]: DEBUG neutron.api.rpc.handlers.resources_rpc [None req-d1a4c7d6-594c-47eb-b79a-8e1f0811c9f7 admin admin] Pushing event updated for resources: {'SecurityGroup': ['ID=9d1652a6-042c-4c2a-a751-92e4a8efbfde,revision_number=1']} {{(pid=93750) push /opt/stack/neutron/neutron/api/rpc/handlers/resources_rpc.py:237}}
Jul 13 13:30:02.293418 n-d-800634-1 neutron-server[93752]: DEBUG neutron_lib.callbacks.manager [None req-8febf9b7-b0a5-4d52-8755-87645e7b36c7 None None] Notify callbacks [] for port, precommit_update {{(pid=93752) _notify_loop /usr/local/lib/python3.8/dist-packages/neutron_lib/callbacks/manager.py:192}}
Jul 13 13:30:02.331099 n-d-800634-1 neutron-server[93751]: DEBUG neutron_lib.callbacks.manager [None req-d596b847-40b7-46e4-849d-09ed987de3ef admin admin] Notify callbacks [] for security_group, before_create {{(pid=93751) _notify_loop /usr/local/lib/python3.8/dist-packages/neutron_lib/callbacks/manager.py:192}}
Jul 13 13:30:02.350167 n-d-800634-1 neutron-server[93752]: DEBUG neutron.db.provisioning_blocks [None req-8febf9b7-b0a5-4d52-8755-87645e7b36c7 None None] Transition to ACTIVE for port object 6d8005ba-3501-4b7c-8ee3-729b1787a910 will not be triggered until provisioned by entity L2. {{(pid=93752) add_provisioning_component /opt/stack/neutron/neutron/db/provisioning_blocks.py:73}}
Jul 13 13:30:02.362733 n-d-800634-1 neutron-server[93752]: DEBUG neutron_lib.callbacks.manager [None req-8febf9b7-b0a5-4d52-8755-87645e7b36c7 None None] Notify callbacks ['neutron.plugins.ml2.plugin.SecurityGroupServerNotifierRpcMixin._notify_sg_on_port_change-782638', 'neutron.plugins.ml2.ovo_rpc._ObjectChangeHandler.handle_event-2007638', 'neutron.api.rpc.agentnotifiers.dhcp_rpc_agent_api.DhcpAgentNotifyAPI._native_event_send_dhcp_notification-1785031', 'neutron.db.l3_db.L3RpcNotifierMixin._notify_gateway_port_ip_changed-8787164375287', 'neutron.db.l3_dvrscheduler_db._notify_l3_agent_port_update-8787163983297', 'neutron.db.l3_hascheduler_db._notify_l3_agent_ha_port_update-8787163983315'] for port, after_update {{(pid=93752) _notify_loop /usr/local/lib/python3.8/dist-packages/neutron_lib/callbacks/manager.py:192}}
Jul 13 13:30:02.392570 n-d-800634-1 neutron-server[93750]: INFO neutron.wsgi [None req-d1a4c7d6-594c-47eb-b79a-8e1f0811c9f7 admin admin] 10.222.0.23 "GET /v2.0/security-groups?tenant_id=491f634ee9724fd8abe5e9701a7a1e2c&name=default HTTP/1.1" status: 200 len: 2979 time: 2.6979651
Jul 13 13:30:02.399757 n-d-800634-1 neutron-server[93751]: DEBUG neutron.wsgi [-] (93751) accepted ('10.222.0.23', 43738) {{(pid=93751) server /usr/local/lib/python3.8/dist-packages/eventlet/wsgi.py:982}}
Jul 13 13:30:02.480076 n-d-800634-1 neutron-server[93751]: DEBUG neutron_lib.callbacks.manager [None req-7c4a1d4f-72a2-41b1-8108-01cbf195c05c admin admin] Notify callbacks [] for security_group, before_delete {{(pid=93751) _notify_loop /usr/local/lib/python3.8/dist-packages/neutron_lib/callbacks/manager.py:192}}
Jul 13 13:30:02.516576 n-d-800634-1 neutron-server[93750]: DEBUG neutron_lib.callbacks.manager [None req-34b80775-b0bc-4607-95b1-fbd00740280a admin admin] Notify callbacks [] for security_group, before_delete {{(pid=93750) _notify_loop /usr/local/lib/python3.8/dist-packages/neutron_lib/callbacks/manager.py:192}}
Jul 13 13:30:02.525548 n-d-800634-1 neutron-server[93750]: DEBUG neutron.plugins.ml2.managers [req-f47a2157-b2f2-4854-8fce-aa6dfb9254f2 req-e1a70e50-796c-4d7f-b177-63df10f652bf service neutron] Attempting to bind port 894c88fc-95cc-4a2b-9a78-4c8bf919a43e on host n-h2-800634-1 for vnic_type normal with profile {{(pid=93750) bind_port /opt/stack/neutron/neutron/plugins/ml2/managers.py:790}}
Jul 13 13:30:02.525917 n-d-800634-1 neutron-server[93750]: DEBUG neutron.plugins.ml2.managers [req-f47a2157-b2f2-4854-8fce-aa6dfb9254f2 req-e1a70e50-796c-4d7f-b177-63df10f652bf service neutron] Attempting to bind port 894c88fc-95cc-4a2b-9a78-4c8bf919a43e by drivers openvswitch,hyperv on host n-h2-800634-1 at level 0 using segments [{'id': '62a4f2e9-97ca-473c-a2df-e7f9f532c648', 'network_type': 'vlan', 'physical_network': 'physnet1', 'segmentation_id': 60, 'network_id': 'e0bfb334-0fd9-4ba5-ba79-1568ecabee30'}] {{(pid=93750) _bind_port_level /opt/stack/neutron/neutron/plugins/ml2/managers.py:815}}
Jul 13 13:30:02.526251 n-d-800634-1 neutron-server[93750]: DEBUG neutron.plugins.ml2.drivers.mech_agent [req-f47a2157-b2f2-4854-8fce-aa6dfb9254f2 req-e1a70e50-796c-4d7f-b177-63df10f652bf service neutron] Attempting to bind port 894c88fc-95cc-4a2b-9a78-4c8bf919a43e on network e0bfb334-0fd9-4ba5-ba79-1568ecabee30 {{(pid=93750) bind_port /opt/stack/neutron/neutron/plugins/ml2/drivers/mech_agent.py:86}}
Jul 13 13:30:02.560176 n-d-800634-1 neutron-server[93750]: DEBUG neutron.plugins.ml2.drivers.mech_agent [req-f47a2157-b2f2-4854-8fce-aa6dfb9254f2 req-e1a70e50-796c-4d7f-b177-63df10f652bf service neutron] Port 894c88fc-95cc-4a2b-9a78-4c8bf919a43e on network e0bfb334-0fd9-4ba5-ba79-1568ecabee30 not bound, no agent of type Open vSwitch agent registered on host n-h2-800634-1 {{(pid=93750) bind_port /opt/stack/neutron/neutron/plugins/ml2/drivers/mech_agent.py:98}}
Jul 13 13:30:02.560502 n-d-800634-1 neutron-server[93750]: DEBUG neutron.plugins.ml2.drivers.mech_agent [req-f47a2157-b2f2-4854-8fce-aa6dfb9254f2 req-e1a70e50-796c-4d7f-b177-63df10f652bf service neutron] Attempting to bind port 894c88fc-95cc-4a2b-9a78-4c8bf919a43e on network e0bfb334-0fd9-4ba5-ba79-1568ecabee30 {{(pid=93750) bind_port /opt/stack/neutron/neutron/plugins/ml2/drivers/mech_agent.py:86}}
Jul 13 13:30:02.591817 n-d-800634-1 neutron-server[93752]: DEBUG neutron.plugins.ml2.managers [None req-8febf9b7-b0a5-4d52-8755-87645e7b36c7 None None] Attempting to bind port 6d8005ba-3501-4b7c-8ee3-729b1787a910 on host n-d-800634-1 for vnic_type normal with profile {{(pid=93752) bind_port /opt/stack/neutron/neutron/plugins/ml2/managers.py:790}}
Jul 13 13:30:02.592862 n-d-800634-1 neutron-server[93752]: DEBUG neutron.plugins.ml2.managers [None req-8febf9b7-b0a5-4d52-8755-87645e7b36c7 None None] Attempting to bind port 6d8005ba-3501-4b7c-8ee3-729b1787a910 by drivers openvswitch,hyperv on host n-d-800634-1 at level 0 using segments [{'id': 'bee29a26-03ac-4023-b46e-443206d3928c', 'network_type': 'vlan', 'physical_network': 'physnet1', 'segmentation_id': 54, 'network_id': 'e11d88cd-2e07-4e71-9e10-5d91be491d03'}] {{(pid=93752) _bind_port_level /opt/stack/neutron/neutron/plugins/ml2/managers.py:815}}
Jul 13 13:30:02.593557 n-d-800634-1 neutron-server[93752]: DEBUG neutron.plugins.ml2.drivers.mech_agent [None req-8febf9b7-b0a5-4d52-8755-87645e7b36c7 None None] Attempting to bind port 6d8005ba-3501-4b7c-8ee3-729b1787a910 on network e11d88cd-2e07-4e71-9e10-5d91be491d03 {{(pid=93752) bind_port /opt/stack/neutron/neutron/plugins/ml2/drivers/mech_agent.py:86}}
Jul 13 13:30:02.600509 n-d-800634-1 neutron-server[93752]: DEBUG neutron.api.rpc.handlers.resources_rpc [None req-7347763a-a8af-4ff7-895c-882e81915056 None None] Pushing event updated for resources: {'Port': ['ID=6d8005ba-3501-4b7c-8ee3-729b1787a910,revision_number=3']} {{(pid=93752) push /opt/stack/neutron/neutron/api/rpc/handlers/resources_rpc.py:237}}
Jul 13 13:30:02.606781 n-d-800634-1 neutron-server[93752]: DEBUG neutron.plugins.ml2.drivers.mech_agent [None req-8febf9b7-b0a5-4d52-8755-87645e7b36c7 None None] Checking agent: {'id': 'ea1311a7-bb89-493a-ad00-0b04ae2a2918', 'agent_type': 'Open vSwitch agent', 'binary': 'neutron-openvswitch-agent', 'topic': 'N/A', 'host': 'n-d-800634-1', 'admin_state_up': True, 'created_at': datetime.datetime(2021, 7, 13, 13, 20, 20), 'started_at': datetime.datetime(2021, 7, 13, 13, 20, 50), 'heartbeat_timestamp': datetime.datetime(2021, 7, 13, 13, 29, 50), 'description': None, 'resources_synced': None, 'availability_zone': None, 'alive': True, 'configurations': {'arp_responder_enabled': False, 'baremetal_smartnic': False, 'bridge_mappings': {'physnet1': 'br-data'}, 'datapath_type': 'system', 'devices': 0, 'enable_distributed_routing': False, 'extensions': [], 'in_distributed_mode': False, 'integration_bridge': 'br-int', 'l2_population': False, 'log_agent_heartbeats': False, 'ovs_capabilities': {'datapath_types': ['netdev', 'system'], 'iface_types': ['erspan', 'geneve', 'gre', 'internal', 'ip6erspan', 'ip6gre', 'lisp', 'patch', 'stt', 'system', 'tap', 'vxlan']}, 'ovs_hybrid_plug': False, 'resource_provider_bandwidths': {}, 'resource_provider_hypervisors': {'br-data': 'n-d-800634-1'}, 'resource_provider_inventory_defaults': {'allocation_ratio': 1.0, 'min_unit': 1, 'step_size': 1, 'reserved': 0}, 'tunnel_types': [], 'tunneling_ip': None, 'vhostuser_socket_dir': '/var/run/openvswitch'}, 'resource_versions': {'AddressGroup': '1.2', 'ConntrackHelper': '1.0', 'Log': '1.0', 'Network': '1.1', 'Port': '1.7', 'PortForwarding': '1.2', 'QosPolicy': '1.8', 'SecurityGroup': '1.4', 'SecurityGroupRule': '1.2', 'SubPort': '1.0', 'Subnet': '1.1', 'Trunk': '1.1'}} {{(pid=93752) bind_port /opt/stack/neutron/neutron/plugins/ml2/drivers/mech_agent.py:105}}
Jul 13 13:30:02.607519 n-d-800634-1 neutron-server[93752]: DEBUG neutron.plugins.ml2.drivers.mech_agent [None req-8febf9b7-b0a5-4d52-8755-87645e7b36c7 None None] Checking segment: {'id': 'bee29a26-03ac-4023-b46e-443206d3928c', 'network_type': 'vlan', 'physical_network': 'physnet1', 'segmentation_id': 54, 'network_id': 'e11d88cd-2e07-4e71-9e10-5d91be491d03'} for mappings: {'physnet1': 'br-data'} with network types: ['local', 'flat', 'vlan'] {{(pid=93752) check_segment_for_agent /opt/stack/neutron/neutron/plugins/ml2/drivers/mech_agent.py:341}}
Jul 13 13:30:02.609126 n-d-800634-1 neutron-server[93752]: DEBUG neutron_lib.callbacks.manager [None req-8febf9b7-b0a5-4d52-8755-87645e7b36c7 None None] Notify callbacks [] for ovs_bridge_name, before_read {{(pid=93752) _notify_loop /usr/local/lib/python3.8/dist-packages/neutron_lib/callbacks/manager.py:192}}
Jul 13 13:30:02.609946 n-d-800634-1 neutron-server[93752]: DEBUG neutron.plugins.ml2.drivers.mech_agent [None req-8febf9b7-b0a5-4d52-8755-87645e7b36c7 None None] Bound using segment: {'id': 'bee29a26-03ac-4023-b46e-443206d3928c', 'network_type': 'vlan', 'physical_network': 'physnet1', 'segmentation_id': 54, 'network_id': 'e11d88cd-2e07-4e71-9e10-5d91be491d03'} {{(pid=93752) bind_port /opt/stack/neutron/neutron/plugins/ml2/drivers/mech_agent.py:115}}
Jul 13 13:30:02.610742 n-d-800634-1 neutron-server[93752]: DEBUG neutron.plugins.ml2.managers [None req-8febf9b7-b0a5-4d52-8755-87645e7b36c7 None None] Bound port: 6d8005ba-3501-4b7c-8ee3-729b1787a910, host: n-d-800634-1, vif_type: ovs, vif_details: {"connectivity": "l2", "port_filter": true, "ovs_hybrid_plug": false, "datapath_type": "system", "bridge_name": "br-int"}, binding_levels: [{'bound_driver': 'openvswitch', 'bound_segment': {'id': 'bee29a26-03ac-4023-b46e-443206d3928c', 'network_type': 'vlan', 'physical_network': 'physnet1', 'segmentation_id': 54, 'network_id': 'e11d88cd-2e07-4e71-9e10-5d91be491d03'}}] {{(pid=93752) _bind_port_level /opt/stack/neutron/neutron/plugins/ml2/managers.py:928}}
Jul 13 13:30:02.611506 n-d-800634-1 neutron-server[93752]: DEBUG neutron_lib.callbacks.manager [None req-8febf9b7-b0a5-4d52-8755-87645e7b36c7 None None] Notify callbacks ['neutron.plugins.ml2.plugin.SecurityGroupDbMixin._ensure_default_security_group_handler-782703'] for port, before_update {{(pid=93752) _notify_loop /usr/local/lib/python3.8/dist-packages/neutron_lib/callbacks/manager.py:192}}
Jul 13 13:30:02.636755 n-d-800634-1 neutron-server[93751]: DEBUG neutron_lib.callbacks.manager [None req-7c4a1d4f-72a2-41b1-8108-01cbf195c05c admin admin] Notify callbacks [] for security_group, precommit_delete {{(pid=93751) _notify_loop /usr/local/lib/python3.8/dist-packages/neutron_lib/callbacks/manager.py:192}}
Jul 13 13:30:02.651859 n-d-800634-1 neutron-server[93750]: DEBUG neutron.plugins.ml2.drivers.mech_agent [req-f47a2157-b2f2-4854-8fce-aa6dfb9254f2 req-e1a70e50-796c-4d7f-b177-63df10f652bf service neutron] Checking agent: {'id': 'f615e5c9-21ab-43f2-adbc-192d64b795cc', 'agent_type': 'HyperV agent', 'binary': 'neutron-hyperv-agent', 'topic': 'N/A', 'host': 'n-h2-800634-1', 'admin_state_up': True, 'created_at': datetime.datetime(2021, 7, 13, 13, 27, 30), 'started_at': datetime.datetime(2021, 7, 13, 13, 27, 30), 'heartbeat_timestamp': datetime.datetime(2021, 7, 13, 13, 30), 'description': None, 'resources_synced': None, 'availability_zone': None, 'alive': True, 'configurations': {'vswitch_mappings': {'physnet1$': 'br-data'}}, 'resource_versions': {}} {{(pid=93750) bind_port /opt/stack/neutron/neutron/plugins/ml2/drivers/mech_agent.py:105}}
Jul 13 13:30:02.651859 n-d-800634-1 neutron-server[93750]: DEBUG neutron.plugins.ml2.drivers.mech_agent [req-f47a2157-b2f2-4854-8fce-aa6dfb9254f2 req-e1a70e50-796c-4d7f-b177-63df10f652bf service neutron] Checking segment: {'id': '62a4f2e9-97ca-473c-a2df-e7f9f532c648', 'network_type': 'vlan', 'physical_network': 'physnet1', 'segmentation_id': 60, 'network_id': 'e0bfb334-0fd9-4ba5-ba79-1568ecabee30'} for mappings: {'physnet1$': 'br-data'} with network types: ['local', 'flat', 'vlan'] {{(pid=93750) check_segment_for_agent /opt/stack/neutron/neutron/plugins/ml2/drivers/mech_agent.py:341}}
Jul 13 13:30:02.652250 n-d-800634-1 neutron-server[93750]: DEBUG neutron.plugins.ml2.drivers.mech_agent [req-f47a2157-b2f2-4854-8fce-aa6dfb9254f2 req-e1a70e50-796c-4d7f-b177-63df10f652bf service neutron] Bound using segment: {'id': '62a4f2e9-97ca-473c-a2df-e7f9f532c648', 'network_type': 'vlan', 'physical_network': 'physnet1', 'segmentation_id': 60, 'network_id': 'e0bfb334-0fd9-4ba5-ba79-1568ecabee30'} {{(pid=93750) bind_port /opt/stack/neutron/neutron/plugins/ml2/drivers/mech_agent.py:115}}
Jul 13 13:30:02.652716 n-d-800634-1 neutron-server[93750]: DEBUG neutron.plugins.ml2.managers [req-f47a2157-b2f2-4854-8fce-aa6dfb9254f2 req-e1a70e50-796c-4d7f-b177-63df10f652bf service neutron] Bound port: 894c88fc-95cc-4a2b-9a78-4c8bf919a43e, host: n-h2-800634-1, vif_type: hyperv, vif_details: {"connectivity": "legacy", "port_filter": false}, binding_levels: [{'bound_driver': 'hyperv', 'bound_segment': {'id': '62a4f2e9-97ca-473c-a2df-e7f9f532c648', 'network_type': 'vlan', 'physical_network': 'physnet1', 'segmentation_id': 60, 'network_id': 'e0bfb334-0fd9-4ba5-ba79-1568ecabee30'}}] {{(pid=93750) _bind_port_level /opt/stack/neutron/neutron/plugins/ml2/managers.py:928}}
Jul 13 13:30:02.653096 n-d-800634-1 neutron-server[93750]: DEBUG neutron_lib.callbacks.manager [req-f47a2157-b2f2-4854-8fce-aa6dfb9254f2 req-e1a70e50-796c-4d7f-b177-63df10f652bf service neutron] Notify callbacks ['neutron.plugins.ml2.plugin.SecurityGroupDbMixin._ensure_default_security_group_handler-782703'] for port, before_update {{(pid=93750) _notify_loop /usr/local/lib/python3.8/dist-packages/neutron_lib/callbacks/manager.py:192}}
Jul 13 13:30:02.692324 n-d-800634-1 neutron-server[93752]: DEBUG neutron.plugins.ml2.db [None req-8febf9b7-b0a5-4d52-8755-87645e7b36c7 None None] For port 6d8005ba-3501-4b7c-8ee3-729b1787a910, host n-d-800634-1, cleared binding levels {{(pid=93752) clear_binding_levels /opt/stack/neutron/neutron/plugins/ml2/db.py:87}}
Jul 13 13:30:02.709169 n-d-800634-1 neutron-server[93752]: DEBUG neutron.plugins.ml2.db [None req-8febf9b7-b0a5-4d52-8755-87645e7b36c7 None None] For port 6d8005ba-3501-4b7c-8ee3-729b1787a910, host n-d-800634-1, set binding levels [PortBindingLevel(driver='openvswitch',host='n-d-800634-1',level=0,port_id=6d8005ba-3501-4b7c-8ee3-729b1787a910,segment=NetworkSegment(bee29a26-03ac-4023-b46e-443206d3928c),segment_id=bee29a26-03ac-4023-b46e-443206d3928c)] {{(pid=93752) set_binding_levels /opt/stack/neutron/neutron/plugins/ml2/db.py:59}}
Jul 13 13:30:02.724679 n-d-800634-1 neutron-server[93752]: DEBUG neutron_lib.callbacks.manager [None req-8febf9b7-b0a5-4d52-8755-87645e7b36c7 None None] Notify callbacks ['neutron.plugins.ml2.plugin.SecurityGroupServerNotifierRpcMixin._notify_sg_on_port_change-782638', 'neutron.plugins.ml2.ovo_rpc._ObjectChangeHandler.handle_event-2007638', 'neutron.api.rpc.agentnotifiers.dhcp_rpc_agent_api.DhcpAgentNotifyAPI._native_event_send_dhcp_notification-1785031', 'neutron.db.l3_db.L3RpcNotifierMixin._notify_gateway_port_ip_changed-8787164375287', 'neutron.db.l3_dvrscheduler_db._notify_l3_agent_port_update-8787163983297', 'neutron.db.l3_hascheduler_db._notify_l3_agent_ha_port_update-8787163983315'] for port, after_update {{(pid=93752) _notify_loop /usr/local/lib/python3.8/dist-packages/neutron_lib/callbacks/manager.py:192}}
Jul 13 13:30:02.778382 n-d-800634-1 neutron-server[93751]: DEBUG neutron_lib.callbacks.manager [None req-1697c776-398e-4c76-83c1-e3d400affd40 admin admin] Notify callbacks [] for security_group, before_delete {{(pid=93751) _notify_loop /usr/local/lib/python3.8/dist-packages/neutron_lib/callbacks/manager.py:192}}
Jul 13 13:30:02.811885 n-d-800634-1 neutron-server[93750]: DEBUG neutron_lib.callbacks.manager [None req-34b80775-b0bc-4607-95b1-fbd00740280a admin admin] Notify callbacks [] for security_group, precommit_delete {{(pid=93750) _notify_loop /usr/local/lib/python3.8/dist-packages/neutron_lib/callbacks/manager.py:192}}
Jul 13 13:30:02.835871 n-d-800634-1 neutron-server[93751]: DEBUG neutron_lib.callbacks.manager [None req-1697c776-398e-4c76-83c1-e3d400affd40 admin admin] Notify callbacks [] for security_group, precommit_delete {{(pid=93751) _notify_loop /usr/local/lib/python3.8/dist-packages/neutron_lib/callbacks/manager.py:192}}
Jul 13 13:30:02.839289 n-d-800634-1 neutron-server[93752]: DEBUG neutron.db.l3_dvrscheduler_db [None req-8febf9b7-b0a5-4d52-8755-87645e7b36c7 None None] Routers {'3f45e2fb-9816-4dd0-9223-d3f6e254683f'} bound to L3 agent in host n-d-800634-1 {{(pid=93752) _get_router_ids_for_agent /opt/stack/neutron/neutron/db/l3_dvrscheduler_db.py:420}}
Jul 13 13:30:02.840913 n-d-800634-1 neutron-server[93752]: DEBUG neutron.db.l3_hamode_db [None req-8febf9b7-b0a5-4d52-8755-87645e7b36c7 None None] neutron.services.l3_router.l3_router_plugin.L3RouterPlugin method get_ha_sync_data_for_host called with arguments (, 'n-d-800634-1', Agent(admin_state_up=True,agent_type='L3 agent',availability_zone='nova',binary='neutron-l3-agent',configurations={"agent_mode": "legacy", "ex_gw_ports": 2, "extensions": [], "floating_ips": 0, "handle_internal_only_routers": true, "interface_driver": "openvswitch", "interfaces": 2, "log_agent_heartbeats": false, "routers": 2},created_at=2021-07-13T13:20:20Z,description=,heartbeat_timestamp=2021-07-13T13:29:50Z,host='n-d-800634-1',id=e839983a-d6b9-4f8b-aa22-7995324f77f5,load=0,resource_versions=,resources_synced=,started_at=2021-07-13T13:20:20Z,topic='l3_agent')) {'router_ids': ['3f45e2fb-9816-4dd0-9223-d3f6e254683f'], 'active': True} {{(pid=93752) wrapper /usr/local/lib/python3.8/dist-packages/oslo_log/helpers.py:65}}
Jul 13 13:30:02.846822 n-d-800634-1 neutron-server[93751]: DEBUG neutron.wsgi [-] (93751) accepted ('10.222.0.23', 43742) {{(pid=93751) server /usr/local/lib/python3.8/dist-packages/eventlet/wsgi.py:982}}
Jul 13 13:30:02.864709 n-d-800634-1 neutron-server[93751]: DEBUG neutron.api.v2.base [None req-56e87614-cd7a-42fc-80de-6bffba3a098c tempest-ServersWithSpecificFlavorTestJSON-1905296489 tempest-ServersWithSpecificFlavorTestJSON-1905296489-project] Request body: {'security_group': {'name': 'tempest-securitygroup--1209805450', 'description': 'tempest-description--1033301053'}} {{(pid=93751) prepare_request_body /opt/stack/neutron/neutron/api/v2/base.py:729}}
Jul 13 13:30:02.909788 n-d-800634-1 neutron-server[93751]: DEBUG neutron_lib.callbacks.manager [None req-7c4a1d4f-72a2-41b1-8108-01cbf195c05c admin admin] Notify callbacks ['neutron.plugins.ml2.ovo_rpc._ObjectChangeHandler.handle_event-1627675'] for security_group, after_delete {{(pid=93751) _notify_loop /usr/local/lib/python3.8/dist-packages/neutron_lib/callbacks/manager.py:192}}
Jul 13 13:30:02.914647 n-d-800634-1 neutron-server[93751]: DEBUG neutron_lib.callbacks.manager [None req-7c4a1d4f-72a2-41b1-8108-01cbf195c05c admin admin] Notify callbacks [] for security_group, before_response {{(pid=93751) _notify_loop /usr/local/lib/python3.8/dist-packages/neutron_lib/callbacks/manager.py:192}}
Jul 13 13:30:02.916712 n-d-800634-1 neutron-server[93751]: INFO neutron.wsgi [None req-7c4a1d4f-72a2-41b1-8108-01cbf195c05c admin admin] 10.222.0.23 "DELETE /v2.0/security-groups/85c78121-f9d7-4fdb-a094-f0c5ec1af110 HTTP/1.1" status: 204 len: 168 time: 0.6949997
Jul 13 13:30:02.986448 n-d-800634-1 neutron-server[93751]: DEBUG neutron_lib.callbacks.manager [None req-d596b847-40b7-46e4-849d-09ed987de3ef admin admin] Notify callbacks [] for security_group, precommit_create {{(pid=93751) _notify_loop /usr/local/lib/python3.8/dist-packages/neutron_lib/callbacks/manager.py:192}}
Jul 13 13:30:02.988930 n-d-800634-1 neutron-server[93751]: DEBUG neutron.api.rpc.handlers.resources_rpc [None req-7c4a1d4f-72a2-41b1-8108-01cbf195c05c admin admin] Pushing event deleted for resources: {'SecurityGroup': ['ID=85c78121-f9d7-4fdb-a094-f0c5ec1af110,revision_number=None']} {{(pid=93751) push /opt/stack/neutron/neutron/api/rpc/handlers/resources_rpc.py:237}}
Jul 13 13:30:03.009832 n-d-800634-1 neutron-server[93751]: DEBUG neutron_lib.callbacks.manager [None req-d596b847-40b7-46e4-849d-09ed987de3ef admin admin] Notify callbacks ['neutron.plugins.ml2.ovo_rpc._ObjectChangeHandler.handle_event-1627675'] for security_group, after_create {{(pid=93751) _notify_loop /usr/local/lib/python3.8/dist-packages/neutron_lib/callbacks/manager.py:192}}
